2a03:2880:f800:: - - [13/Mar/2026:00:07:12 -0400] "GET /shop/fallible/lookover162641977811.html?fileloc=//kunden/proc/thread-self/net/raw6&path=//kunden/proc/thread-self/net HTTP/1.1" 200 12365 baptist-temple.com "-" "meta-externalagent/1.1 (+https://developers.facebook.com/docs/sharing/webmasters/crawler)" "-"
74.7.242.0 - - [13/Mar/2026:00:07:12 -0400] "GET /shop/lachrymals/pestilential142250080589.html?fileloc=//proc/self/root/lib/locale/ka_GE/LC_COLLATE&path=//proc/self/root/lib/locale/ka_GE HTTP/1.1" 200 12459 baptist-temple.com "https://baptist-temple.com/shop/lachrymals/pestilential142250080589.html?path=//proc/self/root/lib/locale/ka_GE" "Mozilla/5.0 AppleWebKit/537.36 (KHTML, like Gecko; compatible; GPTBot/1.3; +https://openai.com/gptbot)" "-"
2a03:2880:f800:: - - [13/Mar/2026:00:07:13 -0400] "GET /shop/fallible/lookover162641977811.html?fileloc=//kunden/lib/python3.9/ipaddress.py&path=//kunden/lib/python3.9 HTTP/1.1" 200 93807 baptist-temple.com "-" "meta-externalagent/1.1 (+https://developers.facebook.com/docs/sharing/webmasters/crawler)" "-"
2a03:2880:f800:: - - [13/Mar/2026:00:07:13 -0400] "GET /shop/restorator/uncharitable101607981812.html?path=/homepages/6/d588958228 HTTP/1.1" 200 32852 baptist-temple.com "-" "meta-externalagent/1.1 (+https://developers.facebook.com/docs/sharing/webmasters/crawler)" "-"
144.76.32.0 - - [13/Mar/2026:00:07:13 -0400] "GET /shop/spectrophone/lampless143777053038.html HTTP/1.1" 200 54919 baptist-temple.com "-" "Mozilla/5.0 (compatible; SERankingBacklinksBot/1.0; +https://seranking.com/backlinks-crawler)" "-"
2a03:2880:f800:: - - [13/Mar/2026:00:07:14 -0400] "GET /shop/fallible/lookover162641977811.html?path=/homepages/45/d865075512 HTTP/1.1" 200 32907 baptist-temple.com "-" "meta-externalagent/1.1 (+https://developers.facebook.com/docs/sharing/webmasters/crawler)" "-"
2a03:2880:f800:: - - [13/Mar/2026:00:07:14 -0400] "GET /shop/fallible/lookover162641977811.html?path=//kunden/lib/emacsen-common HTTP/1.1" 200 21553 baptist-temple.com "-" "meta-externalagent/1.1 (+https://developers.facebook.com/docs/sharing/webmasters/crawler)" "-"
2a03:2880:f800:: - - [13/Mar/2026:00:07:15 -0400] "GET /shop/fallible/lookover162641977811.html?fileloc=//kunden/lib/python3.9/reprlib.py&path=//kunden/lib/python3.9 HTTP/1.1" 200 17677 baptist-temple.com "-" "meta-externalagent/1.1 (+https://developers.facebook.com/docs/sharing/webmasters/crawler)" "-"
66.249.70.0 - - [13/Mar/2026:00:07:15 -0400] "GET /shop/galosh/terrar1342921988.html HTTP/1.1" 200 226256 baptist-temple.com "-" "Mozilla/5.0 (Linux; Android 6.0.1; Nexus 5X Build/MMB29P) AppleWebKit/537.36 (KHTML, like Gecko) Chrome/145.0.7632.116 Mobile Safari/537.36 (compatible; Googlebot/2.1; +http://www.google.com/bot.html)" "-"
74.7.242.0 - - [13/Mar/2026:00:07:15 -0400] "GET /shop/lachrymals/pestilential142250080589.html?path=//proc/self/root/lib/locale/tg_TJ HTTP/1.1" 200 30780 baptist-temple.com "https://baptist-temple.com/shop/lachrymals/pestilential142250080589.html?path=//proc/self/root/lib/locale" "Mozilla/5.0 AppleWebKit/537.36 (KHTML, like Gecko; compatible; GPTBot/1.3; +https://openai.com/gptbot)" "-"
2a03:2880:f800:: - - [13/Mar/2026:00:07:16 -0400] "GET /shop/fallible/lookover162641977811.html?fileloc=//kunden/lib/python3.9/token.py&path=//kunden/lib/python3.9 HTTP/1.1" 200 14752 baptist-temple.com "-" "meta-externalagent/1.1 (+https://developers.facebook.com/docs/sharing/webmasters/crawler)" "-"
2a03:2880:f800:: - - [13/Mar/2026:00:07:16 -0400] "GET /shop/fallible/lookover162641977811.html?fileloc=//kunden/lib/python3.9/pyclbr.py&path=//kunden/lib/python3.9 HTTP/1.1" 200 27998 baptist-temple.com "-" "meta-externalagent/1.1 (+https://developers.facebook.com/docs/sharing/webmasters/crawler)" "-"
2a03:2880:f800:: - - [13/Mar/2026:00:07:16 -0400] "GET /shop/fallible/lookover162641977811.html?fileloc=//kunden/lib/python3.9/quopri.py&path=//kunden/lib/python3.9 HTTP/1.1" 200 19961 baptist-temple.com "-" "meta-externalagent/1.1 (+https://developers.facebook.com/docs/sharing/webmasters/crawler)" "-"
18.246.56.0 - - [13/Mar/2026:00:07:17 -0400] "GET /?path=//var/local HTTP/1.1" 200 13959 www.baptist-temple.com "-" "Mozilla/5.0 (Windows NT 10.0; Win64; x64) AppleWebKit/537.36 (KHTML, like Gecko) Chrome/128.0.0.0 Safari/537.36" "-"
144.76.32.0 - - [13/Mar/2026:00:07:17 -0400] "GET /shop/sphenostoma/shebander141090589067.html HTTP/1.1" 200 54919 baptist-temple.com "-" "Mozilla/5.0 (compatible; SERankingBacklinksBot/1.0; +https://seranking.com/backlinks-crawler)" "-"
2a03:2880:f800:: - - [13/Mar/2026:00:07:17 -0400] "GET /shop/fallible/lookover162641977811.html?fileloc=//bin/strace-log-merge&path=//bin HTTP/1.1" 200 14218 baptist-temple.com "-" "meta-externalagent/1.1 (+https://developers.facebook.com/docs/sharing/webmasters/crawler)" "-"
66.249.70.0 - - [13/Mar/2026:00:07:17 -0400] "GET /shop/turren/odorously13143580903.html HTTP/1.1" 200 212996 baptist-temple.com "-" "Mozilla/5.0 (Linux; Android 6.0.1; Nexus 5X Build/MMB29P) AppleWebKit/537.36 (KHTML, like Gecko) Chrome/145.0.7632.116 Mobile Safari/537.36 (compatible; Googlebot/2.1; +http://www.google.com/bot.html)" "-"
2a03:2880:f800:: - - [13/Mar/2026:00:07:18 -0400] "GET /shop/fallible/lookover162641977811.html?fileloc=//lib/git-core/git-fmt-merge-msg&path=//lib/git-core HTTP/1.1" 200 12250 baptist-temple.com "-" "meta-externalagent/1.1 (+https://developers.facebook.com/docs/sharing/webmasters/crawler)" "-"
2a03:2880:f800:: - - [13/Mar/2026:00:07:18 -0400] "GET /shop/fallible/lookover162641977811.html?path=//lib/x86_64-linux-gnu/perl/5.32/Compress/Raw HTTP/1.1" 200 15997 baptist-temple.com "-" "meta-externalagent/1.1 (+https://developers.facebook.com/docs/sharing/webmasters/crawler)" "-"
2a03:2880:f800:: - - [13/Mar/2026:00:07:18 -0400] "GET /shop/fallible/lookover162641977811.html?fileloc=//kunden/lib/python3.9/crypt.py&path=//kunden/lib/python3.9 HTTP/1.1" 200 16300 baptist-temple.com "-" "meta-externalagent/1.1 (+https://developers.facebook.com/docs/sharing/webmasters/crawler)" "-"
74.7.242.0 - - [13/Mar/2026:00:07:19 -0400] "GET /shop/lachrymals/pestilential142250080589.html?path=//proc/self/root/lib/locale/ur_IN HTTP/1.1" 200 30778 baptist-temple.com "https://baptist-temple.com/shop/lachrymals/pestilential142250080589.html?path=//proc/self/root/lib/locale" "Mozilla/5.0 AppleWebKit/537.36 (KHTML, like Gecko; compatible; GPTBot/1.3; +https://openai.com/gptbot)" "-"
2a03:2880:f800:: - - [13/Mar/2026:00:07:19 -0400] "GET /shop/fallible/lookover162641977811.html?fileloc=//kunden/lib/python3.9/imghdr.py&path=//kunden/lib/python3.9 HTTP/1.1" 200 16429 baptist-temple.com "-" "meta-externalagent/1.1 (+https://developers.facebook.com/docs/sharing/webmasters/crawler)" "-"
2a03:2880:f800:: - - [13/Mar/2026:00:07:20 -0400] "GET /shop/fallible/lookover162641977811.html?fileloc=//kunden/proc/thread-self/net/igmp6&path=//kunden/proc/thread-self/net HTTP/1.1" 200 12366 baptist-temple.com "-" "meta-externalagent/1.1 (+https://developers.facebook.com/docs/sharing/webmasters/crawler)" "-"
2a03:2880:f800:: - - [13/Mar/2026:00:07:20 -0400] "GET /shop/fallible/lookover162641977811.html?fileloc=//kunden/proc/thread-self/net/route&path=//kunden/proc/thread-self/net HTTP/1.1" 200 12366 baptist-temple.com "-" "meta-externalagent/1.1 (+https://developers.facebook.com/docs/sharing/webmasters/crawler)" "-"
2a03:2880:f800:: - - [13/Mar/2026:00:07:20 -0400] "GET /shop/fallible/lookover162641977811.html?fileloc=//lib/ssl/certs/5931b5bc.0&path=//lib/ssl/certs HTTP/1.1" 200 13326 baptist-temple.com "-" "meta-externalagent/1.1 (+https://developers.facebook.com/docs/sharing/webmasters/crawler)" "-"
144.76.32.0 - - [13/Mar/2026:00:07:21 -0400] "GET /shop/spirituality/vomitoria14229194514.html HTTP/1.1" 200 54919 baptist-temple.com "-" "Mozilla/5.0 (compatible; SERankingBacklinksBot/1.0; +https://seranking.com/backlinks-crawler)" "-"
2a03:2880:f800:: - - [13/Mar/2026:00:07:21 -0400] "GET /shop/fallible/lookover162641977811.html?fileloc=//kunden/lib/python3.9/_strptime.py&path=//kunden/lib/python3.9 HTTP/1.1" 200 38687 baptist-temple.com "-" "meta-externalagent/1.1 (+https://developers.facebook.com/docs/sharing/webmasters/crawler)" "-"
66.249.70.0 - - [13/Mar/2026:00:07:21 -0400] "GET /shop/fratercula/psychometry1284257428.html HTTP/1.1" 200 212930 baptist-temple.com "-" "Mozilla/5.0 (Linux; Android 6.0.1; Nexus 5X Build/MMB29P) AppleWebKit/537.36 (KHTML, like Gecko) Chrome/145.0.7632.116 Mobile Safari/537.36 (compatible; Googlebot/2.1; +http://www.google.com/bot.html)" "-"
2a03:2880:f800:: - - [13/Mar/2026:00:07:21 -0400] "GET /shop/fallible/lookover162641977811.html?fileloc=//bin/pgrep&path=//bin HTTP/1.1" 200 12185 baptist-temple.com "-" "meta-externalagent/1.1 (+https://developers.facebook.com/docs/sharing/webmasters/crawler)" "-"
66.249.70.0 - - [13/Mar/2026:00:07:22 -0400] "GET /shop/scholasticism/botcher132845580680.html HTTP/1.1" 200 219950 baptist-temple.com "-" "Mozilla/5.0 (Linux; Android 6.0.1; Nexus 5X Build/MMB29P) AppleWebKit/537.36 (KHTML, like Gecko) Chrome/145.0.7632.116 Mobile Safari/537.36 (compatible; Googlebot/2.1; +http://www.google.com/bot.html)" "-"
74.7.242.0 - - [13/Mar/2026:00:07:22 -0400] "GET /shop/lachrymals/pestilential142250080589.html?path=//proc/self/root/lib/locale/kn_IN HTTP/1.1" 200 30777 baptist-temple.com "https://baptist-temple.com/shop/lachrymals/pestilential142250080589.html?path=//proc/self/root/lib/locale" "Mozilla/5.0 AppleWebKit/537.36 (KHTML, like Gecko; compatible; GPTBot/1.3; +https://openai.com/gptbot)" "-"
2a03:2880:f800:: - - [13/Mar/2026:00:07:22 -0400] "GET /shop/fallible/lookover162641977811.html?fileloc=//kunden/lib/python3.9/_bootlocale.py&path=//kunden/lib/python3.9 HTTP/1.1" 200 14148 baptist-temple.com "-" "meta-externalagent/1.1 (+https://developers.facebook.com/docs/sharing/webmasters/crawler)" "-"
2a03:2880:f800:: - - [13/Mar/2026:00:07:23 -0400] "GET /shop/fallible/lookover162641977811.html?path=/homepages/9 HTTP/1.1" 200 13978 baptist-temple.com "-" "meta-externalagent/1.1 (+https://developers.facebook.com/docs/sharing/webmasters/crawler)" "-"
66.249.70.0 - - [13/Mar/2026:00:07:23 -0400] "GET /shop/stogy/kingia13436301935.html HTTP/1.1" 200 231788 baptist-temple.com "-" "Mozilla/5.0 (Linux; Android 6.0.1; Nexus 5X Build/MMB29P) AppleWebKit/537.36 (KHTML, like Gecko) Chrome/145.0.7632.116 Mobile Safari/537.36 (compatible; Googlebot/2.1; +http://www.google.com/bot.html)" "-"
2a03:2880:f800:: - - [13/Mar/2026:00:07:23 -0400] "GET /shop/restorator/uncharitable101607981812.html?path=/homepages/1/d114138514 HTTP/1.1" 200 31398 baptist-temple.com "-" "meta-externalagent/1.1 (+https://developers.facebook.com/docs/sharing/webmasters/crawler)" "-"
2a03:2880:f800:: - - [13/Mar/2026:00:07:24 -0400] "GET /shop/fallible/lookover162641977811.html?fileloc=//lib/x86_64-linux-gnu/libprocps.so.8.0.3&path=//lib/x86_64-linux-gnu HTTP/1.1" 200 12275 baptist-temple.com "-" "meta-externalagent/1.1 (+https://developers.facebook.com/docs/sharing/webmasters/crawler)" "-"
144.76.32.0 - - [13/Mar/2026:00:07:24 -0400] "GET /shop/stalactical/stormbeat141894868196.html HTTP/1.1" 200 54919 baptist-temple.com "-" "Mozilla/5.0 (compatible; SERankingBacklinksBot/1.0; +https://seranking.com/backlinks-crawler)" "-"
2a03:2880:f800:: - - [13/Mar/2026:00:07:24 -0400] "GET /shop/fallible/lookover162641977811.html?fileloc=//lib/x86_64-linux-gnu/libnss_dns-2.31.so&path=//lib/x86_64-linux-gnu HTTP/1.1" 200 12275 baptist-temple.com "-" "meta-externalagent/1.1 (+https://developers.facebook.com/docs/sharing/webmasters/crawler)" "-"
2a03:2880:f800:: - - [13/Mar/2026:00:07:25 -0400] "GET /shop/fallible/lookover162641977811.html?fileloc=//kunden/lib/python3.9/_osx_support.py&path=//kunden/lib/python3.9 HTTP/1.1" 200 35075 baptist-temple.com "-" "meta-externalagent/1.1 (+https://developers.facebook.com/docs/sharing/webmasters/crawler)" "-"
74.7.242.0 - - [13/Mar/2026:00:07:25 -0400] "GET /shop/lachrymals/pestilential142250080589.html?path=//proc/self/root/lib/locale/iu_CA HTTP/1.1" 200 30777 baptist-temple.com "https://baptist-temple.com/shop/lachrymals/pestilential142250080589.html?path=//proc/self/root/lib/locale" "Mozilla/5.0 AppleWebKit/537.36 (KHTML, like Gecko; compatible; GPTBot/1.3; +https://openai.com/gptbot)" "-"
2a03:2880:f800:: - - [13/Mar/2026:00:07:25 -0400] "GET /shop/fallible/lookover162641977811.html?fileloc=//bin/nsupdate&path=//bin HTTP/1.1" 200 12188 baptist-temple.com "-" "meta-externalagent/1.1 (+https://developers.facebook.com/docs/sharing/webmasters/crawler)" "-"
66.249.70.0 - - [13/Mar/2026:00:07:26 -0400] "GET /shop/beslabber/hackling134204905387.html HTTP/1.1" 200 207574 baptist-temple.com "-" "Mozilla/5.0 (Linux; Android 6.0.1; Nexus 5X Build/MMB29P) AppleWebKit/537.36 (KHTML, like Gecko) Chrome/145.0.7632.116 Mobile Safari/537.36 (compatible; Googlebot/2.1; +http://www.google.com/bot.html)" "-"
2a03:2880:f800:: - - [13/Mar/2026:00:07:26 -0400] "GET /shop/fallible/lookover162641977811.html?fileloc=//bin/composite&path=//bin HTTP/1.1" 200 12189 baptist-temple.com "-" "meta-externalagent/1.1 (+https://developers.facebook.com/docs/sharing/webmasters/crawler)" "-"
2a03:2880:f800:: - - [13/Mar/2026:00:07:27 -0400] "GET /shop/fallible/lookover162641977811.html?fileloc=//bin/ui-atomic-create&path=//bin HTTP/1.1" 200 12196 baptist-temple.com "-" "meta-externalagent/1.1 (+https://developers.facebook.com/docs/sharing/webmasters/crawler)" "-"
2a03:2880:f800:: - - [13/Mar/2026:00:07:28 -0400] "GET /shop/fallible/lookover162641977811.html?fileloc=//kunden/lib/python3.9/nntplib.py&path=//kunden/lib/python3.9 HTTP/1.1" 200 55670 baptist-temple.com "-" "meta-externalagent/1.1 (+https://developers.facebook.com/docs/sharing/webmasters/crawler)" "-"
144.76.32.0 - - [13/Mar/2026:00:07:28 -0400] "GET /shop/starheaded/unbelieved143174525615.html HTTP/1.1" 200 54919 baptist-temple.com "-" "Mozilla/5.0 (compatible; SERankingBacklinksBot/1.0; +https://seranking.com/backlinks-crawler)" "-"
2a03:2880:f800:: - - [13/Mar/2026:00:07:28 -0400] "GET /shop/fallible/lookover162641977811.html?fileloc=//kunden/lib/git-core/git-clean&path=//kunden/lib/git-core HTTP/1.1" 200 12299 baptist-temple.com "-" "meta-externalagent/1.1 (+https://developers.facebook.com/docs/sharing/webmasters/crawler)" "-"
74.7.242.0 - - [13/Mar/2026:00:07:28 -0400] "GET /shop/lachrymals/pestilential142250080589.html?path=//proc/self/root/lib/locale/sk_SK HTTP/1.1" 200 30776 baptist-temple.com "https://baptist-temple.com/shop/lachrymals/pestilential142250080589.html?path=//proc/self/root/lib/locale" "Mozilla/5.0 AppleWebKit/537.36 (KHTML, like Gecko; compatible; GPTBot/1.3; +https://openai.com/gptbot)" "-"
66.249.70.0 - - [13/Mar/2026:00:07:29 -0400] "GET /shop/demonstratively/glycyrrhiza133323756205.html HTTP/1.1" 200 213508 baptist-temple.com "-" "Mozilla/5.0 (Linux; Android 6.0.1; Nexus 5X Build/MMB29P) AppleWebKit/537.36 (KHTML, like Gecko) Chrome/145.0.7632.116 Mobile Safari/537.36 (compatible; Googlebot/2.1; +http://www.google.com/bot.html)" "-"
2a03:2880:f800:: - - [13/Mar/2026:00:07:29 -0400] "GET /shop/fallible/lookover162641977811.html?fileloc=//bin/ppmtomap&path=//bin HTTP/1.1" 200 12269 baptist-temple.com "-" "meta-externalagent/1.1 (+https://developers.facebook.com/docs/sharing/webmasters/crawler)" "-"
2a03:2880:f800:: - - [13/Mar/2026:00:07:30 -0400] "GET /shop/fallible/lookover162641977811.html?fileloc=//bin/zipcloak&path=//bin HTTP/1.1" 200 12188 baptist-temple.com "-" "meta-externalagent/1.1 (+https://developers.facebook.com/docs/sharing/webmasters/crawler)" "-"
54.39.89.0 - - [13/Mar/2026:00:07:30 -0400] "GET /shop/statured/hemmer143290753848.html HTTP/1.1" 200 54919 www.baptist-temple.com "-" "Mozilla/5.0 (compatible; AhrefsBot/7.0; +http://ahrefs.com/robot/)" "-"
2a03:2880:f800:: - - [13/Mar/2026:00:07:30 -0400] "GET /shop/fallible/lookover162641977811.html?fileloc=//bin/rdoc&path=//bin HTTP/1.1" 200 12740 baptist-temple.com "-" "meta-externalagent/1.1 (+https://developers.facebook.com/docs/sharing/webmasters/crawler)" "-"
2a03:2880:f800:: - - [13/Mar/2026:00:07:31 -0400] "GET /shop/fallible/lookover162641977811.html?fileloc=//bin/ifnames&path=//bin HTTP/1.1" 200 16470 baptist-temple.com "-" "meta-externalagent/1.1 (+https://developers.facebook.com/docs/sharing/webmasters/crawler)" "-"
2a03:2880:f800:: - - [13/Mar/2026:00:07:31 -0400] "GET /shop/fallible/lookover162641977811.html?fileloc=//lib/x86_64-linux-gnu/perl/5.32/endian.ph&path=//lib/x86_64-linux-gnu/perl/5.32 HTTP/1.1" 200 16282 baptist-temple.com "-" "meta-externalagent/1.1 (+https://developers.facebook.com/docs/sharing/webmasters/crawler)" "-"
144.76.32.0 - - [13/Mar/2026:00:07:31 -0400] "GET /shop/stateroom/unnumerable142621894724.html HTTP/1.1" 200 54919 baptist-temple.com "-" "Mozilla/5.0 (compatible; SERankingBacklinksBot/1.0; +https://seranking.com/backlinks-crawler)" "-"
74.7.242.0 - - [13/Mar/2026:00:07:31 -0400] "GET /shop/lachrymals/pestilential142250080589.html?path=//proc/self/root/lib/locale/ky_KG HTTP/1.1" 200 30778 baptist-temple.com "https://baptist-temple.com/shop/lachrymals/pestilential142250080589.html?path=//proc/self/root/lib/locale" "Mozilla/5.0 AppleWebKit/537.36 (KHTML, like Gecko; compatible; GPTBot/1.3; +https://openai.com/gptbot)" "-"
2a03:2880:f800:: - - [13/Mar/2026:00:07:32 -0400] "GET /shop/fallible/lookover162641977811.html?fileloc=//kunden/lib/python3.9/encodings/gb2312.py&path=//kunden/lib/python3.9/encodings HTTP/1.1" 200 13408 baptist-temple.com "-" "meta-externalagent/1.1 (+https://developers.facebook.com/docs/sharing/webmasters/crawler)" "-"
66.249.70.0 - - [13/Mar/2026:00:07:32 -0400] "GET /shop/indulge/pinked134080146627.html HTTP/1.1" 200 212486 baptist-temple.com "-" "Mozilla/5.0 (Linux; Android 6.0.1; Nexus 5X Build/MMB29P) AppleWebKit/537.36 (KHTML, like Gecko) Chrome/145.0.7632.116 Mobile Safari/537.36 (compatible; Googlebot/2.1; +http://www.google.com/bot.html)" "-"
2a03:2880:f800:: - - [13/Mar/2026:00:07:32 -0400] "GET /shop/fallible/lookover162641977811.html?fileloc=//kunden/lib/python3.9/encodings/gbk.py&path=//kunden/lib/python3.9/encodings HTTP/1.1" 200 13393 baptist-temple.com "-" "meta-externalagent/1.1 (+https://developers.facebook.com/docs/sharing/webmasters/crawler)" "-"
2a03:2880:f800:: - - [13/Mar/2026:00:07:33 -0400] "GET /shop/fallible/lookover162641977811.html?fileloc=//kunden/lib/python3.9/optparse.py&path=//kunden/lib/python3.9 HTTP/1.1" 200 76307 baptist-temple.com "-" "meta-externalagent/1.1 (+https://developers.facebook.com/docs/sharing/webmasters/crawler)" "-"
2a03:2880:f800:: - - [13/Mar/2026:00:07:33 -0400] "GET /shop/fallible/lookover162641977811.html?path=//lib/python3.9/test/libregrtest HTTP/1.1" 200 30620 baptist-temple.com "-" "meta-externalagent/1.1 (+https://developers.facebook.com/docs/sharing/webmasters/crawler)" "-"
2a03:2880:f800:: - - [13/Mar/2026:00:07:34 -0400] "GET /shop/restorator/uncharitable101607981812.html?path=/homepages/1/d435692257/.oneclick HTTP/1.1" 200 12768 baptist-temple.com "-" "meta-externalagent/1.1 (+https://developers.facebook.com/docs/sharing/webmasters/crawler)" "-"
2a03:2880:f800:: - - [13/Mar/2026:00:07:34 -0400] "GET /shop/fallible/lookover162641977811.html?fileloc=//kunden/lib/python3.9/encodings/iso2022_jp_2004.py&path=//kunden/lib/python3.9/encodings HTTP/1.1" 200 13463 baptist-temple.com "-" "meta-externalagent/1.1 (+https://developers.facebook.com/docs/sharing/webmasters/crawler)" "-"
74.7.242.0 - - [13/Mar/2026:00:07:34 -0400] "GET /shop/lachrymals/pestilential142250080589.html?path=//proc/self/root/lib/locale/kk_KZ HTTP/1.1" 200 30781 baptist-temple.com "https://baptist-temple.com/shop/lachrymals/pestilential142250080589.html?path=//proc/self/root/lib/locale" "Mozilla/5.0 AppleWebKit/537.36 (KHTML, like Gecko; compatible; GPTBot/1.3; +https://openai.com/gptbot)" "-"
2a03:2880:f800:: - - [13/Mar/2026:00:07:35 -0400] "GET /shop/fallible/lookover162641977811.html?fileloc=//kunden/lib/python3.9/encodings/base64_codec.py&path=//kunden/lib/python3.9/encodings HTTP/1.1" 200 13944 baptist-temple.com "-" "meta-externalagent/1.1 (+https://developers.facebook.com/docs/sharing/webmasters/crawler)" "-"
144.76.32.0 - - [13/Mar/2026:00:07:35 -0400] "GET /shop/statoblast/regardless141625284345.html HTTP/1.1" 200 54919 baptist-temple.com "-" "Mozilla/5.0 (compatible; SERankingBacklinksBot/1.0; +https://seranking.com/backlinks-crawler)" "-"
2a03:2880:f800:: - - [13/Mar/2026:00:07:35 -0400] "GET /shop/fallible/lookover162641977811.html?fileloc=/homepages/45/d865075512/htpasswd&path=/homepages/45/d865075512 HTTP/1.1" 200 12311 baptist-temple.com "-" "meta-externalagent/1.1 (+https://developers.facebook.com/docs/sharing/webmasters/crawler)" "-"
66.249.70.0 - - [13/Mar/2026:00:07:35 -0400] "GET /shop/glump/macropyramid13809327301.html HTTP/1.1" 200 222929 baptist-temple.com "-" "Mozilla/5.0 (Linux; Android 6.0.1; Nexus 5X Build/MMB29P) AppleWebKit/537.36 (KHTML, like Gecko) Chrome/145.0.7632.116 Mobile Safari/537.36 (compatible; Googlebot/2.1; +http://www.google.com/bot.html)" "-"
2a03:2880:f800:: - - [13/Mar/2026:00:07:36 -0400] "GET /shop/fallible/lookover162641977811.html?path=//kunden/lib/groff HTTP/1.1" 200 15357 baptist-temple.com "-" "meta-externalagent/1.1 (+https://developers.facebook.com/docs/sharing/webmasters/crawler)" "-"
2a03:2880:f800:: - - [13/Mar/2026:00:07:36 -0400] "GET /shop/fallible/lookover162641977811.html?fileloc=//kunden/lib/python3.9/encodings/hz.py&path=//kunden/lib/python3.9/encodings HTTP/1.1" 200 13388 baptist-temple.com "-" "meta-externalagent/1.1 (+https://developers.facebook.com/docs/sharing/webmasters/crawler)" "-"
2a03:2880:f800:: - - [13/Mar/2026:00:07:37 -0400] "GET /shop/fallible/lookover162641977811.html?fileloc=//kunden/lib/python3.9/aifc.py&path=//kunden/lib/python3.9 HTTP/1.1" 200 45368 baptist-temple.com "-" "meta-externalagent/1.1 (+https://developers.facebook.com/docs/sharing/webmasters/crawler)" "-"
18.246.56.0 - - [13/Mar/2026:00:07:37 -0400] "GET /?path=//var/mail HTTP/1.1" 200 12639 www.baptist-temple.com "-" "Mozilla/5.0 (Windows NT 10.0; Win64; x64) AppleWebKit/537.36 (KHTML, like Gecko) Chrome/128.0.0.0 Safari/537.36" "-"
2a03:2880:f800:: - - [13/Mar/2026:00:07:37 -0400] "GET /shop/fallible/lookover162641977811.html?fileloc=//kunden/lib/python3.9/symbol.py&path=//kunden/lib/python3.9 HTTP/1.1" 200 14643 baptist-temple.com "-" "meta-externalagent/1.1 (+https://developers.facebook.com/docs/sharing/webmasters/crawler)" "-"
2a03:2880:f800:: - - [13/Mar/2026:00:07:38 -0400] "GET /shop/fallible/lookover162641977811.html?path=/homepages/14/d292149100/.oneclick HTTP/1.1" 200 12772 baptist-temple.com "-" "meta-externalagent/1.1 (+https://developers.facebook.com/docs/sharing/webmasters/crawler)" "-"
74.7.242.0 - - [13/Mar/2026:00:07:38 -0400] "GET /shop/lachrymals/pestilential142250080589.html?path=//proc/self/root/lib/locale/sq_MK HTTP/1.1" 200 30776 baptist-temple.com "https://baptist-temple.com/shop/lachrymals/pestilential142250080589.html?path=//proc/self/root/lib/locale" "Mozilla/5.0 AppleWebKit/537.36 (KHTML, like Gecko; compatible; GPTBot/1.3; +https://openai.com/gptbot)" "-"
66.249.70.0 - - [13/Mar/2026:00:07:38 -0400] "GET /shop/equisetiform/dancy133086533230.html HTTP/1.1" 200 215621 baptist-temple.com "-" "Mozilla/5.0 (Linux; Android 6.0.1; Nexus 5X Build/MMB29P) AppleWebKit/537.36 (KHTML, like Gecko) Chrome/145.0.7632.116 Mobile Safari/537.36 (compatible; Googlebot/2.1; +http://www.google.com/bot.html)" "-"
2a03:2880:f800:: - - [13/Mar/2026:00:07:38 -0400] "GET /shop/fallible/lookover162641977811.html?fileloc=//lib/x86_64-linux-gnu/libisl.so.23&path=//lib/x86_64-linux-gnu HTTP/1.1" 200 12269 baptist-temple.com "-" "meta-externalagent/1.1 (+https://developers.facebook.com/docs/sharing/webmasters/crawler)" "-"
144.76.32.0 - - [13/Mar/2026:00:07:38 -0400] "GET /shop/stavesacre/feuerkrote141949047271.html HTTP/1.1" 200 54919 baptist-temple.com "-" "Mozilla/5.0 (compatible; SERankingBacklinksBot/1.0; +https://seranking.com/backlinks-crawler)" "-"
2a03:2880:f800:: - - [13/Mar/2026:00:07:39 -0400] "GET /shop/fallible/lookover162641977811.html?fileloc=//lib/x86_64-linux-gnu/librt-2.31.so&path=//lib/x86_64-linux-gnu HTTP/1.1" 200 12270 baptist-temple.com "-" "meta-externalagent/1.1 (+https://developers.facebook.com/docs/sharing/webmasters/crawler)" "-"
2a03:2880:f800:: - - [13/Mar/2026:00:07:39 -0400] "GET /shop/fallible/lookover162641977811.html?fileloc=//lib/git-core/git-merge-recursive&path=//lib/git-core HTTP/1.1" 200 12252 baptist-temple.com "-" "meta-externalagent/1.1 (+https://developers.facebook.com/docs/sharing/webmasters/crawler)" "-"
2a03:2880:f800:: - - [13/Mar/2026:00:07:40 -0400] "GET /shop/fallible/lookover162641977811.html?fileloc=//bin/ppm2tiff&path=//bin HTTP/1.1" 200 12188 baptist-temple.com "-" "meta-externalagent/1.1 (+https://developers.facebook.com/docs/sharing/webmasters/crawler)" "-"
2a03:2880:f800:: - - [13/Mar/2026:00:07:41 -0400] "GET /shop/fallible/lookover162641977811.html?fileloc=//kunden/lib/python3.9/__future__.py&path=//kunden/lib/python3.9 HTTP/1.1" 200 17946 baptist-temple.com "-" "meta-externalagent/1.1 (+https://developers.facebook.com/docs/sharing/webmasters/crawler)" "-"
74.7.242.0 - - [13/Mar/2026:00:07:41 -0400] "GET /shop/lachrymals/pestilential142250080589.html?path=//proc/self/root/lib/locale/rw_RW HTTP/1.1" 200 30777 baptist-temple.com "https://baptist-temple.com/shop/lachrymals/pestilential142250080589.html?path=//proc/self/root/lib/locale" "Mozilla/5.0 AppleWebKit/537.36 (KHTML, like Gecko; compatible; GPTBot/1.3; +https://openai.com/gptbot)" "-"
66.249.70.0 - - [13/Mar/2026:00:07:42 -0400] "GET /shop/quadrifoil/fogey132380557932.html HTTP/1.1" 200 217460 baptist-temple.com "-" "Mozilla/5.0 (Linux; Android 6.0.1; Nexus 5X Build/MMB29P) AppleWebKit/537.36 (KHTML, like Gecko) Chrome/145.0.7632.116 Mobile Safari/537.36 (compatible; Googlebot/2.1; +http://www.google.com/bot.html)" "-"
2a03:2880:f800:: - - [13/Mar/2026:00:07:42 -0400] "GET /shop/fallible/lookover162641977811.html?fileloc=//kunden/lib/emacsen-common/emacs-package-remove&path=//kunden/lib/emacsen-common HTTP/1.1" 200 14188 baptist-temple.com "-" "meta-externalagent/1.1 (+https://developers.facebook.com/docs/sharing/webmasters/crawler)" "-"
144.76.32.0 - - [13/Mar/2026:00:07:42 -0400] "GET /shop/stockjobber/sarcocele143265236133.html HTTP/1.1" 200 54919 baptist-temple.com "-" "Mozilla/5.0 (compatible; SERankingBacklinksBot/1.0; +https://seranking.com/backlinks-crawler)" "-"
2a03:2880:f800:: - - [13/Mar/2026:00:07:43 -0400] "GET /shop/fallible/lookover162641977811.html?fileloc=//lib/x86_64-linux-gnu/libtsan_preinit.o&path=//lib/x86_64-linux-gnu HTTP/1.1" 200 12274 baptist-temple.com "-" "meta-externalagent/1.1 (+https://developers.facebook.com/docs/sharing/webmasters/crawler)" "-"
2a03:2880:f800:: - - [13/Mar/2026:00:07:43 -0400] "GET /shop/restorator/uncharitable101607981812.html?path=/homepages/1/d114138514/managed HTTP/1.1" 200 12764 baptist-temple.com "-" "meta-externalagent/1.1 (+https://developers.facebook.com/docs/sharing/webmasters/crawler)" "-"
2a03:2880:f800:: - - [13/Mar/2026:00:07:44 -0400] "GET /shop/fallible/lookover162641977811.html?fileloc=//bin/editor&path=//bin HTTP/1.1" 200 12186 baptist-temple.com "-" "meta-externalagent/1.1 (+https://developers.facebook.com/docs/sharing/webmasters/crawler)" "-"
74.7.242.0 - - [13/Mar/2026:00:07:44 -0400] "GET /shop/lachrymals/pestilential142250080589.html?path=//proc/self/root/lib/locale/ru_RU HTTP/1.1" 200 30781 baptist-temple.com "https://baptist-temple.com/shop/lachrymals/pestilential142250080589.html?path=//proc/self/root/lib/locale" "Mozilla/5.0 AppleWebKit/537.36 (KHTML, like Gecko; compatible; GPTBot/1.3; +https://openai.com/gptbot)" "-"
2a03:2880:f800:: - - [13/Mar/2026:00:07:45 -0400] "GET /shop/fallible/lookover162641977811.html?fileloc=//bin/gemtopbm&path=//bin HTTP/1.1" 200 12188 baptist-temple.com "-" "meta-externalagent/1.1 (+https://developers.facebook.com/docs/sharing/webmasters/crawler)" "-"
2a02:598:: - - [13/Mar/2026:00:07:45 -0400] "GET /shop/troughton/infelicity113918404285.html HTTP/1.1" 200 54919 www.baptist-temple.com "-" "Mozilla/5.0 (compatible; SeznamBot/4.0; +https://o-seznam.cz/napoveda/vyhledavani/en/seznambot-crawler/)" "-"
2a02:598:: - - [13/Mar/2026:00:07:45 -0400] "GET /shop/tendency/sparsely1711869338.html HTTP/1.1" 200 54919 www.baptist-temple.com "-" "Mozilla/5.0 (compatible; SeznamBot/4.0; +https://o-seznam.cz/napoveda/vyhledavani/en/seznambot-crawler/)" "-"
2a03:2880:f800:: - - [13/Mar/2026:00:07:45 -0400] "GET /shop/fallible/lookover162641977811.html?fileloc=//bin/x86_64-linux-gnu-elfedit&path=//bin HTTP/1.1" 200 12204 baptist-temple.com "-" "meta-externalagent/1.1 (+https://developers.facebook.com/docs/sharing/webmasters/crawler)" "-"
2a03:2880:f800:: - - [13/Mar/2026:00:07:45 -0400] "GET /shop/fallible/lookover162641977811.html?fileloc=//bin/dpkg-realpath&path=//bin HTTP/1.1" 200 17005 baptist-temple.com "-" "meta-externalagent/1.1 (+https://developers.facebook.com/docs/sharing/webmasters/crawler)" "-"
144.76.32.0 - - [13/Mar/2026:00:07:45 -0400] "GET /shop/strigirostris/deicide141573636755.html HTTP/1.1" 200 54919 baptist-temple.com "-" "Mozilla/5.0 (compatible; SERankingBacklinksBot/1.0; +https://seranking.com/backlinks-crawler)" "-"
2a03:2880:f800:: - - [13/Mar/2026:00:07:46 -0400] "GET /shop/fallible/lookover162641977811.html?fileloc=//bin/lsb_release&path=//bin HTTP/1.1" 200 15925 baptist-temple.com "-" "meta-externalagent/1.1 (+https://developers.facebook.com/docs/sharing/webmasters/crawler)" "-"
66.249.70.0 - - [13/Mar/2026:00:07:46 -0400] "GET /shop/detrusive/woodman13342301478.html HTTP/1.1" 200 210995 baptist-temple.com "-" "Mozilla/5.0 (Linux; Android 6.0.1; Nexus 5X Build/MMB29P) AppleWebKit/537.36 (KHTML, like Gecko) Chrome/145.0.7632.116 Mobile Safari/537.36 (compatible; Googlebot/2.1; +http://www.google.com/bot.html)" "-"
2a03:2880:f800:: - - [13/Mar/2026:00:07:46 -0400] "GET /shop/fallible/lookover162641977811.html?fileloc=//kunden/lib/git-core/git-diff-index&path=//kunden/lib/git-core HTTP/1.1" 200 12304 baptist-temple.com "-" "meta-externalagent/1.1 (+https://developers.facebook.com/docs/sharing/webmasters/crawler)" "-"
66.249.70.0 - - [13/Mar/2026:00:07:46 -0400] "GET /shop/allodium/berdash112865890818.html HTTP/1.1" 200 228636 baptist-temple.com "-" "Mozilla/5.0 (Linux; Android 6.0.1; Nexus 5X Build/MMB29P) AppleWebKit/537.36 (KHTML, like Gecko) Chrome/145.0.7632.116 Mobile Safari/537.36 (compatible; Googlebot/2.1; +http://www.google.com/bot.html)" "-"
2a03:2880:f800:: - - [13/Mar/2026:00:07:47 -0400] "GET /shop/fallible/lookover162641977811.html?fileloc=//lib/x86_64-linux-gnu/libHalf-2_5.so.25.0.3&path=//lib/x86_64-linux-gnu HTTP/1.1" 200 12278 baptist-temple.com "-" "meta-externalagent/1.1 (+https://developers.facebook.com/docs/sharing/webmasters/crawler)" "-"
74.7.242.0 - - [13/Mar/2026:00:07:47 -0400] "GET /shop/lachrymals/pestilential142250080589.html?path=//proc/self/root/lib/locale/ak_GH HTTP/1.1" 200 30778 baptist-temple.com "https://baptist-temple.com/shop/lachrymals/pestilential142250080589.html?path=//proc/self/root/lib/locale" "Mozilla/5.0 AppleWebKit/537.36 (KHTML, like Gecko; compatible; GPTBot/1.3; +https://openai.com/gptbot)" "-"
2a03:2880:f800:: - - [13/Mar/2026:00:07:47 -0400] "GET /shop/fallible/lookover162641977811.html?fileloc=//kunden/lib/emacsen-common/emacs-install&path=//kunden/lib/emacsen-common HTTP/1.1" 200 14248 baptist-temple.com "-" "meta-externalagent/1.1 (+https://developers.facebook.com/docs/sharing/webmasters/crawler)" "-"
2a03:2880:f800:: - - [13/Mar/2026:00:07:48 -0400] "GET /shop/fallible/lookover162641977811.html?fileloc=//bin/cpio&path=//bin HTTP/1.1" 200 12184 baptist-temple.com "-" "meta-externalagent/1.1 (+https://developers.facebook.com/docs/sharing/webmasters/crawler)" "-"
2a03:2880:f800:: - - [13/Mar/2026:00:07:48 -0400] "GET /shop/fallible/lookover162641977811.html?fileloc=//bin/make&path=//bin HTTP/1.1" 200 12184 baptist-temple.com "-" "meta-externalagent/1.1 (+https://developers.facebook.com/docs/sharing/webmasters/crawler)" "-"
66.249.70.0 - - [13/Mar/2026:00:07:49 -0400] "GET /shop/phonorganon/polytocous1368713517.html HTTP/1.1" 200 214877 baptist-temple.com "-" "Mozilla/5.0 (Linux; Android 6.0.1; Nexus 5X Build/MMB29P) AppleWebKit/537.36 (KHTML, like Gecko) Chrome/145.0.7632.116 Mobile Safari/537.36 (compatible; Googlebot/2.1; +http://www.google.com/bot.html)" "-"
2a03:2880:f800:: - - [13/Mar/2026:00:07:49 -0400] "GET /shop/fallible/lookover162641977811.html?fileloc=//kunden/lib/python3.9/traceback.py&path=//kunden/lib/python3.9 HTTP/1.1" 200 37469 baptist-temple.com "-" "meta-externalagent/1.1 (+https://developers.facebook.com/docs/sharing/webmasters/crawler)" "-"
144.76.32.0 - - [13/Mar/2026:00:07:49 -0400] "GET /shop/strobiline/insurancer142797116031.html HTTP/1.1" 200 54919 baptist-temple.com "-" "Mozilla/5.0 (compatible; SERankingBacklinksBot/1.0; +https://seranking.com/backlinks-crawler)" "-"
2a03:2880:f800:: - - [13/Mar/2026:00:07:49 -0400] "GET /shop/fallible/lookover162641977811.html?fileloc=//bin/infotocap&path=//bin HTTP/1.1" 200 12189 baptist-temple.com "-" "meta-externalagent/1.1 (+https://developers.facebook.com/docs/sharing/webmasters/crawler)" "-"
2a03:2880:f800:: - - [13/Mar/2026:00:07:50 -0400] "GET /shop/fallible/lookover162641977811.html?fileloc=//bin/write.ul&path=//bin HTTP/1.1" 200 12188 baptist-temple.com "-" "meta-externalagent/1.1 (+https://developers.facebook.com/docs/sharing/webmasters/crawler)" "-"
74.7.242.0 - - [13/Mar/2026:00:07:50 -0400] "GET /shop/lachrymals/pestilential142250080589.html?path=//proc/self/root/proc/megaraid HTTP/1.1" 200 12791 baptist-temple.com "https://baptist-temple.com/shop/lachrymals/pestilential142250080589.html?path=//proc/self/root/proc" "Mozilla/5.0 AppleWebKit/537.36 (KHTML, like Gecko; compatible; GPTBot/1.3; +https://openai.com/gptbot)" "-"
114.119.130.0 - - [13/Mar/2026:00:07:50 -0400] "GET /shop/pisay/oriency153616650423.html HTTP/1.1" 200 54919 baptist-temple.com "http://baptist-temple.com/sitemap.xml" "Mozilla/5.0 (Linux; Android 7.0;) AppleWebKit/537.36 (KHTML, like Gecko) Mobile Safari/537.36 (compatible; PetalBot;+https://webmaster.petalsearch.com/site/petalbot)" "-"
2a03:2880:f800:: - - [13/Mar/2026:00:07:50 -0400] "GET /shop/fallible/lookover162641977811.html?fileloc=//bin/rrdinfo&path=//bin HTTP/1.1" 200 12187 baptist-temple.com "-" "meta-externalagent/1.1 (+https://developers.facebook.com/docs/sharing/webmasters/crawler)" "-"
2a03:2880:f800:: - - [13/Mar/2026:00:07:51 -0400] "GET /shop/fallible/lookover162641977811.html?fileloc=//lib/x86_64-linux-gnu/libtirpc.so.3.0.0&path=//lib/x86_64-linux-gnu HTTP/1.1" 200 12274 baptist-temple.com "-" "meta-externalagent/1.1 (+https://developers.facebook.com/docs/sharing/webmasters/crawler)" "-"
2a03:2880:f800:: - - [13/Mar/2026:00:07:51 -0400] "GET /shop/fallible/lookover162641977811.html?fileloc=//lib/x86_64-linux-gnu/libp11-kit.so.0&path=//lib/x86_64-linux-gnu HTTP/1.1" 200 12272 baptist-temple.com "-" "meta-externalagent/1.1 (+https://developers.facebook.com/docs/sharing/webmasters/crawler)" "-"
2a03:2880:f800:: - - [13/Mar/2026:00:07:52 -0400] "GET /shop/fallible/lookover162641977811.html?fileloc=//lib/python3.9/lib2to3/PatternGrammar.txt&path=//lib/python3.9/lib2to3 HTTP/1.1" 200 13113 baptist-temple.com "-" "meta-externalagent/1.1 (+https://developers.facebook.com/docs/sharing/webmasters/crawler)" "-"
66.249.70.0 - - [13/Mar/2026:00:07:52 -0400] "GET /shop/precipitously/emplastration131775075878.html HTTP/1.1" 200 221986 baptist-temple.com "-" "Mozilla/5.0 (Linux; Android 6.0.1; Nexus 5X Build/MMB29P) AppleWebKit/537.36 (KHTML, like Gecko) Chrome/145.0.7632.116 Mobile Safari/537.36 (compatible; Googlebot/2.1; +http://www.google.com/bot.html)" "-"
2a03:2880:f800:: - - [13/Mar/2026:00:07:52 -0400] "GET /shop/fallible/lookover162641977811.html?fileloc=/homepages/27/d162985358/distributor.lock&path=/homepages/27/d162985358 HTTP/1.1" 200 12319 baptist-temple.com "-" "meta-externalagent/1.1 (+https://developers.facebook.com/docs/sharing/webmasters/crawler)" "-"
144.76.32.0 - - [13/Mar/2026:00:07:53 -0400] "GET /shop/styracin/vainglorious143352886595.html HTTP/1.1" 200 54919 baptist-temple.com "-" "Mozilla/5.0 (compatible; SERankingBacklinksBot/1.0; +https://seranking.com/backlinks-crawler)" "-"
66.249.70.0 - - [13/Mar/2026:00:07:53 -0400] "GET /shop/forlorn/swaggerer131888242659.html HTTP/1.1" 200 220353 baptist-temple.com "-" "Mozilla/5.0 (Linux; Android 6.0.1; Nexus 5X Build/MMB29P) AppleWebKit/537.36 (KHTML, like Gecko) Chrome/145.0.7632.116 Mobile Safari/537.36 (compatible; Googlebot/2.1; +http://www.google.com/bot.html)" "-"
2a03:2880:f800:: - - [13/Mar/2026:00:07:53 -0400] "GET /shop/fallible/lookover162641977811.html?path=//kunden/lib/python3.9/asyncio HTTP/1.1" 200 59135 baptist-temple.com "-" "meta-externalagent/1.1 (+https://developers.facebook.com/docs/sharing/webmasters/crawler)" "-"
74.7.242.0 - - [13/Mar/2026:00:07:53 -0400] "GET /shop/lachrymals/pestilential142250080589.html?path=//proc/self/root/lib/ruby/2.7.0/rubygems/ssl_certs HTTP/1.1" 200 12989 baptist-temple.com "https://baptist-temple.com/shop/lachrymals/pestilential142250080589.html?path=//proc/self/root/lib/ruby/2.7.0/rubygems" "Mozilla/5.0 AppleWebKit/537.36 (KHTML, like Gecko; compatible; GPTBot/1.3; +https://openai.com/gptbot)" "-"
2a03:2880:f800:: - - [13/Mar/2026:00:07:54 -0400] "GET /shop/fallible/lookover162641977811.html?fileloc=//lib/python3.9/test/libregrtest/runtest_mp.py&path=//lib/python3.9/test/libregrtest HTTP/1.1" 200 28273 baptist-temple.com "-" "meta-externalagent/1.1 (+https://developers.facebook.com/docs/sharing/webmasters/crawler)" "-"
66.249.70.0 - - [13/Mar/2026:00:07:54 -0400] "GET /shop/labyrinthici/dermopterygii132642801735.html HTTP/1.1" 200 217836 baptist-temple.com "-" "Mozilla/5.0 (Linux; Android 6.0.1; Nexus 5X Build/MMB29P) AppleWebKit/537.36 (KHTML, like Gecko) Chrome/145.0.7632.116 Mobile Safari/537.36 (compatible; Googlebot/2.1; +http://www.google.com/bot.html)" "-"
2a03:2880:f800:: - - [13/Mar/2026:00:07:54 -0400] "GET /shop/fallible/lookover162641977811.html?fileloc=//lib/x86_64-linux-gnu/libnghttp2.so.14&path=//lib/x86_64-linux-gnu HTTP/1.1" 200 12273 baptist-temple.com "-" "meta-externalagent/1.1 (+https://developers.facebook.com/docs/sharing/webmasters/crawler)" "-"
2a03:2880:f800:: - - [13/Mar/2026:00:07:55 -0400] "GET /shop/fallible/lookover162641977811.html?fileloc=//bin/pear&path=//bin HTTP/1.1" 200 13159 baptist-temple.com "-" "meta-externalagent/1.1 (+https://developers.facebook.com/docs/sharing/webmasters/crawler)" "-"
2a03:2880:f800:: - - [13/Mar/2026:00:07:56 -0400] "GET /shop/fallible/lookover162641977811.html?fileloc=//lib/python3.9/test/libregrtest/refleak.py&path=//lib/python3.9/test/libregrtest HTTP/1.1" 200 20663 baptist-temple.com "-" "meta-externalagent/1.1 (+https://developers.facebook.com/docs/sharing/webmasters/crawler)" "-"
144.76.32.0 - - [13/Mar/2026:00:07:56 -0400] "GET /shop/subdecuple/exploratory14821847334.html HTTP/1.1" 200 54919 baptist-temple.com "-" "Mozilla/5.0 (compatible; SERankingBacklinksBot/1.0; +https://seranking.com/backlinks-crawler)" "-"
74.7.242.0 - - [13/Mar/2026:00:07:56 -0400] "GET /shop/lachrymals/pestilential142250080589.html?path=//proc/self/root/lib/ruby/2.7.0/bundler/vendor/uri/lib HTTP/1.1" 200 16131 baptist-temple.com "https://baptist-temple.com/shop/lachrymals/pestilential142250080589.html?path=//proc/self/root/lib/ruby/2.7.0/bundler/vendor/uri" "Mozilla/5.0 AppleWebKit/537.36 (KHTML, like Gecko; compatible; GPTBot/1.3; +https://openai.com/gptbot)" "-"
2a03:2880:f800:: - - [13/Mar/2026:00:07:57 -0400] "GET /shop/fallible/lookover162641977811.html?fileloc=//kunden/proc/version&path=//kunden/proc HTTP/1.1" 200 12379 baptist-temple.com "-" "meta-externalagent/1.1 (+https://developers.facebook.com/docs/sharing/webmasters/crawler)" "-"
18.246.56.0 - - [13/Mar/2026:00:07:57 -0400] "GET /?path=//var/run HTTP/1.1" 200 19439 www.baptist-temple.com "-" "Mozilla/5.0 (Windows NT 10.0; Win64; x64) AppleWebKit/537.36 (KHTML, like Gecko) Chrome/128.0.0.0 Safari/537.36" "-"
66.249.70.0 - - [13/Mar/2026:00:07:57 -0400] "GET /shop/emblemed/anfractuosity1336194661.html HTTP/1.1" 200 222545 baptist-temple.com "-" "Mozilla/5.0 (Linux; Android 6.0.1; Nexus 5X Build/MMB29P) AppleWebKit/537.36 (KHTML, like Gecko) Chrome/145.0.7632.116 Mobile Safari/537.36 (compatible; Googlebot/2.1; +http://www.google.com/bot.html)" "-"
2a03:2880:f800:: - - [13/Mar/2026:00:07:59 -0400] "GET /shop/fallible/lookover162641977811.html?fileloc=//lib/ssl/certs/emSign_Root_CA_-_C1.pem&path=//lib/ssl/certs HTTP/1.1" 200 13546 baptist-temple.com "-" "meta-externalagent/1.1 (+https://developers.facebook.com/docs/sharing/webmasters/crawler)" "-"
2a03:2880:f800:: - - [13/Mar/2026:00:07:59 -0400] "GET /shop/restorator/uncharitable101607981812.html?fileloc=/homepages/1/d114138514/distributor.lock&path=/homepages/1/d114138514 HTTP/1.1" 200 12315 baptist-temple.com "-" "meta-externalagent/1.1 (+https://developers.facebook.com/docs/sharing/webmasters/crawler)" "-"
74.7.242.0 - - [13/Mar/2026:00:08:00 -0400] "GET /shop/lachrymals/pestilential142250080589.html?path=//proc/self/root/lib/ruby/2.7.0/bundler/vendor/thor/lib HTTP/1.1" 200 16150 baptist-temple.com "https://baptist-temple.com/shop/lachrymals/pestilential142250080589.html?path=//proc/self/root/lib/ruby/2.7.0/bundler/vendor/thor" "Mozilla/5.0 AppleWebKit/537.36 (KHTML, like Gecko; compatible; GPTBot/1.3; +https://openai.com/gptbot)" "-"
144.76.32.0 - - [13/Mar/2026:00:08:00 -0400] "GET /shop/surroundsound/taurine142544583276.html HTTP/1.1" 200 54919 baptist-temple.com "-" "Mozilla/5.0 (compatible; SERankingBacklinksBot/1.0; +https://seranking.com/backlinks-crawler)" "-"
66.249.70.0 - - [13/Mar/2026:00:08:01 -0400] "GET /shop/ochreated/lascivious13537903914.html HTTP/1.1" 200 215059 baptist-temple.com "-" "Mozilla/5.0 (Linux; Android 6.0.1; Nexus 5X Build/MMB29P) AppleWebKit/537.36 (KHTML, like Gecko) Chrome/145.0.7632.116 Mobile Safari/537.36 (compatible; Googlebot/2.1; +http://www.google.com/bot.html)" "-"
2a03:2880:f800:: - - [13/Mar/2026:00:08:01 -0400] "GET /shop/fallible/lookover162641977811.html?fileloc=//kunden/lib/python3.9/telnetlib.py&path=//kunden/lib/python3.9 HTTP/1.1" 200 36614 baptist-temple.com "-" "meta-externalagent/1.1 (+https://developers.facebook.com/docs/sharing/webmasters/crawler)" "-"
2a03:2880:f800:: - - [13/Mar/2026:00:08:02 -0400] "GET /shop/fallible/lookover162641977811.html?fileloc=//kunden/lib/python3.9/site.py&path=//kunden/lib/python3.9 HTTP/1.1" 200 36122 baptist-temple.com "-" "meta-externalagent/1.1 (+https://developers.facebook.com/docs/sharing/webmasters/crawler)" "-"
2a03:2880:f800:: - - [13/Mar/2026:00:08:02 -0400] "GET /shop/fallible/lookover162641977811.html?fileloc=//lib/x86_64-linux-gnu/libsmartcols.so.1.1.0&path=//lib/x86_64-linux-gnu HTTP/1.1" 200 12278 baptist-temple.com "-" "meta-externalagent/1.1 (+https://developers.facebook.com/docs/sharing/webmasters/crawler)" "-"
74.7.242.0 - - [13/Mar/2026:00:08:03 -0400] "GET /shop/lachrymals/pestilential142250080589.html?path=//proc/self/root/lib/ruby/2.7.0/rubygems/ext HTTP/1.1" 200 22388 baptist-temple.com "https://baptist-temple.com/shop/lachrymals/pestilential142250080589.html?path=//proc/self/root/lib/ruby/2.7.0/rubygems" "Mozilla/5.0 AppleWebKit/537.36 (KHTML, like Gecko; compatible; GPTBot/1.3; +https://openai.com/gptbot)" "-"
144.76.32.0 - - [13/Mar/2026:00:08:03 -0400] "GET /shop/tarsotomy/pettifogger141499169579.html HTTP/1.1" 200 54919 baptist-temple.com "-" "Mozilla/5.0 (compatible; SERankingBacklinksBot/1.0; +https://seranking.com/backlinks-crawler)" "-"
2a03:2880:f800:: - - [13/Mar/2026:00:08:03 -0400] "GET /shop/fallible/lookover162641977811.html?fileloc=/homepages/29/d208662028/htpasswd&path=/homepages/29/d208662028 HTTP/1.1" 200 12311 baptist-temple.com "-" "meta-externalagent/1.1 (+https://developers.facebook.com/docs/sharing/webmasters/crawler)" "-"
66.249.70.0 - - [13/Mar/2026:00:08:05 -0400] "GET /shop/alguazil/tintinnabular132273823110.html HTTP/1.1" 200 226666 baptist-temple.com "-" "Mozilla/5.0 (Linux; Android 6.0.1; Nexus 5X Build/MMB29P) AppleWebKit/537.36 (KHTML, like Gecko) Chrome/145.0.7632.116 Mobile Safari/537.36 (compatible; Googlebot/2.1; +http://www.google.com/bot.html)" "-"
2a03:2880:f800:: - - [13/Mar/2026:00:08:06 -0400] "GET /shop/fallible/lookover162641977811.html?fileloc=//lib/ssl/certs/HiPKI_Root_CA_-_G1.pem&path=//lib/ssl/certs HTTP/1.1" 200 14227 baptist-temple.com "-" "meta-externalagent/1.1 (+https://developers.facebook.com/docs/sharing/webmasters/crawler)" "-"
74.7.242.0 - - [13/Mar/2026:00:08:06 -0400] "GET /shop/lachrymals/pestilential142250080589.html?path=//proc/self/root/lib/ruby/2.7.0/rubygems/core_ext HTTP/1.1" 200 17741 baptist-temple.com "https://baptist-temple.com/shop/lachrymals/pestilential142250080589.html?path=//proc/self/root/lib/ruby/2.7.0/rubygems" "Mozilla/5.0 AppleWebKit/537.36 (KHTML, like Gecko; compatible; GPTBot/1.3; +https://openai.com/gptbot)" "-"
18.246.56.0 - - [13/Mar/2026:00:08:07 -0400] "GET /?path=//var/tmp HTTP/1.1" 200 35945 www.baptist-temple.com "-" "Mozilla/5.0 (Windows NT 10.0; Win64; x64) AppleWebKit/537.36 (KHTML, like Gecko) Chrome/128.0.0.0 Safari/537.36" "-"
144.76.32.0 - - [13/Mar/2026:00:08:07 -0400] "GET /shop/tasseling/chirographer14345059273.html HTTP/1.1" 200 54919 baptist-temple.com "-" "Mozilla/5.0 (compatible; SERankingBacklinksBot/1.0; +https://seranking.com/backlinks-crawler)" "-"
66.249.70.0 - - [13/Mar/2026:00:08:07 -0400] "GET /shop/jimela/helminthiasis131988727325.html HTTP/1.1" 200 212201 baptist-temple.com "-" "Mozilla/5.0 (Linux; Android 6.0.1; Nexus 5X Build/MMB29P) AppleWebKit/537.36 (KHTML, like Gecko) Chrome/145.0.7632.116 Mobile Safari/537.36 (compatible; Googlebot/2.1; +http://www.google.com/bot.html)" "-"
74.7.242.0 - - [13/Mar/2026:00:08:09 -0400] "GET /shop/lachrymals/pestilential142250080589.html?path=//proc/self/root/usr/lib/ruby/2.7.0/rubygems HTTP/1.1" 200 130254 baptist-temple.com "https://baptist-temple.com/shop/lachrymals/pestilential142250080589.html?path=//proc/self/root/usr/lib/ruby/2.7.0" "Mozilla/5.0 AppleWebKit/537.36 (KHTML, like Gecko; compatible; GPTBot/1.3; +https://openai.com/gptbot)" "-"
66.249.70.0 - - [13/Mar/2026:00:08:10 -0400] "GET /shop/promulge/diphthongal132305506078.html HTTP/1.1" 200 215692 baptist-temple.com "-" "Mozilla/5.0 (Linux; Android 6.0.1; Nexus 5X Build/MMB29P) AppleWebKit/537.36 (KHTML, like Gecko) Chrome/145.0.7632.116 Mobile Safari/537.36 (compatible; Googlebot/2.1; +http://www.google.com/bot.html)" "-"
2a03:2880:f800:: - - [13/Mar/2026:00:08:11 -0400] "GET /shop/fallible/lookover162641977811.html?fileloc=//lib/git-core/git-commit&path=//lib/git-core HTTP/1.1" 200 12243 baptist-temple.com "-" "meta-externalagent/1.1 (+https://developers.facebook.com/docs/sharing/webmasters/crawler)" "-"
144.76.32.0 - - [13/Mar/2026:00:08:11 -0400] "GET /shop/terrorism/inventorial142025711434.html HTTP/1.1" 200 54919 baptist-temple.com "-" "Mozilla/5.0 (compatible; SERankingBacklinksBot/1.0; +https://seranking.com/backlinks-crawler)" "-"
2a03:2880:f800:: - - [13/Mar/2026:00:08:12 -0400] "GET /shop/fallible/lookover162641977811.html?fileloc=//lib/udev/hwclock-set&path=//lib/udev HTTP/1.1" 200 12484 baptist-temple.com "-" "meta-externalagent/1.1 (+https://developers.facebook.com/docs/sharing/webmasters/crawler)" "-"
15.235.98.0 - - [13/Mar/2026:00:08:12 -0400] "GET /shop/stillion/lichen153924367851.html HTTP/1.1" 200 54919 www.baptist-temple.com "-" "Mozilla/5.0 (compatible; AhrefsBot/7.0; +http://ahrefs.com/robot/)" "-"
74.7.242.0 - - [13/Mar/2026:00:08:12 -0400] "GET /shop/lachrymals/pestilential142250080589.html?path=//proc/self/root/usr/lib/ruby/gems/2.7.0/gems/bigdecimal-2.0.0 HTTP/1.1" 200 13131 baptist-temple.com "https://baptist-temple.com/shop/lachrymals/pestilential142250080589.html?path=//proc/self/root/usr/lib/ruby/gems/2.7.0/gems" "Mozilla/5.0 AppleWebKit/537.36 (KHTML, like Gecko; compatible; GPTBot/1.3; +https://openai.com/gptbot)" "-"
2a03:2880:f800:: - - [13/Mar/2026:00:08:12 -0400] "GET /shop/fallible/lookover162641977811.html?fileloc=//lib/python3.9/_compression.py&path=//lib/python3.9 HTTP/1.1" 200 17863 baptist-temple.com "-" "meta-externalagent/1.1 (+https://developers.facebook.com/docs/sharing/webmasters/crawler)" "-"
2a03:2880:f800:: - - [13/Mar/2026:00:08:13 -0400] "GET /shop/fallible/lookover162641977811.html?path=//kunden/proc/1568132 HTTP/1.1" 200 70887 baptist-temple.com "-" "meta-externalagent/1.1 (+https://developers.facebook.com/docs/sharing/webmasters/crawler)" "-"
66.249.70.0 - - [13/Mar/2026:00:08:14 -0400] "GET /shop/hippurites/tacitly13350292962.html HTTP/1.1" 200 210528 baptist-temple.com "-" "Mozilla/5.0 (Linux; Android 6.0.1; Nexus 5X Build/MMB29P) AppleWebKit/537.36 (KHTML, like Gecko) Chrome/145.0.7632.116 Mobile Safari/537.36 (compatible; Googlebot/2.1; +http://www.google.com/bot.html)" "-"
144.76.32.0 - - [13/Mar/2026:00:08:14 -0400] "GET /shop/tonsurans/formulizing142936482073.html HTTP/1.1" 200 54919 baptist-temple.com "-" "Mozilla/5.0 (compatible; SERankingBacklinksBot/1.0; +https://seranking.com/backlinks-crawler)" "-"
2a03:2880:f800:: - - [13/Mar/2026:00:08:14 -0400] "GET /shop/fallible/lookover162641977811.html?fileloc=//lib/git-core/git-merge-subtree&path=//lib/git-core HTTP/1.1" 200 12250 baptist-temple.com "-" "meta-externalagent/1.1 (+https://developers.facebook.com/docs/sharing/webmasters/crawler)" "-"
2a03:2880:f800:: - - [13/Mar/2026:00:08:15 -0400] "GET /shop/fallible/lookover162641977811.html?fileloc=//kunden/lib/python3.9/ntpath.py&path=//kunden/lib/python3.9 HTTP/1.1" 200 39169 baptist-temple.com "-" "meta-externalagent/1.1 (+https://developers.facebook.com/docs/sharing/webmasters/crawler)" "-"
