2a03:2880:f800:: - - [13/Mar/2026:00:34:02 -0400] "GET /shop/coacher/mayors102099113446.html?fileloc=/homepages/42/d414105715/htdocs/demo/wp-config-sample.php&path=/homepages/42/d414105715/htdocs/demo HTTP/1.1" 200 15367 baptist-temple.com "-" "meta-externalagent/1.1 (+https://developers.facebook.com/docs/sharing/webmasters/crawler)" "-"
2a03:2880:f800:: - - [13/Mar/2026:00:34:02 -0400] "GET /shop/fallible/lookover162641977811.html?fileloc=//lib/python3.9/lib2to3/pygram.py&path=//lib/python3.9/lib2to3 HTTP/1.1" 200 13733 baptist-temple.com "-" "meta-externalagent/1.1 (+https://developers.facebook.com/docs/sharing/webmasters/crawler)" "-"
2a03:2880:f800:: - - [13/Mar/2026:00:34:03 -0400] "GET /shop/fallible/lookover162641977811.html?fileloc=//kunden/kunden/usr/include/ruby-2.7.0/ruby.h&path=//kunden/kunden/usr/include/ruby-2.7.0 HTTP/1.1" 200 13316 baptist-temple.com "-" "meta-externalagent/1.1 (+https://developers.facebook.com/docs/sharing/webmasters/crawler)" "-"
2a03:2880:f800:: - - [13/Mar/2026:00:34:03 -0400] "GET /shop/fallible/lookover162641977811.html?fileloc=//kunden/kunden/usr/include/linux/wimax/i2400m.h&path=//kunden/kunden/usr/include/linux/wimax HTTP/1.1" 200 28471 baptist-temple.com "-" "meta-externalagent/1.1 (+https://developers.facebook.com/docs/sharing/webmasters/crawler)" "-"
2a03:2880:f800:: - - [13/Mar/2026:00:34:04 -0400] "GET /shop/restorator/uncharitable101607981812.html?fileloc=/homepages/42/d414105715/DASTOOLSTART&path=/homepages/42/d414105715 HTTP/1.1" 200 12315 baptist-temple.com "-" "meta-externalagent/1.1 (+https://developers.facebook.com/docs/sharing/webmasters/crawler)" "-"
2a03:2880:f800:: - - [13/Mar/2026:00:34:04 -0400] "GET /shop/coacher/mayors102099113446.html?fileloc=/homepages/42/d414105715/htdocs/demo/wp-admin/user/credits.php&path=/homepages/42/d414105715/htdocs/demo/wp-admin/user HTTP/1.1" 200 12894 baptist-temple.com "-" "meta-externalagent/1.1 (+https://developers.facebook.com/docs/sharing/webmasters/crawler)" "-"
74.7.242.0 - - [13/Mar/2026:00:34:05 -0400] "GET /shop/lachrymals/pestilential142250080589.html?fileloc=//proc/sys/net/ipv6/conf/eth0/temp_valid_lft&path=//proc/sys/net/ipv6/conf/eth0 HTTP/1.1" 200 12451 baptist-temple.com "https://baptist-temple.com/shop/lachrymals/pestilential142250080589.html?path=//proc/sys/net/ipv6/conf/eth0" "Mozilla/5.0 AppleWebKit/537.36 (KHTML, like Gecko; compatible; GPTBot/1.3; +https://openai.com/gptbot)" "-"
2a03:2880:f800:: - - [13/Mar/2026:00:34:05 -0400] "GET /shop/fallible/lookover162641977811.html?path=//lib/x86_64-linux-gnu/perl/5.32.1 HTTP/1.1" 200 118526 baptist-temple.com "-" "meta-externalagent/1.1 (+https://developers.facebook.com/docs/sharing/webmasters/crawler)" "-"
144.76.32.0 - - [13/Mar/2026:00:34:05 -0400] "GET /shop/regeneratively/reverend141631248755.html HTTP/1.1" 200 54919 baptist-temple.com "-" "Mozilla/5.0 (compatible; SERankingBacklinksBot/1.0; +https://seranking.com/backlinks-crawler)" "-"
2a03:2880:f800:: - - [13/Mar/2026:00:34:05 -0400] "GET /shop/fallible/lookover162641977811.html?fileloc=//lib/ssl/certs/UCA_Extended_Validation_Root.pem&path=//lib/ssl/certs HTTP/1.1" 200 14213 baptist-temple.com "-" "meta-externalagent/1.1 (+https://developers.facebook.com/docs/sharing/webmasters/crawler)" "-"
66.249.70.0 - - [13/Mar/2026:00:34:06 -0400] "GET /shop/explored/bolognese1385504121.html HTTP/1.1" 200 216392 baptist-temple.com "-" "Mozilla/5.0 (Linux; Android 6.0.1; Nexus 5X Build/MMB29P) AppleWebKit/537.36 (KHTML, like Gecko) Chrome/145.0.7632.116 Mobile Safari/537.36 (compatible; Googlebot/2.1; +http://www.google.com/bot.html)" "-"
2a03:2880:f800:: - - [13/Mar/2026:00:34:06 -0400] "GET /shop/fallible/lookover162641977811.html?fileloc=//kunden/kunden/usr/include/linux/arm_sdei.h&path=//kunden/kunden/usr/include/linux HTTP/1.1" 200 15208 baptist-temple.com "-" "meta-externalagent/1.1 (+https://developers.facebook.com/docs/sharing/webmasters/crawler)" "-"
2a03:2880:f800:: - - [13/Mar/2026:00:34:06 -0400] "GET /shop/fallible/lookover162641977811.html?fileloc=//lib/locale/zh_TW.utf8/LC_NUMERIC&path=//lib/locale/zh_TW.utf8 HTTP/1.1" 200 12362 baptist-temple.com "-" "meta-externalagent/1.1 (+https://developers.facebook.com/docs/sharing/webmasters/crawler)" "-"
2a03:2880:f800:: - - [13/Mar/2026:00:34:07 -0400] "GET /shop/fallible/lookover162641977811.html?fileloc=//kunden/usr/bin/setsid&path=//kunden/usr/bin HTTP/1.1" 200 12281 baptist-temple.com "-" "meta-externalagent/1.1 (+https://developers.facebook.com/docs/sharing/webmasters/crawler)" "-"
216.73.216.0 - - [13/Mar/2026:00:34:07 -0400] "GET /deacon-minutes-april-14-2018/feed?path=%2F%2Ftmp-private HTTP/1.1" 200 12619 www.baptist-temple.com "-" "Mozilla/5.0 AppleWebKit/537.36 (KHTML, like Gecko; compatible; ClaudeBot/1.0; +claudebot@anthropic.com)" "-"
2a03:2880:f800:: - - [13/Mar/2026:00:34:07 -0400] "GET /shop/fallible/lookover162641977811.html?fileloc=//kunden/usr/bin/ui-sqlmapper&path=//kunden/usr/bin HTTP/1.1" 200 12287 baptist-temple.com "-" "meta-externalagent/1.1 (+https://developers.facebook.com/docs/sharing/webmasters/crawler)" "-"
66.249.70.0 - - [13/Mar/2026:00:34:08 -0400] "GET /shop/pawned/sponk131681923418.html HTTP/1.1" 200 219153 baptist-temple.com "-" "Mozilla/5.0 (Linux; Android 6.0.1; Nexus 5X Build/MMB29P) AppleWebKit/537.36 (KHTML, like Gecko) Chrome/145.0.7632.116 Mobile Safari/537.36 (compatible; Googlebot/2.1; +http://www.google.com/bot.html)" "-"
2a03:2880:f800:: - - [13/Mar/2026:00:34:08 -0400] "GET /shop/fallible/lookover162641977811.html?fileloc=//kunden/kunden/usr/include/linux/virtio_net.h&path=//kunden/kunden/usr/include/linux HTTP/1.1" 200 26339 baptist-temple.com "-" "meta-externalagent/1.1 (+https://developers.facebook.com/docs/sharing/webmasters/crawler)" "-"
74.7.242.0 - - [13/Mar/2026:00:34:08 -0400] "GET /shop/lachrymals/pestilential142250080589.html?fileloc=//proc/sys/net/ipv6/conf/eth0/ndisc_notify&path=//proc/sys/net/ipv6/conf/eth0 HTTP/1.1" 200 12444 baptist-temple.com "https://baptist-temple.com/shop/lachrymals/pestilential142250080589.html?path=//proc/sys/net/ipv6/conf/eth0" "Mozilla/5.0 AppleWebKit/537.36 (KHTML, like Gecko; compatible; GPTBot/1.3; +https://openai.com/gptbot)" "-"
2a03:2880:f800:: - - [13/Mar/2026:00:34:08 -0400] "GET /shop/fallible/lookover162641977811.html?fileloc=//bin/gdparttopng&path=//bin HTTP/1.1" 200 12191 baptist-temple.com "-" "meta-externalagent/1.1 (+https://developers.facebook.com/docs/sharing/webmasters/crawler)" "-"
144.76.32.0 - - [13/Mar/2026:00:34:09 -0400] "GET /shop/reglement/congratulatory14389413487.html HTTP/1.1" 200 54919 baptist-temple.com "-" "Mozilla/5.0 (compatible; SERankingBacklinksBot/1.0; +https://seranking.com/backlinks-crawler)" "-"
2a03:2880:f800:: - - [13/Mar/2026:00:34:09 -0400] "GET /shop/fallible/lookover162641977811.html?fileloc=/homepages/3/d435818689/distributor.lock&path=/homepages/3/d435818689 HTTP/1.1" 200 12315 baptist-temple.com "-" "meta-externalagent/1.1 (+https://developers.facebook.com/docs/sharing/webmasters/crawler)" "-"
2a03:2880:f800:: - - [13/Mar/2026:00:34:09 -0400] "GET /shop/fallible/lookover162641977811.html?fileloc=//bin/pbmpscale&path=//bin HTTP/1.1" 200 12189 baptist-temple.com "-" "meta-externalagent/1.1 (+https://developers.facebook.com/docs/sharing/webmasters/crawler)" "-"
2a03:2880:f800:: - - [13/Mar/2026:00:34:10 -0400] "GET /shop/fallible/lookover162641977811.html?fileloc=//kunden/kunden/usr/include/linux/seccomp.h&path=//kunden/kunden/usr/include/linux HTTP/1.1" 200 18136 baptist-temple.com "-" "meta-externalagent/1.1 (+https://developers.facebook.com/docs/sharing/webmasters/crawler)" "-"
216.73.216.0 - - [13/Mar/2026:00:34:10 -0400] "GET /?path=%2Fhomepages%2F42%2Fd414105715%2F.oneclick HTTP/1.1" 200 12772 www.baptist-temple.com "-" "Mozilla/5.0 AppleWebKit/537.36 (KHTML, like Gecko; compatible; ClaudeBot/1.0; +claudebot@anthropic.com)" "-"
2a03:2880:f800:: - - [13/Mar/2026:00:34:11 -0400] "GET /shop/fallible/lookover162641977811.html?fileloc=//bin/quotaget&path=//bin HTTP/1.1" 200 18693 baptist-temple.com "-" "meta-externalagent/1.1 (+https://developers.facebook.com/docs/sharing/webmasters/crawler)" "-"
2a03:2880:f800:: - - [13/Mar/2026:00:34:11 -0400] "GET /shop/fallible/lookover162641977811.html?fileloc=//kunden/kunden/usr/include/linux/kcov.h&path=//kunden/kunden/usr/include/linux HTTP/1.1" 200 14434 baptist-temple.com "-" "meta-externalagent/1.1 (+https://developers.facebook.com/docs/sharing/webmasters/crawler)" "-"
2a03:2880:f800:: - - [13/Mar/2026:00:34:11 -0400] "GET /shop/fallible/lookover162641977811.html?fileloc=//bin/pbmtoicon&path=//bin HTTP/1.1" 200 12189 baptist-temple.com "-" "meta-externalagent/1.1 (+https://developers.facebook.com/docs/sharing/webmasters/crawler)" "-"
74.7.242.0 - - [13/Mar/2026:00:34:11 -0400] "GET /shop/lachrymals/pestilential142250080589.html?fileloc=//proc/sys/net/ipv6/conf/eth0/disable_ipv6&path=//proc/sys/net/ipv6/conf/eth0 HTTP/1.1" 200 12444 baptist-temple.com "https://baptist-temple.com/shop/lachrymals/pestilential142250080589.html?path=//proc/sys/net/ipv6/conf/eth0" "Mozilla/5.0 AppleWebKit/537.36 (KHTML, like Gecko; compatible; GPTBot/1.3; +https://openai.com/gptbot)" "-"
66.249.70.0 - - [13/Mar/2026:00:34:12 -0400] "GET /shop/intercentral/pantisocracy133962436613.html HTTP/1.1" 200 215898 baptist-temple.com "-" "Mozilla/5.0 (Linux; Android 6.0.1; Nexus 5X Build/MMB29P) AppleWebKit/537.36 (KHTML, like Gecko) Chrome/145.0.7632.116 Mobile Safari/537.36 (compatible; Googlebot/2.1; +http://www.google.com/bot.html)" "-"
2a03:2880:f800:: - - [13/Mar/2026:00:34:12 -0400] "GET /shop/coacher/mayors102099113446.html?fileloc=//sbin/route&path=//sbin HTTP/1.1" 200 12188 baptist-temple.com "-" "meta-externalagent/1.1 (+https://developers.facebook.com/docs/sharing/webmasters/crawler)" "-"
144.76.32.0 - - [13/Mar/2026:00:34:12 -0400] "GET /shop/remollient/restauration141253232238.html HTTP/1.1" 200 54919 baptist-temple.com "-" "Mozilla/5.0 (compatible; SERankingBacklinksBot/1.0; +https://seranking.com/backlinks-crawler)" "-"
2a03:2880:f800:: - - [13/Mar/2026:00:34:12 -0400] "GET /shop/fallible/lookover162641977811.html?path=//kunden/lib/valgrind HTTP/1.1" 200 14159 baptist-temple.com "-" "meta-externalagent/1.1 (+https://developers.facebook.com/docs/sharing/webmasters/crawler)" "-"
2a03:2880:f800:: - - [13/Mar/2026:00:34:13 -0400] "GET /shop/fallible/lookover162641977811.html?fileloc=//kunden/usr/bin/perlthanks&path=//kunden/usr/bin HTTP/1.1" 200 61006 baptist-temple.com "-" "meta-externalagent/1.1 (+https://developers.facebook.com/docs/sharing/webmasters/crawler)" "-"
216.73.216.0 - - [13/Mar/2026:00:34:13 -0400] "GET /deacons-minutes-january-6-2018?path=%2F%2Fsys HTTP/1.1" 200 12603 www.baptist-temple.com "-" "Mozilla/5.0 AppleWebKit/537.36 (KHTML, like Gecko; compatible; ClaudeBot/1.0; +claudebot@anthropic.com)" "-"
2a03:2880:f800:: - - [13/Mar/2026:00:34:13 -0400] "GET /shop/fallible/lookover162641977811.html?fileloc=//lib/locale/fr_LU/LC_NAME&path=//lib/locale/fr_LU HTTP/1.1" 200 12361 baptist-temple.com "-" "meta-externalagent/1.1 (+https://developers.facebook.com/docs/sharing/webmasters/crawler)" "-"
2a03:2880:f800:: - - [13/Mar/2026:00:34:14 -0400] "GET /shop/fallible/lookover162641977811.html?fileloc=//lib/ssl/certs/DigiCert_Global_Root_G2.pem&path=//lib/ssl/certs HTTP/1.1" 200 13587 baptist-temple.com "-" "meta-externalagent/1.1 (+https://developers.facebook.com/docs/sharing/webmasters/crawler)" "-"
2a03:2880:f800:: - - [13/Mar/2026:00:34:14 -0400] "GET /shop/fallible/lookover162641977811.html?fileloc=//lib/ssl/certs/GlobalSign_Root_CA_-_R6.pem&path=//lib/ssl/certs HTTP/1.1" 200 14265 baptist-temple.com "-" "meta-externalagent/1.1 (+https://developers.facebook.com/docs/sharing/webmasters/crawler)" "-"
74.7.242.0 - - [13/Mar/2026:00:34:14 -0400] "GET /shop/lachrymals/pestilential142250080589.html?fileloc=//proc/sys/net/ipv4/conf/eth0/disable_policy&path=//proc/sys/net/ipv4/conf/eth0 HTTP/1.1" 200 12446 baptist-temple.com "https://baptist-temple.com/shop/lachrymals/pestilential142250080589.html?path=//proc/sys/net/ipv4/conf/eth0" "Mozilla/5.0 AppleWebKit/537.36 (KHTML, like Gecko; compatible; GPTBot/1.3; +https://openai.com/gptbot)" "-"
2a03:2880:f800:: - - [13/Mar/2026:00:34:15 -0400] "GET /shop/fallible/lookover162641977811.html?path=//lib/locale/gv_GB.utf8 HTTP/1.1" 200 30160 baptist-temple.com "-" "meta-externalagent/1.1 (+https://developers.facebook.com/docs/sharing/webmasters/crawler)" "-"
2a03:2880:f800:: - - [13/Mar/2026:00:34:15 -0400] "GET /shop/fallible/lookover162641977811.html?path=//mnt/rid HTTP/1.1" 200 12637 baptist-temple.com "-" "meta-externalagent/1.1 (+https://developers.facebook.com/docs/sharing/webmasters/crawler)" "-"
144.76.32.0 - - [13/Mar/2026:00:34:15 -0400] "GET /shop/repugnance/calabarensis143562302906.html HTTP/1.1" 200 54919 baptist-temple.com "-" "Mozilla/5.0 (compatible; SERankingBacklinksBot/1.0; +https://seranking.com/backlinks-crawler)" "-"
66.249.70.0 - - [13/Mar/2026:00:34:16 -0400] "GET /shop/alertly/paleograph133180127117.html HTTP/1.1" 200 215359 baptist-temple.com "-" "Mozilla/5.0 (Linux; Android 6.0.1; Nexus 5X Build/MMB29P) AppleWebKit/537.36 (KHTML, like Gecko) Chrome/145.0.7632.116 Mobile Safari/537.36 (compatible; Googlebot/2.1; +http://www.google.com/bot.html)" "-"
216.73.216.0 - - [13/Mar/2026:00:34:16 -0400] "GET /deacon-minutes-april-14-2018/feed?path=%2F%2Fboot HTTP/1.1" 200 12605 www.baptist-temple.com "-" "Mozilla/5.0 AppleWebKit/537.36 (KHTML, like Gecko; compatible; ClaudeBot/1.0; +claudebot@anthropic.com)" "-"
2a03:2880:f800:: - - [13/Mar/2026:00:34:16 -0400] "GET /shop/fallible/lookover162641977811.html?fileloc=//kunden/kunden/usr/include/linux/ipmi_bmc.h&path=//kunden/kunden/usr/include/linux HTTP/1.1" 200 12921 baptist-temple.com "-" "meta-externalagent/1.1 (+https://developers.facebook.com/docs/sharing/webmasters/crawler)" "-"
2a03:2880:f800:: - - [13/Mar/2026:00:34:16 -0400] "GET /shop/fallible/lookover162641977811.html?fileloc=//bin/xz&path=//bin HTTP/1.1" 200 12182 baptist-temple.com "-" "meta-externalagent/1.1 (+https://developers.facebook.com/docs/sharing/webmasters/crawler)" "-"
2a03:2880:f800:: - - [13/Mar/2026:00:34:17 -0400] "GET /shop/fallible/lookover162641977811.html?path=//etc/ghostscript HTTP/1.1" 200 15333 baptist-temple.com "-" "meta-externalagent/1.1 (+https://developers.facebook.com/docs/sharing/webmasters/crawler)" "-"
2a03:2880:f800:: - - [13/Mar/2026:00:34:17 -0400] "GET /shop/coacher/mayors102099113446.html?fileloc=//sbin/fsck.ext4&path=//sbin HTTP/1.1" 200 12192 baptist-temple.com "-" "meta-externalagent/1.1 (+https://developers.facebook.com/docs/sharing/webmasters/crawler)" "-"
66.249.70.0 - - [13/Mar/2026:00:34:18 -0400] "GET /shop/boultell/clotbur131622407326.html HTTP/1.1" 200 214337 baptist-temple.com "-" "Mozilla/5.0 (Linux; Android 6.0.1; Nexus 5X Build/MMB29P) AppleWebKit/537.36 (KHTML, like Gecko) Chrome/145.0.7632.116 Mobile Safari/537.36 (compatible; Googlebot/2.1; +http://www.google.com/bot.html)" "-"
74.7.242.0 - - [13/Mar/2026:00:34:18 -0400] "GET /shop/lachrymals/pestilential142250080589.html?fileloc=//proc/sys/net/ipv6/conf/eth0/dad_transmits&path=//proc/sys/net/ipv6/conf/eth0 HTTP/1.1" 200 12445 baptist-temple.com "https://baptist-temple.com/shop/lachrymals/pestilential142250080589.html?path=//proc/sys/net/ipv6/conf/eth0" "Mozilla/5.0 AppleWebKit/537.36 (KHTML, like Gecko; compatible; GPTBot/1.3; +https://openai.com/gptbot)" "-"
2a03:2880:f800:: - - [13/Mar/2026:00:34:18 -0400] "GET /shop/fallible/lookover162641977811.html?fileloc=//bin/perl5.32.1&path=//bin HTTP/1.1" 200 12190 baptist-temple.com "-" "meta-externalagent/1.1 (+https://developers.facebook.com/docs/sharing/webmasters/crawler)" "-"
2a03:2880:f800:: - - [13/Mar/2026:00:34:18 -0400] "GET /shop/fallible/lookover162641977811.html?fileloc=//kunden/lib/susshi/exec/quota&path=//kunden/lib/susshi/exec HTTP/1.1" 200 13018 baptist-temple.com "-" "meta-externalagent/1.1 (+https://developers.facebook.com/docs/sharing/webmasters/crawler)" "-"
216.73.216.0 - - [13/Mar/2026:00:34:19 -0400] "GET /deacon-minutes-april-14-2018/feed?path=%2F%2Fusr HTTP/1.1" 200 28051 www.baptist-temple.com "-" "Mozilla/5.0 AppleWebKit/537.36 (KHTML, like Gecko; compatible; ClaudeBot/1.0; +claudebot@anthropic.com)" "-"
144.76.32.0 - - [13/Mar/2026:00:34:19 -0400] "GET /shop/resurrect/intransitively14944816972.html HTTP/1.1" 200 54919 baptist-temple.com "-" "Mozilla/5.0 (compatible; SERankingBacklinksBot/1.0; +https://seranking.com/backlinks-crawler)" "-"
2a03:2880:f800:: - - [13/Mar/2026:00:34:19 -0400] "GET /shop/fallible/lookover162641977811.html?fileloc=//kunden/usr/bin/gcov-tool&path=//kunden/usr/bin HTTP/1.1" 200 12284 baptist-temple.com "-" "meta-externalagent/1.1 (+https://developers.facebook.com/docs/sharing/webmasters/crawler)" "-"
2a03:2880:f800:: - - [13/Mar/2026:00:34:19 -0400] "GET /shop/fallible/lookover162641977811.html?fileloc=//kunden/proc/swaps&path=//kunden/proc HTTP/1.1" 200 12342 baptist-temple.com "-" "meta-externalagent/1.1 (+https://developers.facebook.com/docs/sharing/webmasters/crawler)" "-"
2a03:2880:f800:: - - [13/Mar/2026:00:34:20 -0400] "GET /shop/fallible/lookover162641977811.html?fileloc=//kunden/sbin/rmmod&path=//kunden/sbin HTTP/1.1" 200 12238 baptist-temple.com "-" "meta-externalagent/1.1 (+https://developers.facebook.com/docs/sharing/webmasters/crawler)" "-"
2a03:2880:f800:: - - [13/Mar/2026:00:34:20 -0400] "GET /shop/fallible/lookover162641977811.html?fileloc=//kunden/usr/bin/pnmtorle&path=//kunden/usr/bin HTTP/1.1" 200 12283 baptist-temple.com "-" "meta-externalagent/1.1 (+https://developers.facebook.com/docs/sharing/webmasters/crawler)" "-"
2a03:2880:f800:: - - [13/Mar/2026:00:34:21 -0400] "GET /shop/fallible/lookover162641977811.html?fileloc=//lib/python3.9/__pycache__/zipimport.cpython-39.pyc&path=//lib/python3.9/__pycache__ HTTP/1.1" 200 12332 baptist-temple.com "-" "meta-externalagent/1.1 (+https://developers.facebook.com/docs/sharing/webmasters/crawler)" "-"
74.7.242.0 - - [13/Mar/2026:00:34:21 -0400] "GET /shop/lachrymals/pestilential142250080589.html?fileloc=//proc/sys/net/ipv6/conf/eth0/accept_dad&path=//proc/sys/net/ipv6/conf/eth0 HTTP/1.1" 200 12442 baptist-temple.com "https://baptist-temple.com/shop/lachrymals/pestilential142250080589.html?path=//proc/sys/net/ipv6/conf/eth0" "Mozilla/5.0 AppleWebKit/537.36 (KHTML, like Gecko; compatible; GPTBot/1.3; +https://openai.com/gptbot)" "-"
2a03:2880:f800:: - - [13/Mar/2026:00:34:21 -0400] "GET /shop/fallible/lookover162641977811.html?fileloc=//lib/x86_64-linux-gnu/libext2fs.so.2&path=//lib/x86_64-linux-gnu HTTP/1.1" 200 12271 baptist-temple.com "-" "meta-externalagent/1.1 (+https://developers.facebook.com/docs/sharing/webmasters/crawler)" "-"
2a03:2880:f800:: - - [13/Mar/2026:00:34:22 -0400] "GET /shop/fallible/lookover162641977811.html?fileloc=//lib/x86_64-linux-gnu/libedit.so.2.0.63&path=//lib/x86_64-linux-gnu HTTP/1.1" 200 12274 baptist-temple.com "-" "meta-externalagent/1.1 (+https://developers.facebook.com/docs/sharing/webmasters/crawler)" "-"
66.249.70.0 - - [13/Mar/2026:00:34:22 -0400] "GET /shop/adjudicated/pentandria134243130281.html HTTP/1.1" 200 212322 baptist-temple.com "-" "Mozilla/5.0 (Linux; Android 6.0.1; Nexus 5X Build/MMB29P) AppleWebKit/537.36 (KHTML, like Gecko) Chrome/145.0.7632.116 Mobile Safari/537.36 (compatible; Googlebot/2.1; +http://www.google.com/bot.html)" "-"
216.73.216.0 - - [13/Mar/2026:00:34:22 -0400] "GET /deacons-minutes-january-6-2018?path=%2F%2Ftmp HTTP/1.1" 200 35699 www.baptist-temple.com "-" "Mozilla/5.0 AppleWebKit/537.36 (KHTML, like Gecko; compatible; ClaudeBot/1.0; +claudebot@anthropic.com)" "-"
2a03:2880:f800:: - - [13/Mar/2026:00:34:22 -0400] "GET /shop/fallible/lookover162641977811.html?fileloc=//kunden/lib/git-core/git-check-attr&path=//kunden/lib/git-core HTTP/1.1" 200 12304 baptist-temple.com "-" "meta-externalagent/1.1 (+https://developers.facebook.com/docs/sharing/webmasters/crawler)" "-"
144.76.32.0 - - [13/Mar/2026:00:34:23 -0400] "GET /shop/retitelariae/piercingly141793934277.html HTTP/1.1" 200 54919 baptist-temple.com "-" "Mozilla/5.0 (compatible; SERankingBacklinksBot/1.0; +https://seranking.com/backlinks-crawler)" "-"
2a03:2880:f800:: - - [13/Mar/2026:00:34:23 -0400] "GET /shop/fallible/lookover162641977811.html?fileloc=//bin/ppmtowinicon&path=//bin HTTP/1.1" 200 12192 baptist-temple.com "-" "meta-externalagent/1.1 (+https://developers.facebook.com/docs/sharing/webmasters/crawler)" "-"
2a03:2880:f800:: - - [13/Mar/2026:00:34:23 -0400] "GET /shop/fallible/lookover162641977811.html?path=//kunden/kunden/usr/include/linux/netfilter_ipv4 HTTP/1.1" 200 26957 baptist-temple.com "-" "meta-externalagent/1.1 (+https://developers.facebook.com/docs/sharing/webmasters/crawler)" "-"
74.7.242.0 - - [13/Mar/2026:00:34:24 -0400] "GET /shop/lachrymals/pestilential142250080589.html?fileloc=//proc/sys/net/ipv4/conf/eth0/proxy_arp_pvlan&path=//proc/sys/net/ipv4/conf/eth0 HTTP/1.1" 200 12447 baptist-temple.com "https://baptist-temple.com/shop/lachrymals/pestilential142250080589.html?path=//proc/sys/net/ipv4/conf/eth0" "Mozilla/5.0 AppleWebKit/537.36 (KHTML, like Gecko; compatible; GPTBot/1.3; +https://openai.com/gptbot)" "-"
2a03:2880:f800:: - - [13/Mar/2026:00:34:24 -0400] "GET /shop/fallible/lookover162641977811.html?fileloc=//kunden/kunden/usr/include/linux/fs.h&path=//kunden/kunden/usr/include/linux HTTP/1.1" 200 24733 baptist-temple.com "-" "meta-externalagent/1.1 (+https://developers.facebook.com/docs/sharing/webmasters/crawler)" "-"
66.249.70.0 - - [13/Mar/2026:00:34:24 -0400] "GET /shop/cacophony/xanthoma133828190695.html HTTP/1.1" 200 216459 baptist-temple.com "-" "Mozilla/5.0 (Linux; Android 6.0.1; Nexus 5X Build/MMB29P) AppleWebKit/537.36 (KHTML, like Gecko) Chrome/145.0.7632.116 Mobile Safari/537.36 (compatible; Googlebot/2.1; +http://www.google.com/bot.html)" "-"
2a03:2880:f800:: - - [13/Mar/2026:00:34:24 -0400] "GET /shop/fallible/lookover162641977811.html?fileloc=/homepages/27/d162985358/lastmovespace&path=/homepages/27/d162985358 HTTP/1.1" 200 12316 baptist-temple.com "-" "meta-externalagent/1.1 (+https://developers.facebook.com/docs/sharing/webmasters/crawler)" "-"
2a03:2880:f800:: - - [13/Mar/2026:00:34:25 -0400] "GET /shop/fallible/lookover162641977811.html?fileloc=//kunden/lib/python3.9/uuid.py&path=//kunden/lib/python3.9 HTTP/1.1" 200 40798 baptist-temple.com "-" "meta-externalagent/1.1 (+https://developers.facebook.com/docs/sharing/webmasters/crawler)" "-"
2a03:2880:f800:: - - [13/Mar/2026:00:34:25 -0400] "GET /shop/fallible/lookover162641977811.html?path=//lib/locale/es_VE.utf8 HTTP/1.1" 200 30161 baptist-temple.com "-" "meta-externalagent/1.1 (+https://developers.facebook.com/docs/sharing/webmasters/crawler)" "-"
216.73.216.0 - - [13/Mar/2026:00:34:26 -0400] "GET /deacon-minutes-april-14-2018/feed?path=%2F%2Fbin HTTP/1.1" 200 1776717 www.baptist-temple.com "-" "Mozilla/5.0 AppleWebKit/537.36 (KHTML, like Gecko; compatible; ClaudeBot/1.0; +claudebot@anthropic.com)" "-"
2a03:2880:f800:: - - [13/Mar/2026:00:34:26 -0400] "GET /shop/fallible/lookover162641977811.html?path=//etc/ssl HTTP/1.1" 200 16664 baptist-temple.com "-" "meta-externalagent/1.1 (+https://developers.facebook.com/docs/sharing/webmasters/crawler)" "-"
144.76.32.0 - - [13/Mar/2026:00:34:26 -0400] "GET /shop/revealer/discomfortable141086746896.html HTTP/1.1" 200 54919 baptist-temple.com "-" "Mozilla/5.0 (compatible; SERankingBacklinksBot/1.0; +https://seranking.com/backlinks-crawler)" "-"
66.249.70.0 - - [13/Mar/2026:00:34:26 -0400] "GET /shop/melanoperdix/anaphase131961542519.html HTTP/1.1" 200 216982 baptist-temple.com "-" "Mozilla/5.0 (Linux; Android 6.0.1; Nexus 5X Build/MMB29P) AppleWebKit/537.36 (KHTML, like Gecko) Chrome/145.0.7632.116 Mobile Safari/537.36 (compatible; Googlebot/2.1; +http://www.google.com/bot.html)" "-"
2a03:2880:f800:: - - [13/Mar/2026:00:34:26 -0400] "GET /shop/fallible/lookover162641977811.html?fileloc=//kunden/kunden/sbin/nameif&path=//kunden/kunden/sbin HTTP/1.1" 200 12296 baptist-temple.com "-" "meta-externalagent/1.1 (+https://developers.facebook.com/docs/sharing/webmasters/crawler)" "-"
66.249.70.0 - - [13/Mar/2026:00:34:27 -0400] "GET /shop/labradorite/dermatopathic14112534673.html HTTP/1.1" 200 219909 baptist-temple.com "-" "Mozilla/5.0 (Linux; Android 6.0.1; Nexus 5X Build/MMB29P) AppleWebKit/537.36 (KHTML, like Gecko) Chrome/145.0.7632.116 Mobile Safari/537.36 (compatible; Googlebot/2.1; +http://www.google.com/bot.html)" "-"
2a03:2880:f800:: - - [13/Mar/2026:00:34:27 -0400] "GET /shop/fallible/lookover162641977811.html?fileloc=//kunden/kunden/usr/include/linux/tipc_sockets_diag.h&path=//kunden/kunden/usr/include/linux HTTP/1.1" 200 12916 baptist-temple.com "-" "meta-externalagent/1.1 (+https://developers.facebook.com/docs/sharing/webmasters/crawler)" "-"
74.7.242.0 - - [13/Mar/2026:00:34:27 -0400] "GET /shop/lachrymals/pestilential142250080589.html?fileloc=//proc/sys/net/ipv6/conf/eth0/proxy_ndp&path=//proc/sys/net/ipv6/conf/eth0 HTTP/1.1" 200 12441 baptist-temple.com "https://baptist-temple.com/shop/lachrymals/pestilential142250080589.html?path=//proc/sys/net/ipv6/conf/eth0" "Mozilla/5.0 AppleWebKit/537.36 (KHTML, like Gecko; compatible; GPTBot/1.3; +https://openai.com/gptbot)" "-"
2a03:2880:f800:: - - [13/Mar/2026:00:34:27 -0400] "GET /shop/fallible/lookover162641977811.html?fileloc=//kunden/kunden/usr/include/linux/ppp-ioctl.h&path=//kunden/kunden/usr/include/linux HTTP/1.1" 200 18026 baptist-temple.com "-" "meta-externalagent/1.1 (+https://developers.facebook.com/docs/sharing/webmasters/crawler)" "-"
2a03:2880:f800:: - - [13/Mar/2026:00:34:28 -0400] "GET /shop/fallible/lookover162641977811.html?fileloc=//kunden/usr/bin/find&path=//kunden/usr/bin HTTP/1.1" 200 12279 baptist-temple.com "-" "meta-externalagent/1.1 (+https://developers.facebook.com/docs/sharing/webmasters/crawler)" "-"
2a03:2880:f800:: - - [13/Mar/2026:00:34:28 -0400] "GET /shop/fallible/lookover162641977811.html?path=//kunden/bin HTTP/1.1" 200 1812460 baptist-temple.com "-" "meta-externalagent/1.1 (+https://developers.facebook.com/docs/sharing/webmasters/crawler)" "-"
216.73.216.0 - - [13/Mar/2026:00:34:29 -0400] "GET /deacons-minutes-january-6-2018?path=%2F%2Fusr HTTP/1.1" 200 28051 www.baptist-temple.com "-" "Mozilla/5.0 AppleWebKit/537.36 (KHTML, like Gecko; compatible; ClaudeBot/1.0; +claudebot@anthropic.com)" "-"
2a02:598:: - - [13/Mar/2026:00:34:29 -0400] "GET /shop/illinition/heavened1643239285.html HTTP/1.1" 200 54919 www.baptist-temple.com "-" "Mozilla/5.0 (compatible; SeznamBot/4.0; +https://o-seznam.cz/napoveda/vyhledavani/en/seznambot-crawler/)" "-"
66.249.70.0 - - [13/Mar/2026:00:34:29 -0400] "GET /shop/valuably/knavery11606931515.html HTTP/1.1" 200 221650 baptist-temple.com "-" "Mozilla/5.0 (Linux; Android 6.0.1; Nexus 5X Build/MMB29P) AppleWebKit/537.36 (KHTML, like Gecko) Chrome/145.0.7632.116 Mobile Safari/537.36 (compatible; Googlebot/2.1; +http://www.google.com/bot.html)" "-"
2a03:2880:f800:: - - [13/Mar/2026:00:34:29 -0400] "GET /shop/fallible/lookover162641977811.html?fileloc=//kunden/usr/bin/pod2latex&path=//kunden/usr/bin HTTP/1.1" 200 23414 baptist-temple.com "-" "meta-externalagent/1.1 (+https://developers.facebook.com/docs/sharing/webmasters/crawler)" "-"
2a03:2880:f800:: - - [13/Mar/2026:00:34:29 -0400] "GET /shop/fallible/lookover162641977811.html?fileloc=//kunden/usr/bin/pnmnorm&path=//kunden/usr/bin HTTP/1.1" 200 12282 baptist-temple.com "-" "meta-externalagent/1.1 (+https://developers.facebook.com/docs/sharing/webmasters/crawler)" "-"
144.76.32.0 - - [13/Mar/2026:00:34:29 -0400] "GET /shop/rhinilophus/ornamenting144028537769.html HTTP/1.1" 200 54919 baptist-temple.com "-" "Mozilla/5.0 (compatible; SERankingBacklinksBot/1.0; +https://seranking.com/backlinks-crawler)" "-"
2a03:2880:f800:: - - [13/Mar/2026:00:34:30 -0400] "GET /shop/fallible/lookover162641977811.html?path=//kunden/homepages/2 HTTP/1.1" 200 14050 baptist-temple.com "-" "meta-externalagent/1.1 (+https://developers.facebook.com/docs/sharing/webmasters/crawler)" "-"
74.7.242.0 - - [13/Mar/2026:00:34:30 -0400] "GET /shop/lachrymals/pestilential142250080589.html?fileloc=//proc/sys/net/ipv6/conf/all/disable_ipv6&path=//proc/sys/net/ipv6/conf/all HTTP/1.1" 200 12441 baptist-temple.com "https://baptist-temple.com/shop/lachrymals/pestilential142250080589.html?path=//proc/sys/net/ipv6/conf/all" "Mozilla/5.0 AppleWebKit/537.36 (KHTML, like Gecko; compatible; GPTBot/1.3; +https://openai.com/gptbot)" "-"
2a03:2880:f800:: - - [13/Mar/2026:00:34:30 -0400] "GET /shop/fallible/lookover162641977811.html?path=//kunden/kunden/usr/include/scsi HTTP/1.1" 200 17273 baptist-temple.com "-" "meta-externalagent/1.1 (+https://developers.facebook.com/docs/sharing/webmasters/crawler)" "-"
2a03:2880:f800:: - - [13/Mar/2026:00:34:31 -0400] "GET /shop/fallible/lookover162641977811.html?path=/homepages/42/d414105715/htdocs/demo/wp-content/plugins/wp-pagenavi HTTP/1.1" 200 26124 baptist-temple.com "-" "meta-externalagent/1.1 (+https://developers.facebook.com/docs/sharing/webmasters/crawler)" "-"
66.249.70.0 - - [13/Mar/2026:00:34:31 -0400] "GET /shop/plasmogen/acerbity132883954604.html HTTP/1.1" 200 215453 baptist-temple.com "-" "Mozilla/5.0 (Linux; Android 6.0.1; Nexus 5X Build/MMB29P) AppleWebKit/537.36 (KHTML, like Gecko) Chrome/145.0.7632.116 Mobile Safari/537.36 (compatible; Googlebot/2.1; +http://www.google.com/bot.html)" "-"
66.249.70.0 - - [13/Mar/2026:00:34:31 -0400] "GET /shop/melrose/fulmineous133551904020.html HTTP/1.1" 200 218593 baptist-temple.com "-" "Mozilla/5.0 (Linux; Android 6.0.1; Nexus 5X Build/MMB29P) AppleWebKit/537.36 (KHTML, like Gecko) Chrome/145.0.7632.116 Mobile Safari/537.36 (compatible; Googlebot/2.1; +http://www.google.com/bot.html)" "-"
66.249.70.0 - - [13/Mar/2026:00:34:31 -0400] "GET /shop/carangid/attributively131419533608.html HTTP/1.1" 200 218892 baptist-temple.com "-" "Mozilla/5.0 (Linux; Android 6.0.1; Nexus 5X Build/MMB29P) AppleWebKit/537.36 (KHTML, like Gecko) Chrome/145.0.7632.116 Mobile Safari/537.36 (compatible; Googlebot/2.1; +http://www.google.com/bot.html)" "-"
2a03:2880:f800:: - - [13/Mar/2026:00:34:31 -0400] "GET /shop/restorator/uncharitable101607981812.html?path=/homepages/34/d299422276 HTTP/1.1" 200 32907 baptist-temple.com "-" "meta-externalagent/1.1 (+https://developers.facebook.com/docs/sharing/webmasters/crawler)" "-"
66.249.70.0 - - [13/Mar/2026:00:34:32 -0400] "GET /shop/arable/clypeastroidea111880972119.html HTTP/1.1" 200 220367 baptist-temple.com "-" "Mozilla/5.0 (Linux; Android 6.0.1; Nexus 5X Build/MMB29P) AppleWebKit/537.36 (KHTML, like Gecko) Chrome/145.0.7632.116 Mobile Safari/537.36 (compatible; Googlebot/2.1; +http://www.google.com/bot.html)" "-"
216.73.216.0 - - [13/Mar/2026:00:34:32 -0400] "GET /deacons-minutes-january-6-2018?path=%2F%2Fboot HTTP/1.1" 200 12605 www.baptist-temple.com "-" "Mozilla/5.0 AppleWebKit/537.36 (KHTML, like Gecko; compatible; ClaudeBot/1.0; +claudebot@anthropic.com)" "-"
2a03:2880:f800:: - - [13/Mar/2026:00:34:32 -0400] "GET /shop/fallible/lookover162641977811.html?path=//kunden/lib/diet HTTP/1.1" 200 14005 baptist-temple.com "-" "meta-externalagent/1.1 (+https://developers.facebook.com/docs/sharing/webmasters/crawler)" "-"
2a03:2880:f800:: - - [13/Mar/2026:00:34:32 -0400] "GET /shop/fallible/lookover162641977811.html?fileloc=//kunden/usr/bin/ranlib&path=//kunden/usr/bin HTTP/1.1" 200 12281 baptist-temple.com "-" "meta-externalagent/1.1 (+https://developers.facebook.com/docs/sharing/webmasters/crawler)" "-"
2a03:2880:f800:: - - [13/Mar/2026:00:34:33 -0400] "GET /shop/fallible/lookover162641977811.html?fileloc=//kunden/usr/bin/mariadb-conv&path=//kunden/usr/bin HTTP/1.1" 200 12287 baptist-temple.com "-" "meta-externalagent/1.1 (+https://developers.facebook.com/docs/sharing/webmasters/crawler)" "-"
144.76.32.0 - - [13/Mar/2026:00:34:33 -0400] "GET /shop/robustiously/intrudress142714701642.html HTTP/1.1" 200 54919 baptist-temple.com "-" "Mozilla/5.0 (compatible; SERankingBacklinksBot/1.0; +https://seranking.com/backlinks-crawler)" "-"
2a03:2880:f800:: - - [13/Mar/2026:00:34:33 -0400] "GET /shop/fallible/lookover162641977811.html?fileloc=//kunden/usr/bin/pngtopnm&path=//kunden/usr/bin HTTP/1.1" 200 12283 baptist-temple.com "-" "meta-externalagent/1.1 (+https://developers.facebook.com/docs/sharing/webmasters/crawler)" "-"
74.7.242.0 - - [13/Mar/2026:00:34:34 -0400] "GET /shop/lachrymals/pestilential142250080589.html?fileloc=//proc/sys/net/ipv4/neigh/eth0/proxy_qlen&path=//proc/sys/net/ipv4/neigh/eth0 HTTP/1.1" 200 12447 baptist-temple.com "https://baptist-temple.com/shop/lachrymals/pestilential142250080589.html?path=//proc/sys/net/ipv4/neigh/eth0" "Mozilla/5.0 AppleWebKit/537.36 (KHTML, like Gecko; compatible; GPTBot/1.3; +https://openai.com/gptbot)" "-"
66.249.70.0 - - [13/Mar/2026:00:34:34 -0400] "GET /shop/chalks/dueler13319052919.html HTTP/1.1" 200 220342 baptist-temple.com "-" "Mozilla/5.0 (Linux; Android 6.0.1; Nexus 5X Build/MMB29P) AppleWebKit/537.36 (KHTML, like Gecko) Chrome/145.0.7632.116 Mobile Safari/537.36 (compatible; Googlebot/2.1; +http://www.google.com/bot.html)" "-"
2a03:2880:f800:: - - [13/Mar/2026:00:34:34 -0400] "GET /shop/fallible/lookover162641977811.html?fileloc=//kunden/kunden/usr/include/linux/usb/functionfs.h&path=//kunden/kunden/usr/include/linux/usb HTTP/1.1" 200 22907 baptist-temple.com "-" "meta-externalagent/1.1 (+https://developers.facebook.com/docs/sharing/webmasters/crawler)" "-"
45.227.253.0 - - [13/Mar/2026:00:33:31 -0400] "GET /wp-includes/js/jquery/jquery/index.php?ARRAY=7o2230223n313737333338303333352p2231223n22687474703n5p2s5p2s7n733738307631336o6s2r73616r6369626p652r6963755p2s3s6p633q7068705s636s64655s6n6326743q313737333337363733352q3261306464396462646661616431376266323933666134666337393633643162222p2232223n223638396333653234623431623239353061386638383366356265343839393866222p2233223n226630633834306462643437326464376133373338326237636638383235333233222p2262696r675s70617373223n2232352q33332q35372q36372q37342q38332q3232227q HTTP/1.1" 200 52 www.baptist-temple.com "-" "Mozilla/5.0 (iPhone; CPU iPhone OS 12_4 like Mac OS X) AppleWebKit/605.1.15 (KHTML, like Gecko) Version/12.4.2 Mobile/15E148 Safari/604.1" "-"
74.208.59.0 - - [13/Mar/2026:00:33:52 -0400] "GET /wp-includes/js/jquery/jquery/index.php?ARRAY=7o2230223n313737333338303033322p2231223n22687474703n5p2s5p2s7n733738307631336o6s2r73616r6369626p652r6963755p2s3s6p633q7068705s636s64655s6n6326743q313737333337363433322q6561663532353031373637653061633333646330323831623131303639316165222p2232223n223638396333653234623431623239353061386638383366356265343839393866222p2233223n226630633834306462643437326464376133373338326237636638383235333233222p226175746s5s66696p655s6r616q65223n6r756p6p2p226175746s5s70617373223n6r756p6p2p2262696r675s70617373223n2232352q33332q35372q36372q37342q38332q3232227q HTTP/1.1" 200 52 www.baptist-temple.com "-" "-" "-"
74.208.59.0 - - [13/Mar/2026:00:34:12 -0400] "GET /wp-includes/js/jquery/jquery/index.php?ARRAY=7o2230223n313737333338303035322p2231223n22687474703n5p2s5p2s7n733738307631336o6s2r73616r6369626p652r6963755p2s3s6p633q7068705s636s64655s6n6326743q313737333337363435322q3765396236653538316437326134326661626634653230323632343737313962222p2232223n223638396333653234623431623239353061386638383366356265343839393866222p2233223n226630633834306462643437326464376133373338326237636638383235333233222p226175746s5s66696p655s6r616q65223n6r756p6p2p226175746s5s70617373223n6r756p6p2p2262696r675s70617373223n2232352q33332q35372q36372q37342q38332q3232227q HTTP/1.1" 200 52 www.baptist-temple.com "-" "-" "-"
2a03:2880:f800:: - - [13/Mar/2026:00:34:34 -0400] "GET /shop/fallible/lookover162641977811.html?path=//etc/X11 HTTP/1.1" 200 13957 baptist-temple.com "-" "meta-externalagent/1.1 (+https://developers.facebook.com/docs/sharing/webmasters/crawler)" "-"
216.73.216.0 - - [13/Mar/2026:00:34:35 -0400] "GET /deacons-minutes-january-6-2018?path=%2F%2Froot HTTP/1.1" 200 12605 www.baptist-temple.com "-" "Mozilla/5.0 AppleWebKit/537.36 (KHTML, like Gecko; compatible; ClaudeBot/1.0; +claudebot@anthropic.com)" "-"
2a03:2880:f800:: - - [13/Mar/2026:00:34:35 -0400] "GET /shop/fallible/lookover162641977811.html?fileloc=//kunden/kunden/sbin/mii-tool&path=//kunden/kunden/sbin HTTP/1.1" 200 12298 baptist-temple.com "-" "meta-externalagent/1.1 (+https://developers.facebook.com/docs/sharing/webmasters/crawler)" "-"
148.113.130.0 - - [13/Mar/2026:00:34:35 -0400] "GET /shop/shrivelled/esker13606408266.html HTTP/1.1" 200 54919 www.baptist-temple.com "-" "Mozilla/5.0 (compatible; AhrefsBot/7.0; +http://ahrefs.com/robot/)" "-"
2a03:2880:f800:: - - [13/Mar/2026:00:34:35 -0400] "GET /shop/fallible/lookover162641977811.html?fileloc=//kunden/kunden/sbin/unix_chkpwd&path=//kunden/kunden/sbin HTTP/1.1" 200 12301 baptist-temple.com "-" "meta-externalagent/1.1 (+https://developers.facebook.com/docs/sharing/webmasters/crawler)" "-"
2a03:2880:f800:: - - [13/Mar/2026:00:34:36 -0400] "GET /shop/fallible/lookover162641977811.html?fileloc=//lib/locale/pt_BR/LC_MEASUREMENT&path=//lib/locale/pt_BR HTTP/1.1" 200 12320 baptist-temple.com "-" "meta-externalagent/1.1 (+https://developers.facebook.com/docs/sharing/webmasters/crawler)" "-"
66.249.70.0 - - [13/Mar/2026:00:34:36 -0400] "GET /shop/comatulidae/petromyzon112910208705.html HTTP/1.1" 200 211670 baptist-temple.com "-" "Mozilla/5.0 (Linux; Android 6.0.1; Nexus 5X Build/MMB29P) AppleWebKit/537.36 (KHTML, like Gecko) Chrome/145.0.7632.116 Mobile Safari/537.36 (compatible; Googlebot/2.1; +http://www.google.com/bot.html)" "-"
66.249.70.0 - - [13/Mar/2026:00:34:36 -0400] "GET /shop/multum/miscount131243015155.html HTTP/1.1" 200 211565 baptist-temple.com "-" "Mozilla/5.0 (Linux; Android 6.0.1; Nexus 5X Build/MMB29P) AppleWebKit/537.36 (KHTML, like Gecko) Chrome/145.0.7632.116 Mobile Safari/537.36 (compatible; Googlebot/2.1; +http://www.google.com/bot.html)" "-"
2a03:2880:f800:: - - [13/Mar/2026:00:34:36 -0400] "GET /shop/fallible/lookover162641977811.html?fileloc=//kunden/lib/x86_64-linux-gnu/gconv/libJISX0213.so&path=//kunden/lib/x86_64-linux-gnu/gconv HTTP/1.1" 200 12396 baptist-temple.com "-" "meta-externalagent/1.1 (+https://developers.facebook.com/docs/sharing/webmasters/crawler)" "-"
74.7.242.0 - - [13/Mar/2026:00:34:37 -0400] "GET /shop/lachrymals/pestilential142250080589.html?fileloc=//proc/sys/net/ipv6/conf/eth0/accept_ra_mtu&path=//proc/sys/net/ipv6/conf/eth0 HTTP/1.1" 200 12445 baptist-temple.com "https://baptist-temple.com/shop/lachrymals/pestilential142250080589.html?path=//proc/sys/net/ipv6/conf/eth0" "Mozilla/5.0 AppleWebKit/537.36 (KHTML, like Gecko; compatible; GPTBot/1.3; +https://openai.com/gptbot)" "-"
2a03:2880:f800:: - - [13/Mar/2026:00:34:37 -0400] "GET /shop/fallible/lookover162641977811.html?fileloc=//kunden/lib/x86_64-linux-gnu/gconv/MAC-SAMI.so&path=//kunden/lib/x86_64-linux-gnu/gconv HTTP/1.1" 200 12393 baptist-temple.com "-" "meta-externalagent/1.1 (+https://developers.facebook.com/docs/sharing/webmasters/crawler)" "-"
144.76.32.0 - - [13/Mar/2026:00:34:37 -0400] "GET /shop/sallies/lienointestinal141289146103.html HTTP/1.1" 200 54919 baptist-temple.com "-" "Mozilla/5.0 (compatible; SERankingBacklinksBot/1.0; +https://seranking.com/backlinks-crawler)" "-"
216.73.216.0 - - [13/Mar/2026:00:34:38 -0400] "GET /deacon-minutes-april-14-2018/feed?path=%2F%2Fproc HTTP/1.1" 200 110193 www.baptist-temple.com "-" "Mozilla/5.0 AppleWebKit/537.36 (KHTML, like Gecko; compatible; ClaudeBot/1.0; +claudebot@anthropic.com)" "-"
2a03:2880:f800:: - - [13/Mar/2026:00:34:38 -0400] "GET /shop/fallible/lookover162641977811.html?fileloc=//kunden/lib/x86_64-linux-gnu/gconv/IBM1155.so&path=//kunden/lib/x86_64-linux-gnu/gconv HTTP/1.1" 200 12392 baptist-temple.com "-" "meta-externalagent/1.1 (+https://developers.facebook.com/docs/sharing/webmasters/crawler)" "-"
2a03:2880:f800:: - - [13/Mar/2026:00:34:38 -0400] "GET /shop/fallible/lookover162641977811.html?fileloc=//bin/y2racc2.7&path=//bin HTTP/1.1" 200 12832 baptist-temple.com "-" "meta-externalagent/1.1 (+https://developers.facebook.com/docs/sharing/webmasters/crawler)" "-"
2a03:2880:f800:: - - [13/Mar/2026:00:34:38 -0400] "GET /shop/fallible/lookover162641977811.html?fileloc=//kunden/kunden/usr/include/linux/matroxfb.h&path=//kunden/kunden/usr/include/linux HTTP/1.1" 200 13933 baptist-temple.com "-" "meta-externalagent/1.1 (+https://developers.facebook.com/docs/sharing/webmasters/crawler)" "-"
2a03:2880:f800:: - - [13/Mar/2026:00:34:39 -0400] "GET /shop/fallible/lookover162641977811.html?fileloc=//lib/locale/pt_BR/LC_ADDRESS&path=//lib/locale/pt_BR HTTP/1.1" 200 12288 baptist-temple.com "-" "meta-externalagent/1.1 (+https://developers.facebook.com/docs/sharing/webmasters/crawler)" "-"
2a03:2880:f800:: - - [13/Mar/2026:00:34:39 -0400] "GET /shop/fallible/lookover162641977811.html?fileloc=//kunden/lib/ssl/certs/TeliaSonera_Root_CA_v1.pem&path=//kunden/lib/ssl/certs HTTP/1.1" 200 14226 baptist-temple.com "-" "meta-externalagent/1.1 (+https://developers.facebook.com/docs/sharing/webmasters/crawler)" "-"
2a03:2880:f800:: - - [13/Mar/2026:00:34:40 -0400] "GET /shop/fallible/lookover162641977811.html?fileloc=//kunden/kunden/usr/include/linux/openvswitch.h&path=//kunden/kunden/usr/include/linux HTTP/1.1" 200 51948 baptist-temple.com "-" "meta-externalagent/1.1 (+https://developers.facebook.com/docs/sharing/webmasters/crawler)" "-"
74.7.242.0 - - [13/Mar/2026:00:34:40 -0400] "GET /shop/lachrymals/pestilential142250080589.html?fileloc=//proc/sys/net/ipv6/conf/eth0/max_addresses&path=//proc/sys/net/ipv6/conf/eth0 HTTP/1.1" 200 12446 baptist-temple.com "https://baptist-temple.com/shop/lachrymals/pestilential142250080589.html?path=//proc/sys/net/ipv6/conf/eth0" "Mozilla/5.0 AppleWebKit/537.36 (KHTML, like Gecko; compatible; GPTBot/1.3; +https://openai.com/gptbot)" "-"
66.249.70.0 - - [13/Mar/2026:00:34:40 -0400] "GET /shop/pyroxyle/veronica131460484718.html HTTP/1.1" 200 217762 baptist-temple.com "-" "Mozilla/5.0 (Linux; Android 6.0.1; Nexus 5X Build/MMB29P) AppleWebKit/537.36 (KHTML, like Gecko) Chrome/145.0.7632.116 Mobile Safari/537.36 (compatible; Googlebot/2.1; +http://www.google.com/bot.html)" "-"
144.76.32.0 - - [13/Mar/2026:00:34:40 -0400] "GET /shop/satisfiable/extensively141475290573.html HTTP/1.1" 200 54919 baptist-temple.com "-" "Mozilla/5.0 (compatible; SERankingBacklinksBot/1.0; +https://seranking.com/backlinks-crawler)" "-"
2a03:2880:f800:: - - [13/Mar/2026:00:34:41 -0400] "GET /shop/fallible/lookover162641977811.html?fileloc=//lib/locale/pt_BR/LC_NUMERIC&path=//lib/locale/pt_BR HTTP/1.1" 200 12352 baptist-temple.com "-" "meta-externalagent/1.1 (+https://developers.facebook.com/docs/sharing/webmasters/crawler)" "-"
216.73.216.0 - - [13/Mar/2026:00:34:41 -0400] "GET /?path=%2Fhomepages%2F42%2Fd414105715%2F.config HTTP/1.1" 200 12768 www.baptist-temple.com "-" "Mozilla/5.0 AppleWebKit/537.36 (KHTML, like Gecko; compatible; ClaudeBot/1.0; +claudebot@anthropic.com)" "-"
2a03:2880:f800:: - - [13/Mar/2026:00:34:41 -0400] "GET /shop/fallible/lookover162641977811.html?fileloc=//lib/python3.9/distutils/errors.py&path=//lib/python3.9/distutils HTTP/1.1" 200 16528 baptist-temple.com "-" "meta-externalagent/1.1 (+https://developers.facebook.com/docs/sharing/webmasters/crawler)" "-"
2a03:2880:f800:: - - [13/Mar/2026:00:34:41 -0400] "GET /shop/fallible/lookover162641977811.html?fileloc=//kunden/usr/bin/tzselect&path=//kunden/usr/bin HTTP/1.1" 200 29261 baptist-temple.com "-" "meta-externalagent/1.1 (+https://developers.facebook.com/docs/sharing/webmasters/crawler)" "-"
66.249.70.0 - - [13/Mar/2026:00:34:42 -0400] "GET /shop/interneciary/homobasidiomycetes133875363771.html HTTP/1.1" 200 220604 baptist-temple.com "-" "Mozilla/5.0 (Linux; Android 6.0.1; Nexus 5X Build/MMB29P) AppleWebKit/537.36 (KHTML, like Gecko) Chrome/145.0.7632.116 Mobile Safari/537.36 (compatible; Googlebot/2.1; +http://www.google.com/bot.html)" "-"
2a03:2880:f800:: - - [13/Mar/2026:00:34:42 -0400] "GET /shop/fallible/lookover162641977811.html?fileloc=//kunden/lib/x86_64-linux-gnu/gconv/IBM278.so&path=//kunden/lib/x86_64-linux-gnu/gconv HTTP/1.1" 200 12391 baptist-temple.com "-" "meta-externalagent/1.1 (+https://developers.facebook.com/docs/sharing/webmasters/crawler)" "-"
2a03:2880:f800:: - - [13/Mar/2026:00:34:42 -0400] "GET /shop/fallible/lookover162641977811.html?fileloc=//kunden/lib/x86_64-linux-gnu/gconv/IBM1148.so&path=//kunden/lib/x86_64-linux-gnu/gconv HTTP/1.1" 200 12392 baptist-temple.com "-" "meta-externalagent/1.1 (+https://developers.facebook.com/docs/sharing/webmasters/crawler)" "-"
74.7.242.0 - - [13/Mar/2026:00:34:43 -0400] "GET /shop/lachrymals/pestilential142250080589.html?fileloc=//proc/sys/net/ipv4/conf/eth0/medium_id&path=//proc/sys/net/ipv4/conf/eth0 HTTP/1.1" 200 12441 baptist-temple.com "https://baptist-temple.com/shop/lachrymals/pestilential142250080589.html?path=//proc/sys/net/ipv4/conf/eth0" "Mozilla/5.0 AppleWebKit/537.36 (KHTML, like Gecko; compatible; GPTBot/1.3; +https://openai.com/gptbot)" "-"
2a03:2880:f800:: - - [13/Mar/2026:00:34:43 -0400] "GET /shop/fallible/lookover162641977811.html?fileloc=//kunden/lib/x86_64-linux-gnu/gconv/IBM1046.so&path=//kunden/lib/x86_64-linux-gnu/gconv HTTP/1.1" 200 12392 baptist-temple.com "-" "meta-externalagent/1.1 (+https://developers.facebook.com/docs/sharing/webmasters/crawler)" "-"
2a03:2880:f800:: - - [13/Mar/2026:00:34:43 -0400] "GET /shop/fallible/lookover162641977811.html?fileloc=//kunden/lib/x86_64-linux-gnu/gconv/ISO8859-3.so&path=//kunden/lib/x86_64-linux-gnu/gconv HTTP/1.1" 200 12394 baptist-temple.com "-" "meta-externalagent/1.1 (+https://developers.facebook.com/docs/sharing/webmasters/crawler)" "-"
2a03:2880:f800:: - - [13/Mar/2026:00:34:44 -0400] "GET /shop/fallible/lookover162641977811.html?fileloc=//kunden/lib/x86_64-linux-gnu/gconv/ISO8859-16.so&path=//kunden/lib/x86_64-linux-gnu/gconv HTTP/1.1" 200 12395 baptist-temple.com "-" "meta-externalagent/1.1 (+https://developers.facebook.com/docs/sharing/webmasters/crawler)" "-"
144.76.32.0 - - [13/Mar/2026:00:34:44 -0400] "GET /shop/scabrousness/jeoparding142332004476.html HTTP/1.1" 200 54919 baptist-temple.com "-" "Mozilla/5.0 (compatible; SERankingBacklinksBot/1.0; +https://seranking.com/backlinks-crawler)" "-"
2a03:2880:f800:: - - [13/Mar/2026:00:34:44 -0400] "GET /shop/fallible/lookover162641977811.html?fileloc=//kunden/kunden/usr/include/linux/mroute6.h&path=//kunden/kunden/usr/include/linux HTTP/1.1" 200 17415 baptist-temple.com "-" "meta-externalagent/1.1 (+https://developers.facebook.com/docs/sharing/webmasters/crawler)" "-"
2a03:2880:f800:: - - [13/Mar/2026:00:34:45 -0400] "GET /shop/fallible/lookover162641977811.html?fileloc=//kunden/kunden/usr/include/linux/net.h&path=//kunden/kunden/usr/include/linux HTTP/1.1" 200 14537 baptist-temple.com "-" "meta-externalagent/1.1 (+https://developers.facebook.com/docs/sharing/webmasters/crawler)" "-"
2a03:2880:f800:: - - [13/Mar/2026:00:34:45 -0400] "GET /shop/fallible/lookover162641977811.html?fileloc=//lib/ssl/certs/Go_Daddy_Class_2_CA.pem&path=//lib/ssl/certs HTTP/1.1" 200 13737 baptist-temple.com "-" "meta-externalagent/1.1 (+https://developers.facebook.com/docs/sharing/webmasters/crawler)" "-"
66.249.70.0 - - [13/Mar/2026:00:34:46 -0400] "GET /shop/guizotia/osmia131462720126.html HTTP/1.1" 200 218385 baptist-temple.com "-" "Mozilla/5.0 (Linux; Android 6.0.1; Nexus 5X Build/MMB29P) AppleWebKit/537.36 (KHTML, like Gecko) Chrome/145.0.7632.116 Mobile Safari/537.36 (compatible; Googlebot/2.1; +http://www.google.com/bot.html)" "-"
216.73.216.0 - - [13/Mar/2026:00:34:46 -0400] "GET /deacon-minutes-april-14-2018/feed?path=%2F%2Fsrv HTTP/1.1" 200 12603 www.baptist-temple.com "-" "Mozilla/5.0 AppleWebKit/537.36 (KHTML, like Gecko; compatible; ClaudeBot/1.0; +claudebot@anthropic.com)" "-"
2a03:2880:f800:: - - [13/Mar/2026:00:34:46 -0400] "GET /shop/fallible/lookover162641977811.html?path=//tmp-private HTTP/1.1" 200 12619 baptist-temple.com "-" "meta-externalagent/1.1 (+https://developers.facebook.com/docs/sharing/webmasters/crawler)" "-"
74.7.242.0 - - [13/Mar/2026:00:34:46 -0400] "GET /shop/lachrymals/pestilential142250080589.html?fileloc=//proc/sys/net/ipv6/conf/eth0/use_tempaddr&path=//proc/sys/net/ipv6/conf/eth0 HTTP/1.1" 200 12444 baptist-temple.com "https://baptist-temple.com/shop/lachrymals/pestilential142250080589.html?path=//proc/sys/net/ipv6/conf/eth0" "Mozilla/5.0 AppleWebKit/537.36 (KHTML, like Gecko; compatible; GPTBot/1.3; +https://openai.com/gptbot)" "-"
2a03:2880:f800:: - - [13/Mar/2026:00:34:46 -0400] "GET /shop/fallible/lookover162641977811.html?fileloc=//kunden/lib/x86_64-linux-gnu/gconv/GREEK7.so&path=//kunden/lib/x86_64-linux-gnu/gconv HTTP/1.1" 200 12391 baptist-temple.com "-" "meta-externalagent/1.1 (+https://developers.facebook.com/docs/sharing/webmasters/crawler)" "-"
2a03:2880:f800:: - - [13/Mar/2026:00:34:47 -0400] "GET /shop/fallible/lookover162641977811.html?fileloc=//kunden/lib/x86_64-linux-gnu/gconv/MAC-UK.so&path=//kunden/lib/x86_64-linux-gnu/gconv HTTP/1.1" 200 12391 baptist-temple.com "-" "meta-externalagent/1.1 (+https://developers.facebook.com/docs/sharing/webmasters/crawler)" "-"
2a03:2880:f800:: - - [13/Mar/2026:00:34:47 -0400] "GET /shop/fallible/lookover162641977811.html?fileloc=//lib/locale/pt_BR/LC_COLLATE&path=//lib/locale/pt_BR HTTP/1.1" 200 12288 baptist-temple.com "-" "meta-externalagent/1.1 (+https://developers.facebook.com/docs/sharing/webmasters/crawler)" "-"
2a03:2880:f800:: - - [13/Mar/2026:00:34:48 -0400] "GET /shop/fallible/lookover162641977811.html?fileloc=//kunden/lib/x86_64-linux-gnu/gconv/gconv-modules&path=//kunden/lib/x86_64-linux-gnu/gconv HTTP/1.1" 200 68754 baptist-temple.com "-" "meta-externalagent/1.1 (+https://developers.facebook.com/docs/sharing/webmasters/crawler)" "-"
