216.73.216.0 - - [13/Mar/2026:00:31:44 -0400] "GET /deacons-minutes-january-6-2018?fileloc=%2Fhomepages%2F42%2Fd414105715%2Fhtdocs%2Fdemo%2Fwp-includes%2Fclass-smtp.php&path=%2Fhomepages%2F42%2Fd414105715%2Fhtdocs%2Fdemo%2Fwp-includes HTTP/1.1" 200 53173 www.baptist-temple.com "-" "Mozilla/5.0 AppleWebKit/537.36 (KHTML, like Gecko; compatible; ClaudeBot/1.0; +claudebot@anthropic.com)" "-"
2a03:2880:f800:: - - [13/Mar/2026:00:31:45 -0400] "GET /shop/fallible/lookover162641977811.html?fileloc=//kunden/kunden/usr/include/linux/ila.h&path=//kunden/kunden/usr/include/linux HTTP/1.1" 200 13690 baptist-temple.com "-" "meta-externalagent/1.1 (+https://developers.facebook.com/docs/sharing/webmasters/crawler)" "-"
144.76.32.0 - - [13/Mar/2026:00:31:45 -0400] "GET /shop/menorrhagia/proostracum141942943409.html HTTP/1.1" 200 54919 baptist-temple.com "-" "Mozilla/5.0 (compatible; SERankingBacklinksBot/1.0; +https://seranking.com/backlinks-crawler)" "-"
2a03:2880:f800:: - - [13/Mar/2026:00:31:45 -0400] "GET /shop/fallible/lookover162641977811.html?fileloc=//kunden/lib/git-core/git-count-objects&path=//kunden/lib/git-core HTTP/1.1" 200 12307 baptist-temple.com "-" "meta-externalagent/1.1 (+https://developers.facebook.com/docs/sharing/webmasters/crawler)" "-"
2a03:2880:f800:: - - [13/Mar/2026:00:31:46 -0400] "GET /shop/fallible/lookover162641977811.html?fileloc=//lib/git-core/git-read-tree&path=//lib/git-core HTTP/1.1" 200 12246 baptist-temple.com "-" "meta-externalagent/1.1 (+https://developers.facebook.com/docs/sharing/webmasters/crawler)" "-"
66.249.70.0 - - [13/Mar/2026:00:31:46 -0400] "GET /shop/grocers/laboured1140842000.html HTTP/1.1" 200 218718 baptist-temple.com "-" "Mozilla/5.0 (Linux; Android 6.0.1; Nexus 5X Build/MMB29P) AppleWebKit/537.36 (KHTML, like Gecko) Chrome/145.0.7632.116 Mobile Safari/537.36 (compatible; Googlebot/2.1; +http://www.google.com/bot.html)" "-"
2a03:2880:f800:: - - [13/Mar/2026:00:31:46 -0400] "GET /shop/fallible/lookover162641977811.html?fileloc=//kunden/kunden/usr/include/linux/aspeed-lpc-ctrl.h&path=//kunden/kunden/usr/include/linux HTTP/1.1" 200 14232 baptist-temple.com "-" "meta-externalagent/1.1 (+https://developers.facebook.com/docs/sharing/webmasters/crawler)" "-"
74.7.242.0 - - [13/Mar/2026:00:31:47 -0400] "GET /shop/lachrymals/pestilential142250080589.html?fileloc=//proc/sys/net/ipv6/conf/eth0/accept_ra_defrtr&path=//proc/sys/net/ipv6/conf/eth0 HTTP/1.1" 200 12448 baptist-temple.com "https://baptist-temple.com/shop/lachrymals/pestilential142250080589.html?path=//proc/sys/net/ipv6/conf/eth0" "Mozilla/5.0 AppleWebKit/537.36 (KHTML, like Gecko; compatible; GPTBot/1.3; +https://openai.com/gptbot)" "-"
2a03:2880:f800:: - - [13/Mar/2026:00:31:47 -0400] "GET /shop/fallible/lookover162641977811.html?fileloc=//kunden/lib/python3.9/lib-dynload/_curses_panel.cpython-39-x86_64-linux-gnu.so&path=//kunden/lib/python3.9/lib-dynload HTTP/1.1" 200 12416 baptist-temple.com "-" "meta-externalagent/1.1 (+https://developers.facebook.com/docs/sharing/webmasters/crawler)" "-"
2a03:2880:f800:: - - [13/Mar/2026:00:31:47 -0400] "GET /shop/fallible/lookover162641977811.html?fileloc=//lib/locale/es_PR/LC_TELEPHONE&path=//lib/locale/es_PR HTTP/1.1" 200 12350 baptist-temple.com "-" "meta-externalagent/1.1 (+https://developers.facebook.com/docs/sharing/webmasters/crawler)" "-"
216.73.216.0 - - [13/Mar/2026:00:31:47 -0400] "GET /deacon-minutes-april-14-2018/feed?fileloc=%2Fhomepages%2F42%2Fd414105715%2Fhtdocs%2Fdemo%2Fwp-includes%2Fclass-wp-rewrite.php&path=%2Fhomepages%2F42%2Fd414105715%2Fhtdocs%2Fdemo%2Fwp-includes HTTP/1.1" 200 73942 www.baptist-temple.com "-" "Mozilla/5.0 AppleWebKit/537.36 (KHTML, like Gecko; compatible; ClaudeBot/1.0; +claudebot@anthropic.com)" "-"
2a03:2880:f800:: - - [13/Mar/2026:00:31:48 -0400] "GET /shop/fallible/lookover162641977811.html?fileloc=//bin/ppmtoyuv&path=//bin HTTP/1.1" 200 12188 baptist-temple.com "-" "meta-externalagent/1.1 (+https://developers.facebook.com/docs/sharing/webmasters/crawler)" "-"
66.249.70.0 - - [13/Mar/2026:00:31:48 -0400] "GET /shop/studentry/latifolium132204013488.html HTTP/1.1" 200 213842 baptist-temple.com "-" "Mozilla/5.0 (Linux; Android 6.0.1; Nexus 5X Build/MMB29P) AppleWebKit/537.36 (KHTML, like Gecko) Chrome/145.0.7632.116 Mobile Safari/537.36 (compatible; Googlebot/2.1; +http://www.google.com/bot.html)" "-"
2a03:2880:f800:: - - [13/Mar/2026:00:31:48 -0400] "GET /shop/fallible/lookover162641977811.html?path=//lib/locale/ar_IQ.utf8 HTTP/1.1" 200 30162 baptist-temple.com "-" "meta-externalagent/1.1 (+https://developers.facebook.com/docs/sharing/webmasters/crawler)" "-"
66.249.70.0 - - [13/Mar/2026:00:31:49 -0400] "GET /shop/nonself/santonate131009103743.html HTTP/1.1" 200 220467 baptist-temple.com "-" "Mozilla/5.0 (Linux; Android 6.0.1; Nexus 5X Build/MMB29P) AppleWebKit/537.36 (KHTML, like Gecko) Chrome/145.0.7632.116 Mobile Safari/537.36 (compatible; Googlebot/2.1; +http://www.google.com/bot.html)" "-"
144.76.32.0 - - [13/Mar/2026:00:31:49 -0400] "GET /shop/microcephalic/pulvillus142472280674.html HTTP/1.1" 200 54919 baptist-temple.com "-" "Mozilla/5.0 (compatible; SERankingBacklinksBot/1.0; +https://seranking.com/backlinks-crawler)" "-"
2a03:2880:f800:: - - [13/Mar/2026:00:31:49 -0400] "GET /shop/fallible/lookover162641977811.html?fileloc=//kunden/kunden/usr/include/linux/if_pppol2tp.h&path=//kunden/kunden/usr/include/linux HTTP/1.1" 200 15787 baptist-temple.com "-" "meta-externalagent/1.1 (+https://developers.facebook.com/docs/sharing/webmasters/crawler)" "-"
2a03:2880:f800:: - - [13/Mar/2026:00:31:49 -0400] "GET /shop/fallible/lookover162641977811.html?fileloc=//lib/python3.9/__pycache__/queue.cpython-39.pyc&path=//lib/python3.9/__pycache__ HTTP/1.1" 200 12328 baptist-temple.com "-" "meta-externalagent/1.1 (+https://developers.facebook.com/docs/sharing/webmasters/crawler)" "-"
2a03:2880:f800:: - - [13/Mar/2026:00:31:50 -0400] "GET /shop/fallible/lookover162641977811.html?fileloc=//bin/lastb&path=//bin HTTP/1.1" 200 12185 baptist-temple.com "-" "meta-externalagent/1.1 (+https://developers.facebook.com/docs/sharing/webmasters/crawler)" "-"
74.7.242.0 - - [13/Mar/2026:00:31:50 -0400] "GET /shop/lachrymals/pestilential142250080589.html?fileloc=//proc/sys/net/ipv6/conf/eth0/force_mld_version&path=//proc/sys/net/ipv6/conf/eth0 HTTP/1.1" 200 12449 baptist-temple.com "https://baptist-temple.com/shop/lachrymals/pestilential142250080589.html?path=//proc/sys/net/ipv6/conf/eth0" "Mozilla/5.0 AppleWebKit/537.36 (KHTML, like Gecko; compatible; GPTBot/1.3; +https://openai.com/gptbot)" "-"
2a03:2880:f800:: - - [13/Mar/2026:00:31:50 -0400] "GET /shop/fallible/lookover162641977811.html?path=//lib/gcc/x86_64-linux-gnu HTTP/1.1" 200 14040 baptist-temple.com "-" "meta-externalagent/1.1 (+https://developers.facebook.com/docs/sharing/webmasters/crawler)" "-"
216.73.216.0 - - [13/Mar/2026:00:31:50 -0400] "GET /deacon-minutes-april-14-2018/feed?fileloc=%2Fhomepages%2F42%2Fd414105715%2Fhtdocs%2Fdemo%2Fwp-includes%2Fcompat.php&path=%2Fhomepages%2F42%2Fd414105715%2Fhtdocs%2Fdemo%2Fwp-includes HTTP/1.1" 200 30301 www.baptist-temple.com "-" "Mozilla/5.0 AppleWebKit/537.36 (KHTML, like Gecko; compatible; ClaudeBot/1.0; +claudebot@anthropic.com)" "-"
2a03:2880:f800:: - - [13/Mar/2026:00:31:51 -0400] "GET /shop/fallible/lookover162641977811.html?fileloc=//kunden/lib/x86_64-linux-gnu/libc.so&path=//kunden/lib/x86_64-linux-gnu HTTP/1.1" 200 12604 baptist-temple.com "-" "meta-externalagent/1.1 (+https://developers.facebook.com/docs/sharing/webmasters/crawler)" "-"
66.249.70.0 - - [13/Mar/2026:00:31:51 -0400] "GET /shop/obumbrant/halometer133982423691.html HTTP/1.1" 200 217151 baptist-temple.com "-" "Mozilla/5.0 (Linux; Android 6.0.1; Nexus 5X Build/MMB29P) AppleWebKit/537.36 (KHTML, like Gecko) Chrome/145.0.7632.116 Mobile Safari/537.36 (compatible; Googlebot/2.1; +http://www.google.com/bot.html)" "-"
2a03:2880:f800:: - - [13/Mar/2026:00:31:51 -0400] "GET /shop/fallible/lookover162641977811.html?fileloc=//lib/ssl/certs/9c8dfbd4.0&path=//lib/ssl/certs HTTP/1.1" 200 13029 baptist-temple.com "-" "meta-externalagent/1.1 (+https://developers.facebook.com/docs/sharing/webmasters/crawler)" "-"
2a03:2880:f800:: - - [13/Mar/2026:00:31:52 -0400] "GET /shop/fallible/lookover162641977811.html?fileloc=//lib/ssl/certs/fd64f3fc.0&path=//lib/ssl/certs HTTP/1.1" 200 14313 baptist-temple.com "-" "meta-externalagent/1.1 (+https://developers.facebook.com/docs/sharing/webmasters/crawler)" "-"
144.76.32.0 - - [13/Mar/2026:00:31:52 -0400] "GET /shop/mithridatic/matriarchal142398204216.html HTTP/1.1" 200 54919 baptist-temple.com "-" "Mozilla/5.0 (compatible; SERankingBacklinksBot/1.0; +https://seranking.com/backlinks-crawler)" "-"
2a03:2880:f800:: - - [13/Mar/2026:00:31:52 -0400] "GET /shop/coacher/mayors102099113446.html?fileloc=//sbin/dumpe2fs&path=//sbin HTTP/1.1" 200 12191 baptist-temple.com "-" "meta-externalagent/1.1 (+https://developers.facebook.com/docs/sharing/webmasters/crawler)" "-"
2a03:2880:f800:: - - [13/Mar/2026:00:31:52 -0400] "GET /shop/fallible/lookover162641977811.html?path=//kunden/kunden/usr/include/linux/netfilter HTTP/1.1" 200 152279 baptist-temple.com "-" "meta-externalagent/1.1 (+https://developers.facebook.com/docs/sharing/webmasters/crawler)" "-"
74.7.242.0 - - [13/Mar/2026:00:31:53 -0400] "GET /shop/lachrymals/pestilential142250080589.html?fileloc=//proc/sys/net/ipv6/conf/eth0/accept_ra_rtr_pref&path=//proc/sys/net/ipv6/conf/eth0 HTTP/1.1" 200 12450 baptist-temple.com "https://baptist-temple.com/shop/lachrymals/pestilential142250080589.html?path=//proc/sys/net/ipv6/conf/eth0" "Mozilla/5.0 AppleWebKit/537.36 (KHTML, like Gecko; compatible; GPTBot/1.3; +https://openai.com/gptbot)" "-"
2a03:2880:f800:: - - [13/Mar/2026:00:31:53 -0400] "GET /shop/fallible/lookover162641977811.html?fileloc=//lib/locale/gez_ET/LC_COLLATE&path=//lib/locale/gez_ET HTTP/1.1" 200 12291 baptist-temple.com "-" "meta-externalagent/1.1 (+https://developers.facebook.com/docs/sharing/webmasters/crawler)" "-"
216.73.216.0 - - [13/Mar/2026:00:31:53 -0400] "GET /deacons-minutes-january-6-2018?fileloc=%2Fhomepages%2F42%2Fd414105715%2Fhtdocs%2Fdemo%2Fwp-includes%2Fclass-pop3.php&path=%2Fhomepages%2F42%2Fd414105715%2Fhtdocs%2Fdemo%2Fwp-includes HTTP/1.1" 200 35368 www.baptist-temple.com "-" "Mozilla/5.0 AppleWebKit/537.36 (KHTML, like Gecko; compatible; ClaudeBot/1.0; +claudebot@anthropic.com)" "-"
2a03:2880:f800:: - - [13/Mar/2026:00:31:54 -0400] "GET /shop/fallible/lookover162641977811.html?fileloc=//kunden/usr/bin/pgmramp&path=//kunden/usr/bin HTTP/1.1" 200 12282 baptist-temple.com "-" "meta-externalagent/1.1 (+https://developers.facebook.com/docs/sharing/webmasters/crawler)" "-"
2a03:2880:f800:: - - [13/Mar/2026:00:31:54 -0400] "GET /shop/fallible/lookover162641977811.html?fileloc=//kunden/usr/bin/gemtopbm&path=//kunden/usr/bin HTTP/1.1" 200 12283 baptist-temple.com "-" "meta-externalagent/1.1 (+https://developers.facebook.com/docs/sharing/webmasters/crawler)" "-"
66.249.70.0 - - [13/Mar/2026:00:31:55 -0400] "GET /shop/addling/moste133256394704.html HTTP/1.1" 200 224075 baptist-temple.com "-" "Mozilla/5.0 (Linux; Android 6.0.1; Nexus 5X Build/MMB29P) AppleWebKit/537.36 (KHTML, like Gecko) Chrome/145.0.7632.116 Mobile Safari/537.36 (compatible; Googlebot/2.1; +http://www.google.com/bot.html)" "-"
2a03:2880:f800:: - - [13/Mar/2026:00:31:55 -0400] "GET /shop/fallible/lookover162641977811.html?fileloc=//kunden/usr/bin/bzcat&path=//kunden/usr/bin HTTP/1.1" 200 12280 baptist-temple.com "-" "meta-externalagent/1.1 (+https://developers.facebook.com/docs/sharing/webmasters/crawler)" "-"
2a03:2880:f800:: - - [13/Mar/2026:00:31:55 -0400] "GET /shop/fallible/lookover162641977811.html?fileloc=//kunden/usr/bin/ar&path=//kunden/usr/bin HTTP/1.1" 200 12277 baptist-temple.com "-" "meta-externalagent/1.1 (+https://developers.facebook.com/docs/sharing/webmasters/crawler)" "-"
2a03:2880:f800:: - - [13/Mar/2026:00:31:56 -0400] "GET /shop/fallible/lookover162641977811.html?fileloc=//lib/x86_64-linux-gnu/libfcgi++.so.0.0.0&path=//lib/x86_64-linux-gnu HTTP/1.1" 200 12275 baptist-temple.com "-" "meta-externalagent/1.1 (+https://developers.facebook.com/docs/sharing/webmasters/crawler)" "-"
74.7.242.0 - - [13/Mar/2026:00:31:56 -0400] "GET /shop/lachrymals/pestilential142250080589.html?fileloc=//proc/sys/net/ipv4/conf/eth0/accept_source_route&path=//proc/sys/net/ipv4/conf/eth0 HTTP/1.1" 200 12451 baptist-temple.com "https://baptist-temple.com/shop/lachrymals/pestilential142250080589.html?path=//proc/sys/net/ipv4/conf/eth0" "Mozilla/5.0 AppleWebKit/537.36 (KHTML, like Gecko; compatible; GPTBot/1.3; +https://openai.com/gptbot)" "-"
144.76.32.0 - - [13/Mar/2026:00:31:56 -0400] "GET /shop/monocotyledon/persienne141052246686.html HTTP/1.1" 200 54919 baptist-temple.com "-" "Mozilla/5.0 (compatible; SERankingBacklinksBot/1.0; +https://seranking.com/backlinks-crawler)" "-"
2a03:2880:f800:: - - [13/Mar/2026:00:31:56 -0400] "GET /shop/fallible/lookover162641977811.html?path=//lib/locale/es_PR/LC_MESSAGES HTTP/1.1" 200 14261 baptist-temple.com "-" "meta-externalagent/1.1 (+https://developers.facebook.com/docs/sharing/webmasters/crawler)" "-"
216.73.216.0 - - [13/Mar/2026:00:31:56 -0400] "GET /deacon-minutes-april-14-2018/feed?fileloc=%2Fhomepages%2F42%2Fd414105715%2Fhtdocs%2Fdemo%2Fwp-includes%2Fclass-wp-image-editor-gd.php&path=%2Fhomepages%2F42%2Fd414105715%2Fhtdocs%2Fdemo%2Fwp-includes HTTP/1.1" 200 25964 www.baptist-temple.com "-" "Mozilla/5.0 AppleWebKit/537.36 (KHTML, like Gecko; compatible; ClaudeBot/1.0; +claudebot@anthropic.com)" "-"
66.249.70.0 - - [13/Mar/2026:00:31:57 -0400] "GET /shop/checkmating/fortuneteller132332432452.html HTTP/1.1" 200 218479 baptist-temple.com "-" "Mozilla/5.0 (Linux; Android 6.0.1; Nexus 5X Build/MMB29P) AppleWebKit/537.36 (KHTML, like Gecko) Chrome/145.0.7632.116 Mobile Safari/537.36 (compatible; Googlebot/2.1; +http://www.google.com/bot.html)" "-"
2a03:2880:f800:: - - [13/Mar/2026:00:31:57 -0400] "GET /shop/fallible/lookover162641977811.html?fileloc=//kunden/kunden/usr/include/rpc/auth.h&path=//kunden/kunden/usr/include/rpc HTTP/1.1" 200 19157 baptist-temple.com "-" "meta-externalagent/1.1 (+https://developers.facebook.com/docs/sharing/webmasters/crawler)" "-"
2a03:2880:f800:: - - [13/Mar/2026:00:31:57 -0400] "GET /shop/fallible/lookover162641977811.html?fileloc=//bin/wget&path=//bin HTTP/1.1" 200 12184 baptist-temple.com "-" "meta-externalagent/1.1 (+https://developers.facebook.com/docs/sharing/webmasters/crawler)" "-"
2a03:2880:f800:: - - [13/Mar/2026:00:31:58 -0400] "GET /shop/fallible/lookover162641977811.html?fileloc=//lib/locale/de_AT@euro/LC_IDENTIFICATION&path=//lib/locale/de_AT@euro HTTP/1.1" 200 12310 baptist-temple.com "-" "meta-externalagent/1.1 (+https://developers.facebook.com/docs/sharing/webmasters/crawler)" "-"
2a03:2880:f800:: - - [13/Mar/2026:00:31:58 -0400] "GET /shop/fallible/lookover162641977811.html?path=//lib/locale/fa_IR/LC_MESSAGES HTTP/1.1" 200 14261 baptist-temple.com "-" "meta-externalagent/1.1 (+https://developers.facebook.com/docs/sharing/webmasters/crawler)" "-"
2a03:2880:f800:: - - [13/Mar/2026:00:31:59 -0400] "GET /shop/fallible/lookover162641977811.html?fileloc=//bin/mytop&path=//bin HTTP/1.1" 200 89807 baptist-temple.com "-" "meta-externalagent/1.1 (+https://developers.facebook.com/docs/sharing/webmasters/crawler)" "-"
74.7.242.0 - - [13/Mar/2026:00:31:59 -0400] "GET /shop/lachrymals/pestilential142250080589.html?fileloc=//proc/sys/net/ipv6/conf/eth0/accept_ra_from_local&path=//proc/sys/net/ipv6/conf/eth0 HTTP/1.1" 200 12452 baptist-temple.com "https://baptist-temple.com/shop/lachrymals/pestilential142250080589.html?path=//proc/sys/net/ipv6/conf/eth0" "Mozilla/5.0 AppleWebKit/537.36 (KHTML, like Gecko; compatible; GPTBot/1.3; +https://openai.com/gptbot)" "-"
2a03:2880:f800:: - - [13/Mar/2026:00:31:59 -0400] "GET /shop/fallible/lookover162641977811.html?fileloc=//lib/locale/lg_UG.utf8/LC_PAPER&path=//lib/locale/lg_UG.utf8 HTTP/1.1" 200 12301 baptist-temple.com "-" "meta-externalagent/1.1 (+https://developers.facebook.com/docs/sharing/webmasters/crawler)" "-"
144.76.32.0 - - [13/Mar/2026:00:31:59 -0400] "GET /shop/mysticete/endolymphatic144270744769.html HTTP/1.1" 200 54919 baptist-temple.com "-" "Mozilla/5.0 (compatible; SERankingBacklinksBot/1.0; +https://seranking.com/backlinks-crawler)" "-"
216.73.216.0 - - [13/Mar/2026:00:31:59 -0400] "GET /deacons-minutes-january-6-2018?fileloc=%2Fhomepages%2F42%2Fd414105715%2Fhtdocs%2Fdemo%2Fwp-includes%2Fclass-walker-category-dropdown.php&path=%2Fhomepages%2F42%2Fd414105715%2Fhtdocs%2Fdemo%2Fwp-includes HTTP/1.1" 200 14800 www.baptist-temple.com "-" "Mozilla/5.0 AppleWebKit/537.36 (KHTML, like Gecko; compatible; ClaudeBot/1.0; +claudebot@anthropic.com)" "-"
2a03:2880:f800:: - - [13/Mar/2026:00:32:00 -0400] "GET /shop/fallible/lookover162641977811.html?fileloc=//lib/x86_64-linux-gnu/ldscripts/elf_iamcu.xsce&path=//lib/x86_64-linux-gnu/ldscripts HTTP/1.1" 200 20639 baptist-temple.com "-" "meta-externalagent/1.1 (+https://developers.facebook.com/docs/sharing/webmasters/crawler)" "-"
2a03:2880:f800:: - - [13/Mar/2026:00:32:00 -0400] "GET /shop/fallible/lookover162641977811.html?fileloc=//lib/x86_64-linux-gnu/ldscripts/elf_x86_64.xn&path=//lib/x86_64-linux-gnu/ldscripts HTTP/1.1" 200 21952 baptist-temple.com "-" "meta-externalagent/1.1 (+https://developers.facebook.com/docs/sharing/webmasters/crawler)" "-"
66.249.70.0 - - [13/Mar/2026:00:32:01 -0400] "GET /shop/caterwaul/intrinse13791479435.html HTTP/1.1" 200 217870 baptist-temple.com "-" "Mozilla/5.0 (Linux; Android 6.0.1; Nexus 5X Build/MMB29P) AppleWebKit/537.36 (KHTML, like Gecko) Chrome/145.0.7632.116 Mobile Safari/537.36 (compatible; Googlebot/2.1; +http://www.google.com/bot.html)" "-"
2a03:2880:f800:: - - [13/Mar/2026:00:32:01 -0400] "GET /shop/fallible/lookover162641977811.html?fileloc=//kunden/kunden/usr/include/rpc/key_prot.h&path=//kunden/kunden/usr/include/rpc HTTP/1.1" 200 24613 baptist-temple.com "-" "meta-externalagent/1.1 (+https://developers.facebook.com/docs/sharing/webmasters/crawler)" "-"
2a03:2880:f800:: - - [13/Mar/2026:00:32:01 -0400] "GET /shop/fallible/lookover162641977811.html?path=//kunden/kunden/usr/include/netinet HTTP/1.1" 200 32281 baptist-temple.com "-" "meta-externalagent/1.1 (+https://developers.facebook.com/docs/sharing/webmasters/crawler)" "-"
2a03:2880:f800:: - - [13/Mar/2026:00:32:02 -0400] "GET /shop/fallible/lookover162641977811.html?fileloc=//lib/locale/ar_SS/LC_TELEPHONE&path=//lib/locale/ar_SS HTTP/1.1" 200 12344 baptist-temple.com "-" "meta-externalagent/1.1 (+https://developers.facebook.com/docs/sharing/webmasters/crawler)" "-"
74.7.242.0 - - [13/Mar/2026:00:32:02 -0400] "GET /shop/lachrymals/pestilential142250080589.html?fileloc=//proc/sys/net/ipv4/conf/default/force_igmp_version&path=//proc/sys/net/ipv4/conf/default HTTP/1.1" 200 12459 baptist-temple.com "https://baptist-temple.com/shop/lachrymals/pestilential142250080589.html?path=//proc/sys/net/ipv4/conf/default" "Mozilla/5.0 AppleWebKit/537.36 (KHTML, like Gecko; compatible; GPTBot/1.3; +https://openai.com/gptbot)" "-"
2a03:2880:f800:: - - [13/Mar/2026:00:32:02 -0400] "GET /shop/fallible/lookover162641977811.html?fileloc=//bin/jpico&path=//bin HTTP/1.1" 200 12185 baptist-temple.com "-" "meta-externalagent/1.1 (+https://developers.facebook.com/docs/sharing/webmasters/crawler)" "-"
216.73.216.0 - - [13/Mar/2026:00:32:02 -0400] "GET /deacons-minutes-january-6-2018?fileloc=%2Fhomepages%2F42%2Fd414105715%2Fhtdocs%2Fdemo%2Fwp-includes%2Fclass-phpmailer.php&path=%2Fhomepages%2F42%2Fd414105715%2Fhtdocs%2Fdemo%2Fwp-includes HTTP/1.1" 200 165720 www.baptist-temple.com "-" "Mozilla/5.0 AppleWebKit/537.36 (KHTML, like Gecko; compatible; ClaudeBot/1.0; +claudebot@anthropic.com)" "-"
66.249.70.0 - - [13/Mar/2026:00:32:03 -0400] "GET /shop/execute/resign134292863863.html HTTP/1.1" 200 224530 baptist-temple.com "-" "Mozilla/5.0 (Linux; Android 6.0.1; Nexus 5X Build/MMB29P) AppleWebKit/537.36 (KHTML, like Gecko) Chrome/145.0.7632.116 Mobile Safari/537.36 (compatible; Googlebot/2.1; +http://www.google.com/bot.html)" "-"
2a03:2880:f800:: - - [13/Mar/2026:00:32:03 -0400] "GET /shop/fallible/lookover162641977811.html?path=//lib/locale/id_ID HTTP/1.1" 200 29920 baptist-temple.com "-" "meta-externalagent/1.1 (+https://developers.facebook.com/docs/sharing/webmasters/crawler)" "-"
144.76.32.0 - - [13/Mar/2026:00:32:03 -0400] "GET /shop/nithing/bathymetrically141453953864.html HTTP/1.1" 200 54919 baptist-temple.com "-" "Mozilla/5.0 (compatible; SERankingBacklinksBot/1.0; +https://seranking.com/backlinks-crawler)" "-"
2a03:2880:f800:: - - [13/Mar/2026:00:32:03 -0400] "GET /shop/fallible/lookover162641977811.html?path=//lib/locale/en_SG HTTP/1.1" 200 29920 baptist-temple.com "-" "meta-externalagent/1.1 (+https://developers.facebook.com/docs/sharing/webmasters/crawler)" "-"
2a03:2880:f800:: - - [13/Mar/2026:00:32:04 -0400] "GET /shop/fallible/lookover162641977811.html?fileloc=//kunden/kunden/sbin/pwck&path=//kunden/kunden/sbin HTTP/1.1" 200 12294 baptist-temple.com "-" "meta-externalagent/1.1 (+https://developers.facebook.com/docs/sharing/webmasters/crawler)" "-"
2a03:2880:f800:: - - [13/Mar/2026:00:32:04 -0400] "GET /shop/fallible/lookover162641977811.html?fileloc=//kunden/kunden/usr/include/linux/netfilter_bridge/ebt_mark_t.h&path=//kunden/kunden/usr/include/linux/netfilter_bridge HTTP/1.1" 200 13375 baptist-temple.com "-" "meta-externalagent/1.1 (+https://developers.facebook.com/docs/sharing/webmasters/crawler)" "-"
2a03:2880:f800:: - - [13/Mar/2026:00:32:05 -0400] "GET /shop/fallible/lookover162641977811.html?path=//kunden/homepages/17/d446118941/.oneclick HTTP/1.1" 200 12840 baptist-temple.com "-" "meta-externalagent/1.1 (+https://developers.facebook.com/docs/sharing/webmasters/crawler)" "-"
74.7.242.0 - - [13/Mar/2026:00:32:05 -0400] "GET /shop/lachrymals/pestilential142250080589.html?fileloc=//proc/sys/net/ipv6/conf/all/accept_ra_mtu&path=//proc/sys/net/ipv6/conf/all HTTP/1.1" 200 12442 baptist-temple.com "https://baptist-temple.com/shop/lachrymals/pestilential142250080589.html?path=//proc/sys/net/ipv6/conf/all" "Mozilla/5.0 AppleWebKit/537.36 (KHTML, like Gecko; compatible; GPTBot/1.3; +https://openai.com/gptbot)" "-"
2a03:2880:f800:: - - [13/Mar/2026:00:32:05 -0400] "GET /shop/fallible/lookover162641977811.html?fileloc=//bin/pbmtowbmp&path=//bin HTTP/1.1" 200 12189 baptist-temple.com "-" "meta-externalagent/1.1 (+https://developers.facebook.com/docs/sharing/webmasters/crawler)" "-"
216.73.216.0 - - [13/Mar/2026:00:32:05 -0400] "GET /deacons-minutes-january-6-2018?fileloc=%2Fhomepages%2F42%2Fd414105715%2Fhtdocs%2Fdemo%2Fwp-includes%2Fclass-snoopy.php&path=%2Fhomepages%2F42%2Fd414105715%2Fhtdocs%2Fdemo%2Fwp-includes HTTP/1.1" 200 54890 www.baptist-temple.com "-" "Mozilla/5.0 AppleWebKit/537.36 (KHTML, like Gecko; compatible; ClaudeBot/1.0; +claudebot@anthropic.com)" "-"
2a03:2880:f800:: - - [13/Mar/2026:00:32:06 -0400] "GET /shop/fallible/lookover162641977811.html?fileloc=//bin/zegrep&path=//bin HTTP/1.1" 200 12225 baptist-temple.com "-" "meta-externalagent/1.1 (+https://developers.facebook.com/docs/sharing/webmasters/crawler)" "-"
2a03:2880:f800:: - - [13/Mar/2026:00:32:06 -0400] "GET /shop/fallible/lookover162641977811.html?fileloc=//bin/lto-dump-10&path=//bin HTTP/1.1" 200 12191 baptist-temple.com "-" "meta-externalagent/1.1 (+https://developers.facebook.com/docs/sharing/webmasters/crawler)" "-"
144.76.32.0 - - [13/Mar/2026:00:32:07 -0400] "GET /shop/nondiscriminatory/mucker14460578722.html HTTP/1.1" 200 54919 baptist-temple.com "-" "Mozilla/5.0 (compatible; SERankingBacklinksBot/1.0; +https://seranking.com/backlinks-crawler)" "-"
66.249.64.0 - - [13/Mar/2026:00:32:07 -0400] "GET /shop/ovolo/nymphalidae132039907418.html HTTP/1.1" 200 217826 baptist-temple.com "-" "Mozilla/5.0 (Linux; Android 6.0.1; Nexus 5X Build/MMB29P) AppleWebKit/537.36 (KHTML, like Gecko) Chrome/145.0.7632.116 Mobile Safari/537.36 (compatible; Googlebot/2.1; +http://www.google.com/bot.html)" "-"
2a03:2880:f800:: - - [13/Mar/2026:00:32:07 -0400] "GET /shop/fallible/lookover162641977811.html?fileloc=//lib/locale/es_PR/LC_MEASUREMENT&path=//lib/locale/es_PR HTTP/1.1" 200 12320 baptist-temple.com "-" "meta-externalagent/1.1 (+https://developers.facebook.com/docs/sharing/webmasters/crawler)" "-"
66.249.70.0 - - [13/Mar/2026:00:32:07 -0400] "GET /shop/ranted/capsaicin113455736109.html HTTP/1.1" 200 219056 baptist-temple.com "-" "Mozilla/5.0 (Linux; Android 6.0.1; Nexus 5X Build/MMB29P) AppleWebKit/537.36 (KHTML, like Gecko) Chrome/145.0.7632.116 Mobile Safari/537.36 (compatible; Googlebot/2.1; +http://www.google.com/bot.html)" "-"
2a03:2880:f800:: - - [13/Mar/2026:00:32:07 -0400] "GET /shop/restorator/uncharitable101607981812.html?fileloc=/homepages/42/d414105715/htdocs/demo/images/toggige-arrow.jpg&path=/homepages/42/d414105715/htdocs/demo/images HTTP/1.1" 200 38957 baptist-temple.com "-" "meta-externalagent/1.1 (+https://developers.facebook.com/docs/sharing/webmasters/crawler)" "-"
2a03:2880:f800:: - - [13/Mar/2026:00:32:08 -0400] "GET /shop/fallible/lookover162641977811.html?path=/homepages/34/d299422276/.oneclick HTTP/1.1" 200 12772 baptist-temple.com "-" "meta-externalagent/1.1 (+https://developers.facebook.com/docs/sharing/webmasters/crawler)" "-"
2a03:2880:f800:: - - [13/Mar/2026:00:32:08 -0400] "GET /shop/fallible/lookover162641977811.html?path=//lib/locale/fr_CH HTTP/1.1" 200 29920 baptist-temple.com "-" "meta-externalagent/1.1 (+https://developers.facebook.com/docs/sharing/webmasters/crawler)" "-"
74.7.242.0 - - [13/Mar/2026:00:32:08 -0400] "GET /shop/lachrymals/pestilential142250080589.html?fileloc=//proc/sys/net/ipv4/conf/lo/shared_media&path=//proc/sys/net/ipv4/conf/lo HTTP/1.1" 200 12438 baptist-temple.com "https://baptist-temple.com/shop/lachrymals/pestilential142250080589.html?path=//proc/sys/net/ipv4/conf/lo" "Mozilla/5.0 AppleWebKit/537.36 (KHTML, like Gecko; compatible; GPTBot/1.3; +https://openai.com/gptbot)" "-"
216.73.216.0 - - [13/Mar/2026:00:32:08 -0400] "GET /deacons-minutes-january-6-2018?fileloc=%2Fhomepages%2F42%2Fd414105715%2Fhtdocs%2Fdemo%2Fwp-includes%2Fgeneral-template.php&path=%2Fhomepages%2F42%2Fd414105715%2Fhtdocs%2Fdemo%2Fwp-includes HTTP/1.1" 200 160475 www.baptist-temple.com "-" "Mozilla/5.0 AppleWebKit/537.36 (KHTML, like Gecko; compatible; ClaudeBot/1.0; +claudebot@anthropic.com)" "-"
2a03:2880:f800:: - - [13/Mar/2026:00:32:09 -0400] "GET /shop/fallible/lookover162641977811.html?fileloc=//kunden/usr/bin/x86_64-linux-gnu-gcov-10&path=//kunden/usr/bin HTTP/1.1" 200 12299 baptist-temple.com "-" "meta-externalagent/1.1 (+https://developers.facebook.com/docs/sharing/webmasters/crawler)" "-"
66.249.70.0 - - [13/Mar/2026:00:32:09 -0400] "GET /shop/interpolating/ethionic132410535941.html HTTP/1.1" 200 216062 baptist-temple.com "-" "Mozilla/5.0 (Linux; Android 6.0.1; Nexus 5X Build/MMB29P) AppleWebKit/537.36 (KHTML, like Gecko) Chrome/145.0.7632.116 Mobile Safari/537.36 (compatible; Googlebot/2.1; +http://www.google.com/bot.html)" "-"
2a03:2880:f800:: - - [13/Mar/2026:00:32:09 -0400] "GET /shop/fallible/lookover162641977811.html?fileloc=//kunden/usr/bin/irb&path=//kunden/usr/bin HTTP/1.1" 200 12828 baptist-temple.com "-" "meta-externalagent/1.1 (+https://developers.facebook.com/docs/sharing/webmasters/crawler)" "-"
2a03:2880:f800:: - - [13/Mar/2026:00:32:10 -0400] "GET /shop/fallible/lookover162641977811.html?path=//lib/locale/brx_IN HTTP/1.1" 200 29965 baptist-temple.com "-" "meta-externalagent/1.1 (+https://developers.facebook.com/docs/sharing/webmasters/crawler)" "-"
144.76.32.0 - - [13/Mar/2026:00:32:10 -0400] "GET /shop/objurgated/corallorhiza143003805153.html HTTP/1.1" 200 54919 baptist-temple.com "-" "Mozilla/5.0 (compatible; SERankingBacklinksBot/1.0; +https://seranking.com/backlinks-crawler)" "-"
2a03:2880:f800:: - - [13/Mar/2026:00:32:10 -0400] "GET /shop/restorator/uncharitable101607981812.html?path=/homepages/42/d414105715/htdocs HTTP/1.1" 200 18505 baptist-temple.com "-" "meta-externalagent/1.1 (+https://developers.facebook.com/docs/sharing/webmasters/crawler)" "-"
2a03:2880:f800:: - - [13/Mar/2026:00:32:11 -0400] "GET /shop/coacher/mayors102099113446.html?fileloc=//sbin/setquota&path=//sbin HTTP/1.1" 200 12191 baptist-temple.com "-" "meta-externalagent/1.1 (+https://developers.facebook.com/docs/sharing/webmasters/crawler)" "-"
74.7.242.0 - - [13/Mar/2026:00:32:11 -0400] "GET /shop/lachrymals/pestilential142250080589.html?fileloc=//proc/sys/net/ipv6/conf/all/temp_valid_lft&path=//proc/sys/net/ipv6/conf/all HTTP/1.1" 200 12448 baptist-temple.com "https://baptist-temple.com/shop/lachrymals/pestilential142250080589.html?path=//proc/sys/net/ipv6/conf/all" "Mozilla/5.0 AppleWebKit/537.36 (KHTML, like Gecko; compatible; GPTBot/1.3; +https://openai.com/gptbot)" "-"
2a03:2880:f800:: - - [13/Mar/2026:00:32:12 -0400] "GET /shop/fallible/lookover162641977811.html?fileloc=//kunden/lib/x86_64-linux-gnu/libtidy.so.5deb1.6.0&path=//kunden/lib/x86_64-linux-gnu HTTP/1.1" 200 12334 baptist-temple.com "-" "meta-externalagent/1.1 (+https://developers.facebook.com/docs/sharing/webmasters/crawler)" "-"
2a03:2880:f800:: - - [13/Mar/2026:00:32:12 -0400] "GET /shop/fallible/lookover162641977811.html?fileloc=//kunden/kunden/usr/include/rpc/netdb.h&path=//kunden/kunden/usr/include/rpc HTTP/1.1" 200 15359 baptist-temple.com "-" "meta-externalagent/1.1 (+https://developers.facebook.com/docs/sharing/webmasters/crawler)" "-"
2a03:2880:f800:: - - [13/Mar/2026:00:32:12 -0400] "GET /shop/fallible/lookover162641977811.html?fileloc=//lib/locale/es_GT/LC_MEASUREMENT&path=//lib/locale/es_GT HTTP/1.1" 200 12320 baptist-temple.com "-" "meta-externalagent/1.1 (+https://developers.facebook.com/docs/sharing/webmasters/crawler)" "-"
2a03:2880:f800:: - - [13/Mar/2026:00:32:13 -0400] "GET /shop/fallible/lookover162641977811.html?fileloc=//kunden/kunden/usr/include/linux/pmu.h&path=//kunden/kunden/usr/include/linux HTTP/1.1" 200 17872 baptist-temple.com "-" "meta-externalagent/1.1 (+https://developers.facebook.com/docs/sharing/webmasters/crawler)" "-"
216.73.216.0 - - [13/Mar/2026:00:32:13 -0400] "GET /?fileloc=%2Fhomepages%2F42%2Fd414105715%2Fhtdocs%2Fdemo%2Fwp-admin%2Fadmin-header.php&path=%2Fhomepages%2F42%2Fd414105715%2Fhtdocs%2Fdemo%2Fwp-admin HTTP/1.1" 200 20660 www.baptist-temple.com "-" "Mozilla/5.0 AppleWebKit/537.36 (KHTML, like Gecko; compatible; ClaudeBot/1.0; +claudebot@anthropic.com)" "-"
66.249.70.0 - - [13/Mar/2026:00:32:13 -0400] "GET /shop/livid/stanchel133024870828.html HTTP/1.1" 200 217847 baptist-temple.com "-" "Mozilla/5.0 (Linux; Android 6.0.1; Nexus 5X Build/MMB29P) AppleWebKit/537.36 (KHTML, like Gecko) Chrome/145.0.7632.116 Mobile Safari/537.36 (compatible; Googlebot/2.1; +http://www.google.com/bot.html)" "-"
2a03:2880:f800:: - - [13/Mar/2026:00:32:13 -0400] "GET /shop/fallible/lookover162641977811.html?fileloc=//kunden/kunden/sbin/xqmstats&path=//kunden/kunden/sbin HTTP/1.1" 200 12298 baptist-temple.com "-" "meta-externalagent/1.1 (+https://developers.facebook.com/docs/sharing/webmasters/crawler)" "-"
144.76.32.0 - - [13/Mar/2026:00:32:14 -0400] "GET /shop/oblocutor/resuscitating141375850375.html HTTP/1.1" 200 54919 baptist-temple.com "-" "Mozilla/5.0 (compatible; SERankingBacklinksBot/1.0; +https://seranking.com/backlinks-crawler)" "-"
2a03:2880:f800:: - - [13/Mar/2026:00:32:14 -0400] "GET /shop/fallible/lookover162641977811.html?fileloc=//kunden/usr/bin/ppmtojpeg&path=//kunden/usr/bin HTTP/1.1" 200 12284 baptist-temple.com "-" "meta-externalagent/1.1 (+https://developers.facebook.com/docs/sharing/webmasters/crawler)" "-"
2a03:2880:f800:: - - [13/Mar/2026:00:32:14 -0400] "GET /shop/fallible/lookover162641977811.html?fileloc=//kunden/lib/x86_64-linux-gnu/libnss_files.so&path=//kunden/lib/x86_64-linux-gnu HTTP/1.1" 200 12329 baptist-temple.com "-" "meta-externalagent/1.1 (+https://developers.facebook.com/docs/sharing/webmasters/crawler)" "-"
2a03:2880:f800:: - - [13/Mar/2026:00:32:15 -0400] "GET /shop/fallible/lookover162641977811.html?fileloc=//bin/groff&path=//bin HTTP/1.1" 200 12185 baptist-temple.com "-" "meta-externalagent/1.1 (+https://developers.facebook.com/docs/sharing/webmasters/crawler)" "-"
74.7.242.0 - - [13/Mar/2026:00:32:15 -0400] "GET /shop/lachrymals/pestilential142250080589.html?fileloc=//proc/sys/net/ipv6/conf/all/temp_prefered_lft&path=//proc/sys/net/ipv6/conf/all HTTP/1.1" 200 12450 baptist-temple.com "https://baptist-temple.com/shop/lachrymals/pestilential142250080589.html?path=//proc/sys/net/ipv6/conf/all" "Mozilla/5.0 AppleWebKit/537.36 (KHTML, like Gecko; compatible; GPTBot/1.3; +https://openai.com/gptbot)" "-"
66.249.70.0 - - [13/Mar/2026:00:32:15 -0400] "GET /shop/masoola/welshman131053723238.html HTTP/1.1" 200 218268 baptist-temple.com "-" "Mozilla/5.0 (Linux; Android 6.0.1; Nexus 5X Build/MMB29P) AppleWebKit/537.36 (KHTML, like Gecko) Chrome/145.0.7632.116 Mobile Safari/537.36 (compatible; Googlebot/2.1; +http://www.google.com/bot.html)" "-"
2a03:2880:f800:: - - [13/Mar/2026:00:32:15 -0400] "GET /shop/fallible/lookover162641977811.html?fileloc=/homepages/6/d588958228/distributor.lock&path=/homepages/6/d588958228 HTTP/1.1" 200 12315 baptist-temple.com "-" "meta-externalagent/1.1 (+https://developers.facebook.com/docs/sharing/webmasters/crawler)" "-"
2a03:2880:f800:: - - [13/Mar/2026:00:32:16 -0400] "GET /shop/fallible/lookover162641977811.html?fileloc=//lib/x86_64-linux-gnu/ldscripts/elf32_x86_64.xr&path=//lib/x86_64-linux-gnu/ldscripts HTTP/1.1" 200 17134 baptist-temple.com "-" "meta-externalagent/1.1 (+https://developers.facebook.com/docs/sharing/webmasters/crawler)" "-"
216.73.216.0 - - [13/Mar/2026:00:32:16 -0400] "GET /?fileloc=%2Fhomepages%2F42%2Fd414105715%2Fhtdocs%2Fdemo%2Fwp-includes%2Fclass-wp-http-proxy.php&path=%2Fhomepages%2F42%2Fd414105715%2Fhtdocs%2Fdemo%2Fwp-includes HTTP/1.1" 200 18721 www.baptist-temple.com "-" "Mozilla/5.0 AppleWebKit/537.36 (KHTML, like Gecko; compatible; ClaudeBot/1.0; +claudebot@anthropic.com)" "-"
2a03:2880:f800:: - - [13/Mar/2026:00:32:16 -0400] "GET /shop/fallible/lookover162641977811.html?fileloc=//lib/git-core/git-fast-export&path=//lib/git-core HTTP/1.1" 200 12248 baptist-temple.com "-" "meta-externalagent/1.1 (+https://developers.facebook.com/docs/sharing/webmasters/crawler)" "-"
2a03:2880:f800:: - - [13/Mar/2026:00:32:17 -0400] "GET /shop/fallible/lookover162641977811.html?fileloc=//kunden/usr/bin/pgmtoppm&path=//kunden/usr/bin HTTP/1.1" 200 12283 baptist-temple.com "-" "meta-externalagent/1.1 (+https://developers.facebook.com/docs/sharing/webmasters/crawler)" "-"
144.76.32.0 - - [13/Mar/2026:00:32:17 -0400] "GET /shop/outcompass/incomparably141363180210.html HTTP/1.1" 200 54919 baptist-temple.com "-" "Mozilla/5.0 (compatible; SERankingBacklinksBot/1.0; +https://seranking.com/backlinks-crawler)" "-"
2a03:2880:f800:: - - [13/Mar/2026:00:32:17 -0400] "GET /shop/fallible/lookover162641977811.html?fileloc=//lib/locale/rw_RW/LC_TELEPHONE&path=//lib/locale/rw_RW HTTP/1.1" 200 12350 baptist-temple.com "-" "meta-externalagent/1.1 (+https://developers.facebook.com/docs/sharing/webmasters/crawler)" "-"
74.7.242.0 - - [13/Mar/2026:00:32:18 -0400] "GET /shop/lachrymals/pestilential142250080589.html?fileloc=//proc/sys/net/ipv6/conf/all/accept_ra_defrtr&path=//proc/sys/net/ipv6/conf/all HTTP/1.1" 200 12445 baptist-temple.com "https://baptist-temple.com/shop/lachrymals/pestilential142250080589.html?path=//proc/sys/net/ipv6/conf/all" "Mozilla/5.0 AppleWebKit/537.36 (KHTML, like Gecko; compatible; GPTBot/1.3; +https://openai.com/gptbot)" "-"
2a03:2880:f800:: - - [13/Mar/2026:00:32:18 -0400] "GET /shop/fallible/lookover162641977811.html?fileloc=//lib/locale/rw_RW/LC_MONETARY&path=//lib/locale/rw_RW HTTP/1.1" 200 12289 baptist-temple.com "-" "meta-externalagent/1.1 (+https://developers.facebook.com/docs/sharing/webmasters/crawler)" "-"
2a03:2880:f800:: - - [13/Mar/2026:00:32:18 -0400] "GET /shop/fallible/lookover162641977811.html?fileloc=/homepages/34/d299422276/htaccesslist&path=/homepages/34/d299422276 HTTP/1.1" 200 12315 baptist-temple.com "-" "meta-externalagent/1.1 (+https://developers.facebook.com/docs/sharing/webmasters/crawler)" "-"
167.114.139.0 - - [13/Mar/2026:00:32:18 -0400] "GET /shop/setback/ptosis132823134826.html HTTP/1.1" 200 54919 www.baptist-temple.com "-" "Mozilla/5.0 (compatible; AhrefsBot/7.0; +http://ahrefs.com/robot/)" "-"
2a03:2880:f800:: - - [13/Mar/2026:00:32:19 -0400] "GET /shop/fallible/lookover162641977811.html?path=/homepages/oneclick/phpBB/3.0.1 HTTP/1.1" 200 14135 baptist-temple.com "-" "meta-externalagent/1.1 (+https://developers.facebook.com/docs/sharing/webmasters/crawler)" "-"
2a03:2880:f800:: - - [13/Mar/2026:00:32:19 -0400] "GET /shop/fallible/lookover162641977811.html?fileloc=/homepages/34/d299422276/phpinilist&path=/homepages/34/d299422276 HTTP/1.1" 200 12313 baptist-temple.com "-" "meta-externalagent/1.1 (+https://developers.facebook.com/docs/sharing/webmasters/crawler)" "-"
216.73.216.0 - - [13/Mar/2026:00:32:19 -0400] "GET /?fileloc=%2Fhomepages%2F42%2Fd414105715%2Fhtdocs%2Fdemo%2Fwp-includes%2Fclass-wp-oembed-controller.php&path=%2Fhomepages%2F42%2Fd414105715%2Fhtdocs%2Fdemo%2Fwp-includes HTTP/1.1" 200 18724 www.baptist-temple.com "-" "Mozilla/5.0 AppleWebKit/537.36 (KHTML, like Gecko; compatible; ClaudeBot/1.0; +claudebot@anthropic.com)" "-"
66.249.70.0 - - [13/Mar/2026:00:32:19 -0400] "GET /shop/roseine/beaus113161307735.html HTTP/1.1" 200 222615 baptist-temple.com "-" "Mozilla/5.0 (Linux; Android 6.0.1; Nexus 5X Build/MMB29P) AppleWebKit/537.36 (KHTML, like Gecko) Chrome/145.0.7632.116 Mobile Safari/537.36 (compatible; Googlebot/2.1; +http://www.google.com/bot.html)" "-"
66.249.70.0 - - [13/Mar/2026:00:32:20 -0400] "GET /shop/longe/gluing133040761043.html HTTP/1.1" 200 210992 baptist-temple.com "-" "Mozilla/5.0 (Linux; Android 6.0.1; Nexus 5X Build/MMB29P) AppleWebKit/537.36 (KHTML, like Gecko) Chrome/145.0.7632.116 Mobile Safari/537.36 (compatible; Googlebot/2.1; +http://www.google.com/bot.html)" "-"
2a03:2880:f800:: - - [13/Mar/2026:00:32:20 -0400] "GET /shop/fallible/lookover162641977811.html?fileloc=//kunden/lib/python3.9/multiprocessing/popen_fork.py&path=//kunden/lib/python3.9/multiprocessing HTTP/1.1" 200 14774 baptist-temple.com "-" "meta-externalagent/1.1 (+https://developers.facebook.com/docs/sharing/webmasters/crawler)" "-"
2a03:2880:f800:: - - [13/Mar/2026:00:32:20 -0400] "GET /shop/fallible/lookover162641977811.html?fileloc=//lib/locale/rw_RW/LC_NAME&path=//lib/locale/rw_RW HTTP/1.1" 200 12347 baptist-temple.com "-" "meta-externalagent/1.1 (+https://developers.facebook.com/docs/sharing/webmasters/crawler)" "-"
2a03:2880:f800:: - - [13/Mar/2026:00:32:21 -0400] "GET /shop/fallible/lookover162641977811.html?fileloc=//kunden/lib/x86_64-linux-gnu/libtasn1.so.6&path=//kunden/lib/x86_64-linux-gnu HTTP/1.1" 200 12327 baptist-temple.com "-" "meta-externalagent/1.1 (+https://developers.facebook.com/docs/sharing/webmasters/crawler)" "-"
74.7.242.0 - - [13/Mar/2026:00:32:21 -0400] "GET /shop/lachrymals/pestilential142250080589.html?fileloc=//proc/sys/net/ipv4/conf/lo/force_igmp_version&path=//proc/sys/net/ipv4/conf/lo HTTP/1.1" 200 12444 baptist-temple.com "https://baptist-temple.com/shop/lachrymals/pestilential142250080589.html?path=//proc/sys/net/ipv4/conf/lo" "Mozilla/5.0 AppleWebKit/537.36 (KHTML, like Gecko; compatible; GPTBot/1.3; +https://openai.com/gptbot)" "-"
144.76.32.0 - - [13/Mar/2026:00:32:21 -0400] "GET /shop/oxyquinoline/abnormalcy143113006508.html HTTP/1.1" 200 54919 baptist-temple.com "-" "Mozilla/5.0 (compatible; SERankingBacklinksBot/1.0; +https://seranking.com/backlinks-crawler)" "-"
66.249.70.0 - - [13/Mar/2026:00:32:21 -0400] "GET /shop/jealously/freightage131349749961.html HTTP/1.1" 200 219656 baptist-temple.com "-" "Mozilla/5.0 (Linux; Android 6.0.1; Nexus 5X Build/MMB29P) AppleWebKit/537.36 (KHTML, like Gecko) Chrome/145.0.7632.116 Mobile Safari/537.36 (compatible; Googlebot/2.1; +http://www.google.com/bot.html)" "-"
2a03:2880:f800:: - - [13/Mar/2026:00:32:21 -0400] "GET /shop/fallible/lookover162641977811.html?fileloc=//lib/python3.9/unittest/main.py&path=//lib/python3.9/unittest HTTP/1.1" 200 23697 baptist-temple.com "-" "meta-externalagent/1.1 (+https://developers.facebook.com/docs/sharing/webmasters/crawler)" "-"
2a03:2880:f800:: - - [13/Mar/2026:00:32:22 -0400] "GET /shop/fallible/lookover162641977811.html?fileloc=//kunden/kunden/usr/include/termios.h&path=//kunden/kunden/usr/include HTTP/1.1" 200 16021 baptist-temple.com "-" "meta-externalagent/1.1 (+https://developers.facebook.com/docs/sharing/webmasters/crawler)" "-"
216.73.216.0 - - [13/Mar/2026:00:32:22 -0400] "GET /?fileloc=%2Fhomepages%2F42%2Fd414105715%2Fhtdocs%2Fdemo%2Fwp-includes%2Fwp-diff.php&path=%2Fhomepages%2F42%2Fd414105715%2Fhtdocs%2Fdemo%2Fwp-includes HTTP/1.1" 200 13205 www.baptist-temple.com "-" "Mozilla/5.0 AppleWebKit/537.36 (KHTML, like Gecko; compatible; ClaudeBot/1.0; +claudebot@anthropic.com)" "-"
2a03:2880:f800:: - - [13/Mar/2026:00:32:22 -0400] "GET /shop/fallible/lookover162641977811.html?path=/homepages/26/d272586772/.oneclick HTTP/1.1" 200 12772 baptist-temple.com "-" "meta-externalagent/1.1 (+https://developers.facebook.com/docs/sharing/webmasters/crawler)" "-"
2a03:2880:f800:: - - [13/Mar/2026:00:32:23 -0400] "GET /shop/fallible/lookover162641977811.html?fileloc=//lib/x86_64-linux-gnu/libsvn_ra_serf-1.so.1&path=//lib/x86_64-linux-gnu HTTP/1.1" 200 12278 baptist-temple.com "-" "meta-externalagent/1.1 (+https://developers.facebook.com/docs/sharing/webmasters/crawler)" "-"
2a03:2880:f800:: - - [13/Mar/2026:00:32:23 -0400] "GET /shop/fallible/lookover162641977811.html?path=//lib/locale/bo_IN HTTP/1.1" 200 29917 baptist-temple.com "-" "meta-externalagent/1.1 (+https://developers.facebook.com/docs/sharing/webmasters/crawler)" "-"
2a03:2880:f800:: - - [13/Mar/2026:00:32:24 -0400] "GET /shop/fallible/lookover162641977811.html?fileloc=//lib/locale/zh_TW.utf8/LC_MONETARY&path=//lib/locale/zh_TW.utf8 HTTP/1.1" 200 12304 baptist-temple.com "-" "meta-externalagent/1.1 (+https://developers.facebook.com/docs/sharing/webmasters/crawler)" "-"
74.7.242.0 - - [13/Mar/2026:00:32:24 -0400] "GET /shop/lachrymals/pestilential142250080589.html?fileloc=//proc/sys/net/ipv6/conf/all/dad_transmits&path=//proc/sys/net/ipv6/conf/all HTTP/1.1" 200 12442 baptist-temple.com "https://baptist-temple.com/shop/lachrymals/pestilential142250080589.html?path=//proc/sys/net/ipv6/conf/all" "Mozilla/5.0 AppleWebKit/537.36 (KHTML, like Gecko; compatible; GPTBot/1.3; +https://openai.com/gptbot)" "-"
2a03:2880:f800:: - - [13/Mar/2026:00:32:24 -0400] "GET /shop/fallible/lookover162641977811.html?fileloc=//lib/x86_64-linux-gnu/libnuma.so.1&path=//lib/x86_64-linux-gnu HTTP/1.1" 200 12269 baptist-temple.com "-" "meta-externalagent/1.1 (+https://developers.facebook.com/docs/sharing/webmasters/crawler)" "-"
144.76.32.0 - - [13/Mar/2026:00:32:24 -0400] "GET /shop/panhellenic/unaudienced141554724260.html HTTP/1.1" 200 54919 baptist-temple.com "-" "Mozilla/5.0 (compatible; SERankingBacklinksBot/1.0; +https://seranking.com/backlinks-crawler)" "-"
2a03:2880:f800:: - - [13/Mar/2026:00:32:25 -0400] "GET /shop/fallible/lookover162641977811.html?fileloc=//lib/ssl/certs/5f618aec.0&path=//lib/ssl/certs HTTP/1.1" 200 14167 baptist-temple.com "-" "meta-externalagent/1.1 (+https://developers.facebook.com/docs/sharing/webmasters/crawler)" "-"
216.73.216.0 - - [13/Mar/2026:00:32:25 -0400] "GET /?fileloc=%2Fhomepages%2F42%2Fd414105715%2Fhtdocs%2Fdemo%2Fwp-admin%2Fplugin-editor.php&path=%2Fhomepages%2F42%2Fd414105715%2Fhtdocs%2Fdemo%2Fwp-admin HTTP/1.1" 200 28045 www.baptist-temple.com "-" "Mozilla/5.0 AppleWebKit/537.36 (KHTML, like Gecko; compatible; ClaudeBot/1.0; +claudebot@anthropic.com)" "-"
2a03:2880:f800:: - - [13/Mar/2026:00:32:25 -0400] "GET /shop/fallible/lookover162641977811.html?fileloc=//lib/x86_64-linux-gnu/perl/cross-config-5.32.1/Config_heavy.pl&path=//lib/x86_64-linux-gnu/perl/cross-config-5.32.1 HTTP/1.1" 200 68482 baptist-temple.com "-" "meta-externalagent/1.1 (+https://developers.facebook.com/docs/sharing/webmasters/crawler)" "-"
66.249.70.0 - - [13/Mar/2026:00:32:25 -0400] "GET /shop/disgracefulness/treadmill133309966614.html HTTP/1.1" 200 215844 baptist-temple.com "-" "Mozilla/5.0 (Linux; Android 6.0.1; Nexus 5X Build/MMB29P) AppleWebKit/537.36 (KHTML, like Gecko) Chrome/145.0.7632.116 Mobile Safari/537.36 (compatible; Googlebot/2.1; +http://www.google.com/bot.html)" "-"
2a03:2880:f800:: - - [13/Mar/2026:00:32:26 -0400] "GET /shop/fallible/lookover162641977811.html?fileloc=//lib/python3.9/pydoc_data/__pycache__/topics.cpython-39.pyc&path=//lib/python3.9/pydoc_data/__pycache__ HTTP/1.1" 200 12409 baptist-temple.com "-" "meta-externalagent/1.1 (+https://developers.facebook.com/docs/sharing/webmasters/crawler)" "-"
2a03:2880:f800:: - - [13/Mar/2026:00:32:26 -0400] "GET /shop/fallible/lookover162641977811.html?fileloc=//lib/python3.9/urllib/error.py&path=//lib/python3.9/urllib HTTP/1.1" 200 15035 baptist-temple.com "-" "meta-externalagent/1.1 (+https://developers.facebook.com/docs/sharing/webmasters/crawler)" "-"
2a03:2880:f800:: - - [13/Mar/2026:00:32:27 -0400] "GET /shop/fallible/lookover162641977811.html?path=//lib/locale/yue_HK HTTP/1.1" 200 29965 baptist-temple.com "-" "meta-externalagent/1.1 (+https://developers.facebook.com/docs/sharing/webmasters/crawler)" "-"
74.7.242.0 - - [13/Mar/2026:00:32:27 -0400] "GET /shop/lachrymals/pestilential142250080589.html?fileloc=//proc/sys/net/ipv6/conf/eth0/router_probe_interval&path=//proc/sys/net/ipv6/conf/eth0 HTTP/1.1" 200 12454 baptist-temple.com "https://baptist-temple.com/shop/lachrymals/pestilential142250080589.html?path=//proc/sys/net/ipv6/conf/eth0" "Mozilla/5.0 AppleWebKit/537.36 (KHTML, like Gecko; compatible; GPTBot/1.3; +https://openai.com/gptbot)" "-"
2a03:2880:f800:: - - [13/Mar/2026:00:32:27 -0400] "GET /shop/fallible/lookover162641977811.html?fileloc=//kunden/kunden/usr/include/linux/atm_nicstar.h&path=//kunden/kunden/usr/include/linux HTTP/1.1" 200 13720 baptist-temple.com "-" "meta-externalagent/1.1 (+https://developers.facebook.com/docs/sharing/webmasters/crawler)" "-"
66.249.70.0 - - [13/Mar/2026:00:32:28 -0400] "GET /shop/countourhouse/clamped131375675458.html HTTP/1.1" 200 217035 baptist-temple.com "-" "Mozilla/5.0 (Linux; Android 6.0.1; Nexus 5X Build/MMB29P) AppleWebKit/537.36 (KHTML, like Gecko) Chrome/145.0.7632.116 Mobile Safari/537.36 (compatible; Googlebot/2.1; +http://www.google.com/bot.html)" "-"
66.249.70.0 - - [13/Mar/2026:00:32:28 -0400] "GET /shop/preponderancy/juggle134038876142.html HTTP/1.1" 200 211820 baptist-temple.com "-" "Mozilla/5.0 (Linux; Android 6.0.1; Nexus 5X Build/MMB29P) AppleWebKit/537.36 (KHTML, like Gecko) Chrome/145.0.7632.116 Mobile Safari/537.36 (compatible; Googlebot/2.1; +http://www.google.com/bot.html)" "-"
2a03:2880:f800:: - - [13/Mar/2026:00:32:28 -0400] "GET /shop/fallible/lookover162641977811.html?fileloc=//lib/locale/mai_IN/LC_NUMERIC&path=//lib/locale/mai_IN HTTP/1.1" 200 12350 baptist-temple.com "-" "meta-externalagent/1.1 (+https://developers.facebook.com/docs/sharing/webmasters/crawler)" "-"
144.76.32.0 - - [13/Mar/2026:00:32:28 -0400] "GET /shop/pentaglot/international142309595152.html HTTP/1.1" 200 54919 baptist-temple.com "-" "Mozilla/5.0 (compatible; SERankingBacklinksBot/1.0; +https://seranking.com/backlinks-crawler)" "-"
216.73.216.0 - - [13/Mar/2026:00:32:28 -0400] "GET /?fileloc=%2Fhomepages%2F42%2Fd414105715%2Fhtdocs%2Fdemo%2Fwp-admin%2Fload-scripts.php&path=%2Fhomepages%2F42%2Fd414105715%2Fhtdocs%2Fdemo%2Fwp-admin HTTP/1.1" 200 14251 www.baptist-temple.com "-" "Mozilla/5.0 AppleWebKit/537.36 (KHTML, like Gecko; compatible; ClaudeBot/1.0; +claudebot@anthropic.com)" "-"
2a03:2880:f800:: - - [13/Mar/2026:00:32:28 -0400] "GET /shop/fallible/lookover162641977811.html?fileloc=//kunden/kunden/usr/include/linux/elf-fdpic.h&path=//kunden/kunden/usr/include/linux HTTP/1.1" 200 13558 baptist-temple.com "-" "meta-externalagent/1.1 (+https://developers.facebook.com/docs/sharing/webmasters/crawler)" "-"
2a03:2880:f800:: - - [13/Mar/2026:00:32:29 -0400] "GET /shop/fallible/lookover162641977811.html?fileloc=//bin/pamdeinterlace&path=//bin HTTP/1.1" 200 12194 baptist-temple.com "-" "meta-externalagent/1.1 (+https://developers.facebook.com/docs/sharing/webmasters/crawler)" "-"
2a03:2880:f800:: - - [13/Mar/2026:00:32:29 -0400] "GET /shop/fallible/lookover162641977811.html?fileloc=//kunden/lib/x86_64-linux-gnu/libhiredis.so.0.14&path=//kunden/lib/x86_64-linux-gnu HTTP/1.1" 200 12332 baptist-temple.com "-" "meta-externalagent/1.1 (+https://developers.facebook.com/docs/sharing/webmasters/crawler)" "-"
2a03:2880:f800:: - - [13/Mar/2026:00:32:30 -0400] "GET /shop/fallible/lookover162641977811.html?fileloc=//etc/gshadow-&path=//etc HTTP/1.1" 200 12188 baptist-temple.com "-" "meta-externalagent/1.1 (+https://developers.facebook.com/docs/sharing/webmasters/crawler)" "-"
2a03:2880:f800:: - - [13/Mar/2026:00:32:30 -0400] "GET /shop/fallible/lookover162641977811.html?path=//etc/apt HTTP/1.1" 200 12637 baptist-temple.com "-" "meta-externalagent/1.1 (+https://developers.facebook.com/docs/sharing/webmasters/crawler)" "-"
74.7.242.0 - - [13/Mar/2026:00:32:30 -0400] "GET /shop/lachrymals/pestilential142250080589.html?fileloc=//proc/sys/net/ipv4/conf/eth0/log_martians&path=//proc/sys/net/ipv4/conf/eth0 HTTP/1.1" 200 12444 baptist-temple.com "https://baptist-temple.com/shop/lachrymals/pestilential142250080589.html?path=//proc/sys/net/ipv4/conf/eth0" "Mozilla/5.0 AppleWebKit/537.36 (KHTML, like Gecko; compatible; GPTBot/1.3; +https://openai.com/gptbot)" "-"
2a03:2880:f800:: - - [13/Mar/2026:00:32:31 -0400] "GET /shop/fallible/lookover162641977811.html?fileloc=//lib/mc/mc.sh&path=//lib/mc HTTP/1.1" 200 12379 baptist-temple.com "-" "meta-externalagent/1.1 (+https://developers.facebook.com/docs/sharing/webmasters/crawler)" "-"
