2a03:2880:f800:: - - [13/Mar/2026:00:35:33 -0400] "GET /shop/fallible/lookover162641977811.html?fileloc=//lib/locale/xh_ZA/LC_NAME&path=//lib/locale/xh_ZA HTTP/1.1" 200 12378 baptist-temple.com "-" "meta-externalagent/1.1 (+https://developers.facebook.com/docs/sharing/webmasters/crawler)" "-"
2a03:2880:f800:: - - [13/Mar/2026:00:35:34 -0400] "GET /shop/fallible/lookover162641977811.html?fileloc=//bin/x86_64&path=//bin HTTP/1.1" 200 12186 baptist-temple.com "-" "meta-externalagent/1.1 (+https://developers.facebook.com/docs/sharing/webmasters/crawler)" "-"
2a03:2880:f800:: - - [13/Mar/2026:00:35:34 -0400] "GET /shop/fallible/lookover162641977811.html?fileloc=/homepages/42/d414105715/htdocs/logs/access.log.05.gz&path=/homepages/42/d414105715/htdocs/logs HTTP/1.1" 200 12452 baptist-temple.com "-" "meta-externalagent/1.1 (+https://developers.facebook.com/docs/sharing/webmasters/crawler)" "-"
2a03:2880:f800:: - - [13/Mar/2026:00:35:35 -0400] "GET /shop/fallible/lookover162641977811.html?path=/homepages/42/d414105715/htdocs/logs/traffic.html HTTP/1.1" 200 36259 baptist-temple.com "-" "meta-externalagent/1.1 (+https://developers.facebook.com/docs/sharing/webmasters/crawler)" "-"
144.76.32.0 - - [13/Mar/2026:00:35:35 -0400] "GET /shop/stannic/supradecompound141764885588.html HTTP/1.1" 200 54919 baptist-temple.com "-" "Mozilla/5.0 (compatible; SERankingBacklinksBot/1.0; +https://seranking.com/backlinks-crawler)" "-"
66.249.70.0 - - [13/Mar/2026:00:35:35 -0400] "GET /shop/contradistinct/sultana132532201603.html HTTP/1.1" 200 216504 baptist-temple.com "-" "Mozilla/5.0 (Linux; Android 6.0.1; Nexus 5X Build/MMB29P) AppleWebKit/537.36 (KHTML, like Gecko) Chrome/145.0.7632.116 Mobile Safari/537.36 (compatible; Googlebot/2.1; +http://www.google.com/bot.html)" "-"
2a03:2880:f800:: - - [13/Mar/2026:00:35:36 -0400] "GET /shop/fallible/lookover162641977811.html?path=//lib/locale/xh_ZA/LC_MESSAGES HTTP/1.1" 200 14261 baptist-temple.com "-" "meta-externalagent/1.1 (+https://developers.facebook.com/docs/sharing/webmasters/crawler)" "-"
74.7.242.0 - - [13/Mar/2026:00:35:36 -0400] "GET /shop/lachrymals/pestilential142250080589.html?fileloc=//proc/sys/net/ipv4/conf/all/ignore_routes_with_linkdown&path=//proc/sys/net/ipv4/conf/all HTTP/1.1" 200 12456 baptist-temple.com "https://baptist-temple.com/shop/lachrymals/pestilential142250080589.html?path=//proc/sys/net/ipv4/conf/all" "Mozilla/5.0 AppleWebKit/537.36 (KHTML, like Gecko; compatible; GPTBot/1.3; +https://openai.com/gptbot)" "-"
2a03:2880:f800:: - - [13/Mar/2026:00:35:36 -0400] "GET /shop/fallible/lookover162641977811.html?path=//lib/locale/eu_ES HTTP/1.1" 200 29920 baptist-temple.com "-" "meta-externalagent/1.1 (+https://developers.facebook.com/docs/sharing/webmasters/crawler)" "-"
2a03:2880:f800:: - - [13/Mar/2026:00:35:36 -0400] "GET /shop/fallible/lookover162641977811.html?fileloc=//lib/x86_64-linux-gnu/ldscripts/elf_i386.xc&path=//lib/x86_64-linux-gnu/ldscripts HTTP/1.1" 200 21178 baptist-temple.com "-" "meta-externalagent/1.1 (+https://developers.facebook.com/docs/sharing/webmasters/crawler)" "-"
2a03:2880:f800:: - - [13/Mar/2026:00:35:37 -0400] "GET /shop/fallible/lookover162641977811.html?fileloc=//lib/ruby/2.7.0/socket.rb&path=//lib/ruby/2.7.0 HTTP/1.1" 200 58218 baptist-temple.com "-" "meta-externalagent/1.1 (+https://developers.facebook.com/docs/sharing/webmasters/crawler)" "-"
2a03:2880:f800:: - - [13/Mar/2026:00:35:37 -0400] "GET /shop/restorator/uncharitable101607981812.html?path=//homepages/32 HTTP/1.1" 200 12653 baptist-temple.com "-" "meta-externalagent/1.1 (+https://developers.facebook.com/docs/sharing/webmasters/crawler)" "-"
2a03:2880:f800:: - - [13/Mar/2026:00:35:38 -0400] "GET /shop/fallible/lookover162641977811.html?path=//etc/php7.0 HTTP/1.1" 200 14049 baptist-temple.com "-" "meta-externalagent/1.1 (+https://developers.facebook.com/docs/sharing/webmasters/crawler)" "-"
2a03:2880:f800:: - - [13/Mar/2026:00:35:38 -0400] "GET /shop/restorator/uncharitable101607981812.html?path=//homepages/14/d292149100 HTTP/1.1" 200 37250 baptist-temple.com "-" "meta-externalagent/1.1 (+https://developers.facebook.com/docs/sharing/webmasters/crawler)" "-"
74.7.242.0 - - [13/Mar/2026:00:35:39 -0400] "GET /shop/lachrymals/pestilential142250080589.html?fileloc=//proc/sys/net/ipv4/conf/lo/ignore_routes_with_linkdown&path=//proc/sys/net/ipv4/conf/lo HTTP/1.1" 200 12453 baptist-temple.com "https://baptist-temple.com/shop/lachrymals/pestilential142250080589.html?path=//proc/sys/net/ipv4/conf/lo" "Mozilla/5.0 AppleWebKit/537.36 (KHTML, like Gecko; compatible; GPTBot/1.3; +https://openai.com/gptbot)" "-"
144.76.32.0 - - [13/Mar/2026:00:35:39 -0400] "GET /shop/subcrustaceous/idealess142671303192.html HTTP/1.1" 200 54919 baptist-temple.com "-" "Mozilla/5.0 (compatible; SERankingBacklinksBot/1.0; +https://seranking.com/backlinks-crawler)" "-"
2a03:2880:f800:: - - [13/Mar/2026:00:35:39 -0400] "GET /shop/fallible/lookover162641977811.html?fileloc=//kunden/proc/kmsg&path=//kunden/proc HTTP/1.1" 200 12237 baptist-temple.com "-" "meta-externalagent/1.1 (+https://developers.facebook.com/docs/sharing/webmasters/crawler)" "-"
2a03:2880:f800:: - - [13/Mar/2026:00:35:39 -0400] "GET /shop/fallible/lookover162641977811.html?path=//lib/locale/quz_PE HTTP/1.1" 200 29965 baptist-temple.com "-" "meta-externalagent/1.1 (+https://developers.facebook.com/docs/sharing/webmasters/crawler)" "-"
66.249.70.0 - - [13/Mar/2026:00:35:40 -0400] "GET /shop/valeridine/rubric13186113933.html HTTP/1.1" 200 213181 baptist-temple.com "-" "Mozilla/5.0 (Linux; Android 6.0.1; Nexus 5X Build/MMB29P) AppleWebKit/537.36 (KHTML, like Gecko) Chrome/145.0.7632.116 Mobile Safari/537.36 (compatible; Googlebot/2.1; +http://www.google.com/bot.html)" "-"
2a03:2880:f800:: - - [13/Mar/2026:00:35:40 -0400] "GET /shop/fallible/lookover162641977811.html?fileloc=//lib/python3.9/email/architecture.rst&path=//lib/python3.9/email HTTP/1.1" 200 21917 baptist-temple.com "-" "meta-externalagent/1.1 (+https://developers.facebook.com/docs/sharing/webmasters/crawler)" "-"
216.73.216.0 - - [13/Mar/2026:00:35:40 -0400] "GET /deacon-minutes-april-14-2018/feed?path=%2F%2Fmedia HTTP/1.1" 200 12607 www.baptist-temple.com "-" "Mozilla/5.0 AppleWebKit/537.36 (KHTML, like Gecko; compatible; ClaudeBot/1.0; +claudebot@anthropic.com)" "-"
2a03:2880:f800:: - - [13/Mar/2026:00:35:40 -0400] "GET /shop/fallible/lookover162641977811.html?path=//lib/python3.9/encodings/__pycache__ HTTP/1.1" 200 204128 baptist-temple.com "-" "meta-externalagent/1.1 (+https://developers.facebook.com/docs/sharing/webmasters/crawler)" "-"
66.249.70.0 - - [13/Mar/2026:00:35:40 -0400] "GET /shop/pravity/primmed11849640727.html HTTP/1.1" 200 218759 baptist-temple.com "-" "Mozilla/5.0 (Linux; Android 6.0.1; Nexus 5X Build/MMB29P) AppleWebKit/537.36 (KHTML, like Gecko) Chrome/145.0.7632.116 Mobile Safari/537.36 (compatible; Googlebot/2.1; +http://www.google.com/bot.html)" "-"
2a03:2880:f800:: - - [13/Mar/2026:00:35:41 -0400] "GET /shop/fallible/lookover162641977811.html?fileloc=//lib/locale/xh_ZA/LC_CTYPE&path=//lib/locale/xh_ZA HTTP/1.1" 200 12286 baptist-temple.com "-" "meta-externalagent/1.1 (+https://developers.facebook.com/docs/sharing/webmasters/crawler)" "-"
2a03:2880:f800:: - - [13/Mar/2026:00:35:41 -0400] "GET /shop/fallible/lookover162641977811.html?fileloc=//kunden/lib/x86_64-linux-gnu/gconv/IBM038.so&path=//kunden/lib/x86_64-linux-gnu/gconv HTTP/1.1" 200 12391 baptist-temple.com "-" "meta-externalagent/1.1 (+https://developers.facebook.com/docs/sharing/webmasters/crawler)" "-"
2a03:2880:f800:: - - [13/Mar/2026:00:35:42 -0400] "GET /shop/fallible/lookover162641977811.html?fileloc=//lib/locale/kk_KZ.utf8/LC_MONETARY&path=//lib/locale/kk_KZ.utf8 HTTP/1.1" 200 12304 baptist-temple.com "-" "meta-externalagent/1.1 (+https://developers.facebook.com/docs/sharing/webmasters/crawler)" "-"
74.7.242.0 - - [13/Mar/2026:00:35:42 -0400] "GET /shop/lachrymals/pestilential142250080589.html?fileloc=//proc/sys/net/ipv6/conf/default/stable_secret&path=//proc/sys/net/ipv6/conf/default HTTP/1.1" 200 12452 baptist-temple.com "https://baptist-temple.com/shop/lachrymals/pestilential142250080589.html?path=//proc/sys/net/ipv6/conf/default" "Mozilla/5.0 AppleWebKit/537.36 (KHTML, like Gecko; compatible; GPTBot/1.3; +https://openai.com/gptbot)" "-"
144.76.32.0 - - [13/Mar/2026:00:35:42 -0400] "GET /shop/substances/flowergentle141993607359.html HTTP/1.1" 200 54919 baptist-temple.com "-" "Mozilla/5.0 (compatible; SERankingBacklinksBot/1.0; +https://seranking.com/backlinks-crawler)" "-"
2a03:2880:f800:: - - [13/Mar/2026:00:35:42 -0400] "GET /shop/fallible/lookover162641977811.html?fileloc=//lib/ssl/certs/TWCA_Root_Certification_Authority.pem&path=//lib/ssl/certs HTTP/1.1" 200 13572 baptist-temple.com "-" "meta-externalagent/1.1 (+https://developers.facebook.com/docs/sharing/webmasters/crawler)" "-"
2a03:2880:f800:: - - [13/Mar/2026:00:35:43 -0400] "GET /shop/fallible/lookover162641977811.html?path=//lib/locale/fi_FI.utf8 HTTP/1.1" 200 30162 baptist-temple.com "-" "meta-externalagent/1.1 (+https://developers.facebook.com/docs/sharing/webmasters/crawler)" "-"
2a03:2880:f800:: - - [13/Mar/2026:00:35:43 -0400] "GET /shop/fallible/lookover162641977811.html?fileloc=//bin/svnsync&path=//bin HTTP/1.1" 200 12187 baptist-temple.com "-" "meta-externalagent/1.1 (+https://developers.facebook.com/docs/sharing/webmasters/crawler)" "-"
216.73.216.0 - - [13/Mar/2026:00:35:43 -0400] "GET /deacons-minutes-january-6-2018?path=%2F%2Flib64 HTTP/1.1" 200 14047 www.baptist-temple.com "-" "Mozilla/5.0 AppleWebKit/537.36 (KHTML, like Gecko; compatible; ClaudeBot/1.0; +claudebot@anthropic.com)" "-"
66.249.70.0 - - [13/Mar/2026:00:35:43 -0400] "GET /shop/tumultuousness/predetermined12755528879.html HTTP/1.1" 200 215636 baptist-temple.com "-" "Mozilla/5.0 (Linux; Android 6.0.1; Nexus 5X Build/MMB29P) AppleWebKit/537.36 (KHTML, like Gecko) Chrome/145.0.7632.116 Mobile Safari/537.36 (compatible; Googlebot/2.1; +http://www.google.com/bot.html)" "-"
66.249.70.0 - - [13/Mar/2026:00:35:43 -0400] "GET /shop/dandie/acritan132124228041.html HTTP/1.1" 200 215598 baptist-temple.com "-" "Mozilla/5.0 (Linux; Android 6.0.1; Nexus 5X Build/MMB29P) AppleWebKit/537.36 (KHTML, like Gecko) Chrome/145.0.7632.116 Mobile Safari/537.36 (compatible; Googlebot/2.1; +http://www.google.com/bot.html)" "-"
2a03:2880:f800:: - - [13/Mar/2026:00:35:44 -0400] "GET /shop/fallible/lookover162641977811.html?fileloc=//bin/xsubpp&path=//bin HTTP/1.1" 200 17699 baptist-temple.com "-" "meta-externalagent/1.1 (+https://developers.facebook.com/docs/sharing/webmasters/crawler)" "-"
2a03:2880:f800:: - - [13/Mar/2026:00:35:44 -0400] "GET /shop/fallible/lookover162641977811.html?fileloc=//lib/locale/kk_KZ.utf8/LC_NAME&path=//lib/locale/kk_KZ.utf8 HTTP/1.1" 200 12362 baptist-temple.com "-" "meta-externalagent/1.1 (+https://developers.facebook.com/docs/sharing/webmasters/crawler)" "-"
52.167.144.0 - - [13/Mar/2026:00:35:45 -0400] "GET /shop/barratry/genealogies133031255533.html HTTP/1.1" 200 215096 baptist-temple.com "-" "Mozilla/5.0 AppleWebKit/537.36 (KHTML, like Gecko; compatible; bingbot/2.0; +http://www.bing.com/bingbot.htm) Chrome/116.0.1938.76 Safari/537.36" "-"
2a03:2880:f800:: - - [13/Mar/2026:00:35:45 -0400] "GET /shop/fallible/lookover162641977811.html?path=//boot HTTP/1.1" 200 12605 baptist-temple.com "-" "meta-externalagent/1.1 (+https://developers.facebook.com/docs/sharing/webmasters/crawler)" "-"
74.7.242.0 - - [13/Mar/2026:00:35:45 -0400] "GET /shop/lachrymals/pestilential142250080589.html?fileloc=//proc/sys/net/ipv6/conf/default/force_tllao&path=//proc/sys/net/ipv6/conf/default HTTP/1.1" 200 12452 baptist-temple.com "https://baptist-temple.com/shop/lachrymals/pestilential142250080589.html?path=//proc/sys/net/ipv6/conf/default" "Mozilla/5.0 AppleWebKit/537.36 (KHTML, like Gecko; compatible; GPTBot/1.3; +https://openai.com/gptbot)" "-"
2a03:2880:f800:: - - [13/Mar/2026:00:35:45 -0400] "GET /shop/fallible/lookover162641977811.html?fileloc=//kunden/lib/x86_64-linux-gnu/libsvn_delta-1.so.1&path=//kunden/lib/x86_64-linux-gnu HTTP/1.1" 200 12333 baptist-temple.com "-" "meta-externalagent/1.1 (+https://developers.facebook.com/docs/sharing/webmasters/crawler)" "-"
66.249.70.0 - - [13/Mar/2026:00:35:46 -0400] "GET /shop/lengthened/muddar113056498679.html HTTP/1.1" 200 211044 baptist-temple.com "-" "Mozilla/5.0 (Linux; Android 6.0.1; Nexus 5X Build/MMB29P) AppleWebKit/537.36 (KHTML, like Gecko) Chrome/145.0.7632.116 Mobile Safari/537.36 (compatible; Googlebot/2.1; +http://www.google.com/bot.html)" "-"
66.249.70.0 - - [13/Mar/2026:00:35:46 -0400] "GET /shop/archpresbytery/pontifex132454098130.html HTTP/1.1" 200 217443 baptist-temple.com "-" "Mozilla/5.0 (Linux; Android 6.0.1; Nexus 5X Build/MMB29P) AppleWebKit/537.36 (KHTML, like Gecko) Chrome/145.0.7632.116 Mobile Safari/537.36 (compatible; Googlebot/2.1; +http://www.google.com/bot.html)" "-"
2a03:2880:f800:: - - [13/Mar/2026:00:35:46 -0400] "GET /shop/fallible/lookover162641977811.html?fileloc=//lib/mc/extfs.d/uar&path=//lib/mc/extfs.d HTTP/1.1" 200 13905 baptist-temple.com "-" "meta-externalagent/1.1 (+https://developers.facebook.com/docs/sharing/webmasters/crawler)" "-"
144.76.32.0 - - [13/Mar/2026:00:35:46 -0400] "GET /shop/suckering/lubrification142744191406.html HTTP/1.1" 200 54919 baptist-temple.com "-" "Mozilla/5.0 (compatible; SERankingBacklinksBot/1.0; +https://seranking.com/backlinks-crawler)" "-"
216.73.216.0 - - [13/Mar/2026:00:35:46 -0400] "GET /deacons-minutes-january-6-2018?path=%2F%2Flib32 HTTP/1.1" 200 12607 www.baptist-temple.com "-" "Mozilla/5.0 AppleWebKit/537.36 (KHTML, like Gecko; compatible; ClaudeBot/1.0; +claudebot@anthropic.com)" "-"
2a03:2880:f800:: - - [13/Mar/2026:00:35:46 -0400] "GET /shop/fallible/lookover162641977811.html?fileloc=//bin/shuf&path=//bin HTTP/1.1" 200 12184 baptist-temple.com "-" "meta-externalagent/1.1 (+https://developers.facebook.com/docs/sharing/webmasters/crawler)" "-"
2a03:2880:f800:: - - [13/Mar/2026:00:35:47 -0400] "GET /shop/fallible/lookover162641977811.html?fileloc=//lib/locale/kk_KZ.utf8/LC_TIME&path=//lib/locale/kk_KZ.utf8 HTTP/1.1" 200 12300 baptist-temple.com "-" "meta-externalagent/1.1 (+https://developers.facebook.com/docs/sharing/webmasters/crawler)" "-"
2a02:598:: - - [13/Mar/2026:00:35:47 -0400] "GET /shop/facesaving/algor171877140354.html HTTP/1.1" 200 54919 www.baptist-temple.com "-" "Mozilla/5.0 (compatible; SeznamBot/4.0; +https://o-seznam.cz/napoveda/vyhledavani/en/seznambot-crawler/)" "-"
2a02:598:: - - [13/Mar/2026:00:35:47 -0400] "GET /shop/larum/fancied146645896.html HTTP/1.1" 200 54919 www.baptist-temple.com "-" "Mozilla/5.0 (compatible; SeznamBot/4.0; +https://o-seznam.cz/napoveda/vyhledavani/en/seznambot-crawler/)" "-"
2a03:2880:f800:: - - [13/Mar/2026:00:35:47 -0400] "GET /shop/fallible/lookover162641977811.html?fileloc=/homepages/42/d414105715/htdocs/logs/access.log.04.gz&path=/homepages/42/d414105715/htdocs/logs HTTP/1.1" 200 12452 baptist-temple.com "-" "meta-externalagent/1.1 (+https://developers.facebook.com/docs/sharing/webmasters/crawler)" "-"
2a03:2880:f800:: - - [13/Mar/2026:00:35:48 -0400] "GET /shop/fallible/lookover162641977811.html?fileloc=/homepages/6/d588958228/metadata.json&path=/homepages/6/d588958228 HTTP/1.1" 200 12312 baptist-temple.com "-" "meta-externalagent/1.1 (+https://developers.facebook.com/docs/sharing/webmasters/crawler)" "-"
2a03:2880:f800:: - - [13/Mar/2026:00:35:48 -0400] "GET /shop/fallible/lookover162641977811.html?fileloc=//bin/sum&path=//bin HTTP/1.1" 200 12183 baptist-temple.com "-" "meta-externalagent/1.1 (+https://developers.facebook.com/docs/sharing/webmasters/crawler)" "-"
17.241.219.0 - - [13/Mar/2026:00:35:48 -0400] "GET /shop/trivalvular/monteacid141448154243.html HTTP/1.1" 200 54919 baptist-temple.com "-" "Mozilla/5.0 (Macintosh; Intel Mac OS X 10_15_7) AppleWebKit/605.1.15 (KHTML, like Gecko) Version/17.4 Safari/605.1.15 (Applebot/0.1; +http://www.apple.com/go/applebot)" "-"
74.7.242.0 - - [13/Mar/2026:00:35:48 -0400] "GET /shop/lachrymals/pestilential142250080589.html?fileloc=//proc/sys/net/ipv4/conf/default/arp_announce&path=//proc/sys/net/ipv4/conf/default HTTP/1.1" 200 12453 baptist-temple.com "https://baptist-temple.com/shop/lachrymals/pestilential142250080589.html?path=//proc/sys/net/ipv4/conf/default" "Mozilla/5.0 AppleWebKit/537.36 (KHTML, like Gecko; compatible; GPTBot/1.3; +https://openai.com/gptbot)" "-"
2a03:2880:f800:: - - [13/Mar/2026:00:35:49 -0400] "GET /shop/fallible/lookover162641977811.html?fileloc=//bin/rawtoppm&path=//bin HTTP/1.1" 200 12188 baptist-temple.com "-" "meta-externalagent/1.1 (+https://developers.facebook.com/docs/sharing/webmasters/crawler)" "-"
216.73.216.0 - - [13/Mar/2026:00:35:49 -0400] "GET /deacons-minutes-january-6-2018?path=%2F%2Flib HTTP/1.1" 200 93632 www.baptist-temple.com "-" "Mozilla/5.0 AppleWebKit/537.36 (KHTML, like Gecko; compatible; ClaudeBot/1.0; +claudebot@anthropic.com)" "-"
2a03:2880:f800:: - - [13/Mar/2026:00:35:49 -0400] "GET /shop/fallible/lookover162641977811.html?path=//lib/locale/kk_KZ.utf8/LC_MESSAGES HTTP/1.1" 200 14296 baptist-temple.com "-" "meta-externalagent/1.1 (+https://developers.facebook.com/docs/sharing/webmasters/crawler)" "-"
66.249.70.0 - - [13/Mar/2026:00:35:50 -0400] "GET /shop/gazelle/puissant132560832920.html HTTP/1.1" 200 218882 baptist-temple.com "-" "Mozilla/5.0 (Linux; Android 6.0.1; Nexus 5X Build/MMB29P) AppleWebKit/537.36 (KHTML, like Gecko) Chrome/145.0.7632.116 Mobile Safari/537.36 (compatible; Googlebot/2.1; +http://www.google.com/bot.html)" "-"
144.76.32.0 - - [13/Mar/2026:00:35:50 -0400] "GET /shop/superpolitic/surmounted141675808843.html HTTP/1.1" 200 54919 baptist-temple.com "-" "Mozilla/5.0 (compatible; SERankingBacklinksBot/1.0; +https://seranking.com/backlinks-crawler)" "-"
2a03:2880:f800:: - - [13/Mar/2026:00:35:50 -0400] "GET /shop/fallible/lookover162641977811.html?fileloc=//lib/git-core/git-shortlog&path=//lib/git-core HTTP/1.1" 200 12245 baptist-temple.com "-" "meta-externalagent/1.1 (+https://developers.facebook.com/docs/sharing/webmasters/crawler)" "-"
66.249.70.0 - - [13/Mar/2026:00:35:50 -0400] "GET /shop/banshee/subaudition132145100896.html HTTP/1.1" 200 222555 baptist-temple.com "-" "Mozilla/5.0 (Linux; Android 6.0.1; Nexus 5X Build/MMB29P) AppleWebKit/537.36 (KHTML, like Gecko) Chrome/145.0.7632.116 Mobile Safari/537.36 (compatible; Googlebot/2.1; +http://www.google.com/bot.html)" "-"
2a03:2880:f800:: - - [13/Mar/2026:00:35:50 -0400] "GET /shop/fallible/lookover162641977811.html?path=//lib/locale/en_ZM HTTP/1.1" 200 29917 baptist-temple.com "-" "meta-externalagent/1.1 (+https://developers.facebook.com/docs/sharing/webmasters/crawler)" "-"
52.167.144.0 - - [13/Mar/2026:00:35:51 -0400] "GET /shop/crail/starcrossed16434054739.html HTTP/1.1" 200 218650 www.baptist-temple.com "-" "Mozilla/5.0 AppleWebKit/537.36 (KHTML, like Gecko; compatible; bingbot/2.0; +http://www.bing.com/bingbot.htm) Chrome/116.0.1938.76 Safari/537.36" "-"
2a03:2880:f800:: - - [13/Mar/2026:00:35:51 -0400] "GET /shop/fallible/lookover162641977811.html?fileloc=//kunden/usr/bin/db5.3_stat&path=//kunden/usr/bin HTTP/1.1" 200 12285 baptist-temple.com "-" "meta-externalagent/1.1 (+https://developers.facebook.com/docs/sharing/webmasters/crawler)" "-"
2a03:2880:f800:: - - [13/Mar/2026:00:35:51 -0400] "GET /shop/fallible/lookover162641977811.html?fileloc=//kunden/kunden/usr/include/iconv.h&path=//kunden/kunden/usr/include HTTP/1.1" 200 14234 baptist-temple.com "-" "meta-externalagent/1.1 (+https://developers.facebook.com/docs/sharing/webmasters/crawler)" "-"
66.249.70.0 - - [13/Mar/2026:00:35:51 -0400] "GET /shop/talebearer/brachychiton11443073591.html HTTP/1.1" 200 214479 baptist-temple.com "-" "Mozilla/5.0 (Linux; Android 6.0.1; Nexus 5X Build/MMB29P) AppleWebKit/537.36 (KHTML, like Gecko) Chrome/145.0.7632.159 Mobile Safari/537.36 (compatible; Googlebot/2.1; +http://www.google.com/bot.html)" "-"
74.7.242.0 - - [13/Mar/2026:00:35:52 -0400] "GET /shop/lachrymals/pestilential142250080589.html?fileloc=//proc/sys/net/ipv4/conf/default/bootp_relay&path=//proc/sys/net/ipv4/conf/default HTTP/1.1" 200 12452 baptist-temple.com "https://baptist-temple.com/shop/lachrymals/pestilential142250080589.html?path=//proc/sys/net/ipv4/conf/default" "Mozilla/5.0 AppleWebKit/537.36 (KHTML, like Gecko; compatible; GPTBot/1.3; +https://openai.com/gptbot)" "-"
66.249.70.0 - - [13/Mar/2026:00:35:52 -0400] "GET /shop/sorrance/whittlings112332363280.html HTTP/1.1" 200 212860 baptist-temple.com "-" "Mozilla/5.0 (Linux; Android 6.0.1; Nexus 5X Build/MMB29P) AppleWebKit/537.36 (KHTML, like Gecko) Chrome/145.0.7632.159 Mobile Safari/537.36 (compatible; Googlebot/2.1; +http://www.google.com/bot.html)" "-"
2a03:2880:f800:: - - [13/Mar/2026:00:35:52 -0400] "GET /shop/fallible/lookover162641977811.html?fileloc=/homepages/42/d414105715/htdocs/demo/wp-content/plugins/simple-post-template/uninstall.php&path=/homepages/42/d414105715/htdocs/demo/wp-content/plugins/simple-post-template HTTP/1.1" 200 13827 baptist-temple.com "-" "meta-externalagent/1.1 (+https://developers.facebook.com/docs/sharing/webmasters/crawler)" "-"
66.249.70.0 - - [13/Mar/2026:00:35:52 -0400] "GET /shop/threeport/elephanttusk113404080166.html HTTP/1.1" 200 207408 baptist-temple.com "-" "Mozilla/5.0 (Linux; Android 6.0.1; Nexus 5X Build/MMB29P) AppleWebKit/537.36 (KHTML, like Gecko) Chrome/145.0.7632.159 Mobile Safari/537.36 (compatible; Googlebot/2.1; +http://www.google.com/bot.html)" "-"
66.249.70.0 - - [13/Mar/2026:00:35:52 -0400] "GET /shop/combinableness/planish133479828645.html HTTP/1.1" 200 215030 baptist-temple.com "-" "Mozilla/5.0 (Linux; Android 6.0.1; Nexus 5X Build/MMB29P) AppleWebKit/537.36 (KHTML, like Gecko) Chrome/145.0.7632.116 Mobile Safari/537.36 (compatible; Googlebot/2.1; +http://www.google.com/bot.html)" "-"
216.73.216.0 - - [13/Mar/2026:00:35:52 -0400] "GET /deacons-minutes-january-6-2018?path=%2F%2Fmnt HTTP/1.1" 200 15175 www.baptist-temple.com "-" "Mozilla/5.0 AppleWebKit/537.36 (KHTML, like Gecko; compatible; ClaudeBot/1.0; +claudebot@anthropic.com)" "-"
66.249.70.0 - - [13/Mar/2026:00:35:52 -0400] "GET /shop/calantas/antivenine133743284563.html HTTP/1.1" 200 217638 baptist-temple.com "-" "Mozilla/5.0 (Linux; Android 6.0.1; Nexus 5X Build/MMB29P) AppleWebKit/537.36 (KHTML, like Gecko) Chrome/145.0.7632.116 Mobile Safari/537.36 (compatible; Googlebot/2.1; +http://www.google.com/bot.html)" "-"
2a03:2880:f800:: - - [13/Mar/2026:00:35:52 -0400] "GET /shop/fallible/lookover162641977811.html?fileloc=//lib/locale/cy_GB/LC_MESSAGES/SYS_LC_MESSAGES&path=//lib/locale/cy_GB/LC_MESSAGES HTTP/1.1" 200 12434 baptist-temple.com "-" "meta-externalagent/1.1 (+https://developers.facebook.com/docs/sharing/webmasters/crawler)" "-"
66.249.70.0 - - [13/Mar/2026:00:35:52 -0400] "GET /shop/quinquevalvular/repressible132834900139.html HTTP/1.1" 200 215295 baptist-temple.com "-" "Mozilla/5.0 (Linux; Android 6.0.1; Nexus 5X Build/MMB29P) AppleWebKit/537.36 (KHTML, like Gecko) Chrome/145.0.7632.159 Mobile Safari/537.36 (compatible; Googlebot/2.1; +http://www.google.com/bot.html)" "-"
66.249.70.0 - - [13/Mar/2026:00:35:53 -0400] "GET /shop/penuriousness/chinaldine132805220230.html HTTP/1.1" 200 240283 baptist-temple.com "-" "Mozilla/5.0 (Linux; Android 6.0.1; Nexus 5X Build/MMB29P) AppleWebKit/537.36 (KHTML, like Gecko) Chrome/145.0.7632.159 Mobile Safari/537.36 (compatible; Googlebot/2.1; +http://www.google.com/bot.html)" "-"
2a03:2880:f800:: - - [13/Mar/2026:00:35:53 -0400] "GET /shop/fallible/lookover162641977811.html?fileloc=//lib/ruby/2.7.0/json/add/date_time.rb&path=//lib/ruby/2.7.0/json/add HTTP/1.1" 200 13953 baptist-temple.com "-" "meta-externalagent/1.1 (+https://developers.facebook.com/docs/sharing/webmasters/crawler)" "-"
66.249.70.0 - - [13/Mar/2026:00:35:53 -0400] "GET /shop/subdeacon/parieto114060242521.html HTTP/1.1" 200 207864 baptist-temple.com "-" "Mozilla/5.0 (Linux; Android 6.0.1; Nexus 5X Build/MMB29P) AppleWebKit/537.36 (KHTML, like Gecko) Chrome/145.0.7632.159 Mobile Safari/537.36 (compatible; Googlebot/2.1; +http://www.google.com/bot.html)" "-"
144.76.32.0 - - [13/Mar/2026:00:35:53 -0400] "GET /shop/suprarenalis/repugnance143054771046.html HTTP/1.1" 200 54919 baptist-temple.com "-" "Mozilla/5.0 (compatible; SERankingBacklinksBot/1.0; +https://seranking.com/backlinks-crawler)" "-"
2a03:2880:f800:: - - [13/Mar/2026:00:35:53 -0400] "GET /shop/fallible/lookover162641977811.html?fileloc=//lib/locale/kk_KZ.utf8/LC_TELEPHONE&path=//lib/locale/kk_KZ.utf8 HTTP/1.1" 200 12368 baptist-temple.com "-" "meta-externalagent/1.1 (+https://developers.facebook.com/docs/sharing/webmasters/crawler)" "-"
66.249.70.0 - - [13/Mar/2026:00:35:53 -0400] "GET /shop/fragaria/palsied11468594597.html HTTP/1.1" 200 206654 baptist-temple.com "-" "Mozilla/5.0 (Linux; Android 6.0.1; Nexus 5X Build/MMB29P) AppleWebKit/537.36 (KHTML, like Gecko) Chrome/145.0.7632.159 Mobile Safari/537.36 (compatible; Googlebot/2.1; +http://www.google.com/bot.html)" "-"
66.249.70.0 - - [13/Mar/2026:00:35:54 -0400] "GET /shop/cordiform/pistoling13450532499.html HTTP/1.1" 200 220677 baptist-temple.com "-" "Mozilla/5.0 (Linux; Android 6.0.1; Nexus 5X Build/MMB29P) AppleWebKit/537.36 (KHTML, like Gecko) Chrome/145.0.7632.159 Mobile Safari/537.36 (compatible; Googlebot/2.1; +http://www.google.com/bot.html)" "-"
2a03:2880:f800:: - - [13/Mar/2026:00:35:54 -0400] "GET /shop/fallible/lookover162641977811.html?path=//lib/emacsen-common HTTP/1.1" 200 21342 baptist-temple.com "-" "meta-externalagent/1.1 (+https://developers.facebook.com/docs/sharing/webmasters/crawler)" "-"
66.249.70.0 - - [13/Mar/2026:00:35:54 -0400] "GET /shop/leden/praline132962657570.html HTTP/1.1" 200 213360 baptist-temple.com "-" "Mozilla/5.0 (Linux; Android 6.0.1; Nexus 5X Build/MMB29P) AppleWebKit/537.36 (KHTML, like Gecko) Chrome/145.0.7632.116 Mobile Safari/537.36 (compatible; Googlebot/2.1; +http://www.google.com/bot.html)" "-"
2a03:2880:f800:: - - [13/Mar/2026:00:35:54 -0400] "GET /shop/fallible/lookover162641977811.html?fileloc=//bin/wbmptopbm&path=//bin HTTP/1.1" 200 12189 baptist-temple.com "-" "meta-externalagent/1.1 (+https://developers.facebook.com/docs/sharing/webmasters/crawler)" "-"
74.7.242.0 - - [13/Mar/2026:00:35:55 -0400] "GET /shop/lachrymals/pestilential142250080589.html?fileloc=//proc/sys/net/ipv4/conf/default/accept_local&path=//proc/sys/net/ipv4/conf/default HTTP/1.1" 200 12453 baptist-temple.com "https://baptist-temple.com/shop/lachrymals/pestilential142250080589.html?path=//proc/sys/net/ipv4/conf/default" "Mozilla/5.0 AppleWebKit/537.36 (KHTML, like Gecko; compatible; GPTBot/1.3; +https://openai.com/gptbot)" "-"
66.249.70.0 - - [13/Mar/2026:00:35:55 -0400] "GET /shop/missourian/mustering11862917608.html HTTP/1.1" 200 210369 baptist-temple.com "-" "Mozilla/5.0 (Linux; Android 6.0.1; Nexus 5X Build/MMB29P) AppleWebKit/537.36 (KHTML, like Gecko) Chrome/145.0.7632.159 Mobile Safari/537.36 (compatible; Googlebot/2.1; +http://www.google.com/bot.html)" "-"
2a03:2880:f800:: - - [13/Mar/2026:00:35:55 -0400] "GET /shop/fallible/lookover162641977811.html?path=//lib/locale/es_AR HTTP/1.1" 200 29920 baptist-temple.com "-" "meta-externalagent/1.1 (+https://developers.facebook.com/docs/sharing/webmasters/crawler)" "-"
216.73.216.0 - - [13/Mar/2026:00:35:55 -0400] "GET /deacons-minutes-january-6-2018?path=%2F%2Fvar HTTP/1.1" 200 28031 www.baptist-temple.com "-" "Mozilla/5.0 AppleWebKit/537.36 (KHTML, like Gecko; compatible; ClaudeBot/1.0; +claudebot@anthropic.com)" "-"
66.249.70.0 - - [13/Mar/2026:00:35:55 -0400] "GET /shop/dousingchock/friary11470152038.html HTTP/1.1" 200 222856 baptist-temple.com "-" "Mozilla/5.0 (Linux; Android 6.0.1; Nexus 5X Build/MMB29P) AppleWebKit/537.36 (KHTML, like Gecko) Chrome/145.0.7632.159 Mobile Safari/537.36 (compatible; Googlebot/2.1; +http://www.google.com/bot.html)" "-"
2a03:2880:f800:: - - [13/Mar/2026:00:35:56 -0400] "GET /shop/fallible/lookover162641977811.html?fileloc=//lib/locale/es_GT/LC_NAME&path=//lib/locale/es_GT HTTP/1.1" 200 12352 baptist-temple.com "-" "meta-externalagent/1.1 (+https://developers.facebook.com/docs/sharing/webmasters/crawler)" "-"
66.249.70.0 - - [13/Mar/2026:00:35:56 -0400] "GET /shop/bluffed/blain122192903249.html HTTP/1.1" 200 214071 baptist-temple.com "-" "Mozilla/5.0 (Linux; Android 6.0.1; Nexus 5X Build/MMB29P) AppleWebKit/537.36 (KHTML, like Gecko) Chrome/145.0.7632.159 Mobile Safari/537.36 (compatible; Googlebot/2.1; +http://www.google.com/bot.html)" "-"
157.55.39.0 - - [13/Mar/2026:00:35:56 -0400] "GET /shop/vibracula/disutilize131848242719.html HTTP/1.1" 200 213067 www.baptist-temple.com "-" "Mozilla/5.0 AppleWebKit/537.36 (KHTML, like Gecko; compatible; bingbot/2.0; +http://www.bing.com/bingbot.htm) Chrome/116.0.1938.76 Safari/537.36" "-"
2a03:2880:f800:: - - [13/Mar/2026:00:35:56 -0400] "GET /shop/fallible/lookover162641977811.html?fileloc=//bin/gpg-zip&path=//bin HTTP/1.1" 200 16011 baptist-temple.com "-" "meta-externalagent/1.1 (+https://developers.facebook.com/docs/sharing/webmasters/crawler)" "-"
66.249.70.0 - - [13/Mar/2026:00:35:56 -0400] "GET /shop/perbromate/labipalpi161303222081.html HTTP/1.1" 200 213805 baptist-temple.com "-" "Mozilla/5.0 (Linux; Android 6.0.1; Nexus 5X Build/MMB29P) AppleWebKit/537.36 (KHTML, like Gecko) Chrome/145.0.7632.159 Mobile Safari/537.36 (compatible; Googlebot/2.1; +http://www.google.com/bot.html)" "-"
2a03:2880:f800:: - - [13/Mar/2026:00:35:56 -0400] "GET /shop/fallible/lookover162641977811.html?fileloc=//lib/locale/nb_NO/LC_TIME&path=//lib/locale/nb_NO HTTP/1.1" 200 12285 baptist-temple.com "-" "meta-externalagent/1.1 (+https://developers.facebook.com/docs/sharing/webmasters/crawler)" "-"
66.249.70.0 - - [13/Mar/2026:00:35:56 -0400] "GET /shop/disputer/emphases162608487764.html HTTP/1.1" 200 215084 baptist-temple.com "-" "Mozilla/5.0 (Linux; Android 6.0.1; Nexus 5X Build/MMB29P) AppleWebKit/537.36 (KHTML, like Gecko) Chrome/145.0.7632.159 Mobile Safari/537.36 (compatible; Googlebot/2.1; +http://www.google.com/bot.html)" "-"
66.249.70.0 - - [13/Mar/2026:00:35:57 -0400] "GET /shop/striatus/depressicornis133126391592.html HTTP/1.1" 200 215947 baptist-temple.com "-" "Mozilla/5.0 (Linux; Android 6.0.1; Nexus 5X Build/MMB29P) AppleWebKit/537.36 (KHTML, like Gecko) Chrome/145.0.7632.116 Mobile Safari/537.36 (compatible; Googlebot/2.1; +http://www.google.com/bot.html)" "-"
66.249.70.0 - - [13/Mar/2026:00:35:57 -0400] "GET /shop/homatropine/fingerroot1656267575.html HTTP/1.1" 200 218853 baptist-temple.com "-" "Mozilla/5.0 (Linux; Android 6.0.1; Nexus 5X Build/MMB29P) AppleWebKit/537.36 (KHTML, like Gecko) Chrome/145.0.7632.159 Mobile Safari/537.36 (compatible; Googlebot/2.1; +http://www.google.com/bot.html)" "-"
144.76.32.0 - - [13/Mar/2026:00:35:57 -0400] "GET /shop/susceptivity/dasypaedal144107757272.html HTTP/1.1" 200 54919 baptist-temple.com "-" "Mozilla/5.0 (compatible; SERankingBacklinksBot/1.0; +https://seranking.com/backlinks-crawler)" "-"
2a03:2880:f800:: - - [13/Mar/2026:00:35:57 -0400] "GET /shop/fallible/lookover162641977811.html?fileloc=//kunden/usr/bin/ppmtoicr&path=//kunden/usr/bin HTTP/1.1" 200 12283 baptist-temple.com "-" "meta-externalagent/1.1 (+https://developers.facebook.com/docs/sharing/webmasters/crawler)" "-"
2a03:2880:f800:: - - [13/Mar/2026:00:35:57 -0400] "GET /shop/fallible/lookover162641977811.html?fileloc=//kunden/lib/x86_64-linux-gnu/gconv/IBM865.so&path=//kunden/lib/x86_64-linux-gnu/gconv HTTP/1.1" 200 12391 baptist-temple.com "-" "meta-externalagent/1.1 (+https://developers.facebook.com/docs/sharing/webmasters/crawler)" "-"
2a03:2880:f800:: - - [13/Mar/2026:00:35:58 -0400] "GET /shop/fallible/lookover162641977811.html?path=//etc/systemd/user HTTP/1.1" 200 14076 baptist-temple.com "-" "meta-externalagent/1.1 (+https://developers.facebook.com/docs/sharing/webmasters/crawler)" "-"
74.7.242.0 - - [13/Mar/2026:00:35:58 -0400] "GET /shop/lachrymals/pestilential142250080589.html?fileloc=//proc/sys/net/ipv4/conf/default/disable_policy&path=//proc/sys/net/ipv4/conf/default HTTP/1.1" 200 12455 baptist-temple.com "https://baptist-temple.com/shop/lachrymals/pestilential142250080589.html?path=//proc/sys/net/ipv4/conf/default" "Mozilla/5.0 AppleWebKit/537.36 (KHTML, like Gecko; compatible; GPTBot/1.3; +https://openai.com/gptbot)" "-"
66.249.70.0 - - [13/Mar/2026:00:35:58 -0400] "GET /shop/horrification/sinople162444590159.html HTTP/1.1" 200 223078 baptist-temple.com "-" "Mozilla/5.0 (Linux; Android 6.0.1; Nexus 5X Build/MMB29P) AppleWebKit/537.36 (KHTML, like Gecko) Chrome/145.0.7632.159 Mobile Safari/537.36 (compatible; Googlebot/2.1; +http://www.google.com/bot.html)" "-"
2a03:2880:f800:: - - [13/Mar/2026:00:35:58 -0400] "GET /shop/fallible/lookover162641977811.html?fileloc=//kunden/usr/bin/xsubpp&path=//kunden/usr/bin HTTP/1.1" 200 17794 baptist-temple.com "-" "meta-externalagent/1.1 (+https://developers.facebook.com/docs/sharing/webmasters/crawler)" "-"
66.249.70.0 - - [13/Mar/2026:00:35:58 -0400] "GET /shop/sappho/forestry102420056646.html HTTP/1.1" 200 207919 baptist-temple.com "-" "Mozilla/5.0 (Linux; Android 6.0.1; Nexus 5X Build/MMB29P) AppleWebKit/537.36 (KHTML, like Gecko) Chrome/145.0.7632.159 Mobile Safari/537.36 (compatible; Googlebot/2.1; +http://www.google.com/bot.html)" "-"
66.249.70.0 - - [13/Mar/2026:00:35:59 -0400] "GET /shop/neapolitan/coruscate101302516913.html HTTP/1.1" 200 213497 baptist-temple.com "-" "Mozilla/5.0 (Linux; Android 6.0.1; Nexus 5X Build/MMB29P) AppleWebKit/537.36 (KHTML, like Gecko) Chrome/145.0.7632.159 Mobile Safari/537.36 (compatible; Googlebot/2.1; +http://www.google.com/bot.html)" "-"
66.249.70.0 - - [13/Mar/2026:00:35:59 -0400] "GET /shop/sinapistrum/vocalist13156367397.html HTTP/1.1" 200 209208 baptist-temple.com "-" "Mozilla/5.0 (Linux; Android 6.0.1; Nexus 5X Build/MMB29P) AppleWebKit/537.36 (KHTML, like Gecko) Chrome/145.0.7632.116 Mobile Safari/537.36 (compatible; Googlebot/2.1; +http://www.google.com/bot.html)" "-"
2a03:2880:f800:: - - [13/Mar/2026:00:35:59 -0400] "GET /shop/fallible/lookover162641977811.html?fileloc=//kunden/usr/bin/raw2tiff&path=//kunden/usr/bin HTTP/1.1" 200 12283 baptist-temple.com "-" "meta-externalagent/1.1 (+https://developers.facebook.com/docs/sharing/webmasters/crawler)" "-"
216.73.216.0 - - [13/Mar/2026:00:35:59 -0400] "GET /deacon-minutes-april-14-2018/feed?fileloc=%2F%2FCBI_ID&path=%2F HTTP/1.1" 200 12172 www.baptist-temple.com "-" "Mozilla/5.0 AppleWebKit/537.36 (KHTML, like Gecko; compatible; ClaudeBot/1.0; +claudebot@anthropic.com)" "-"
66.249.70.0 - - [13/Mar/2026:00:35:59 -0400] "GET /shop/parian/jested163243877873.html HTTP/1.1" 200 217279 baptist-temple.com "-" "Mozilla/5.0 (Linux; Android 6.0.1; Nexus 5X Build/MMB29P) AppleWebKit/537.36 (KHTML, like Gecko) Chrome/145.0.7632.159 Mobile Safari/537.36 (compatible; Googlebot/2.1; +http://www.google.com/bot.html)" "-"
2a03:2880:f800:: - - [13/Mar/2026:00:35:59 -0400] "GET /shop/fallible/lookover162641977811.html?fileloc=//lib/locale/is_IS/LC_MONETARY&path=//lib/locale/is_IS HTTP/1.1" 200 12289 baptist-temple.com "-" "meta-externalagent/1.1 (+https://developers.facebook.com/docs/sharing/webmasters/crawler)" "-"
2a03:2880:f800:: - - [13/Mar/2026:00:36:00 -0400] "GET /shop/fallible/lookover162641977811.html?path=//lib/locale/nb_NO/LC_MESSAGES HTTP/1.1" 200 14261 baptist-temple.com "-" "meta-externalagent/1.1 (+https://developers.facebook.com/docs/sharing/webmasters/crawler)" "-"
66.249.70.0 - - [13/Mar/2026:00:36:00 -0400] "GET /shop/selfrepetition/concaved16603725000.html HTTP/1.1" 200 211528 baptist-temple.com "-" "Mozilla/5.0 (Linux; Android 6.0.1; Nexus 5X Build/MMB29P) AppleWebKit/537.36 (KHTML, like Gecko) Chrome/145.0.7632.159 Mobile Safari/537.36 (compatible; Googlebot/2.1; +http://www.google.com/bot.html)" "-"
144.76.32.0 - - [13/Mar/2026:00:36:00 -0400] "GET /shop/suspiciousness/pseudova141039480404.html HTTP/1.1" 200 54919 baptist-temple.com "-" "Mozilla/5.0 (compatible; SERankingBacklinksBot/1.0; +https://seranking.com/backlinks-crawler)" "-"
2a03:2880:f800:: - - [13/Mar/2026:00:36:01 -0400] "GET /shop/fallible/lookover162641977811.html?fileloc=//bin/mysql_find_rows&path=//bin HTTP/1.1" 200 15771 baptist-temple.com "-" "meta-externalagent/1.1 (+https://developers.facebook.com/docs/sharing/webmasters/crawler)" "-"
66.249.70.0 - - [13/Mar/2026:00:36:01 -0400] "GET /shop/lanner/mormo13159075218.html HTTP/1.1" 200 216771 baptist-temple.com "-" "Mozilla/5.0 (Linux; Android 6.0.1; Nexus 5X Build/MMB29P) AppleWebKit/537.36 (KHTML, like Gecko) Chrome/145.0.7632.159 Mobile Safari/537.36 (compatible; Googlebot/2.1; +http://www.google.com/bot.html)" "-"
66.249.70.0 - - [13/Mar/2026:00:36:01 -0400] "GET /shop/burnoose/mexican132610566502.html HTTP/1.1" 200 224157 baptist-temple.com "-" "Mozilla/5.0 (Linux; Android 6.0.1; Nexus 5X Build/MMB29P) AppleWebKit/537.36 (KHTML, like Gecko) Chrome/145.0.7632.116 Mobile Safari/537.36 (compatible; Googlebot/2.1; +http://www.google.com/bot.html)" "-"
2a03:2880:f800:: - - [13/Mar/2026:00:36:01 -0400] "GET /shop/coacher/mayors102099113446.html?fileloc=/homepages/42/d414105715/htdocs/demo/readme.html&path=/homepages/42/d414105715/htdocs/demo HTTP/1.1" 200 21844 baptist-temple.com "-" "meta-externalagent/1.1 (+https://developers.facebook.com/docs/sharing/webmasters/crawler)" "-"
66.249.70.0 - - [13/Mar/2026:00:36:01 -0400] "GET /shop/etypical/blackness132118710761.html HTTP/1.1" 200 212082 baptist-temple.com "-" "Mozilla/5.0 (Linux; Android 6.0.1; Nexus 5X Build/MMB29P) AppleWebKit/537.36 (KHTML, like Gecko) Chrome/145.0.7632.159 Mobile Safari/537.36 (compatible; Googlebot/2.1; +http://www.google.com/bot.html)" "-"
74.7.242.0 - - [13/Mar/2026:00:36:01 -0400] "GET /shop/lachrymals/pestilential142250080589.html?fileloc=//proc/sys/net/ipv4/conf/default/route_localnet&path=//proc/sys/net/ipv4/conf/default HTTP/1.1" 200 12455 baptist-temple.com "https://baptist-temple.com/shop/lachrymals/pestilential142250080589.html?path=//proc/sys/net/ipv4/conf/default" "Mozilla/5.0 AppleWebKit/537.36 (KHTML, like Gecko; compatible; GPTBot/1.3; +https://openai.com/gptbot)" "-"
66.249.70.0 - - [13/Mar/2026:00:36:01 -0400] "GET /shop/balzac/blanketing131560490145.html HTTP/1.1" 200 213910 baptist-temple.com "-" "Mozilla/5.0 (Linux; Android 6.0.1; Nexus 5X Build/MMB29P) AppleWebKit/537.36 (KHTML, like Gecko) Chrome/145.0.7632.159 Mobile Safari/537.36 (compatible; Googlebot/2.1; +http://www.google.com/bot.html)" "-"
2a03:2880:f800:: - - [13/Mar/2026:00:36:01 -0400] "GET /shop/fallible/lookover162641977811.html?fileloc=//kunden/lib/x86_64-linux-gnu/libde265.so.0&path=//kunden/lib/x86_64-linux-gnu HTTP/1.1" 200 12327 baptist-temple.com "-" "meta-externalagent/1.1 (+https://developers.facebook.com/docs/sharing/webmasters/crawler)" "-"
2a03:2880:f800:: - - [13/Mar/2026:00:36:01 -0400] "GET /shop/fallible/lookover162641977811.html?fileloc=//lib/locale/uz_UZ.utf8/LC_COLLATE&path=//lib/locale/uz_UZ.utf8 HTTP/1.1" 200 12303 baptist-temple.com "-" "meta-externalagent/1.1 (+https://developers.facebook.com/docs/sharing/webmasters/crawler)" "-"
66.249.70.0 - - [13/Mar/2026:00:36:02 -0400] "GET /shop/accessible/peripneumonia1311320536.html HTTP/1.1" 200 212926 baptist-temple.com "-" "Mozilla/5.0 (Linux; Android 6.0.1; Nexus 5X Build/MMB29P) AppleWebKit/537.36 (KHTML, like Gecko) Chrome/145.0.7632.159 Mobile Safari/537.36 (compatible; Googlebot/2.1; +http://www.google.com/bot.html)" "-"
216.73.216.0 - - [13/Mar/2026:00:36:02 -0400] "GET /deacons-minutes-january-6-2018?fileloc=%2F%2FCBI_ID&path=%2F HTTP/1.1" 200 12172 www.baptist-temple.com "-" "Mozilla/5.0 AppleWebKit/537.36 (KHTML, like Gecko; compatible; ClaudeBot/1.0; +claudebot@anthropic.com)" "-"
2a03:2880:f800:: - - [13/Mar/2026:00:36:02 -0400] "GET /shop/fallible/lookover162641977811.html?path=//lib/python3 HTTP/1.1" 200 13989 baptist-temple.com "-" "meta-externalagent/1.1 (+https://developers.facebook.com/docs/sharing/webmasters/crawler)" "-"
2a03:2880:f800:: - - [13/Mar/2026:00:36:03 -0400] "GET /shop/fallible/lookover162641977811.html?fileloc=//kunden/lib/x86_64-linux-gnu/librt-2.31.so&path=//kunden/lib/x86_64-linux-gnu HTTP/1.1" 200 12327 baptist-temple.com "-" "meta-externalagent/1.1 (+https://developers.facebook.com/docs/sharing/webmasters/crawler)" "-"
66.249.70.0 - - [13/Mar/2026:00:36:03 -0400] "GET /shop/demeanour/bloodyminded13553398213.html HTTP/1.1" 200 216992 baptist-temple.com "-" "Mozilla/5.0 (Linux; Android 6.0.1; Nexus 5X Build/MMB29P) AppleWebKit/537.36 (KHTML, like Gecko) Chrome/145.0.7632.159 Mobile Safari/537.36 (compatible; Googlebot/2.1; +http://www.google.com/bot.html)" "-"
66.249.70.0 - - [13/Mar/2026:00:36:03 -0400] "GET /shop/capreolata/ordinal131734801296.html HTTP/1.1" 200 217964 baptist-temple.com "-" "Mozilla/5.0 (Linux; Android 6.0.1; Nexus 5X Build/MMB29P) AppleWebKit/537.36 (KHTML, like Gecko) Chrome/145.0.7632.159 Mobile Safari/537.36 (compatible; Googlebot/2.1; +http://www.google.com/bot.html)" "-"
2a03:2880:f800:: - - [13/Mar/2026:00:36:03 -0400] "GET /shop/fallible/lookover162641977811.html?fileloc=//kunden/lib/x86_64-linux-gnu/liblmdb.so.0&path=//kunden/lib/x86_64-linux-gnu HTTP/1.1" 200 12326 baptist-temple.com "-" "meta-externalagent/1.1 (+https://developers.facebook.com/docs/sharing/webmasters/crawler)" "-"
66.249.70.0 - - [13/Mar/2026:00:36:04 -0400] "GET /shop/exequte/barnyard13517334923.html HTTP/1.1" 200 219813 baptist-temple.com "-" "Mozilla/5.0 (Linux; Android 6.0.1; Nexus 5X Build/MMB29P) AppleWebKit/537.36 (KHTML, like Gecko) Chrome/145.0.7632.159 Mobile Safari/537.36 (compatible; Googlebot/2.1; +http://www.google.com/bot.html)" "-"
66.249.70.0 - - [13/Mar/2026:00:36:04 -0400] "GET /shop/stackyard/metagenetic13101647076.html HTTP/1.1" 200 211680 baptist-temple.com "-" "Mozilla/5.0 (Linux; Android 6.0.1; Nexus 5X Build/MMB29P) AppleWebKit/537.36 (KHTML, like Gecko) Chrome/145.0.7632.116 Mobile Safari/537.36 (compatible; Googlebot/2.1; +http://www.google.com/bot.html)" "-"
2a03:2880:f800:: - - [13/Mar/2026:00:36:04 -0400] "GET /shop/fallible/lookover162641977811.html?path=//lib/locale/ia_FR HTTP/1.1" 200 29916 baptist-temple.com "-" "meta-externalagent/1.1 (+https://developers.facebook.com/docs/sharing/webmasters/crawler)" "-"
66.249.70.0 - - [13/Mar/2026:00:36:04 -0400] "GET /shop/bathymetric/familiarize13129395325.html HTTP/1.1" 200 219945 baptist-temple.com "-" "Mozilla/5.0 (Linux; Android 6.0.1; Nexus 5X Build/MMB29P) AppleWebKit/537.36 (KHTML, like Gecko) Chrome/145.0.7632.159 Mobile Safari/537.36 (compatible; Googlebot/2.1; +http://www.google.com/bot.html)" "-"
144.76.32.0 - - [13/Mar/2026:00:36:04 -0400] "GET /shop/telemetrographic/frescos14723592997.html HTTP/1.1" 200 54919 baptist-temple.com "-" "Mozilla/5.0 (compatible; SERankingBacklinksBot/1.0; +https://seranking.com/backlinks-crawler)" "-"
66.249.70.0 - - [13/Mar/2026:00:36:04 -0400] "GET /shop/therefor/luskishness131421124071.html HTTP/1.1" 200 218553 baptist-temple.com "-" "Mozilla/5.0 (Linux; Android 6.0.1; Nexus 5X Build/MMB29P) AppleWebKit/537.36 (KHTML, like Gecko) Chrome/145.0.7632.159 Mobile Safari/537.36 (compatible; Googlebot/2.1; +http://www.google.com/bot.html)" "-"
74.7.242.0 - - [13/Mar/2026:00:36:04 -0400] "GET /shop/lachrymals/pestilential142250080589.html?fileloc=//proc/sys/net/ipv4/conf/default/send_redirects&path=//proc/sys/net/ipv4/conf/default HTTP/1.1" 200 12455 baptist-temple.com "https://baptist-temple.com/shop/lachrymals/pestilential142250080589.html?path=//proc/sys/net/ipv4/conf/default" "Mozilla/5.0 AppleWebKit/537.36 (KHTML, like Gecko; compatible; GPTBot/1.3; +https://openai.com/gptbot)" "-"
2a03:2880:f800:: - - [13/Mar/2026:00:36:04 -0400] "GET /shop/fallible/lookover162641977811.html?fileloc=//lib/python3.9/bz2.py&path=//lib/python3.9 HTTP/1.1" 200 25652 baptist-temple.com "-" "meta-externalagent/1.1 (+https://developers.facebook.com/docs/sharing/webmasters/crawler)" "-"
216.73.216.0 - - [13/Mar/2026:00:36:05 -0400] "GET /?fileloc=%2Fhomepages%2F42%2Fd414105715%2Fhtdocs%2Fdemo%2F33e8wp%2Findex.php&path=%2Fhomepages%2F42%2Fd414105715%2Fhtdocs%2Fdemo%2F33e8wp HTTP/1.1" 200 12523 www.baptist-temple.com "-" "Mozilla/5.0 AppleWebKit/537.36 (KHTML, like Gecko; compatible; ClaudeBot/1.0; +claudebot@anthropic.com)" "-"
2a03:2880:f800:: - - [13/Mar/2026:00:36:05 -0400] "GET /shop/fallible/lookover162641977811.html?fileloc=//lib/python3.9/__pycache__/copyreg.cpython-39.pyc&path=//lib/python3.9/__pycache__ HTTP/1.1" 200 12330 baptist-temple.com "-" "meta-externalagent/1.1 (+https://developers.facebook.com/docs/sharing/webmasters/crawler)" "-"
2a03:2880:f800:: - - [13/Mar/2026:00:36:05 -0400] "GET /shop/coacher/mayors102099113446.html?path=/homepages/11 HTTP/1.1" 200 12651 baptist-temple.com "-" "meta-externalagent/1.1 (+https://developers.facebook.com/docs/sharing/webmasters/crawler)" "-"
66.249.70.0 - - [13/Mar/2026:00:36:06 -0400] "GET /shop/shebander/appointed132239908957.html HTTP/1.1" 200 221077 baptist-temple.com "-" "Mozilla/5.0 (Linux; Android 6.0.1; Nexus 5X Build/MMB29P) AppleWebKit/537.36 (KHTML, like Gecko) Chrome/145.0.7632.159 Mobile Safari/537.36 (compatible; Googlebot/2.1; +http://www.google.com/bot.html)" "-"
2a03:2880:f800:: - - [13/Mar/2026:00:36:06 -0400] "GET /shop/fallible/lookover162641977811.html?path=/homepages/36/d424354106/htdocs HTTP/1.1" 200 12766 baptist-temple.com "-" "meta-externalagent/1.1 (+https://developers.facebook.com/docs/sharing/webmasters/crawler)" "-"
66.249.70.0 - - [13/Mar/2026:00:36:06 -0400] "GET /shop/idioted/loggat113067033599.html HTTP/1.1" 200 208217 baptist-temple.com "-" "Mozilla/5.0 (Linux; Android 6.0.1; Nexus 5X Build/MMB29P) AppleWebKit/537.36 (KHTML, like Gecko) Chrome/145.0.7632.159 Mobile Safari/537.36 (compatible; Googlebot/2.1; +http://www.google.com/bot.html)" "-"
66.249.70.0 - - [13/Mar/2026:00:36:06 -0400] "GET /shop/nonintellectual/terrifically132335140273.html HTTP/1.1" 200 216455 baptist-temple.com "-" "Mozilla/5.0 (Linux; Android 6.0.1; Nexus 5X Build/MMB29P) AppleWebKit/537.36 (KHTML, like Gecko) Chrome/145.0.7632.159 Mobile Safari/537.36 (compatible; Googlebot/2.1; +http://www.google.com/bot.html)" "-"
66.249.70.0 - - [13/Mar/2026:00:36:06 -0400] "GET /shop/nightjar/peganum131954813140.html HTTP/1.1" 200 239967 baptist-temple.com "-" "Mozilla/5.0 (Linux; Android 6.0.1; Nexus 5X Build/MMB29P) AppleWebKit/537.36 (KHTML, like Gecko) Chrome/145.0.7632.159 Mobile Safari/537.36 (compatible; Googlebot/2.1; +http://www.google.com/bot.html)" "-"
66.249.70.0 - - [13/Mar/2026:00:36:06 -0400] "GET /shop/farcically/atheism113240182561.html HTTP/1.1" 200 207470 baptist-temple.com "-" "Mozilla/5.0 (Linux; Android 6.0.1; Nexus 5X Build/MMB29P) AppleWebKit/537.36 (KHTML, like Gecko) Chrome/145.0.7632.159 Mobile Safari/537.36 (compatible; Googlebot/2.1; +http://www.google.com/bot.html)" "-"
2a03:2880:f800:: - - [13/Mar/2026:00:36:06 -0400] "GET /shop/fallible/lookover162641977811.html?fileloc=//lib/locale/ru_RU.cp1251/LC_MONETARY&path=//lib/locale/ru_RU.cp1251 HTTP/1.1" 200 12310 baptist-temple.com "-" "meta-externalagent/1.1 (+https://developers.facebook.com/docs/sharing/webmasters/crawler)" "-"
66.249.70.0 - - [13/Mar/2026:00:36:07 -0400] "GET /shop/madonna/mancinella133174284707.html HTTP/1.1" 200 225263 baptist-temple.com "-" "Mozilla/5.0 (Linux; Android 6.0.1; Nexus 5X Build/MMB29P) AppleWebKit/537.36 (KHTML, like Gecko) Chrome/145.0.7632.159 Mobile Safari/537.36 (compatible; Googlebot/2.1; +http://www.google.com/bot.html)" "-"
66.249.70.0 - - [13/Mar/2026:00:36:07 -0400] "GET /shop/grungy/abelonian133746016729.html HTTP/1.1" 200 213720 baptist-temple.com "-" "Mozilla/5.0 (Linux; Android 6.0.1; Nexus 5X Build/MMB29P) AppleWebKit/537.36 (KHTML, like Gecko) Chrome/145.0.7632.159 Mobile Safari/537.36 (compatible; Googlebot/2.1; +http://www.google.com/bot.html)" "-"
66.249.70.0 - - [13/Mar/2026:00:36:07 -0400] "GET /shop/decimally/smarting133129072094.html HTTP/1.1" 200 220136 baptist-temple.com "-" "Mozilla/5.0 (Linux; Android 6.0.1; Nexus 5X Build/MMB29P) AppleWebKit/537.36 (KHTML, like Gecko) Chrome/145.0.7632.159 Mobile Safari/537.36 (compatible; Googlebot/2.1; +http://www.google.com/bot.html)" "-"
2a03:2880:f800:: - - [13/Mar/2026:00:36:07 -0400] "GET /shop/fallible/lookover162641977811.html?fileloc=//lib/locale/so_DJ.utf8/LC_MONETARY&path=//lib/locale/so_DJ.utf8 HTTP/1.1" 200 12304 baptist-temple.com "-" "meta-externalagent/1.1 (+https://developers.facebook.com/docs/sharing/webmasters/crawler)" "-"
66.249.70.0 - - [13/Mar/2026:00:36:07 -0400] "GET /shop/glyphograph/mugget13128097374.html HTTP/1.1" 200 213396 baptist-temple.com "-" "Mozilla/5.0 (Linux; Android 6.0.1; Nexus 5X Build/MMB29P) AppleWebKit/537.36 (KHTML, like Gecko) Chrome/145.0.7632.159 Mobile Safari/537.36 (compatible; Googlebot/2.1; +http://www.google.com/bot.html)" "-"
2a03:2880:f800:: - - [13/Mar/2026:00:36:07 -0400] "GET /shop/fallible/lookover162641977811.html?fileloc=//lib/python3.9/encodings/cp857.py&path=//lib/python3.9/encodings HTTP/1.1" 200 47046 baptist-temple.com "-" "meta-externalagent/1.1 (+https://developers.facebook.com/docs/sharing/webmasters/crawler)" "-"
74.7.242.0 - - [13/Mar/2026:00:36:08 -0400] "GET /shop/lachrymals/pestilential142250080589.html?fileloc=//proc/sys/net/ipv6/conf/eth0/forwarding&path=//proc/sys/net/ipv6/conf/eth0 HTTP/1.1" 200 12442 baptist-temple.com "https://baptist-temple.com/shop/lachrymals/pestilential142250080589.html?path=//proc/sys/net/ipv6/conf/eth0" "Mozilla/5.0 AppleWebKit/537.36 (KHTML, like Gecko; compatible; GPTBot/1.3; +https://openai.com/gptbot)" "-"
66.249.70.0 - - [13/Mar/2026:00:36:08 -0400] "GET /shop/scouse/furious132019920356.html HTTP/1.1" 200 218560 baptist-temple.com "-" "Mozilla/5.0 (Linux; Android 6.0.1; Nexus 5X Build/MMB29P) AppleWebKit/537.36 (KHTML, like Gecko) Chrome/145.0.7632.116 Mobile Safari/537.36 (compatible; Googlebot/2.1; +http://www.google.com/bot.html)" "-"
