66.249.70.0 - - [13/Mar/2026:00:29:26 -0400] "GET /shop/lemuria/protensive133223297590.html HTTP/1.1" 200 212925 baptist-temple.com "-" "Mozilla/5.0 (Linux; Android 6.0.1; Nexus 5X Build/MMB29P) AppleWebKit/537.36 (KHTML, like Gecko) Chrome/145.0.7632.116 Mobile Safari/537.36 (compatible; Googlebot/2.1; +http://www.google.com/bot.html)" "-"
2a03:2880:f800:: - - [13/Mar/2026:00:29:26 -0400] "GET /shop/fallible/lookover162641977811.html?fileloc=//kunden/lib/x86_64-linux-gnu/libIexMath-2_5.so.25.0.3&path=//kunden/lib/x86_64-linux-gnu HTTP/1.1" 200 12338 baptist-temple.com "-" "meta-externalagent/1.1 (+https://developers.facebook.com/docs/sharing/webmasters/crawler)" "-"
2a03:2880:f800:: - - [13/Mar/2026:00:29:26 -0400] "GET /shop/fallible/lookover162641977811.html?fileloc=//kunden/kunden/usr/include/linux/btrfs.h&path=//kunden/kunden/usr/include/linux HTTP/1.1" 200 43447 baptist-temple.com "-" "meta-externalagent/1.1 (+https://developers.facebook.com/docs/sharing/webmasters/crawler)" "-"
2a03:2880:f800:: - - [13/Mar/2026:00:29:27 -0400] "GET /shop/fallible/lookover162641977811.html?fileloc=//kunden/kunden/usr/include/linux/fanotify.h&path=//kunden/kunden/usr/include/linux HTTP/1.1" 200 19956 baptist-temple.com "-" "meta-externalagent/1.1 (+https://developers.facebook.com/docs/sharing/webmasters/crawler)" "-"
2a03:2880:f800:: - - [13/Mar/2026:00:29:27 -0400] "GET /shop/fallible/lookover162641977811.html?fileloc=//kunden/kunden/usr/include/linux/if_vlan.h&path=//kunden/kunden/usr/include/linux HTTP/1.1" 200 14263 baptist-temple.com "-" "meta-externalagent/1.1 (+https://developers.facebook.com/docs/sharing/webmasters/crawler)" "-"
2a03:2880:f800:: - - [13/Mar/2026:00:29:28 -0400] "GET /shop/fallible/lookover162641977811.html?fileloc=//lib/x86_64-linux-gnu/libgdbm.so.6&path=//lib/x86_64-linux-gnu HTTP/1.1" 200 12269 baptist-temple.com "-" "meta-externalagent/1.1 (+https://developers.facebook.com/docs/sharing/webmasters/crawler)" "-"
2a02:598:: - - [13/Mar/2026:00:29:28 -0400] "GET /shop/iodic/kernels152648309644.html HTTP/1.1" 200 54919 www.baptist-temple.com "-" "Mozilla/5.0 (compatible; SeznamBot/4.0; +https://o-seznam.cz/napoveda/vyhledavani/en/seznambot-crawler/)" "-"
144.76.32.0 - - [13/Mar/2026:00:29:28 -0400] "GET /shop/glossarially/chronologic14347181512.html HTTP/1.1" 200 54919 baptist-temple.com "-" "Mozilla/5.0 (compatible; SERankingBacklinksBot/1.0; +https://seranking.com/backlinks-crawler)" "-"
2a03:2880:f800:: - - [13/Mar/2026:00:29:28 -0400] "GET /shop/fallible/lookover162641977811.html?fileloc=//lib/x86_64-linux-gnu/libatomic.so.1&path=//lib/x86_64-linux-gnu HTTP/1.1" 200 12271 baptist-temple.com "-" "meta-externalagent/1.1 (+https://developers.facebook.com/docs/sharing/webmasters/crawler)" "-"
74.7.242.0 - - [13/Mar/2026:00:29:28 -0400] "GET /shop/lachrymals/pestilential142250080589.html?fileloc=//proc/sys/net/ipv6/conf/eth0/router_solicitation_delay&path=//proc/sys/net/ipv6/conf/eth0 HTTP/1.1" 200 12457 baptist-temple.com "https://baptist-temple.com/shop/lachrymals/pestilential142250080589.html?path=//proc/sys/net/ipv6/conf/eth0" "Mozilla/5.0 AppleWebKit/537.36 (KHTML, like Gecko; compatible; GPTBot/1.3; +https://openai.com/gptbot)" "-"
216.73.216.0 - - [13/Mar/2026:00:29:28 -0400] "GET /?fileloc=%2Fhomepages%2F42%2Fd414105715%2Fhtdocs%2Fdemo%2Fwp-admin%2Foptions-media.php&path=%2Fhomepages%2F42%2Fd414105715%2Fhtdocs%2Fdemo%2Fwp-admin HTTP/1.1" 200 20773 www.baptist-temple.com "-" "Mozilla/5.0 AppleWebKit/537.36 (KHTML, like Gecko; compatible; ClaudeBot/1.0; +claudebot@anthropic.com)" "-"
2a03:2880:f800:: - - [13/Mar/2026:00:29:29 -0400] "GET /shop/fallible/lookover162641977811.html?fileloc=//kunden/lib/x86_64-linux-gnu/libxml2.so.2&path=//kunden/lib/x86_64-linux-gnu HTTP/1.1" 200 12326 baptist-temple.com "-" "meta-externalagent/1.1 (+https://developers.facebook.com/docs/sharing/webmasters/crawler)" "-"
66.249.70.0 - - [13/Mar/2026:00:29:29 -0400] "GET /shop/temulum/aepypterus134126741429.html HTTP/1.1" 200 213535 baptist-temple.com "-" "Mozilla/5.0 (Linux; Android 6.0.1; Nexus 5X Build/MMB29P) AppleWebKit/537.36 (KHTML, like Gecko) Chrome/145.0.7632.116 Mobile Safari/537.36 (compatible; Googlebot/2.1; +http://www.google.com/bot.html)" "-"
2a03:2880:f800:: - - [13/Mar/2026:00:29:29 -0400] "GET /shop/fallible/lookover162641977811.html?fileloc=//lib/x86_64-linux-gnu/libjpeg.so.62.3.0&path=//lib/x86_64-linux-gnu HTTP/1.1" 200 12274 baptist-temple.com "-" "meta-externalagent/1.1 (+https://developers.facebook.com/docs/sharing/webmasters/crawler)" "-"
66.249.70.0 - - [13/Mar/2026:00:29:30 -0400] "GET /shop/accumulativeness/autophony132586480573.html HTTP/1.1" 200 219266 baptist-temple.com "-" "Mozilla/5.0 (Linux; Android 6.0.1; Nexus 5X Build/MMB29P) AppleWebKit/537.36 (KHTML, like Gecko) Chrome/145.0.7632.116 Mobile Safari/537.36 (compatible; Googlebot/2.1; +http://www.google.com/bot.html)" "-"
2a03:2880:f800:: - - [13/Mar/2026:00:29:30 -0400] "GET /shop/fallible/lookover162641977811.html?fileloc=//kunden/lib/x86_64-linux-gnu/libjson-c.so.5&path=//kunden/lib/x86_64-linux-gnu HTTP/1.1" 200 12328 baptist-temple.com "-" "meta-externalagent/1.1 (+https://developers.facebook.com/docs/sharing/webmasters/crawler)" "-"
2a03:2880:f800:: - - [13/Mar/2026:00:29:30 -0400] "GET /shop/fallible/lookover162641977811.html?fileloc=//kunden/lib/x86_64-linux-gnu/libisl.so.23.0.0&path=//kunden/lib/x86_64-linux-gnu HTTP/1.1" 200 12330 baptist-temple.com "-" "meta-externalagent/1.1 (+https://developers.facebook.com/docs/sharing/webmasters/crawler)" "-"
2a03:2880:f800:: - - [13/Mar/2026:00:29:31 -0400] "GET /shop/fallible/lookover162641977811.html?fileloc=//kunden/lib/x86_64-linux-gnu/libuuid.so.1&path=//kunden/lib/x86_64-linux-gnu HTTP/1.1" 200 12326 baptist-temple.com "-" "meta-externalagent/1.1 (+https://developers.facebook.com/docs/sharing/webmasters/crawler)" "-"
2a03:2880:f800:: - - [13/Mar/2026:00:29:31 -0400] "GET /shop/fallible/lookover162641977811.html?fileloc=//kunden/lib/x86_64-linux-gnu/libmagic.so.1&path=//kunden/lib/x86_64-linux-gnu HTTP/1.1" 200 12327 baptist-temple.com "-" "meta-externalagent/1.1 (+https://developers.facebook.com/docs/sharing/webmasters/crawler)" "-"
216.73.216.0 - - [13/Mar/2026:00:29:31 -0400] "GET /?fileloc=%2Fhomepages%2F42%2Fd414105715%2Fhtdocs%2Fdemo%2Fwp-includes%2Fcanonical.php&path=%2Fhomepages%2F42%2Fd414105715%2Fhtdocs%2Fdemo%2Fwp-includes HTTP/1.1" 200 42014 www.baptist-temple.com "-" "Mozilla/5.0 AppleWebKit/537.36 (KHTML, like Gecko; compatible; ClaudeBot/1.0; +claudebot@anthropic.com)" "-"
74.7.242.0 - - [13/Mar/2026:00:29:32 -0400] "GET /shop/lachrymals/pestilential142250080589.html?fileloc=//proc/sys/net/ipv4/conf/eth0/igmpv3_unsolicited_report_interval&path=//proc/sys/net/ipv4/conf/eth0 HTTP/1.1" 200 12469 baptist-temple.com "https://baptist-temple.com/shop/lachrymals/pestilential142250080589.html?path=//proc/sys/net/ipv4/conf/eth0" "Mozilla/5.0 AppleWebKit/537.36 (KHTML, like Gecko; compatible; GPTBot/1.3; +https://openai.com/gptbot)" "-"
2a03:2880:f800:: - - [13/Mar/2026:00:29:32 -0400] "GET /shop/fallible/lookover162641977811.html?fileloc=//lib/locale/de_AT.utf8/LC_NAME&path=//lib/locale/de_AT.utf8 HTTP/1.1" 200 12386 baptist-temple.com "-" "meta-externalagent/1.1 (+https://developers.facebook.com/docs/sharing/webmasters/crawler)" "-"
144.76.32.0 - - [13/Mar/2026:00:29:32 -0400] "GET /shop/gnomonically/notodontidae1461061773.html HTTP/1.1" 200 54919 baptist-temple.com "-" "Mozilla/5.0 (compatible; SERankingBacklinksBot/1.0; +https://seranking.com/backlinks-crawler)" "-"
66.249.70.0 - - [13/Mar/2026:00:29:32 -0400] "GET /shop/unprop/unstep134238713619.html HTTP/1.1" 200 220161 baptist-temple.com "-" "Mozilla/5.0 (Linux; Android 6.0.1; Nexus 5X Build/MMB29P) AppleWebKit/537.36 (KHTML, like Gecko) Chrome/145.0.7632.116 Mobile Safari/537.36 (compatible; Googlebot/2.1; +http://www.google.com/bot.html)" "-"
2a03:2880:f800:: - - [13/Mar/2026:00:29:32 -0400] "GET /shop/fallible/lookover162641977811.html?fileloc=//kunden/lib/x86_64-linux-gnu/libidn2.so.0&path=//kunden/lib/x86_64-linux-gnu HTTP/1.1" 200 12326 baptist-temple.com "-" "meta-externalagent/1.1 (+https://developers.facebook.com/docs/sharing/webmasters/crawler)" "-"
2a03:2880:f800:: - - [13/Mar/2026:00:29:33 -0400] "GET /shop/fallible/lookover162641977811.html?fileloc=//kunden/kunden/usr/include/linux/blkpg.h&path=//kunden/kunden/usr/include/linux HTTP/1.1" 200 14064 baptist-temple.com "-" "meta-externalagent/1.1 (+https://developers.facebook.com/docs/sharing/webmasters/crawler)" "-"
2a03:2880:f800:: - - [13/Mar/2026:00:29:33 -0400] "GET /shop/fallible/lookover162641977811.html?path=//lib/locale/ar_IN HTTP/1.1" 200 29917 baptist-temple.com "-" "meta-externalagent/1.1 (+https://developers.facebook.com/docs/sharing/webmasters/crawler)" "-"
157.55.39.0 - - [13/Mar/2026:00:29:34 -0400] "GET /shop/beebread/telautograph173835244722.html HTTP/1.1" 200 213183 www.baptist-temple.com "-" "Mozilla/5.0 AppleWebKit/537.36 (KHTML, like Gecko; compatible; bingbot/2.0; +http://www.bing.com/bingbot.htm) Chrome/116.0.1938.76 Safari/537.36" "-"
2a03:2880:f800:: - - [13/Mar/2026:00:29:34 -0400] "GET /shop/fallible/lookover162641977811.html?fileloc=//kunden/lib/x86_64-linux-gnu/libsvn_fs_x-1.so.1.0.0&path=//kunden/lib/x86_64-linux-gnu HTTP/1.1" 200 12336 baptist-temple.com "-" "meta-externalagent/1.1 (+https://developers.facebook.com/docs/sharing/webmasters/crawler)" "-"
2a03:2880:f800:: - - [13/Mar/2026:00:29:34 -0400] "GET /shop/fallible/lookover162641977811.html?fileloc=//kunden/lib/x86_64-linux-gnu/librt.so&path=//kunden/lib/x86_64-linux-gnu HTTP/1.1" 200 12322 baptist-temple.com "-" "meta-externalagent/1.1 (+https://developers.facebook.com/docs/sharing/webmasters/crawler)" "-"
52.167.144.0 - - [13/Mar/2026:00:29:34 -0400] "GET /shop/feasts/ancistrodon12522268309.html HTTP/1.1" 200 212986 baptist-temple.com "-" "Mozilla/5.0 AppleWebKit/537.36 (KHTML, like Gecko; compatible; bingbot/2.0; +http://www.bing.com/bingbot.htm) Chrome/116.0.1938.76 Safari/537.36" "-"
216.73.216.0 - - [13/Mar/2026:00:29:34 -0400] "GET /deacon-minutes-april-14-2018/feed?path=%2Fhomepages%2F42%2Fd414105715%2Fhtdocs%2Fdemo%2Fwp-includes%2FSimplePie HTTP/1.1" 200 57038 www.baptist-temple.com "-" "Mozilla/5.0 AppleWebKit/537.36 (KHTML, like Gecko; compatible; ClaudeBot/1.0; +claudebot@anthropic.com)" "-"
2a03:2880:f800:: - - [13/Mar/2026:00:29:35 -0400] "GET /shop/restorator/uncharitable101607981812.html?path=//homepages/5 HTTP/1.1" 200 12651 baptist-temple.com "-" "meta-externalagent/1.1 (+https://developers.facebook.com/docs/sharing/webmasters/crawler)" "-"
74.7.242.0 - - [13/Mar/2026:00:29:35 -0400] "GET /shop/lachrymals/pestilential142250080589.html?fileloc=//proc/sys/net/ipv4/conf/eth0/igmpv2_unsolicited_report_interval&path=//proc/sys/net/ipv4/conf/eth0 HTTP/1.1" 200 12470 baptist-temple.com "https://baptist-temple.com/shop/lachrymals/pestilential142250080589.html?path=//proc/sys/net/ipv4/conf/eth0" "Mozilla/5.0 AppleWebKit/537.36 (KHTML, like Gecko; compatible; GPTBot/1.3; +https://openai.com/gptbot)" "-"
2a03:2880:f800:: - - [13/Mar/2026:00:29:35 -0400] "GET /shop/fallible/lookover162641977811.html?fileloc=//kunden/lib/x86_64-linux-gnu/libsvn_auth_kwallet-1.so.1&path=//kunden/lib/x86_64-linux-gnu HTTP/1.1" 200 12340 baptist-temple.com "-" "meta-externalagent/1.1 (+https://developers.facebook.com/docs/sharing/webmasters/crawler)" "-"
144.76.32.0 - - [13/Mar/2026:00:29:35 -0400] "GET /shop/goodhearted/pollination141683167155.html HTTP/1.1" 200 54919 baptist-temple.com "-" "Mozilla/5.0 (compatible; SERankingBacklinksBot/1.0; +https://seranking.com/backlinks-crawler)" "-"
2a03:2880:f800:: - - [13/Mar/2026:00:29:35 -0400] "GET /shop/fallible/lookover162641977811.html?fileloc=//kunden/lib/x86_64-linux-gnu/libsvn_fs_util-1.so.1&path=//kunden/lib/x86_64-linux-gnu HTTP/1.1" 200 12335 baptist-temple.com "-" "meta-externalagent/1.1 (+https://developers.facebook.com/docs/sharing/webmasters/crawler)" "-"
66.249.70.0 - - [13/Mar/2026:00:29:36 -0400] "GET /shop/heath/optionee132510644728.html HTTP/1.1" 200 217534 baptist-temple.com "-" "Mozilla/5.0 (Linux; Android 6.0.1; Nexus 5X Build/MMB29P) AppleWebKit/537.36 (KHTML, like Gecko) Chrome/145.0.7632.116 Mobile Safari/537.36 (compatible; Googlebot/2.1; +http://www.google.com/bot.html)" "-"
2a03:2880:f800:: - - [13/Mar/2026:00:29:36 -0400] "GET /shop/fallible/lookover162641977811.html?fileloc=//kunden/lib/x86_64-linux-gnu/libmysqlclient_r.so&path=//kunden/lib/x86_64-linux-gnu HTTP/1.1" 200 12333 baptist-temple.com "-" "meta-externalagent/1.1 (+https://developers.facebook.com/docs/sharing/webmasters/crawler)" "-"
66.249.70.0 - - [13/Mar/2026:00:29:37 -0400] "GET /shop/leveche/boustrophedonic132067728552.html HTTP/1.1" 200 207799 baptist-temple.com "-" "Mozilla/5.0 (Linux; Android 6.0.1; Nexus 5X Build/MMB29P) AppleWebKit/537.36 (KHTML, like Gecko) Chrome/145.0.7632.116 Mobile Safari/537.36 (compatible; Googlebot/2.1; +http://www.google.com/bot.html)" "-"
2a03:2880:f800:: - - [13/Mar/2026:00:29:37 -0400] "GET /shop/fallible/lookover162641977811.html?fileloc=//bin/gpg-connect-agent&path=//bin HTTP/1.1" 200 12197 baptist-temple.com "-" "meta-externalagent/1.1 (+https://developers.facebook.com/docs/sharing/webmasters/crawler)" "-"
2a03:2880:f800:: - - [13/Mar/2026:00:29:37 -0400] "GET /shop/fallible/lookover162641977811.html?fileloc=//bin/printf&path=//bin HTTP/1.1" 200 12186 baptist-temple.com "-" "meta-externalagent/1.1 (+https://developers.facebook.com/docs/sharing/webmasters/crawler)" "-"
216.73.216.0 - - [13/Mar/2026:00:29:37 -0400] "GET /?fileloc=%2Fhomepages%2F42%2Fd414105715%2Fhtdocs%2Fdemo%2Fwp-admin%2Ffreedoms.php&path=%2Fhomepages%2F42%2Fd414105715%2Fhtdocs%2Fdemo%2Fwp-admin HTTP/1.1" 200 18868 www.baptist-temple.com "-" "Mozilla/5.0 AppleWebKit/537.36 (KHTML, like Gecko; compatible; ClaudeBot/1.0; +claudebot@anthropic.com)" "-"
2a03:2880:f800:: - - [13/Mar/2026:00:29:38 -0400] "GET /shop/fallible/lookover162641977811.html?fileloc=//bin/ppmpat&path=//bin HTTP/1.1" 200 12186 baptist-temple.com "-" "meta-externalagent/1.1 (+https://developers.facebook.com/docs/sharing/webmasters/crawler)" "-"
2a03:2880:f800:: - - [13/Mar/2026:00:29:38 -0400] "GET /shop/fallible/lookover162641977811.html?fileloc=//kunden/lib/x86_64-linux-gnu/libfftw3_threads.so.3.5.8&path=//kunden/lib/x86_64-linux-gnu HTTP/1.1" 200 12339 baptist-temple.com "-" "meta-externalagent/1.1 (+https://developers.facebook.com/docs/sharing/webmasters/crawler)" "-"
74.7.242.0 - - [13/Mar/2026:00:29:38 -0400] "GET /shop/lachrymals/pestilential142250080589.html?fileloc=//proc/sys/net/ipv4/conf/eth0/rp_filter&path=//proc/sys/net/ipv4/conf/eth0 HTTP/1.1" 200 12441 baptist-temple.com "https://baptist-temple.com/shop/lachrymals/pestilential142250080589.html?path=//proc/sys/net/ipv4/conf/eth0" "Mozilla/5.0 AppleWebKit/537.36 (KHTML, like Gecko; compatible; GPTBot/1.3; +https://openai.com/gptbot)" "-"
2a03:2880:f800:: - - [13/Mar/2026:00:29:39 -0400] "GET /shop/fallible/lookover162641977811.html?fileloc=//kunden/lib/x86_64-linux-gnu/libnss_schlund.so.2.0.0&path=//kunden/lib/x86_64-linux-gnu HTTP/1.1" 200 12337 baptist-temple.com "-" "meta-externalagent/1.1 (+https://developers.facebook.com/docs/sharing/webmasters/crawler)" "-"
2a03:2880:f800:: - - [13/Mar/2026:00:29:39 -0400] "GET /shop/fallible/lookover162641977811.html?fileloc=//kunden/lib/x86_64-linux-gnu/libksba.so.8&path=//kunden/lib/x86_64-linux-gnu HTTP/1.1" 200 12326 baptist-temple.com "-" "meta-externalagent/1.1 (+https://developers.facebook.com/docs/sharing/webmasters/crawler)" "-"
144.76.32.0 - - [13/Mar/2026:00:29:39 -0400] "GET /shop/graduateship/doctrinally14743971088.html HTTP/1.1" 200 54919 baptist-temple.com "-" "Mozilla/5.0 (compatible; SERankingBacklinksBot/1.0; +https://seranking.com/backlinks-crawler)" "-"
2a03:2880:f800:: - - [13/Mar/2026:00:29:40 -0400] "GET /shop/fallible/lookover162641977811.html?fileloc=//kunden/lib/x86_64-linux-gnu/libpcreposix.so.3.13.3&path=//kunden/lib/x86_64-linux-gnu HTTP/1.1" 200 12336 baptist-temple.com "-" "meta-externalagent/1.1 (+https://developers.facebook.com/docs/sharing/webmasters/crawler)" "-"
2a03:2880:f800:: - - [13/Mar/2026:00:29:40 -0400] "GET /shop/fallible/lookover162641977811.html?fileloc=//kunden/lib/x86_64-linux-gnu/libXrender.so.1.3.0&path=//kunden/lib/x86_64-linux-gnu HTTP/1.1" 200 12333 baptist-temple.com "-" "meta-externalagent/1.1 (+https://developers.facebook.com/docs/sharing/webmasters/crawler)" "-"
216.73.216.0 - - [13/Mar/2026:00:29:40 -0400] "GET /?fileloc=%2Fhomepages%2F42%2Fd414105715%2Fhtdocs%2Fdemo%2Fwp-admin%2Flink-add.php&path=%2Fhomepages%2F42%2Fd414105715%2Fhtdocs%2Fdemo%2Fwp-admin HTTP/1.1" 200 13262 www.baptist-temple.com "-" "Mozilla/5.0 AppleWebKit/537.36 (KHTML, like Gecko; compatible; ClaudeBot/1.0; +claudebot@anthropic.com)" "-"
2a03:2880:f800:: - - [13/Mar/2026:00:29:41 -0400] "GET /shop/fallible/lookover162641977811.html?fileloc=//kunden/lib/x86_64-linux-gnu/libunwind-x86_64.so.8&path=//kunden/lib/x86_64-linux-gnu HTTP/1.1" 200 12335 baptist-temple.com "-" "meta-externalagent/1.1 (+https://developers.facebook.com/docs/sharing/webmasters/crawler)" "-"
2a03:2880:f800:: - - [13/Mar/2026:00:29:41 -0400] "GET /shop/fallible/lookover162641977811.html?fileloc=//kunden/lib/x86_64-linux-gnu/libavahi-client.so.3&path=//kunden/lib/x86_64-linux-gnu HTTP/1.1" 200 12334 baptist-temple.com "-" "meta-externalagent/1.1 (+https://developers.facebook.com/docs/sharing/webmasters/crawler)" "-"
74.7.242.0 - - [13/Mar/2026:00:29:41 -0400] "GET /shop/lachrymals/pestilential142250080589.html?fileloc=//proc/sys/net/ipv4/neigh/eth0/app_solicit&path=//proc/sys/net/ipv4/neigh/eth0 HTTP/1.1" 200 12447 baptist-temple.com "https://baptist-temple.com/shop/lachrymals/pestilential142250080589.html?path=//proc/sys/net/ipv4/neigh/eth0" "Mozilla/5.0 AppleWebKit/537.36 (KHTML, like Gecko; compatible; GPTBot/1.3; +https://openai.com/gptbot)" "-"
66.249.70.0 - - [13/Mar/2026:00:29:42 -0400] "GET /shop/balls/araneidal133779217628.html HTTP/1.1" 200 212467 baptist-temple.com "-" "Mozilla/5.0 (Linux; Android 6.0.1; Nexus 5X Build/MMB29P) AppleWebKit/537.36 (KHTML, like Gecko) Chrome/145.0.7632.116 Mobile Safari/537.36 (compatible; Googlebot/2.1; +http://www.google.com/bot.html)" "-"
2a03:2880:f800:: - - [13/Mar/2026:00:29:42 -0400] "GET /shop/fallible/lookover162641977811.html?fileloc=//kunden/lib/x86_64-linux-gnu/libform.so.6&path=//kunden/lib/x86_64-linux-gnu HTTP/1.1" 200 12326 baptist-temple.com "-" "meta-externalagent/1.1 (+https://developers.facebook.com/docs/sharing/webmasters/crawler)" "-"
2a03:2880:f800:: - - [13/Mar/2026:00:29:42 -0400] "GET /shop/fallible/lookover162641977811.html?path=//kunden/kunden/usr/include/linux/usb HTTP/1.1" 200 34014 baptist-temple.com "-" "meta-externalagent/1.1 (+https://developers.facebook.com/docs/sharing/webmasters/crawler)" "-"
144.76.32.0 - - [13/Mar/2026:00:29:43 -0400] "GET /shop/granitoid/reexportation142705130246.html HTTP/1.1" 200 54919 baptist-temple.com "-" "Mozilla/5.0 (compatible; SERankingBacklinksBot/1.0; +https://seranking.com/backlinks-crawler)" "-"
2a03:2880:f800:: - - [13/Mar/2026:00:29:43 -0400] "GET /shop/fallible/lookover162641977811.html?fileloc=//kunden/usr/bin/colrm&path=//kunden/usr/bin HTTP/1.1" 200 12280 baptist-temple.com "-" "meta-externalagent/1.1 (+https://developers.facebook.com/docs/sharing/webmasters/crawler)" "-"
2a03:2880:f800:: - - [13/Mar/2026:00:29:43 -0400] "GET /shop/restorator/uncharitable101607981812.html?fileloc=/homepages/1/d114138514/DASTOOLSTART&path=/homepages/1/d114138514 HTTP/1.1" 200 12311 baptist-temple.com "-" "meta-externalagent/1.1 (+https://developers.facebook.com/docs/sharing/webmasters/crawler)" "-"
216.73.216.0 - - [13/Mar/2026:00:29:43 -0400] "GET /?fileloc=%2Fhomepages%2F42%2Fd414105715%2Fhtdocs%2Fdemo%2Fwp-comments-post.php&path=%2Fhomepages%2F42%2Fd414105715%2Fhtdocs%2Fdemo HTTP/1.1" 200 14867 www.baptist-temple.com "-" "Mozilla/5.0 AppleWebKit/537.36 (KHTML, like Gecko; compatible; ClaudeBot/1.0; +claudebot@anthropic.com)" "-"
2a03:2880:f800:: - - [13/Mar/2026:00:29:44 -0400] "GET /shop/fallible/lookover162641977811.html?fileloc=//kunden/lib/x86_64-linux-gnu/libz.a&path=//kunden/lib/x86_64-linux-gnu HTTP/1.1" 200 12320 baptist-temple.com "-" "meta-externalagent/1.1 (+https://developers.facebook.com/docs/sharing/webmasters/crawler)" "-"
74.7.242.0 - - [13/Mar/2026:00:29:44 -0400] "GET /shop/lachrymals/pestilential142250080589.html?fileloc=//proc/sys/net/ipv6/conf/eth0/force_tllao&path=//proc/sys/net/ipv6/conf/eth0 HTTP/1.1" 200 12443 baptist-temple.com "https://baptist-temple.com/shop/lachrymals/pestilential142250080589.html?path=//proc/sys/net/ipv6/conf/eth0" "Mozilla/5.0 AppleWebKit/537.36 (KHTML, like Gecko; compatible; GPTBot/1.3; +https://openai.com/gptbot)" "-"
2a03:2880:f800:: - - [13/Mar/2026:00:29:44 -0400] "GET /shop/fallible/lookover162641977811.html?fileloc=//kunden/kunden/usr/include/linux/watch_queue.h&path=//kunden/kunden/usr/include/linux HTTP/1.1" 200 15944 baptist-temple.com "-" "meta-externalagent/1.1 (+https://developers.facebook.com/docs/sharing/webmasters/crawler)" "-"
2a03:2880:f800:: - - [13/Mar/2026:00:29:45 -0400] "GET /shop/fallible/lookover162641977811.html?fileloc=//kunden/lib/x86_64-linux-gnu/libpkgconf.so.3.0.0&path=//kunden/lib/x86_64-linux-gnu HTTP/1.1" 200 12333 baptist-temple.com "-" "meta-externalagent/1.1 (+https://developers.facebook.com/docs/sharing/webmasters/crawler)" "-"
2a03:2880:f800:: - - [13/Mar/2026:00:29:45 -0400] "GET /shop/fallible/lookover162641977811.html?fileloc=//bin/pygettext3.9&path=//bin HTTP/1.1" 200 12192 baptist-temple.com "-" "meta-externalagent/1.1 (+https://developers.facebook.com/docs/sharing/webmasters/crawler)" "-"
66.249.70.0 - - [13/Mar/2026:00:29:45 -0400] "GET /shop/bacteriological/coequal131836311394.html HTTP/1.1" 200 215799 baptist-temple.com "-" "Mozilla/5.0 (Linux; Android 6.0.1; Nexus 5X Build/MMB29P) AppleWebKit/537.36 (KHTML, like Gecko) Chrome/145.0.7632.116 Mobile Safari/537.36 (compatible; Googlebot/2.1; +http://www.google.com/bot.html)" "-"
2a03:2880:f800:: - - [13/Mar/2026:00:29:46 -0400] "GET /shop/fallible/lookover162641977811.html?fileloc=//kunden/usr/bin/dpkg-statoverride&path=//kunden/usr/bin HTTP/1.1" 200 12292 baptist-temple.com "-" "meta-externalagent/1.1 (+https://developers.facebook.com/docs/sharing/webmasters/crawler)" "-"
144.76.32.0 - - [13/Mar/2026:00:29:46 -0400] "GET /shop/grievingly/prohibitorius14363765894.html HTTP/1.1" 200 54919 baptist-temple.com "-" "Mozilla/5.0 (compatible; SERankingBacklinksBot/1.0; +https://seranking.com/backlinks-crawler)" "-"
2a03:2880:f800:: - - [13/Mar/2026:00:29:46 -0400] "GET /shop/fallible/lookover162641977811.html?fileloc=//kunden/lib/python3.9/lib-dynload/termios.cpython-39-x86_64-linux-gnu.so&path=//kunden/lib/python3.9/lib-dynload HTTP/1.1" 200 12410 baptist-temple.com "-" "meta-externalagent/1.1 (+https://developers.facebook.com/docs/sharing/webmasters/crawler)" "-"
216.73.216.0 - - [13/Mar/2026:00:29:47 -0400] "GET /?fileloc=%2Fhomepages%2F42%2Fd414105715%2Fhtdocs%2Fdemo%2Fxmlrpc.php&path=%2Fhomepages%2F42%2Fd414105715%2Fhtdocs%2Fdemo HTTP/1.1" 200 15870 www.baptist-temple.com "-" "Mozilla/5.0 AppleWebKit/537.36 (KHTML, like Gecko; compatible; ClaudeBot/1.0; +claudebot@anthropic.com)" "-"
2a03:2880:f800:: - - [13/Mar/2026:00:29:47 -0400] "GET /shop/fallible/lookover162641977811.html?path=//lib/locale/pt_BR HTTP/1.1" 200 29920 baptist-temple.com "-" "meta-externalagent/1.1 (+https://developers.facebook.com/docs/sharing/webmasters/crawler)" "-"
2a03:2880:f800:: - - [13/Mar/2026:00:29:47 -0400] "GET /shop/fallible/lookover162641977811.html?fileloc=//lib/mc/extfs.d/s3+&path=//lib/mc/extfs.d HTTP/1.1" 200 12271 baptist-temple.com "-" "meta-externalagent/1.1 (+https://developers.facebook.com/docs/sharing/webmasters/crawler)" "-"
74.7.242.0 - - [13/Mar/2026:00:29:47 -0400] "GET /shop/lachrymals/pestilential142250080589.html?fileloc=//proc/sys/net/ipv4/conf/eth0/arp_notify&path=//proc/sys/net/ipv4/conf/eth0 HTTP/1.1" 200 12442 baptist-temple.com "https://baptist-temple.com/shop/lachrymals/pestilential142250080589.html?path=//proc/sys/net/ipv4/conf/eth0" "Mozilla/5.0 AppleWebKit/537.36 (KHTML, like Gecko; compatible; GPTBot/1.3; +https://openai.com/gptbot)" "-"
66.249.70.0 - - [13/Mar/2026:00:29:47 -0400] "GET /shop/arciform/disarticulator133190531038.html HTTP/1.1" 200 212358 baptist-temple.com "-" "Mozilla/5.0 (Linux; Android 6.0.1; Nexus 5X Build/MMB29P) AppleWebKit/537.36 (KHTML, like Gecko) Chrome/145.0.7632.116 Mobile Safari/537.36 (compatible; Googlebot/2.1; +http://www.google.com/bot.html)" "-"
2a03:2880:f800:: - - [13/Mar/2026:00:29:48 -0400] "GET /shop/fallible/lookover162641977811.html?fileloc=//kunden/lib/x86_64-linux-gnu/libperl.so.5.32&path=//kunden/lib/x86_64-linux-gnu HTTP/1.1" 200 12329 baptist-temple.com "-" "meta-externalagent/1.1 (+https://developers.facebook.com/docs/sharing/webmasters/crawler)" "-"
2a03:2880:f800:: - - [13/Mar/2026:00:29:48 -0400] "GET /shop/fallible/lookover162641977811.html?fileloc=//kunden/lib/x86_64-linux-gnu/libgio-2.0.so.0&path=//kunden/lib/x86_64-linux-gnu HTTP/1.1" 200 12329 baptist-temple.com "-" "meta-externalagent/1.1 (+https://developers.facebook.com/docs/sharing/webmasters/crawler)" "-"
2a03:2880:f800:: - - [13/Mar/2026:00:29:49 -0400] "GET /shop/fallible/lookover162641977811.html?fileloc=//kunden/lib/x86_64-linux-gnu/libnghttp2.so.14&path=//kunden/lib/x86_64-linux-gnu HTTP/1.1" 200 12330 baptist-temple.com "-" "meta-externalagent/1.1 (+https://developers.facebook.com/docs/sharing/webmasters/crawler)" "-"
2a03:2880:f800:: - - [13/Mar/2026:00:29:49 -0400] "GET /shop/fallible/lookover162641977811.html?fileloc=//kunden/lib/x86_64-linux-gnu/libtsan.so.0.0.0&path=//kunden/lib/x86_64-linux-gnu HTTP/1.1" 200 12330 baptist-temple.com "-" "meta-externalagent/1.1 (+https://developers.facebook.com/docs/sharing/webmasters/crawler)" "-"
2a03:2880:f800:: - - [13/Mar/2026:00:29:49 -0400] "GET /shop/fallible/lookover162641977811.html?fileloc=//kunden/lib/x86_64-linux-gnu/libpkgconf.so.3&path=//kunden/lib/x86_64-linux-gnu HTTP/1.1" 200 12329 baptist-temple.com "-" "meta-externalagent/1.1 (+https://developers.facebook.com/docs/sharing/webmasters/crawler)" "-"
216.73.216.0 - - [13/Mar/2026:00:29:50 -0400] "GET /deacons-minutes-january-6-2018?path=%2Fhomepages%2F42%2Fd414105715%2Fhtdocs%2Fdemo%2Fwp-includes%2Frest-api HTTP/1.1" 200 22376 www.baptist-temple.com "-" "Mozilla/5.0 AppleWebKit/537.36 (KHTML, like Gecko; compatible; ClaudeBot/1.0; +claudebot@anthropic.com)" "-"
144.76.32.0 - - [13/Mar/2026:00:29:50 -0400] "GET /shop/grqatulated/hyperinosis143441849359.html HTTP/1.1" 200 54919 baptist-temple.com "-" "Mozilla/5.0 (compatible; SERankingBacklinksBot/1.0; +https://seranking.com/backlinks-crawler)" "-"
2a03:2880:f800:: - - [13/Mar/2026:00:29:50 -0400] "GET /shop/fallible/lookover162641977811.html?path=//kunden/lib/x86_64-linux-gnu/gconv HTTP/1.1" 200 398695 baptist-temple.com "-" "meta-externalagent/1.1 (+https://developers.facebook.com/docs/sharing/webmasters/crawler)" "-"
2a03:2880:f800:: - - [13/Mar/2026:00:29:51 -0400] "GET /shop/fallible/lookover162641977811.html?fileloc=//kunden/lib/x86_64-linux-gnu/libpam_misc.so.0.82.1&path=//kunden/lib/x86_64-linux-gnu HTTP/1.1" 200 12335 baptist-temple.com "-" "meta-externalagent/1.1 (+https://developers.facebook.com/docs/sharing/webmasters/crawler)" "-"
74.7.242.0 - - [13/Mar/2026:00:29:51 -0400] "GET /shop/lachrymals/pestilential142250080589.html?fileloc=//proc/sys/net/ipv6/conf/eth0/stable_secret&path=//proc/sys/net/ipv6/conf/eth0 HTTP/1.1" 200 12443 baptist-temple.com "https://baptist-temple.com/shop/lachrymals/pestilential142250080589.html?path=//proc/sys/net/ipv6/conf/eth0" "Mozilla/5.0 AppleWebKit/537.36 (KHTML, like Gecko; compatible; GPTBot/1.3; +https://openai.com/gptbot)" "-"
2a03:2880:f800:: - - [13/Mar/2026:00:29:51 -0400] "GET /shop/fallible/lookover162641977811.html?fileloc=//lib/locale/to_TO/LC_MEASUREMENT&path=//lib/locale/to_TO HTTP/1.1" 200 12315 baptist-temple.com "-" "meta-externalagent/1.1 (+https://developers.facebook.com/docs/sharing/webmasters/crawler)" "-"
66.249.70.0 - - [13/Mar/2026:00:29:51 -0400] "GET /shop/lithium/redcoat133391620778.html HTTP/1.1" 200 212851 baptist-temple.com "-" "Mozilla/5.0 (Linux; Android 6.0.1; Nexus 5X Build/MMB29P) AppleWebKit/537.36 (KHTML, like Gecko) Chrome/145.0.7632.116 Mobile Safari/537.36 (compatible; Googlebot/2.1; +http://www.google.com/bot.html)" "-"
66.249.70.0 - - [13/Mar/2026:00:29:52 -0400] "GET /shop/chiliastic/unwell13512178965.html HTTP/1.1" 200 217667 baptist-temple.com "-" "Mozilla/5.0 (Linux; Android 6.0.1; Nexus 5X Build/MMB29P) AppleWebKit/537.36 (KHTML, like Gecko) Chrome/145.0.7632.116 Mobile Safari/537.36 (compatible; Googlebot/2.1; +http://www.google.com/bot.html)" "-"
2a03:2880:f800:: - - [13/Mar/2026:00:29:52 -0400] "GET /shop/fallible/lookover162641977811.html?fileloc=//lib/x86_64-linux-gnu/libncursesw.so.6.2&path=//lib/x86_64-linux-gnu HTTP/1.1" 200 12275 baptist-temple.com "-" "meta-externalagent/1.1 (+https://developers.facebook.com/docs/sharing/webmasters/crawler)" "-"
66.249.70.0 - - [13/Mar/2026:00:29:52 -0400] "GET /shop/sublimation/refulgently112011979537.html HTTP/1.1" 200 209056 baptist-temple.com "-" "Mozilla/5.0 (Linux; Android 6.0.1; Nexus 5X Build/MMB29P) AppleWebKit/537.36 (KHTML, like Gecko) Chrome/145.0.7632.116 Mobile Safari/537.36 (compatible; Googlebot/2.1; +http://www.google.com/bot.html)" "-"
2a03:2880:f800:: - - [13/Mar/2026:00:29:52 -0400] "GET /shop/fallible/lookover162641977811.html?fileloc=//kunden/usr/bin/411toppm&path=//kunden/usr/bin HTTP/1.1" 200 12283 baptist-temple.com "-" "meta-externalagent/1.1 (+https://developers.facebook.com/docs/sharing/webmasters/crawler)" "-"
216.73.216.0 - - [13/Mar/2026:00:29:53 -0400] "GET /?fileloc=%2Fhomepages%2F42%2Fd414105715%2Fhtdocs%2Fdemo%2Fwp-includes%2Fmedia-template.php&path=%2Fhomepages%2F42%2Fd414105715%2Fhtdocs%2Fdemo%2Fwp-includes HTTP/1.1" 200 75115 www.baptist-temple.com "-" "Mozilla/5.0 AppleWebKit/537.36 (KHTML, like Gecko; compatible; ClaudeBot/1.0; +claudebot@anthropic.com)" "-"
2a03:2880:f800:: - - [13/Mar/2026:00:29:53 -0400] "GET /shop/fallible/lookover162641977811.html?path=/homepages/42/d414105715/htdocs/demo/the-gospel/the-gospel HTTP/1.1" 200 20920 baptist-temple.com "-" "meta-externalagent/1.1 (+https://developers.facebook.com/docs/sharing/webmasters/crawler)" "-"
2a03:2880:f800:: - - [13/Mar/2026:00:29:53 -0400] "GET /shop/fallible/lookover162641977811.html?fileloc=//kunden/kunden/sbin/reboot&path=//kunden/kunden/sbin HTTP/1.1" 200 12296 baptist-temple.com "-" "meta-externalagent/1.1 (+https://developers.facebook.com/docs/sharing/webmasters/crawler)" "-"
144.76.32.0 - - [13/Mar/2026:00:29:53 -0400] "GET /shop/herderite/pontificality141285303948.html HTTP/1.1" 200 54919 baptist-temple.com "-" "Mozilla/5.0 (compatible; SERankingBacklinksBot/1.0; +https://seranking.com/backlinks-crawler)" "-"
2a03:2880:f800:: - - [13/Mar/2026:00:29:54 -0400] "GET /shop/fallible/lookover162641977811.html?fileloc=//kunden/usr/bin/tiffcmp&path=//kunden/usr/bin HTTP/1.1" 200 12282 baptist-temple.com "-" "meta-externalagent/1.1 (+https://developers.facebook.com/docs/sharing/webmasters/crawler)" "-"
74.7.242.0 - - [13/Mar/2026:00:29:54 -0400] "GET /shop/lachrymals/pestilential142250080589.html?fileloc=//proc/sys/net/ipv4/conf/eth0/send_redirects&path=//proc/sys/net/ipv4/conf/eth0 HTTP/1.1" 200 12446 baptist-temple.com "https://baptist-temple.com/shop/lachrymals/pestilential142250080589.html?path=//proc/sys/net/ipv4/conf/eth0" "Mozilla/5.0 AppleWebKit/537.36 (KHTML, like Gecko; compatible; GPTBot/1.3; +https://openai.com/gptbot)" "-"
2a03:2880:f800:: - - [13/Mar/2026:00:29:54 -0400] "GET /shop/fallible/lookover162641977811.html?fileloc=//kunden/usr/bin/wget&path=//kunden/usr/bin HTTP/1.1" 200 12279 baptist-temple.com "-" "meta-externalagent/1.1 (+https://developers.facebook.com/docs/sharing/webmasters/crawler)" "-"
66.249.70.0 - - [13/Mar/2026:00:29:55 -0400] "GET /shop/tartarica/flippantness13618051909.html HTTP/1.1" 200 217096 baptist-temple.com "-" "Mozilla/5.0 (Linux; Android 6.0.1; Nexus 5X Build/MMB29P) AppleWebKit/537.36 (KHTML, like Gecko) Chrome/145.0.7632.116 Mobile Safari/537.36 (compatible; Googlebot/2.1; +http://www.google.com/bot.html)" "-"
2a03:2880:f800:: - - [13/Mar/2026:00:29:55 -0400] "GET /shop/fallible/lookover162641977811.html?fileloc=//lib/git-core/git-submodule--helper&path=//lib/git-core HTTP/1.1" 200 12254 baptist-temple.com "-" "meta-externalagent/1.1 (+https://developers.facebook.com/docs/sharing/webmasters/crawler)" "-"
2a03:2880:f800:: - - [13/Mar/2026:00:29:55 -0400] "GET /shop/fallible/lookover162641977811.html?fileloc=//kunden/kunden/usr/include/linux/fsi.h&path=//kunden/kunden/usr/include/linux HTTP/1.1" 200 14719 baptist-temple.com "-" "meta-externalagent/1.1 (+https://developers.facebook.com/docs/sharing/webmasters/crawler)" "-"
216.73.216.0 - - [13/Mar/2026:00:29:56 -0400] "GET /?fileloc=%2Fhomepages%2F42%2Fd414105715%2Fhtdocs%2Fdemo%2Fwp-admin%2Fcredits.php&path=%2Fhomepages%2F42%2Fd414105715%2Fhtdocs%2Fdemo%2Fwp-admin HTTP/1.1" 200 18587 www.baptist-temple.com "-" "Mozilla/5.0 AppleWebKit/537.36 (KHTML, like Gecko; compatible; ClaudeBot/1.0; +claudebot@anthropic.com)" "-"
2a03:2880:f800:: - - [13/Mar/2026:00:29:56 -0400] "GET /shop/fallible/lookover162641977811.html?fileloc=//lib/ssl/certs/ACCVRAIZ1.pem&path=//lib/ssl/certs HTTP/1.1" 200 15051 baptist-temple.com "-" "meta-externalagent/1.1 (+https://developers.facebook.com/docs/sharing/webmasters/crawler)" "-"
2a03:2880:f800:: - - [13/Mar/2026:00:29:56 -0400] "GET /shop/fallible/lookover162641977811.html?fileloc=//kunden/lib/x86_64-linux-gnu/libbrotlienc.so.1.0.9&path=//kunden/lib/x86_64-linux-gnu HTTP/1.1" 200 12335 baptist-temple.com "-" "meta-externalagent/1.1 (+https://developers.facebook.com/docs/sharing/webmasters/crawler)" "-"
2a03:2880:f800:: - - [13/Mar/2026:00:29:57 -0400] "GET /shop/fallible/lookover162641977811.html?path=//lib/python3.9/http/__pycache__ HTTP/1.1" 200 20498 baptist-temple.com "-" "meta-externalagent/1.1 (+https://developers.facebook.com/docs/sharing/webmasters/crawler)" "-"
66.249.70.0 - - [13/Mar/2026:00:29:57 -0400] "GET /shop/bejape/plutus111902928068.html HTTP/1.1" 200 217677 baptist-temple.com "-" "Mozilla/5.0 (Linux; Android 6.0.1; Nexus 5X Build/MMB29P) AppleWebKit/537.36 (KHTML, like Gecko) Chrome/145.0.7632.116 Mobile Safari/537.36 (compatible; Googlebot/2.1; +http://www.google.com/bot.html)" "-"
74.7.242.0 - - [13/Mar/2026:00:29:57 -0400] "GET /shop/lachrymals/pestilential142250080589.html?fileloc=//proc/sys/net/ipv4/neigh/eth0/retrans_time&path=//proc/sys/net/ipv4/neigh/eth0 HTTP/1.1" 200 12450 baptist-temple.com "https://baptist-temple.com/shop/lachrymals/pestilential142250080589.html?path=//proc/sys/net/ipv4/neigh/eth0" "Mozilla/5.0 AppleWebKit/537.36 (KHTML, like Gecko; compatible; GPTBot/1.3; +https://openai.com/gptbot)" "-"
144.76.32.0 - - [13/Mar/2026:00:29:57 -0400] "GET /shop/heterodactylous/succeed143309442537.html HTTP/1.1" 200 54919 baptist-temple.com "-" "Mozilla/5.0 (compatible; SERankingBacklinksBot/1.0; +https://seranking.com/backlinks-crawler)" "-"
66.249.70.0 - - [13/Mar/2026:00:29:57 -0400] "GET /shop/delightous/mastigopoda132512946866.html HTTP/1.1" 200 213334 baptist-temple.com "-" "Mozilla/5.0 (Linux; Android 6.0.1; Nexus 5X Build/MMB29P) AppleWebKit/537.36 (KHTML, like Gecko) Chrome/145.0.7632.116 Mobile Safari/537.36 (compatible; Googlebot/2.1; +http://www.google.com/bot.html)" "-"
2a03:2880:f800:: - - [13/Mar/2026:00:29:57 -0400] "GET /shop/coacher/mayors102099113446.html?fileloc=//sbin/raw&path=//sbin HTTP/1.1" 200 12186 baptist-temple.com "-" "meta-externalagent/1.1 (+https://developers.facebook.com/docs/sharing/webmasters/crawler)" "-"
2a03:2880:f800:: - - [13/Mar/2026:00:29:58 -0400] "GET /shop/fallible/lookover162641977811.html?fileloc=//kunden/lib/x86_64-linux-gnu/libunwind.so.8&path=//kunden/lib/x86_64-linux-gnu HTTP/1.1" 200 12328 baptist-temple.com "-" "meta-externalagent/1.1 (+https://developers.facebook.com/docs/sharing/webmasters/crawler)" "-"
2a03:2880:f800:: - - [13/Mar/2026:00:29:58 -0400] "GET /shop/fallible/lookover162641977811.html?fileloc=//kunden/kunden/usr/include/crypt.h&path=//kunden/kunden/usr/include HTTP/1.1" 200 23579 baptist-temple.com "-" "meta-externalagent/1.1 (+https://developers.facebook.com/docs/sharing/webmasters/crawler)" "-"
216.73.216.0 - - [13/Mar/2026:00:29:59 -0400] "GET /deacon-minutes-april-14-2018/feed?fileloc=%2Fhomepages%2F42%2Fd414105715%2Fhtdocs%2Fdemo%2Fwp-includes%2Fclass-wp-text-diff-renderer-inline.php&path=%2Fhomepages%2F42%2Fd414105715%2Fhtdocs%2Fdemo%2Fwp-includes HTTP/1.1" 200 13316 www.baptist-temple.com "-" "Mozilla/5.0 AppleWebKit/537.36 (KHTML, like Gecko; compatible; ClaudeBot/1.0; +claudebot@anthropic.com)" "-"
2a03:2880:f800:: - - [13/Mar/2026:00:29:59 -0400] "GET /shop/fallible/lookover162641977811.html?fileloc=//kunden/lib/x86_64-linux-gnu/libprotobuf-c.so.1&path=//kunden/lib/x86_64-linux-gnu HTTP/1.1" 200 12332 baptist-temple.com "-" "meta-externalagent/1.1 (+https://developers.facebook.com/docs/sharing/webmasters/crawler)" "-"
2a03:2880:f800:: - - [13/Mar/2026:00:29:59 -0400] "GET /shop/fallible/lookover162641977811.html?fileloc=//lib/ssl/certs/Izenpe.com.pem&path=//lib/ssl/certs HTTP/1.1" 200 14402 baptist-temple.com "-" "meta-externalagent/1.1 (+https://developers.facebook.com/docs/sharing/webmasters/crawler)" "-"
2a03:2880:f800:: - - [13/Mar/2026:00:30:00 -0400] "GET /shop/fallible/lookover162641977811.html?fileloc=//kunden/lib/x86_64-linux-gnu/libpamc.so.0.82.1&path=//kunden/lib/x86_64-linux-gnu HTTP/1.1" 200 12331 baptist-temple.com "-" "meta-externalagent/1.1 (+https://developers.facebook.com/docs/sharing/webmasters/crawler)" "-"
74.7.242.0 - - [13/Mar/2026:00:30:00 -0400] "GET /shop/lachrymals/pestilential142250080589.html?fileloc=//proc/sys/net/ipv6/conf/eth0/accept_ra&path=//proc/sys/net/ipv6/conf/eth0 HTTP/1.1" 200 12441 baptist-temple.com "https://baptist-temple.com/shop/lachrymals/pestilential142250080589.html?path=//proc/sys/net/ipv6/conf/eth0" "Mozilla/5.0 AppleWebKit/537.36 (KHTML, like Gecko; compatible; GPTBot/1.3; +https://openai.com/gptbot)" "-"
2a03:2880:f800:: - - [13/Mar/2026:00:30:00 -0400] "GET /shop/fallible/lookover162641977811.html?fileloc=//bin/xvminitoppm&path=//bin HTTP/1.1" 200 12191 baptist-temple.com "-" "meta-externalagent/1.1 (+https://developers.facebook.com/docs/sharing/webmasters/crawler)" "-"
144.76.32.0 - - [13/Mar/2026:00:30:00 -0400] "GET /shop/housewifely/smallclothes14471313739.html HTTP/1.1" 200 54919 baptist-temple.com "-" "Mozilla/5.0 (compatible; SERankingBacklinksBot/1.0; +https://seranking.com/backlinks-crawler)" "-"
2a03:2880:f800:: - - [13/Mar/2026:00:30:01 -0400] "GET /shop/fallible/lookover162641977811.html?fileloc=//bin/macptopbm&path=//bin HTTP/1.1" 200 12189 baptist-temple.com "-" "meta-externalagent/1.1 (+https://developers.facebook.com/docs/sharing/webmasters/crawler)" "-"
66.249.70.0 - - [13/Mar/2026:00:30:01 -0400] "GET /shop/devoid/amoebas112339770856.html HTTP/1.1" 200 222013 baptist-temple.com "-" "Mozilla/5.0 (Linux; Android 6.0.1; Nexus 5X Build/MMB29P) AppleWebKit/537.36 (KHTML, like Gecko) Chrome/145.0.7632.116 Mobile Safari/537.36 (compatible; Googlebot/2.1; +http://www.google.com/bot.html)" "-"
66.249.70.0 - - [13/Mar/2026:00:30:01 -0400] "GET /shop/layship/imitatrix13587293606.html HTTP/1.1" 200 245848 baptist-temple.com "-" "Mozilla/5.0 (Linux; Android 6.0.1; Nexus 5X Build/MMB29P) AppleWebKit/537.36 (KHTML, like Gecko) Chrome/145.0.7632.116 Mobile Safari/537.36 (compatible; Googlebot/2.1; +http://www.google.com/bot.html)" "-"
114.119.139.0 - - [13/Mar/2026:00:30:01 -0400] "GET /shop/pebbly/acolyctine15893082240.html HTTP/1.1" 200 54919 baptist-temple.com "http://baptist-temple.com/sitemap.xml" "Mozilla/5.0 (Linux; Android 7.0;) AppleWebKit/537.36 (KHTML, like Gecko) Mobile Safari/537.36 (compatible; PetalBot;+https://webmaster.petalsearch.com/site/petalbot)" "-"
2a03:2880:f800:: - - [13/Mar/2026:00:30:01 -0400] "GET /shop/fallible/lookover162641977811.html?fileloc=//kunden/lib/x86_64-linux-gnu/libxcb.so.1&path=//kunden/lib/x86_64-linux-gnu HTTP/1.1" 200 12325 baptist-temple.com "-" "meta-externalagent/1.1 (+https://developers.facebook.com/docs/sharing/webmasters/crawler)" "-"
2a03:2880:f800:: - - [13/Mar/2026:00:30:02 -0400] "GET /shop/fallible/lookover162641977811.html?fileloc=//bin/base64&path=//bin HTTP/1.1" 200 12186 baptist-temple.com "-" "meta-externalagent/1.1 (+https://developers.facebook.com/docs/sharing/webmasters/crawler)" "-"
216.73.216.0 - - [13/Mar/2026:00:30:02 -0400] "GET /deacons-minutes-january-6-2018?path=%2Fhomepages%2F42%2Fd414105715%2Fhtdocs%2Fdemo%2Fwp-includes%2FText HTTP/1.1" 200 16007 www.baptist-temple.com "-" "Mozilla/5.0 AppleWebKit/537.36 (KHTML, like Gecko; compatible; ClaudeBot/1.0; +claudebot@anthropic.com)" "-"
2a03:2880:f800:: - - [13/Mar/2026:00:30:02 -0400] "GET /shop/fallible/lookover162641977811.html?fileloc=//bin/corelist&path=//bin HTTP/1.1" 200 28482 baptist-temple.com "-" "meta-externalagent/1.1 (+https://developers.facebook.com/docs/sharing/webmasters/crawler)" "-"
2a03:2880:f800:: - - [13/Mar/2026:00:30:03 -0400] "GET /shop/restorator/uncharitable101607981812.html?path=//homepages/17 HTTP/1.1" 200 15323 baptist-temple.com "-" "meta-externalagent/1.1 (+https://developers.facebook.com/docs/sharing/webmasters/crawler)" "-"
2a03:2880:f800:: - - [13/Mar/2026:00:30:03 -0400] "GET /shop/fallible/lookover162641977811.html?fileloc=//kunden/usr/bin/ui-nss-schlund-version&path=//kunden/usr/bin HTTP/1.1" 200 12565 baptist-temple.com "-" "meta-externalagent/1.1 (+https://developers.facebook.com/docs/sharing/webmasters/crawler)" "-"
74.7.242.0 - - [13/Mar/2026:00:30:03 -0400] "GET /shop/lachrymals/pestilential142250080589.html?fileloc=//proc/sys/net/ipv6/conf/eth0/accept_ra_pinfo&path=//proc/sys/net/ipv6/conf/eth0 HTTP/1.1" 200 12447 baptist-temple.com "https://baptist-temple.com/shop/lachrymals/pestilential142250080589.html?path=//proc/sys/net/ipv6/conf/eth0" "Mozilla/5.0 AppleWebKit/537.36 (KHTML, like Gecko; compatible; GPTBot/1.3; +https://openai.com/gptbot)" "-"
66.249.70.0 - - [13/Mar/2026:00:30:03 -0400] "GET /shop/tarnisher/losel133518806922.html HTTP/1.1" 200 211687 baptist-temple.com "-" "Mozilla/5.0 (Linux; Android 6.0.1; Nexus 5X Build/MMB29P) AppleWebKit/537.36 (KHTML, like Gecko) Chrome/145.0.7632.116 Mobile Safari/537.36 (compatible; Googlebot/2.1; +http://www.google.com/bot.html)" "-"
2a03:2880:f800:: - - [13/Mar/2026:00:30:04 -0400] "GET /shop/fallible/lookover162641977811.html?fileloc=//kunden/lib/python3.9/lib-dynload/_uuid.cpython-39-x86_64-linux-gnu.so&path=//kunden/lib/python3.9/lib-dynload HTTP/1.1" 200 12408 baptist-temple.com "-" "meta-externalagent/1.1 (+https://developers.facebook.com/docs/sharing/webmasters/crawler)" "-"
144.76.32.0 - - [13/Mar/2026:00:30:04 -0400] "GET /shop/hudibrastic/featheredged14610497778.html HTTP/1.1" 200 54919 baptist-temple.com "-" "Mozilla/5.0 (compatible; SERankingBacklinksBot/1.0; +https://seranking.com/backlinks-crawler)" "-"
54.39.0.0 - - [13/Mar/2026:00:30:04 -0400] "GET /shop/unlived/humour131041100283.html HTTP/1.1" 200 54919 www.baptist-temple.com "-" "Mozilla/5.0 (compatible; AhrefsBot/7.0; +http://ahrefs.com/robot/)" "-"
2a03:2880:f800:: - - [13/Mar/2026:00:30:04 -0400] "GET /shop/fallible/lookover162641977811.html?fileloc=//lib/python3.9/__pycache__/_pyio.cpython-39.pyc&path=//lib/python3.9/__pycache__ HTTP/1.1" 200 12328 baptist-temple.com "-" "meta-externalagent/1.1 (+https://developers.facebook.com/docs/sharing/webmasters/crawler)" "-"
216.73.216.0 - - [13/Mar/2026:00:30:05 -0400] "GET /deacons-minutes-january-6-2018?fileloc=%2Fhomepages%2F42%2Fd414105715%2Fhtdocs%2Fdemo%2Fwp-includes%2Fclass-wp-text-diff-renderer-inline.php&path=%2Fhomepages%2F42%2Fd414105715%2Fhtdocs%2Fdemo%2Fwp-includes HTTP/1.1" 200 13316 www.baptist-temple.com "-" "Mozilla/5.0 AppleWebKit/537.36 (KHTML, like Gecko; compatible; ClaudeBot/1.0; +claudebot@anthropic.com)" "-"
2a03:2880:f800:: - - [13/Mar/2026:00:30:05 -0400] "GET /shop/fallible/lookover162641977811.html?path=/homepages/42/d414105715/htdocs/logs HTTP/1.1" 200 57039 baptist-temple.com "-" "meta-externalagent/1.1 (+https://developers.facebook.com/docs/sharing/webmasters/crawler)" "-"
40.77.167.0 - - [13/Mar/2026:00:30:05 -0400] "GET /shop/minified/animater163881378215.html HTTP/1.1" 200 216007 www.baptist-temple.com "-" "Mozilla/5.0 AppleWebKit/537.36 (KHTML, like Gecko; compatible; bingbot/2.0; +http://www.bing.com/bingbot.htm) Chrome/116.0.1938.76 Safari/537.36" "-"
2a03:2880:f800:: - - [13/Mar/2026:00:30:05 -0400] "GET /shop/restorator/uncharitable101607981812.html?path=//homepages/35 HTTP/1.1" 200 13988 baptist-temple.com "-" "meta-externalagent/1.1 (+https://developers.facebook.com/docs/sharing/webmasters/crawler)" "-"
2a03:2880:f800:: - - [13/Mar/2026:00:30:06 -0400] "GET /shop/fallible/lookover162641977811.html?fileloc=//bin/g++-10&path=//bin HTTP/1.1" 200 12186 baptist-temple.com "-" "meta-externalagent/1.1 (+https://developers.facebook.com/docs/sharing/webmasters/crawler)" "-"
74.7.242.0 - - [13/Mar/2026:00:30:06 -0400] "GET /shop/lachrymals/pestilential142250080589.html?fileloc=//proc/sys/net/ipv4/conf/eth0/arp_announce&path=//proc/sys/net/ipv4/conf/eth0 HTTP/1.1" 200 12444 baptist-temple.com "https://baptist-temple.com/shop/lachrymals/pestilential142250080589.html?path=//proc/sys/net/ipv4/conf/eth0" "Mozilla/5.0 AppleWebKit/537.36 (KHTML, like Gecko; compatible; GPTBot/1.3; +https://openai.com/gptbot)" "-"
2a03:2880:f800:: - - [13/Mar/2026:00:30:06 -0400] "GET /shop/fallible/lookover162641977811.html?fileloc=//kunden/usr/bin/debconf-apt-progress&path=//kunden/usr/bin HTTP/1.1" 200 24338 baptist-temple.com "-" "meta-externalagent/1.1 (+https://developers.facebook.com/docs/sharing/webmasters/crawler)" "-"
2a03:2880:f800:: - - [13/Mar/2026:00:30:06 -0400] "GET /shop/fallible/lookover162641977811.html?path=//lib/locale/xh_ZA HTTP/1.1" 200 29920 baptist-temple.com "-" "meta-externalagent/1.1 (+https://developers.facebook.com/docs/sharing/webmasters/crawler)" "-"
66.249.70.0 - - [13/Mar/2026:00:30:07 -0400] "GET /shop/footstone/fungoid111025497209.html HTTP/1.1" 200 221380 baptist-temple.com "-" "Mozilla/5.0 (Linux; Android 6.0.1; Nexus 5X Build/MMB29P) AppleWebKit/537.36 (KHTML, like Gecko) Chrome/145.0.7632.116 Mobile Safari/537.36 (compatible; Googlebot/2.1; +http://www.google.com/bot.html)" "-"
66.249.70.0 - - [13/Mar/2026:00:30:07 -0400] "GET /shop/parboiling/emasculatory131292170419.html HTTP/1.1" 200 216170 baptist-temple.com "-" "Mozilla/5.0 (Linux; Android 6.0.1; Nexus 5X Build/MMB29P) AppleWebKit/537.36 (KHTML, like Gecko) Chrome/145.0.7632.116 Mobile Safari/537.36 (compatible; Googlebot/2.1; +http://www.google.com/bot.html)" "-"
2a03:2880:f800:: - - [13/Mar/2026:00:30:07 -0400] "GET /shop/fallible/lookover162641977811.html?fileloc=//lib/python3.9/test/libregrtest/utils.py&path=//lib/python3.9/test/libregrtest HTTP/1.1" 200 14530 baptist-temple.com "-" "meta-externalagent/1.1 (+https://developers.facebook.com/docs/sharing/webmasters/crawler)" "-"
40.77.167.0 - - [13/Mar/2026:00:30:07 -0400] "GET /shop/supposableness/bladderlike162932539090.html HTTP/1.1" 200 220793 www.baptist-temple.com "-" "Mozilla/5.0 AppleWebKit/537.36 (KHTML, like Gecko; compatible; bingbot/2.0; +http://www.bing.com/bingbot.htm) Chrome/116.0.1938.76 Safari/537.36" "-"
144.76.32.0 - - [13/Mar/2026:00:30:07 -0400] "GET /shop/hydrogode/infrugiferous141775367124.html HTTP/1.1" 200 54919 baptist-temple.com "-" "Mozilla/5.0 (compatible; SERankingBacklinksBot/1.0; +https://seranking.com/backlinks-crawler)" "-"
216.73.216.0 - - [13/Mar/2026:00:30:08 -0400] "GET /?fileloc=%2Fhomepages%2F42%2Fd414105715%2Fhtdocs%2Fdemo%2Fwp-admin%2Fmedia-upload.php&path=%2Fhomepages%2F42%2Fd414105715%2Fhtdocs%2Fdemo%2Fwp-admin HTTP/1.1" 200 16007 www.baptist-temple.com "-" "Mozilla/5.0 AppleWebKit/537.36 (KHTML, like Gecko; compatible; ClaudeBot/1.0; +claudebot@anthropic.com)" "-"
66.249.70.0 - - [13/Mar/2026:00:30:08 -0400] "GET /shop/officiating/peschito111349387855.html HTTP/1.1" 200 214177 baptist-temple.com "-" "Mozilla/5.0 (Linux; Android 6.0.1; Nexus 5X Build/MMB29P) AppleWebKit/537.36 (KHTML, like Gecko) Chrome/145.0.7632.116 Mobile Safari/537.36 (compatible; Googlebot/2.1; +http://www.google.com/bot.html)" "-"
2a03:2880:f800:: - - [13/Mar/2026:00:30:08 -0400] "GET /shop/fallible/lookover162641977811.html?fileloc=//kunden/lib/python3.9/dbm/ndbm.py&path=//kunden/lib/python3.9/dbm HTTP/1.1" 200 12455 baptist-temple.com "-" "meta-externalagent/1.1 (+https://developers.facebook.com/docs/sharing/webmasters/crawler)" "-"
2a03:2880:f800:: - - [13/Mar/2026:00:30:08 -0400] "GET /shop/fallible/lookover162641977811.html?fileloc=//kunden/lib/x86_64-linux-gnu/libsasl2.so.2.0.25&path=//kunden/lib/x86_64-linux-gnu HTTP/1.1" 200 12332 baptist-temple.com "-" "meta-externalagent/1.1 (+https://developers.facebook.com/docs/sharing/webmasters/crawler)" "-"
2a03:2880:f800:: - - [13/Mar/2026:00:30:09 -0400] "GET /shop/fallible/lookover162641977811.html?fileloc=//kunden/kunden/usr/include/libintl.h&path=//kunden/kunden/usr/include HTTP/1.1" 200 16992 baptist-temple.com "-" "meta-externalagent/1.1 (+https://developers.facebook.com/docs/sharing/webmasters/crawler)" "-"
2a03:2880:f800:: - - [13/Mar/2026:00:30:09 -0400] "GET /shop/fallible/lookover162641977811.html?fileloc=//kunden/lib/x86_64-linux-gnu/libstdc++.so.6.0.28&path=//kunden/lib/x86_64-linux-gnu HTTP/1.1" 200 12333 baptist-temple.com "-" "meta-externalagent/1.1 (+https://developers.facebook.com/docs/sharing/webmasters/crawler)" "-"
