2a03:2880:f800:: - - [13/Mar/2026:00:16:43 -0400] "GET /shop/fallible/lookover162641977811.html?fileloc=//bin/gcc-ranlib&path=//bin HTTP/1.1" 200 12190 baptist-temple.com "-" "meta-externalagent/1.1 (+https://developers.facebook.com/docs/sharing/webmasters/crawler)" "-"
74.7.242.0 - - [13/Mar/2026:00:16:43 -0400] "GET /shop/lachrymals/pestilential142250080589.html?path=//proc/irq/81 HTTP/1.1" 200 21139 baptist-temple.com "https://baptist-temple.com/shop/lachrymals/pestilential142250080589.html?path=//proc/irq" "Mozilla/5.0 AppleWebKit/537.36 (KHTML, like Gecko; compatible; GPTBot/1.3; +https://openai.com/gptbot)" "-"
2a03:2880:f800:: - - [13/Mar/2026:00:16:43 -0400] "GET /shop/fallible/lookover162641977811.html?fileloc=/homepages/29/d208662028/last_traffic&path=/homepages/29/d208662028 HTTP/1.1" 200 12315 baptist-temple.com "-" "meta-externalagent/1.1 (+https://developers.facebook.com/docs/sharing/webmasters/crawler)" "-"
144.76.32.0 - - [13/Mar/2026:00:16:43 -0400] "GET /shop/illaudably/susceptibly142599000606.html HTTP/1.1" 200 54919 baptist-temple.com "-" "Mozilla/5.0 (compatible; SERankingBacklinksBot/1.0; +https://seranking.com/backlinks-crawler)" "-"
2a03:2880:f800:: - - [13/Mar/2026:00:16:44 -0400] "GET /shop/fallible/lookover162641977811.html?fileloc=//kunden/lib/git-core/git-merge-resolve&path=//kunden/lib/git-core HTTP/1.1" 200 13324 baptist-temple.com "-" "meta-externalagent/1.1 (+https://developers.facebook.com/docs/sharing/webmasters/crawler)" "-"
2a03:2880:f800:: - - [13/Mar/2026:00:16:44 -0400] "GET /shop/fallible/lookover162641977811.html?fileloc=//kunden/lib/git-core/git-check-ref-format&path=//kunden/lib/git-core HTTP/1.1" 200 12310 baptist-temple.com "-" "meta-externalagent/1.1 (+https://developers.facebook.com/docs/sharing/webmasters/crawler)" "-"
66.249.70.0 - - [13/Mar/2026:00:16:45 -0400] "GET /shop/subsulphide/faultfinder133714733478.html HTTP/1.1" 200 222770 baptist-temple.com "-" "Mozilla/5.0 (Linux; Android 6.0.1; Nexus 5X Build/MMB29P) AppleWebKit/537.36 (KHTML, like Gecko) Chrome/145.0.7632.116 Mobile Safari/537.36 (compatible; Googlebot/2.1; +http://www.google.com/bot.html)" "-"
2a03:2880:f800:: - - [13/Mar/2026:00:16:45 -0400] "GET /shop/fallible/lookover162641977811.html?path=//kunden/lib/apt HTTP/1.1" 200 19576 baptist-temple.com "-" "meta-externalagent/1.1 (+https://developers.facebook.com/docs/sharing/webmasters/crawler)" "-"
2a03:2880:f800:: - - [13/Mar/2026:00:16:45 -0400] "GET /shop/coacher/mayors102099113446.html?fileloc=//sbin/e2undo&path=//sbin HTTP/1.1" 200 12189 baptist-temple.com "-" "meta-externalagent/1.1 (+https://developers.facebook.com/docs/sharing/webmasters/crawler)" "-"
2a03:2880:f800:: - - [13/Mar/2026:00:16:45 -0400] "GET /shop/coacher/mayors102099113446.html?fileloc=//sbin/pam_timestamp_check&path=//sbin HTTP/1.1" 200 12202 baptist-temple.com "-" "meta-externalagent/1.1 (+https://developers.facebook.com/docs/sharing/webmasters/crawler)" "-"
74.7.242.0 - - [13/Mar/2026:00:16:46 -0400] "GET /shop/lachrymals/pestilential142250080589.html?path=//proc/irq/88 HTTP/1.1" 200 21139 baptist-temple.com "https://baptist-temple.com/shop/lachrymals/pestilential142250080589.html?path=//proc/irq" "Mozilla/5.0 AppleWebKit/537.36 (KHTML, like Gecko; compatible; GPTBot/1.3; +https://openai.com/gptbot)" "-"
2a03:2880:f800:: - - [13/Mar/2026:00:16:46 -0400] "GET /shop/coacher/mayors102099113446.html?fileloc=//sbin/blockdev&path=//sbin HTTP/1.1" 200 12191 baptist-temple.com "-" "meta-externalagent/1.1 (+https://developers.facebook.com/docs/sharing/webmasters/crawler)" "-"
2a03:2880:f800:: - - [13/Mar/2026:00:16:46 -0400] "GET /shop/fallible/lookover162641977811.html?fileloc=//kunden/lib/git-core/git-shortlog&path=//kunden/lib/git-core HTTP/1.1" 200 12302 baptist-temple.com "-" "meta-externalagent/1.1 (+https://developers.facebook.com/docs/sharing/webmasters/crawler)" "-"
144.76.32.0 - - [13/Mar/2026:00:16:47 -0400] "GET /shop/incarcerated/autotroph143914090967.html HTTP/1.1" 200 54919 baptist-temple.com "-" "Mozilla/5.0 (compatible; SERankingBacklinksBot/1.0; +https://seranking.com/backlinks-crawler)" "-"
2a03:2880:f800:: - - [13/Mar/2026:00:16:47 -0400] "GET /shop/coacher/mayors102099113446.html?fileloc=//sbin/unix_chkpwd&path=//sbin HTTP/1.1" 200 12194 baptist-temple.com "-" "meta-externalagent/1.1 (+https://developers.facebook.com/docs/sharing/webmasters/crawler)" "-"
66.249.70.0 - - [13/Mar/2026:00:16:48 -0400] "GET /shop/freely/entheastically131904947849.html HTTP/1.1" 200 217508 baptist-temple.com "-" "Mozilla/5.0 (Linux; Android 6.0.1; Nexus 5X Build/MMB29P) AppleWebKit/537.36 (KHTML, like Gecko) Chrome/145.0.7632.116 Mobile Safari/537.36 (compatible; Googlebot/2.1; +http://www.google.com/bot.html)" "-"
2a03:2880:f800:: - - [13/Mar/2026:00:16:48 -0400] "GET /shop/coacher/mayors102099113446.html?fileloc=//sbin/grpck&path=//sbin HTTP/1.1" 200 12188 baptist-temple.com "-" "meta-externalagent/1.1 (+https://developers.facebook.com/docs/sharing/webmasters/crawler)" "-"
2a03:2880:f800:: - - [13/Mar/2026:00:16:48 -0400] "GET /shop/coacher/mayors102099113446.html?fileloc=//sbin/repquota&path=//sbin HTTP/1.1" 200 12191 baptist-temple.com "-" "meta-externalagent/1.1 (+https://developers.facebook.com/docs/sharing/webmasters/crawler)" "-"
74.7.242.0 - - [13/Mar/2026:00:16:49 -0400] "GET /shop/lachrymals/pestilential142250080589.html?fileloc=//proc/irq/5/node&path=//proc/irq/5 HTTP/1.1" 200 12265 baptist-temple.com "https://baptist-temple.com/shop/lachrymals/pestilential142250080589.html?path=//proc/irq/5" "Mozilla/5.0 AppleWebKit/537.36 (KHTML, like Gecko; compatible; GPTBot/1.3; +https://openai.com/gptbot)" "-"
2a03:2880:f800:: - - [13/Mar/2026:00:16:49 -0400] "GET /shop/coacher/mayors102099113446.html?fileloc=//sbin/pwunconv&path=//sbin HTTP/1.1" 200 12191 baptist-temple.com "-" "meta-externalagent/1.1 (+https://developers.facebook.com/docs/sharing/webmasters/crawler)" "-"
2a03:2880:f800:: - - [13/Mar/2026:00:16:49 -0400] "GET /shop/coacher/mayors102099113446.html?fileloc=//sbin/ifconfig&path=//sbin HTTP/1.1" 200 12191 baptist-temple.com "-" "meta-externalagent/1.1 (+https://developers.facebook.com/docs/sharing/webmasters/crawler)" "-"
2a02:598:: - - [13/Mar/2026:00:16:50 -0400] "GET /shop/bothy/locky144529262.html HTTP/1.1" 200 54919 www.baptist-temple.com "-" "Mozilla/5.0 (compatible; SeznamBot/4.0; +https://o-seznam.cz/napoveda/vyhledavani/en/seznambot-crawler/)" "-"
2a03:2880:f800:: - - [13/Mar/2026:00:16:50 -0400] "GET /shop/coacher/mayors102099113446.html?fileloc=//sbin/fsck.cramfs&path=//sbin HTTP/1.1" 200 12194 baptist-temple.com "-" "meta-externalagent/1.1 (+https://developers.facebook.com/docs/sharing/webmasters/crawler)" "-"
2a03:2880:f800:: - - [13/Mar/2026:00:16:50 -0400] "GET /shop/fallible/lookover162641977811.html?fileloc=//lib/mc/extfs.d/debd&path=//lib/mc/extfs.d HTTP/1.1" 200 23943 baptist-temple.com "-" "meta-externalagent/1.1 (+https://developers.facebook.com/docs/sharing/webmasters/crawler)" "-"
144.76.32.0 - - [13/Mar/2026:00:16:51 -0400] "GET /shop/inconsummate/aiddecamp143055983145.html HTTP/1.1" 200 54919 baptist-temple.com "-" "Mozilla/5.0 (compatible; SERankingBacklinksBot/1.0; +https://seranking.com/backlinks-crawler)" "-"
2a03:2880:f800:: - - [13/Mar/2026:00:16:51 -0400] "GET /shop/coacher/mayors102099113446.html?fileloc=//sbin/logrotate&path=//sbin HTTP/1.1" 200 12192 baptist-temple.com "-" "meta-externalagent/1.1 (+https://developers.facebook.com/docs/sharing/webmasters/crawler)" "-"
2a03:2880:f800:: - - [13/Mar/2026:00:16:51 -0400] "GET /shop/coacher/mayors102099113446.html?fileloc=//sbin/quotastats&path=//sbin HTTP/1.1" 200 12193 baptist-temple.com "-" "meta-externalagent/1.1 (+https://developers.facebook.com/docs/sharing/webmasters/crawler)" "-"
54.39.0.0 - - [13/Mar/2026:00:16:52 -0400] "GET /shop/tapeti/versute132018613018.html HTTP/1.1" 200 54919 www.baptist-temple.com "-" "Mozilla/5.0 (compatible; AhrefsBot/7.0; +http://ahrefs.com/robot/)" "-"
66.249.70.0 - - [13/Mar/2026:00:16:52 -0400] "GET /shop/transparently/orangutan132427171740.html HTTP/1.1" 200 209695 baptist-temple.com "-" "Mozilla/5.0 (Linux; Android 6.0.1; Nexus 5X Build/MMB29P) AppleWebKit/537.36 (KHTML, like Gecko) Chrome/145.0.7632.116 Mobile Safari/537.36 (compatible; Googlebot/2.1; +http://www.google.com/bot.html)" "-"
74.7.242.0 - - [13/Mar/2026:00:16:52 -0400] "GET /shop/lachrymals/pestilential142250080589.html?fileloc=//proc/irq/2/node&path=//proc/irq/2 HTTP/1.1" 200 12265 baptist-temple.com "https://baptist-temple.com/shop/lachrymals/pestilential142250080589.html?path=//proc/irq/2" "Mozilla/5.0 AppleWebKit/537.36 (KHTML, like Gecko; compatible; GPTBot/1.3; +https://openai.com/gptbot)" "-"
2a03:2880:f800:: - - [13/Mar/2026:00:16:52 -0400] "GET /shop/coacher/mayors102099113446.html?fileloc=//sbin/halt&path=//sbin HTTP/1.1" 200 12187 baptist-temple.com "-" "meta-externalagent/1.1 (+https://developers.facebook.com/docs/sharing/webmasters/crawler)" "-"
2a03:2880:f800:: - - [13/Mar/2026:00:16:52 -0400] "GET /shop/fallible/lookover162641977811.html?fileloc=//lib/ssl/certs/HARICA_TLS_ECC_Root_CA_2021.pem&path=//lib/ssl/certs HTTP/1.1" 200 13164 baptist-temple.com "-" "meta-externalagent/1.1 (+https://developers.facebook.com/docs/sharing/webmasters/crawler)" "-"
2a03:2880:f800:: - - [13/Mar/2026:00:16:53 -0400] "GET /shop/coacher/mayors102099113446.html?fileloc=//sbin/userdel&path=//sbin HTTP/1.1" 200 12190 baptist-temple.com "-" "meta-externalagent/1.1 (+https://developers.facebook.com/docs/sharing/webmasters/crawler)" "-"
2a03:2880:f800:: - - [13/Mar/2026:00:16:53 -0400] "GET /shop/fallible/lookover162641977811.html?fileloc=//kunden/usr/bin/brushtopbm&path=//kunden/usr/bin HTTP/1.1" 200 12285 baptist-temple.com "-" "meta-externalagent/1.1 (+https://developers.facebook.com/docs/sharing/webmasters/crawler)" "-"
2a03:2880:f800:: - - [13/Mar/2026:00:16:54 -0400] "GET /shop/fallible/lookover162641977811.html?fileloc=//kunden/usr/bin/py3compile&path=//kunden/usr/bin HTTP/1.1" 200 25695 baptist-temple.com "-" "meta-externalagent/1.1 (+https://developers.facebook.com/docs/sharing/webmasters/crawler)" "-"
66.249.70.0 - - [13/Mar/2026:00:16:54 -0400] "GET /shop/cierge/meles131760468564.html HTTP/1.1" 200 220087 baptist-temple.com "-" "Mozilla/5.0 (Linux; Android 6.0.1; Nexus 5X Build/MMB29P) AppleWebKit/537.36 (KHTML, like Gecko) Chrome/145.0.7632.116 Mobile Safari/537.36 (compatible; Googlebot/2.1; +http://www.google.com/bot.html)" "-"
144.76.32.0 - - [13/Mar/2026:00:16:54 -0400] "GET /shop/inculpative/livergrown141971801953.html HTTP/1.1" 200 54919 baptist-temple.com "-" "Mozilla/5.0 (compatible; SERankingBacklinksBot/1.0; +https://seranking.com/backlinks-crawler)" "-"
2a03:2880:f800:: - - [13/Mar/2026:00:16:54 -0400] "GET /shop/fallible/lookover162641977811.html?fileloc=//kunden/usr/bin/mogrify-im6&path=//kunden/usr/bin HTTP/1.1" 200 12286 baptist-temple.com "-" "meta-externalagent/1.1 (+https://developers.facebook.com/docs/sharing/webmasters/crawler)" "-"
74.7.242.0 - - [13/Mar/2026:00:16:55 -0400] "GET /shop/lachrymals/pestilential142250080589.html?fileloc=//proc/irq/94/node&path=//proc/irq/94 HTTP/1.1" 200 12268 baptist-temple.com "https://baptist-temple.com/shop/lachrymals/pestilential142250080589.html?path=//proc/irq/94" "Mozilla/5.0 AppleWebKit/537.36 (KHTML, like Gecko; compatible; GPTBot/1.3; +https://openai.com/gptbot)" "-"
2a03:2880:f800:: - - [13/Mar/2026:00:16:55 -0400] "GET /shop/fallible/lookover162641977811.html?fileloc=//kunden/usr/bin/logname&path=//kunden/usr/bin HTTP/1.1" 200 12282 baptist-temple.com "-" "meta-externalagent/1.1 (+https://developers.facebook.com/docs/sharing/webmasters/crawler)" "-"
2a03:2880:f800:: - - [13/Mar/2026:00:16:55 -0400] "GET /shop/fallible/lookover162641977811.html?fileloc=//kunden/usr/bin/wdctl&path=//kunden/usr/bin HTTP/1.1" 200 12280 baptist-temple.com "-" "meta-externalagent/1.1 (+https://developers.facebook.com/docs/sharing/webmasters/crawler)" "-"
2a03:2880:f800:: - - [13/Mar/2026:00:16:56 -0400] "GET /shop/coacher/mayors102099113446.html?fileloc=//sbin/hwclock&path=//sbin HTTP/1.1" 200 12190 baptist-temple.com "-" "meta-externalagent/1.1 (+https://developers.facebook.com/docs/sharing/webmasters/crawler)" "-"
2a03:2880:f800:: - - [13/Mar/2026:00:16:56 -0400] "GET /shop/restorator/uncharitable101607981812.html?path=//homepages HTTP/1.1" 200 81297 baptist-temple.com "-" "meta-externalagent/1.1 (+https://developers.facebook.com/docs/sharing/webmasters/crawler)" "-"
66.249.70.0 - - [13/Mar/2026:00:16:56 -0400] "GET /shop/glacious/reign133981796254.html HTTP/1.1" 200 223161 baptist-temple.com "-" "Mozilla/5.0 (Linux; Android 6.0.1; Nexus 5X Build/MMB29P) AppleWebKit/537.36 (KHTML, like Gecko) Chrome/145.0.7632.116 Mobile Safari/537.36 (compatible; Googlebot/2.1; +http://www.google.com/bot.html)" "-"
2a03:2880:f800:: - - [13/Mar/2026:00:16:57 -0400] "GET /shop/coacher/mayors102099113446.html?fileloc=//sbin/blkdiscard&path=//sbin HTTP/1.1" 200 12193 baptist-temple.com "-" "meta-externalagent/1.1 (+https://developers.facebook.com/docs/sharing/webmasters/crawler)" "-"
2a03:2880:f800:: - - [13/Mar/2026:00:16:57 -0400] "GET /shop/fallible/lookover162641977811.html?path=//kunden/lib/x86_64-linux-musl/bin HTTP/1.1" 200 14258 baptist-temple.com "-" "meta-externalagent/1.1 (+https://developers.facebook.com/docs/sharing/webmasters/crawler)" "-"
144.76.32.0 - - [13/Mar/2026:00:16:58 -0400] "GET /shop/indeleble/thirdborough142994535700.html HTTP/1.1" 200 54919 baptist-temple.com "-" "Mozilla/5.0 (compatible; SERankingBacklinksBot/1.0; +https://seranking.com/backlinks-crawler)" "-"
2a03:2880:f800:: - - [13/Mar/2026:00:16:58 -0400] "GET /shop/coacher/mayors102099113446.html?fileloc=//sbin/chcpu&path=//sbin HTTP/1.1" 200 12188 baptist-temple.com "-" "meta-externalagent/1.1 (+https://developers.facebook.com/docs/sharing/webmasters/crawler)" "-"
74.7.242.0 - - [13/Mar/2026:00:16:58 -0400] "GET /shop/lachrymals/pestilential142250080589.html?fileloc=//proc/irq/11/node&path=//proc/irq/11 HTTP/1.1" 200 12268 baptist-temple.com "https://baptist-temple.com/shop/lachrymals/pestilential142250080589.html?path=//proc/irq/11" "Mozilla/5.0 AppleWebKit/537.36 (KHTML, like Gecko; compatible; GPTBot/1.3; +https://openai.com/gptbot)" "-"
2a03:2880:f800:: - - [13/Mar/2026:00:16:58 -0400] "GET /shop/coacher/mayors102099113446.html?fileloc=//sbin/update-ca-certificates&path=//sbin HTTP/1.1" 200 18851 baptist-temple.com "-" "meta-externalagent/1.1 (+https://developers.facebook.com/docs/sharing/webmasters/crawler)" "-"
2a03:2880:f800:: - - [13/Mar/2026:00:16:59 -0400] "GET /shop/coacher/mayors102099113446.html?fileloc=//sbin/tzconfig&path=//sbin HTTP/1.1" 200 12317 baptist-temple.com "-" "meta-externalagent/1.1 (+https://developers.facebook.com/docs/sharing/webmasters/crawler)" "-"
2a03:2880:f800:: - - [13/Mar/2026:00:16:59 -0400] "GET /shop/coacher/mayors102099113446.html?fileloc=//sbin/e2image&path=//sbin HTTP/1.1" 200 12190 baptist-temple.com "-" "meta-externalagent/1.1 (+https://developers.facebook.com/docs/sharing/webmasters/crawler)" "-"
2a03:2880:f800:: - - [13/Mar/2026:00:17:00 -0400] "GET /shop/coacher/mayors102099113446.html?fileloc=//sbin/adduser&path=//sbin HTTP/1.1" 200 12190 baptist-temple.com "-" "meta-externalagent/1.1 (+https://developers.facebook.com/docs/sharing/webmasters/crawler)" "-"
66.249.70.0 - - [13/Mar/2026:00:17:00 -0400] "GET /shop/songster/trimorphism133731452552.html HTTP/1.1" 200 217668 baptist-temple.com "-" "Mozilla/5.0 (Linux; Android 6.0.1; Nexus 5X Build/MMB29P) AppleWebKit/537.36 (KHTML, like Gecko) Chrome/145.0.7632.116 Mobile Safari/537.36 (compatible; Googlebot/2.1; +http://www.google.com/bot.html)" "-"
2a03:2880:f800:: - - [13/Mar/2026:00:17:00 -0400] "GET /shop/fallible/lookover162641977811.html?fileloc=//lib/x86_64-linux-gnu/libsvn_fs_x-1.so.1&path=//lib/x86_64-linux-gnu HTTP/1.1" 200 12275 baptist-temple.com "-" "meta-externalagent/1.1 (+https://developers.facebook.com/docs/sharing/webmasters/crawler)" "-"
66.249.70.0 - - [13/Mar/2026:00:17:01 -0400] "GET /shop/strap/renavigate112958050912.html HTTP/1.1" 200 234750 baptist-temple.com "-" "Mozilla/5.0 (Linux; Android 6.0.1; Nexus 5X Build/MMB29P) AppleWebKit/537.36 (KHTML, like Gecko) Chrome/145.0.7632.116 Mobile Safari/537.36 (compatible; Googlebot/2.1; +http://www.google.com/bot.html)" "-"
2a03:2880:f800:: - - [13/Mar/2026:00:17:01 -0400] "GET /shop/fallible/lookover162641977811.html?fileloc=//lib/x86_64-linux-gnu/libmysqlclient_r.a&path=//lib/x86_64-linux-gnu HTTP/1.1" 200 12275 baptist-temple.com "-" "meta-externalagent/1.1 (+https://developers.facebook.com/docs/sharing/webmasters/crawler)" "-"
74.7.242.0 - - [13/Mar/2026:00:17:01 -0400] "GET /shop/lachrymals/pestilential142250080589.html?fileloc=//proc/irq/82/node&path=//proc/irq/82 HTTP/1.1" 200 12268 baptist-temple.com "https://baptist-temple.com/shop/lachrymals/pestilential142250080589.html?path=//proc/irq/82" "Mozilla/5.0 AppleWebKit/537.36 (KHTML, like Gecko; compatible; GPTBot/1.3; +https://openai.com/gptbot)" "-"
2a03:2880:f800:: - - [13/Mar/2026:00:17:01 -0400] "GET /shop/fallible/lookover162641977811.html?fileloc=//lib/x86_64-linux-gnu/libIlmThread-2_5.so.25.0.3&path=//lib/x86_64-linux-gnu HTTP/1.1" 200 12283 baptist-temple.com "-" "meta-externalagent/1.1 (+https://developers.facebook.com/docs/sharing/webmasters/crawler)" "-"
144.76.32.0 - - [13/Mar/2026:00:17:01 -0400] "GET /shop/indemnifying/defendress14545208162.html HTTP/1.1" 200 54919 baptist-temple.com "-" "Mozilla/5.0 (compatible; SERankingBacklinksBot/1.0; +https://seranking.com/backlinks-crawler)" "-"
2a03:2880:f800:: - - [13/Mar/2026:00:17:02 -0400] "GET /shop/coacher/mayors102099113446.html?path=//lib64 HTTP/1.1" 200 14047 baptist-temple.com "-" "meta-externalagent/1.1 (+https://developers.facebook.com/docs/sharing/webmasters/crawler)" "-"
2a03:2880:f800:: - - [13/Mar/2026:00:17:02 -0400] "GET /shop/coacher/mayors102099113446.html?fileloc=//sbin/readprofile&path=//sbin HTTP/1.1" 200 12194 baptist-temple.com "-" "meta-externalagent/1.1 (+https://developers.facebook.com/docs/sharing/webmasters/crawler)" "-"
66.249.70.0 - - [13/Mar/2026:00:17:03 -0400] "GET /shop/bespotted/outbid13236778771.html HTTP/1.1" 200 219198 baptist-temple.com "-" "Mozilla/5.0 (Linux; Android 6.0.1; Nexus 5X Build/MMB29P) AppleWebKit/537.36 (KHTML, like Gecko) Chrome/145.0.7632.116 Mobile Safari/537.36 (compatible; Googlebot/2.1; +http://www.google.com/bot.html)" "-"
2a03:2880:f800:: - - [13/Mar/2026:00:17:03 -0400] "GET /shop/coacher/mayors102099113446.html?fileloc=//sbin/invoke-rc.d&path=//sbin HTTP/1.1" 200 12194 baptist-temple.com "-" "meta-externalagent/1.1 (+https://developers.facebook.com/docs/sharing/webmasters/crawler)" "-"
2a03:2880:f800:: - - [13/Mar/2026:00:17:03 -0400] "GET /shop/fallible/lookover162641977811.html?fileloc=//lib/ssl/certs/8312c4c1.0&path=//lib/ssl/certs HTTP/1.1" 200 14215 baptist-temple.com "-" "meta-externalagent/1.1 (+https://developers.facebook.com/docs/sharing/webmasters/crawler)" "-"
2a03:2880:f800:: - - [13/Mar/2026:00:17:04 -0400] "GET /shop/fallible/lookover162641977811.html?fileloc=//lib/ssl/certs/Certum_EC-384_CA.pem&path=//lib/ssl/certs HTTP/1.1" 200 13177 baptist-temple.com "-" "meta-externalagent/1.1 (+https://developers.facebook.com/docs/sharing/webmasters/crawler)" "-"
2a03:2880:f800:: - - [13/Mar/2026:00:17:04 -0400] "GET /shop/fallible/lookover162641977811.html?fileloc=//kunden/lib/ssl/certs/5931b5bc.0&path=//kunden/lib/ssl/certs HTTP/1.1" 200 13390 baptist-temple.com "-" "meta-externalagent/1.1 (+https://developers.facebook.com/docs/sharing/webmasters/crawler)" "-"
74.7.242.0 - - [13/Mar/2026:00:17:04 -0400] "GET /shop/lachrymals/pestilential142250080589.html?fileloc=//proc/irq/80/node&path=//proc/irq/80 HTTP/1.1" 200 12268 baptist-temple.com "https://baptist-temple.com/shop/lachrymals/pestilential142250080589.html?path=//proc/irq/80" "Mozilla/5.0 AppleWebKit/537.36 (KHTML, like Gecko; compatible; GPTBot/1.3; +https://openai.com/gptbot)" "-"
2a03:2880:f800:: - - [13/Mar/2026:00:17:05 -0400] "GET /shop/fallible/lookover162641977811.html?fileloc=//bin/gpg-agent&path=//bin HTTP/1.1" 200 12189 baptist-temple.com "-" "meta-externalagent/1.1 (+https://developers.facebook.com/docs/sharing/webmasters/crawler)" "-"
144.76.32.0 - - [13/Mar/2026:00:17:05 -0400] "GET /shop/inductoriums/nauclerus143422331898.html HTTP/1.1" 200 54919 baptist-temple.com "-" "Mozilla/5.0 (compatible; SERankingBacklinksBot/1.0; +https://seranking.com/backlinks-crawler)" "-"
2a03:2880:f800:: - - [13/Mar/2026:00:17:05 -0400] "GET /shop/fallible/lookover162641977811.html?fileloc=//bin/sensible-pager&path=//bin HTTP/1.1" 200 12816 baptist-temple.com "-" "meta-externalagent/1.1 (+https://developers.facebook.com/docs/sharing/webmasters/crawler)" "-"
2a03:2880:f800:: - - [13/Mar/2026:00:17:06 -0400] "GET /shop/coacher/mayors102099113446.html?path=/homepages/42/d414105715 HTTP/1.1" 200 32907 baptist-temple.com "-" "meta-externalagent/1.1 (+https://developers.facebook.com/docs/sharing/webmasters/crawler)" "-"
2a03:2880:f800:: - - [13/Mar/2026:00:17:06 -0400] "GET /shop/coacher/mayors102099113446.html?fileloc=//sbin/e2scrub&path=//sbin HTTP/1.1" 200 20737 baptist-temple.com "-" "meta-externalagent/1.1 (+https://developers.facebook.com/docs/sharing/webmasters/crawler)" "-"
66.249.70.0 - - [13/Mar/2026:00:17:07 -0400] "GET /shop/presupposing/mutagen13779234828.html HTTP/1.1" 200 217587 baptist-temple.com "-" "Mozilla/5.0 (Linux; Android 6.0.1; Nexus 5X Build/MMB29P) AppleWebKit/537.36 (KHTML, like Gecko) Chrome/145.0.7632.116 Mobile Safari/537.36 (compatible; Googlebot/2.1; +http://www.google.com/bot.html)" "-"
2a03:2880:f800:: - - [13/Mar/2026:00:17:07 -0400] "GET /shop/fallible/lookover162641977811.html?fileloc=//kunden/usr/bin/infobrowser&path=//kunden/usr/bin HTTP/1.1" 200 12286 baptist-temple.com "-" "meta-externalagent/1.1 (+https://developers.facebook.com/docs/sharing/webmasters/crawler)" "-"
66.249.70.0 - - [13/Mar/2026:00:17:07 -0400] "GET /shop/protozoic/dowdies113776294968.html HTTP/1.1" 200 220590 baptist-temple.com "-" "Mozilla/5.0 (Linux; Android 6.0.1; Nexus 5X Build/MMB29P) AppleWebKit/537.36 (KHTML, like Gecko) Chrome/145.0.7632.116 Mobile Safari/537.36 (compatible; Googlebot/2.1; +http://www.google.com/bot.html)" "-"
2a03:2880:f800:: - - [13/Mar/2026:00:17:07 -0400] "GET /shop/fallible/lookover162641977811.html?fileloc=//lib/ssl/certs/GTS_Root_R4.pem&path=//lib/ssl/certs HTTP/1.1" 200 13046 baptist-temple.com "-" "meta-externalagent/1.1 (+https://developers.facebook.com/docs/sharing/webmasters/crawler)" "-"
74.7.242.0 - - [13/Mar/2026:00:17:08 -0400] "GET /shop/lachrymals/pestilential142250080589.html?fileloc=//proc/irq/49/node&path=//proc/irq/49 HTTP/1.1" 200 12268 baptist-temple.com "https://baptist-temple.com/shop/lachrymals/pestilential142250080589.html?path=//proc/irq/49" "Mozilla/5.0 AppleWebKit/537.36 (KHTML, like Gecko; compatible; GPTBot/1.3; +https://openai.com/gptbot)" "-"
2a03:2880:f800:: - - [13/Mar/2026:00:17:08 -0400] "GET /shop/fallible/lookover162641977811.html?fileloc=//lib/ssl/certs/AffirmTrust_Commercial.pem&path=//lib/ssl/certs HTTP/1.1" 200 13496 baptist-temple.com "-" "meta-externalagent/1.1 (+https://developers.facebook.com/docs/sharing/webmasters/crawler)" "-"
2a03:2880:f800:: - - [13/Mar/2026:00:17:08 -0400] "GET /shop/fallible/lookover162641977811.html?fileloc=//lib/git-core/git-init&path=//lib/git-core HTTP/1.1" 200 12241 baptist-temple.com "-" "meta-externalagent/1.1 (+https://developers.facebook.com/docs/sharing/webmasters/crawler)" "-"
144.76.32.0 - - [13/Mar/2026:00:17:09 -0400] "GET /shop/infringe/seventhirties141382116744.html HTTP/1.1" 200 54919 baptist-temple.com "-" "Mozilla/5.0 (compatible; SERankingBacklinksBot/1.0; +https://seranking.com/backlinks-crawler)" "-"
2a03:2880:f800:: - - [13/Mar/2026:00:17:09 -0400] "GET /shop/restorator/uncharitable101607981812.html?path=/homepages/sclientMF HTTP/1.1" 200 12665 baptist-temple.com "-" "meta-externalagent/1.1 (+https://developers.facebook.com/docs/sharing/webmasters/crawler)" "-"
66.249.70.0 - - [13/Mar/2026:00:17:09 -0400] "GET /shop/canaille/ciliform112838963146.html HTTP/1.1" 200 221009 baptist-temple.com "-" "Mozilla/5.0 (Linux; Android 6.0.1; Nexus 5X Build/MMB29P) AppleWebKit/537.36 (KHTML, like Gecko) Chrome/145.0.7632.116 Mobile Safari/537.36 (compatible; Googlebot/2.1; +http://www.google.com/bot.html)" "-"
66.249.70.0 - - [13/Mar/2026:00:17:09 -0400] "GET /shop/stipendless/pneumoconiosis132249324569.html HTTP/1.1" 200 219655 baptist-temple.com "-" "Mozilla/5.0 (Linux; Android 6.0.1; Nexus 5X Build/MMB29P) AppleWebKit/537.36 (KHTML, like Gecko) Chrome/145.0.7632.116 Mobile Safari/537.36 (compatible; Googlebot/2.1; +http://www.google.com/bot.html)" "-"
2a03:2880:f800:: - - [13/Mar/2026:00:17:09 -0400] "GET /shop/fallible/lookover162641977811.html?fileloc=//kunden/usr/bin/tty&path=//kunden/usr/bin HTTP/1.1" 200 12278 baptist-temple.com "-" "meta-externalagent/1.1 (+https://developers.facebook.com/docs/sharing/webmasters/crawler)" "-"
2a03:2880:f800:: - - [13/Mar/2026:00:17:10 -0400] "GET /shop/fallible/lookover162641977811.html?fileloc=//kunden/usr/bin/rcs&path=//kunden/usr/bin HTTP/1.1" 200 12278 baptist-temple.com "-" "meta-externalagent/1.1 (+https://developers.facebook.com/docs/sharing/webmasters/crawler)" "-"
2a03:2880:f800:: - - [13/Mar/2026:00:17:10 -0400] "GET /shop/fallible/lookover162641977811.html?fileloc=//kunden/usr/bin/sha224sum&path=//kunden/usr/bin HTTP/1.1" 200 12284 baptist-temple.com "-" "meta-externalagent/1.1 (+https://developers.facebook.com/docs/sharing/webmasters/crawler)" "-"
74.7.242.0 - - [13/Mar/2026:00:17:11 -0400] "GET /shop/lachrymals/pestilential142250080589.html?fileloc=//proc/irq/84/node&path=//proc/irq/84 HTTP/1.1" 200 12268 baptist-temple.com "https://baptist-temple.com/shop/lachrymals/pestilential142250080589.html?path=//proc/irq/84" "Mozilla/5.0 AppleWebKit/537.36 (KHTML, like Gecko; compatible; GPTBot/1.3; +https://openai.com/gptbot)" "-"
2a03:2880:f800:: - - [13/Mar/2026:00:17:11 -0400] "GET /shop/fallible/lookover162641977811.html?fileloc=//kunden/usr/bin/merge&path=//kunden/usr/bin HTTP/1.1" 200 12280 baptist-temple.com "-" "meta-externalagent/1.1 (+https://developers.facebook.com/docs/sharing/webmasters/crawler)" "-"
2a03:2880:f800:: - - [13/Mar/2026:00:17:11 -0400] "GET /shop/fallible/lookover162641977811.html?fileloc=//kunden/usr/bin/convert-im6.q16&path=//kunden/usr/bin HTTP/1.1" 200 12290 baptist-temple.com "-" "meta-externalagent/1.1 (+https://developers.facebook.com/docs/sharing/webmasters/crawler)" "-"
2a03:2880:f800:: - - [13/Mar/2026:00:17:12 -0400] "GET /shop/fallible/lookover162641977811.html?fileloc=//lib/mc/extfs.d/changesetfs&path=//lib/mc/extfs.d HTTP/1.1" 200 15376 baptist-temple.com "-" "meta-externalagent/1.1 (+https://developers.facebook.com/docs/sharing/webmasters/crawler)" "-"
144.76.32.0 - - [13/Mar/2026:00:17:12 -0400] "GET /shop/inspirationist/contused14962425491.html HTTP/1.1" 200 54919 baptist-temple.com "-" "Mozilla/5.0 (compatible; SERankingBacklinksBot/1.0; +https://seranking.com/backlinks-crawler)" "-"
2a03:2880:f800:: - - [13/Mar/2026:00:17:12 -0400] "GET /shop/fallible/lookover162641977811.html?fileloc=//kunden/lib/git-core/git-switch&path=//kunden/lib/git-core HTTP/1.1" 200 12300 baptist-temple.com "-" "meta-externalagent/1.1 (+https://developers.facebook.com/docs/sharing/webmasters/crawler)" "-"
2a03:2880:f800:: - - [13/Mar/2026:00:17:13 -0400] "GET /shop/coacher/mayors102099113446.html?fileloc=//sbin/update-default-aspell&path=//sbin HTTP/1.1" 200 13272 baptist-temple.com "-" "meta-externalagent/1.1 (+https://developers.facebook.com/docs/sharing/webmasters/crawler)" "-"
66.249.70.0 - - [13/Mar/2026:00:17:13 -0400] "GET /shop/planetstruck/lexicographist14138983166.html HTTP/1.1" 200 220093 baptist-temple.com "-" "Mozilla/5.0 (Linux; Android 6.0.1; Nexus 5X Build/MMB29P) AppleWebKit/537.36 (KHTML, like Gecko) Chrome/145.0.7632.116 Mobile Safari/537.36 (compatible; Googlebot/2.1; +http://www.google.com/bot.html)" "-"
66.249.70.0 - - [13/Mar/2026:00:17:13 -0400] "GET /shop/phthalein/bulbel133012571383.html HTTP/1.1" 200 216608 baptist-temple.com "-" "Mozilla/5.0 (Linux; Android 6.0.1; Nexus 5X Build/MMB29P) AppleWebKit/537.36 (KHTML, like Gecko) Chrome/145.0.7632.116 Mobile Safari/537.36 (compatible; Googlebot/2.1; +http://www.google.com/bot.html)" "-"
2a03:2880:f800:: - - [13/Mar/2026:00:17:13 -0400] "GET /shop/coacher/mayors102099113446.html?path=/homepages/42/d414105715/htdocs/demo/wp-admin/user HTTP/1.1" 200 27193 baptist-temple.com "-" "meta-externalagent/1.1 (+https://developers.facebook.com/docs/sharing/webmasters/crawler)" "-"
2a03:2880:f800:: - - [13/Mar/2026:00:17:14 -0400] "GET /shop/fallible/lookover162641977811.html?fileloc=//kunden/proc/loadavg&path=//kunden/proc HTTP/1.1" 200 12274 baptist-temple.com "-" "meta-externalagent/1.1 (+https://developers.facebook.com/docs/sharing/webmasters/crawler)" "-"
74.7.242.0 - - [13/Mar/2026:00:17:14 -0400] "GET /shop/lachrymals/pestilential142250080589.html?fileloc=//proc/irq/91/node&path=//proc/irq/91 HTTP/1.1" 200 12268 baptist-temple.com "https://baptist-temple.com/shop/lachrymals/pestilential142250080589.html?path=//proc/irq/91" "Mozilla/5.0 AppleWebKit/537.36 (KHTML, like Gecko; compatible; GPTBot/1.3; +https://openai.com/gptbot)" "-"
2a03:2880:f800:: - - [13/Mar/2026:00:17:14 -0400] "GET /shop/fallible/lookover162641977811.html?fileloc=/homepages/40/d389386533/.htaccess&path=/homepages/40/d389386533 HTTP/1.1" 200 12312 baptist-temple.com "-" "meta-externalagent/1.1 (+https://developers.facebook.com/docs/sharing/webmasters/crawler)" "-"
2a03:2880:f800:: - - [13/Mar/2026:00:17:15 -0400] "GET /shop/fallible/lookover162641977811.html?fileloc=/homepages/40/d389386533/htaccesslist&path=/homepages/40/d389386533 HTTP/1.1" 200 12315 baptist-temple.com "-" "meta-externalagent/1.1 (+https://developers.facebook.com/docs/sharing/webmasters/crawler)" "-"
43.165.67.0 - - [13/Mar/2026:00:17:15 -0400] "GET /?path=/homepages/42/d414105715 HTTP/1.1" 200 32907 baptist-temple.com "-" "Mozilla/5.0 (iPhone; CPU iPhone OS 13_2_3 like Mac OS X) AppleWebKit/605.1.15 (KHTML, like Gecko) Version/13.0.3 Mobile/15E148 Safari/604.1" "-"
66.249.70.0 - - [13/Mar/2026:00:17:15 -0400] "GET /shop/seroy/harvester132712194488.html HTTP/1.1" 200 215306 baptist-temple.com "-" "Mozilla/5.0 (Linux; Android 6.0.1; Nexus 5X Build/MMB29P) AppleWebKit/537.36 (KHTML, like Gecko) Chrome/145.0.7632.116 Mobile Safari/537.36 (compatible; Googlebot/2.1; +http://www.google.com/bot.html)" "-"
2a03:2880:f800:: - - [13/Mar/2026:00:17:15 -0400] "GET /shop/coacher/mayors102099113446.html?fileloc=//sbin/sendmail&path=//sbin HTTP/1.1" 200 14314 baptist-temple.com "-" "meta-externalagent/1.1 (+https://developers.facebook.com/docs/sharing/webmasters/crawler)" "-"
144.76.32.0 - - [13/Mar/2026:00:17:16 -0400] "GET /shop/interesting/vociferant141634788967.html HTTP/1.1" 200 54919 baptist-temple.com "-" "Mozilla/5.0 (compatible; SERankingBacklinksBot/1.0; +https://seranking.com/backlinks-crawler)" "-"
2a03:2880:f800:: - - [13/Mar/2026:00:17:16 -0400] "GET /shop/fallible/lookover162641977811.html?fileloc=//kunden/lib/python3.9/lib-dynload/_multibytecodec.cpython-39-x86_64-linux-gnu.so&path=//kunden/lib/python3.9/lib-dynload HTTP/1.1" 200 12418 baptist-temple.com "-" "meta-externalagent/1.1 (+https://developers.facebook.com/docs/sharing/webmasters/crawler)" "-"
2a03:2880:f800:: - - [13/Mar/2026:00:17:16 -0400] "GET /shop/coacher/mayors102099113446.html?fileloc=//sbin/debugfs&path=//sbin HTTP/1.1" 200 12190 baptist-temple.com "-" "meta-externalagent/1.1 (+https://developers.facebook.com/docs/sharing/webmasters/crawler)" "-"
2a03:2880:f800:: - - [13/Mar/2026:00:17:17 -0400] "GET /shop/fallible/lookover162641977811.html?fileloc=//bin/dir&path=//bin HTTP/1.1" 200 12183 baptist-temple.com "-" "meta-externalagent/1.1 (+https://developers.facebook.com/docs/sharing/webmasters/crawler)" "-"
74.7.242.0 - - [13/Mar/2026:00:17:17 -0400] "GET /shop/lachrymals/pestilential142250080589.html?fileloc=//proc/irq/81/node&path=//proc/irq/81 HTTP/1.1" 200 12268 baptist-temple.com "https://baptist-temple.com/shop/lachrymals/pestilential142250080589.html?path=//proc/irq/81" "Mozilla/5.0 AppleWebKit/537.36 (KHTML, like Gecko; compatible; GPTBot/1.3; +https://openai.com/gptbot)" "-"
2a03:2880:f800:: - - [13/Mar/2026:00:17:17 -0400] "GET /shop/fallible/lookover162641977811.html?fileloc=/homepages/22/d367468629/distributor.lock&path=/homepages/22/d367468629 HTTP/1.1" 200 12319 baptist-temple.com "-" "meta-externalagent/1.1 (+https://developers.facebook.com/docs/sharing/webmasters/crawler)" "-"
2a03:2880:f800:: - - [13/Mar/2026:00:17:18 -0400] "GET /shop/restorator/uncharitable101607981812.html?path=//homepages/3 HTTP/1.1" 200 15315 baptist-temple.com "-" "meta-externalagent/1.1 (+https://developers.facebook.com/docs/sharing/webmasters/crawler)" "-"
2a03:2880:f800:: - - [13/Mar/2026:00:17:18 -0400] "GET /shop/restorator/uncharitable101607981812.html?path=//homepages/23 HTTP/1.1" 200 13988 baptist-temple.com "-" "meta-externalagent/1.1 (+https://developers.facebook.com/docs/sharing/webmasters/crawler)" "-"
2a03:2880:f800:: - - [13/Mar/2026:00:17:19 -0400] "GET /shop/fallible/lookover162641977811.html?fileloc=//lib/python3.9/wsgiref/validate.py&path=//lib/python3.9/wsgiref HTTP/1.1" 200 28054 baptist-temple.com "-" "meta-externalagent/1.1 (+https://developers.facebook.com/docs/sharing/webmasters/crawler)" "-"
66.249.70.0 - - [13/Mar/2026:00:17:19 -0400] "GET /shop/hirer/overhold132685555372.html HTTP/1.1" 200 216001 baptist-temple.com "-" "Mozilla/5.0 (Linux; Android 6.0.1; Nexus 5X Build/MMB29P) AppleWebKit/537.36 (KHTML, like Gecko) Chrome/145.0.7632.116 Mobile Safari/537.36 (compatible; Googlebot/2.1; +http://www.google.com/bot.html)" "-"
66.249.70.0 - - [13/Mar/2026:00:17:19 -0400] "GET /shop/soutage/idolographical13918875950.html HTTP/1.1" 200 218365 baptist-temple.com "-" "Mozilla/5.0 (Linux; Android 6.0.1; Nexus 5X Build/MMB29P) AppleWebKit/537.36 (KHTML, like Gecko) Chrome/145.0.7632.116 Mobile Safari/537.36 (compatible; Googlebot/2.1; +http://www.google.com/bot.html)" "-"
144.76.32.0 - - [13/Mar/2026:00:17:20 -0400] "GET /shop/invertebrated/horseman144134918923.html HTTP/1.1" 200 54919 baptist-temple.com "-" "Mozilla/5.0 (compatible; SERankingBacklinksBot/1.0; +https://seranking.com/backlinks-crawler)" "-"
2a03:2880:f800:: - - [13/Mar/2026:00:17:20 -0400] "GET /shop/fallible/lookover162641977811.html?fileloc=//kunden/lib/python3.9/platform.py&path=//kunden/lib/python3.9 HTTP/1.1" 200 54112 baptist-temple.com "-" "meta-externalagent/1.1 (+https://developers.facebook.com/docs/sharing/webmasters/crawler)" "-"
66.249.70.0 - - [13/Mar/2026:00:17:20 -0400] "GET /shop/skimmed/swaddler112249374577.html HTTP/1.1" 200 223551 baptist-temple.com "-" "Mozilla/5.0 (Linux; Android 6.0.1; Nexus 5X Build/MMB29P) AppleWebKit/537.36 (KHTML, like Gecko) Chrome/145.0.7632.116 Mobile Safari/537.36 (compatible; Googlebot/2.1; +http://www.google.com/bot.html)" "-"
74.7.242.0 - - [13/Mar/2026:00:17:20 -0400] "GET /shop/lachrymals/pestilential142250080589.html?fileloc=//proc/irq/88/node&path=//proc/irq/88 HTTP/1.1" 200 12268 baptist-temple.com "https://baptist-temple.com/shop/lachrymals/pestilential142250080589.html?path=//proc/irq/88" "Mozilla/5.0 AppleWebKit/537.36 (KHTML, like Gecko; compatible; GPTBot/1.3; +https://openai.com/gptbot)" "-"
2a03:2880:f800:: - - [13/Mar/2026:00:17:20 -0400] "GET /shop/fallible/lookover162641977811.html?path=//lib/x86_64-linux-gnu/perl/5.32/sys HTTP/1.1" 200 29448 baptist-temple.com "-" "meta-externalagent/1.1 (+https://developers.facebook.com/docs/sharing/webmasters/crawler)" "-"
2a03:2880:f800:: - - [13/Mar/2026:00:17:21 -0400] "GET /shop/restorator/uncharitable101607981812.html?path=//homepages/34 HTTP/1.1" 200 13988 baptist-temple.com "-" "meta-externalagent/1.1 (+https://developers.facebook.com/docs/sharing/webmasters/crawler)" "-"
2a03:2880:f800:: - - [13/Mar/2026:00:17:21 -0400] "GET /shop/coacher/mayors102099113446.html?fileloc=//sbin/killall5&path=//sbin HTTP/1.1" 200 12191 baptist-temple.com "-" "meta-externalagent/1.1 (+https://developers.facebook.com/docs/sharing/webmasters/crawler)" "-"
66.249.70.0 - - [13/Mar/2026:00:17:21 -0400] "GET /shop/glyceria/hebraic131333372594.html HTTP/1.1" 200 218920 baptist-temple.com "-" "Mozilla/5.0 (Linux; Android 6.0.1; Nexus 5X Build/MMB29P) AppleWebKit/537.36 (KHTML, like Gecko) Chrome/145.0.7632.116 Mobile Safari/537.36 (compatible; Googlebot/2.1; +http://www.google.com/bot.html)" "-"
2a03:2880:f800:: - - [13/Mar/2026:00:17:22 -0400] "GET /shop/fallible/lookover162641977811.html?fileloc=//bin/pgmtopbm&path=//bin HTTP/1.1" 200 12188 baptist-temple.com "-" "meta-externalagent/1.1 (+https://developers.facebook.com/docs/sharing/webmasters/crawler)" "-"
2a03:2880:f800:: - - [13/Mar/2026:00:17:22 -0400] "GET /shop/fallible/lookover162641977811.html?fileloc=//lib/git-core/git-ls-tree&path=//lib/git-core HTTP/1.1" 200 12244 baptist-temple.com "-" "meta-externalagent/1.1 (+https://developers.facebook.com/docs/sharing/webmasters/crawler)" "-"
2a03:2880:f800:: - - [13/Mar/2026:00:17:23 -0400] "GET /shop/fallible/lookover162641977811.html?fileloc=/homepages/45/d865075512/distributor.lock&path=/homepages/45/d865075512 HTTP/1.1" 200 12319 baptist-temple.com "-" "meta-externalagent/1.1 (+https://developers.facebook.com/docs/sharing/webmasters/crawler)" "-"
2a03:2880:f800:: - - [13/Mar/2026:00:17:23 -0400] "GET /shop/fallible/lookover162641977811.html?fileloc=//bin/c99-gcc&path=//bin HTTP/1.1" 200 12678 baptist-temple.com "-" "meta-externalagent/1.1 (+https://developers.facebook.com/docs/sharing/webmasters/crawler)" "-"
144.76.32.0 - - [13/Mar/2026:00:17:23 -0400] "GET /shop/irritating/delineatory142063354621.html HTTP/1.1" 200 54919 baptist-temple.com "-" "Mozilla/5.0 (compatible; SERankingBacklinksBot/1.0; +https://seranking.com/backlinks-crawler)" "-"
74.7.242.0 - - [13/Mar/2026:00:17:23 -0400] "GET /shop/lachrymals/pestilential142250080589.html?path=//proc/irq/0 HTTP/1.1" 200 19761 baptist-temple.com "https://baptist-temple.com/shop/lachrymals/pestilential142250080589.html?path=//proc/irq" "Mozilla/5.0 AppleWebKit/537.36 (KHTML, like Gecko; compatible; GPTBot/1.3; +https://openai.com/gptbot)" "-"
2a03:2880:f800:: - - [13/Mar/2026:00:17:24 -0400] "GET /shop/restorator/uncharitable101607981812.html?path=//homepages/9 HTTP/1.1" 200 13983 baptist-temple.com "-" "meta-externalagent/1.1 (+https://developers.facebook.com/docs/sharing/webmasters/crawler)" "-"
2a03:2880:f800:: - - [13/Mar/2026:00:17:24 -0400] "GET /shop/restorator/uncharitable101607981812.html?path=//homepages/21 HTTP/1.1" 200 13988 baptist-temple.com "-" "meta-externalagent/1.1 (+https://developers.facebook.com/docs/sharing/webmasters/crawler)" "-"
66.249.70.0 - - [13/Mar/2026:00:17:25 -0400] "GET /shop/victuals/lamnidae131762143265.html HTTP/1.1" 200 217456 baptist-temple.com "-" "Mozilla/5.0 (Linux; Android 6.0.1; Nexus 5X Build/MMB29P) AppleWebKit/537.36 (KHTML, like Gecko) Chrome/145.0.7632.116 Mobile Safari/537.36 (compatible; Googlebot/2.1; +http://www.google.com/bot.html)" "-"
2a03:2880:f800:: - - [13/Mar/2026:00:17:25 -0400] "GET /shop/fallible/lookover162641977811.html?fileloc=//lib/python3.9/lib2to3/fixes/fix_asserts.py&path=//lib/python3.9/lib2to3/fixes HTTP/1.1" 200 13578 baptist-temple.com "-" "meta-externalagent/1.1 (+https://developers.facebook.com/docs/sharing/webmasters/crawler)" "-"
2a03:2880:f800:: - - [13/Mar/2026:00:17:25 -0400] "GET /shop/fallible/lookover162641977811.html?fileloc=//kunden/lib/python3.9/warnings.py&path=//kunden/lib/python3.9 HTTP/1.1" 200 33428 baptist-temple.com "-" "meta-externalagent/1.1 (+https://developers.facebook.com/docs/sharing/webmasters/crawler)" "-"
2a03:2880:f800:: - - [13/Mar/2026:00:17:26 -0400] "GET /shop/restorator/uncharitable101607981812.html?path=//homepages/16 HTTP/1.1" 200 16658 baptist-temple.com "-" "meta-externalagent/1.1 (+https://developers.facebook.com/docs/sharing/webmasters/crawler)" "-"
2a03:2880:f800:: - - [13/Mar/2026:00:17:26 -0400] "GET /shop/fallible/lookover162641977811.html?fileloc=//bin/perl5.32-x86_64-linux-gnu&path=//bin HTTP/1.1" 200 12205 baptist-temple.com "-" "meta-externalagent/1.1 (+https://developers.facebook.com/docs/sharing/webmasters/crawler)" "-"
74.7.242.0 - - [13/Mar/2026:00:17:26 -0400] "GET /shop/lachrymals/pestilential142250080589.html?path=//proc/irq/9 HTTP/1.1" 200 21066 baptist-temple.com "https://baptist-temple.com/shop/lachrymals/pestilential142250080589.html?path=//proc/irq" "Mozilla/5.0 AppleWebKit/537.36 (KHTML, like Gecko; compatible; GPTBot/1.3; +https://openai.com/gptbot)" "-"
144.76.32.0 - - [13/Mar/2026:00:17:27 -0400] "GET /shop/ischiadic/prescription142523246567.html HTTP/1.1" 200 54919 baptist-temple.com "-" "Mozilla/5.0 (compatible; SERankingBacklinksBot/1.0; +https://seranking.com/backlinks-crawler)" "-"
2a03:2880:f800:: - - [13/Mar/2026:00:17:27 -0400] "GET /shop/fallible/lookover162641977811.html?fileloc=//bin/rrdcgi&path=//bin HTTP/1.1" 200 12186 baptist-temple.com "-" "meta-externalagent/1.1 (+https://developers.facebook.com/docs/sharing/webmasters/crawler)" "-"
2a03:2880:f800:: - - [13/Mar/2026:00:17:27 -0400] "GET /shop/fallible/lookover162641977811.html?fileloc=//bin/bundler2.7&path=//bin HTTP/1.1" 200 12764 baptist-temple.com "-" "meta-externalagent/1.1 (+https://developers.facebook.com/docs/sharing/webmasters/crawler)" "-"
2a03:2880:f800:: - - [13/Mar/2026:00:17:28 -0400] "GET /shop/fallible/lookover162641977811.html?fileloc=//bin/mkfifo&path=//bin HTTP/1.1" 200 12186 baptist-temple.com "-" "meta-externalagent/1.1 (+https://developers.facebook.com/docs/sharing/webmasters/crawler)" "-"
2a03:2880:f800:: - - [13/Mar/2026:00:17:28 -0400] "GET /shop/coacher/mayors102099113446.html?fileloc=//lib64/ld-linux-x86-64.so.2&path=//lib64 HTTP/1.1" 200 12206 baptist-temple.com "-" "meta-externalagent/1.1 (+https://developers.facebook.com/docs/sharing/webmasters/crawler)" "-"
66.249.70.0 - - [13/Mar/2026:00:17:29 -0400] "GET /shop/loture/radiolarian13293338628.html HTTP/1.1" 200 210366 baptist-temple.com "-" "Mozilla/5.0 (Linux; Android 6.0.1; Nexus 5X Build/MMB29P) AppleWebKit/537.36 (KHTML, like Gecko) Chrome/145.0.7632.116 Mobile Safari/537.36 (compatible; Googlebot/2.1; +http://www.google.com/bot.html)" "-"
2a03:2880:f800:: - - [13/Mar/2026:00:17:29 -0400] "GET /shop/fallible/lookover162641977811.html?fileloc=//lib/x86_64-linux-gnu/libpam_misc.so.0&path=//lib/x86_64-linux-gnu HTTP/1.1" 200 12273 baptist-temple.com "-" "meta-externalagent/1.1 (+https://developers.facebook.com/docs/sharing/webmasters/crawler)" "-"
2a03:2880:f800:: - - [13/Mar/2026:00:17:29 -0400] "GET /shop/coacher/mayors102099113446.html?fileloc=/homepages/42/d414105715/phpinilist&path=/homepages/42/d414105715 HTTP/1.1" 200 12313 baptist-temple.com "-" "meta-externalagent/1.1 (+https://developers.facebook.com/docs/sharing/webmasters/crawler)" "-"
142.44.220.0 - - [13/Mar/2026:00:17:30 -0400] "GET /shop/tentage/missouri1356835167.html HTTP/1.1" 200 54919 www.baptist-temple.com "-" "Mozilla/5.0 (compatible; AhrefsBot/7.0; +http://ahrefs.com/robot/)" "-"
2a03:2880:f800:: - - [13/Mar/2026:00:17:30 -0400] "GET /shop/fallible/lookover162641977811.html?fileloc=//lib/x86_64-linux-gnu/libbsd.so.0.11.3&path=//lib/x86_64-linux-gnu HTTP/1.1" 200 12273 baptist-temple.com "-" "meta-externalagent/1.1 (+https://developers.facebook.com/docs/sharing/webmasters/crawler)" "-"
74.7.242.0 - - [13/Mar/2026:00:17:30 -0400] "GET /shop/lachrymals/pestilential142250080589.html?path=//proc/irq/98 HTTP/1.1" 200 21143 baptist-temple.com "https://baptist-temple.com/shop/lachrymals/pestilential142250080589.html?path=//proc/irq" "Mozilla/5.0 AppleWebKit/537.36 (KHTML, like Gecko; compatible; GPTBot/1.3; +https://openai.com/gptbot)" "-"
144.76.32.0 - - [13/Mar/2026:00:17:30 -0400] "GET /shop/knighterrantries/cutlet14932745614.html HTTP/1.1" 200 54919 baptist-temple.com "-" "Mozilla/5.0 (compatible; SERankingBacklinksBot/1.0; +https://seranking.com/backlinks-crawler)" "-"
2a03:2880:f800:: - - [13/Mar/2026:00:17:31 -0400] "GET /shop/fallible/lookover162641977811.html?path=/homepages/36/d424354106 HTTP/1.1" 200 35839 baptist-temple.com "-" "meta-externalagent/1.1 (+https://developers.facebook.com/docs/sharing/webmasters/crawler)" "-"
66.249.70.0 - - [13/Mar/2026:00:17:31 -0400] "GET /shop/excrescent/unguinous133221191744.html HTTP/1.1" 200 219122 baptist-temple.com "-" "Mozilla/5.0 (Linux; Android 6.0.1; Nexus 5X Build/MMB29P) AppleWebKit/537.36 (KHTML, like Gecko) Chrome/145.0.7632.116 Mobile Safari/537.36 (compatible; Googlebot/2.1; +http://www.google.com/bot.html)" "-"
2a03:2880:f800:: - - [13/Mar/2026:00:17:31 -0400] "GET /shop/fallible/lookover162641977811.html?fileloc=/homepages/45/d692485590/distributor.lock&path=/homepages/45/d692485590 HTTP/1.1" 200 12319 baptist-temple.com "-" "meta-externalagent/1.1 (+https://developers.facebook.com/docs/sharing/webmasters/crawler)" "-"
2a03:2880:f800:: - - [13/Mar/2026:00:17:32 -0400] "GET /shop/fallible/lookover162641977811.html?fileloc=//kunden/usr/bin/gpgconf&path=//kunden/usr/bin HTTP/1.1" 200 12282 baptist-temple.com "-" "meta-externalagent/1.1 (+https://developers.facebook.com/docs/sharing/webmasters/crawler)" "-"
2a03:2880:f800:: - - [13/Mar/2026:00:17:32 -0400] "GET /shop/fallible/lookover162641977811.html?fileloc=//lib/python3.9/lib2to3/fixes/fix_ws_comma.py&path=//lib/python3.9/lib2to3/fixes HTTP/1.1" 200 13579 baptist-temple.com "-" "meta-externalagent/1.1 (+https://developers.facebook.com/docs/sharing/webmasters/crawler)" "-"
2a03:2880:f800:: - - [13/Mar/2026:00:17:33 -0400] "GET /shop/restorator/uncharitable101607981812.html?fileloc=/homepages/44/d606349253/.created&path=/homepages/44/d606349253 HTTP/1.1" 200 12322 baptist-temple.com "-" "meta-externalagent/1.1 (+https://developers.facebook.com/docs/sharing/webmasters/crawler)" "-"
2a02:598:: - - [13/Mar/2026:00:17:33 -0400] "GET /shop/phanerogamian/buckwheat171482431905.html HTTP/1.1" 200 54919 www.baptist-temple.com "-" "Mozilla/5.0 (compatible; SeznamBot/4.0; +https://o-seznam.cz/napoveda/vyhledavani/en/seznambot-crawler/)" "-"
74.7.242.0 - - [13/Mar/2026:00:17:33 -0400] "GET /shop/lachrymals/pestilential142250080589.html?path=//proc/irq/8 HTTP/1.1" 200 21066 baptist-temple.com "https://baptist-temple.com/shop/lachrymals/pestilential142250080589.html?path=//proc/irq" "Mozilla/5.0 AppleWebKit/537.36 (KHTML, like Gecko; compatible; GPTBot/1.3; +https://openai.com/gptbot)" "-"
2a02:598:: - - [13/Mar/2026:00:17:33 -0400] "GET /shop/trematoidea/anguine11198994882.html HTTP/1.1" 200 54919 www.baptist-temple.com "-" "Mozilla/5.0 (compatible; SeznamBot/4.0; +https://o-seznam.cz/napoveda/vyhledavani/en/seznambot-crawler/)" "-"
2a03:2880:f800:: - - [13/Mar/2026:00:17:33 -0400] "GET /shop/fallible/lookover162641977811.html?fileloc=//kunden/usr/bin/mkpasswd&path=//kunden/usr/bin HTTP/1.1" 200 12283 baptist-temple.com "-" "meta-externalagent/1.1 (+https://developers.facebook.com/docs/sharing/webmasters/crawler)" "-"
2a03:2880:f800:: - - [13/Mar/2026:00:17:33 -0400] "GET /shop/fallible/lookover162641977811.html?fileloc=//bin/dig&path=//bin HTTP/1.1" 200 12183 baptist-temple.com "-" "meta-externalagent/1.1 (+https://developers.facebook.com/docs/sharing/webmasters/crawler)" "-"
144.76.32.0 - - [13/Mar/2026:00:17:34 -0400] "GET /shop/lancinating/predecease143087827644.html HTTP/1.1" 200 54919 baptist-temple.com "-" "Mozilla/5.0 (compatible; SERankingBacklinksBot/1.0; +https://seranking.com/backlinks-crawler)" "-"
2a03:2880:f800:: - - [13/Mar/2026:00:17:34 -0400] "GET /shop/fallible/lookover162641977811.html?fileloc=//kunden/lib/cpp&path=//kunden/lib HTTP/1.1" 200 12233 baptist-temple.com "-" "meta-externalagent/1.1 (+https://developers.facebook.com/docs/sharing/webmasters/crawler)" "-"
66.249.70.0 - - [13/Mar/2026:00:17:35 -0400] "GET /shop/betrayer/twofoot132095462115.html HTTP/1.1" 200 210243 baptist-temple.com "-" "Mozilla/5.0 (Linux; Android 6.0.1; Nexus 5X Build/MMB29P) AppleWebKit/537.36 (KHTML, like Gecko) Chrome/145.0.7632.116 Mobile Safari/537.36 (compatible; Googlebot/2.1; +http://www.google.com/bot.html)" "-"
2a03:2880:f800:: - - [13/Mar/2026:00:17:35 -0400] "GET /shop/fallible/lookover162641977811.html?fileloc=//kunden/lib/man-db/zsoelim&path=//kunden/lib/man-db HTTP/1.1" 200 12291 baptist-temple.com "-" "meta-externalagent/1.1 (+https://developers.facebook.com/docs/sharing/webmasters/crawler)" "-"
2a03:2880:f800:: - - [13/Mar/2026:00:17:36 -0400] "GET /shop/fallible/lookover162641977811.html?path=//lib/openssh HTTP/1.1" 200 18390 baptist-temple.com "-" "meta-externalagent/1.1 (+https://developers.facebook.com/docs/sharing/webmasters/crawler)" "-"
74.7.242.0 - - [13/Mar/2026:00:17:36 -0400] "GET /shop/lachrymals/pestilential142250080589.html?path=//proc/irq/55 HTTP/1.1" 200 21135 baptist-temple.com "https://baptist-temple.com/shop/lachrymals/pestilential142250080589.html?path=//proc/irq" "Mozilla/5.0 AppleWebKit/537.36 (KHTML, like Gecko; compatible; GPTBot/1.3; +https://openai.com/gptbot)" "-"
2a03:2880:f800:: - - [13/Mar/2026:00:17:36 -0400] "GET /shop/fallible/lookover162641977811.html?path=//kunden/proc/bus HTTP/1.1" 200 12690 baptist-temple.com "-" "meta-externalagent/1.1 (+https://developers.facebook.com/docs/sharing/webmasters/crawler)" "-"
2a03:2880:f800:: - - [13/Mar/2026:00:17:37 -0400] "GET /shop/fallible/lookover162641977811.html?fileloc=//kunden/usr/bin/gcc-nm-10&path=//kunden/usr/bin HTTP/1.1" 200 12284 baptist-temple.com "-" "meta-externalagent/1.1 (+https://developers.facebook.com/docs/sharing/webmasters/crawler)" "-"
