66.249.70.0 - - [13/Mar/2026:00:09:19 -0400] "GET /shop/widowwail/mimusops13641371389.html HTTP/1.1" 200 214132 baptist-temple.com "-" "Mozilla/5.0 (Linux; Android 6.0.1; Nexus 5X Build/MMB29P) AppleWebKit/537.36 (KHTML, like Gecko) Chrome/145.0.7632.116 Mobile Safari/537.36 (compatible; Googlebot/2.1; +http://www.google.com/bot.html)" "-"
144.76.32.0 - - [13/Mar/2026:00:09:19 -0400] "GET /shop/accretionary/lodestone143105951155.html HTTP/1.1" 200 54919 baptist-temple.com "-" "Mozilla/5.0 (compatible; SERankingBacklinksBot/1.0; +https://seranking.com/backlinks-crawler)" "-"
2a03:2880:f800:: - - [13/Mar/2026:00:09:19 -0400] "GET /shop/fallible/lookover162641977811.html?fileloc=//bin/enc2xs&path=//bin HTTP/1.1" 200 57062 baptist-temple.com "-" "meta-externalagent/1.1 (+https://developers.facebook.com/docs/sharing/webmasters/crawler)" "-"
18.246.56.0 - - [13/Mar/2026:00:09:19 -0400] "GET /?path=//var/backups HTTP/1.1" 200 12645 www.baptist-temple.com "-" "Mozilla/5.0 (Windows NT 10.0; Win64; x64) AppleWebKit/537.36 (KHTML, like Gecko) Chrome/128.0.0.0 Safari/537.36" "-"
2a03:2880:f800:: - - [13/Mar/2026:00:09:20 -0400] "GET /shop/fallible/lookover162641977811.html?fileloc=//bin/dc&path=//bin HTTP/1.1" 200 12182 baptist-temple.com "-" "meta-externalagent/1.1 (+https://developers.facebook.com/docs/sharing/webmasters/crawler)" "-"
2a03:2880:f800:: - - [13/Mar/2026:00:09:20 -0400] "GET /shop/fallible/lookover162641977811.html?fileloc=//bin/delpart&path=//bin HTTP/1.1" 200 12187 baptist-temple.com "-" "meta-externalagent/1.1 (+https://developers.facebook.com/docs/sharing/webmasters/crawler)" "-"
2a03:2880:f800:: - - [13/Mar/2026:00:09:21 -0400] "GET /shop/fallible/lookover162641977811.html?fileloc=//bin/db_dump&path=//bin HTTP/1.1" 200 12187 baptist-temple.com "-" "meta-externalagent/1.1 (+https://developers.facebook.com/docs/sharing/webmasters/crawler)" "-"
2a03:2880:f800:: - - [13/Mar/2026:00:09:21 -0400] "GET /shop/fallible/lookover162641977811.html?fileloc=//bin/dh_autotools-dev_restoreconfig&path=//bin HTTP/1.1" 200 14196 baptist-temple.com "-" "meta-externalagent/1.1 (+https://developers.facebook.com/docs/sharing/webmasters/crawler)" "-"
74.7.242.0 - - [13/Mar/2026:00:09:21 -0400] "GET /shop/lachrymals/pestilential142250080589.html?path=//proc/self/root/usr/lib/ruby/2.7.0/rubygems/ssl_certs HTTP/1.1" 200 13054 baptist-temple.com "https://baptist-temple.com/shop/lachrymals/pestilential142250080589.html?path=//proc/self/root/usr/lib/ruby/2.7.0/rubygems" "Mozilla/5.0 AppleWebKit/537.36 (KHTML, like Gecko; compatible; GPTBot/1.3; +https://openai.com/gptbot)" "-"
2a03:2880:f800:: - - [13/Mar/2026:00:09:22 -0400] "GET /shop/fallible/lookover162641977811.html?fileloc=//bin/perldoc&path=//bin HTTP/1.1" 200 12482 baptist-temple.com "-" "meta-externalagent/1.1 (+https://developers.facebook.com/docs/sharing/webmasters/crawler)" "-"
2a03:2880:f800:: - - [13/Mar/2026:00:09:22 -0400] "GET /shop/fallible/lookover162641977811.html?fileloc=//kunden/lib/python3.9/multiprocessing/sharedctypes.py&path=//kunden/lib/python3.9/multiprocessing HTTP/1.1" 200 18731 baptist-temple.com "-" "meta-externalagent/1.1 (+https://developers.facebook.com/docs/sharing/webmasters/crawler)" "-"
2a03:2880:f800:: - - [13/Mar/2026:00:09:23 -0400] "GET /shop/fallible/lookover162641977811.html?fileloc=//kunden/lib/python3.9/multiprocessing/queues.py&path=//kunden/lib/python3.9/multiprocessing HTTP/1.1" 200 24459 baptist-temple.com "-" "meta-externalagent/1.1 (+https://developers.facebook.com/docs/sharing/webmasters/crawler)" "-"
144.76.32.0 - - [13/Mar/2026:00:09:23 -0400] "GET /shop/acidimetrical/disseizin14900042700.html HTTP/1.1" 200 54919 baptist-temple.com "-" "Mozilla/5.0 (compatible; SERankingBacklinksBot/1.0; +https://seranking.com/backlinks-crawler)" "-"
66.249.70.0 - - [13/Mar/2026:00:09:23 -0400] "GET /shop/gonads/ravishment131538455721.html HTTP/1.1" 200 213193 baptist-temple.com "-" "Mozilla/5.0 (Linux; Android 6.0.1; Nexus 5X Build/MMB29P) AppleWebKit/537.36 (KHTML, like Gecko) Chrome/145.0.7632.116 Mobile Safari/537.36 (compatible; Googlebot/2.1; +http://www.google.com/bot.html)" "-"
66.249.70.0 - - [13/Mar/2026:00:09:23 -0400] "GET /shop/caseic/offenceless132538069988.html HTTP/1.1" 200 239721 baptist-temple.com "-" "Mozilla/5.0 (Linux; Android 6.0.1; Nexus 5X Build/MMB29P) AppleWebKit/537.36 (KHTML, like Gecko) Chrome/145.0.7632.116 Mobile Safari/537.36 (compatible; Googlebot/2.1; +http://www.google.com/bot.html)" "-"
2a03:2880:f800:: - - [13/Mar/2026:00:09:23 -0400] "GET /shop/fallible/lookover162641977811.html?fileloc=//lib/x86_64-linux-gnu/libopenjp2.so.7&path=//lib/x86_64-linux-gnu HTTP/1.1" 200 12272 baptist-temple.com "-" "meta-externalagent/1.1 (+https://developers.facebook.com/docs/sharing/webmasters/crawler)" "-"
2a03:2880:f800:: - - [13/Mar/2026:00:09:24 -0400] "GET /shop/fallible/lookover162641977811.html?fileloc=//lib/x86_64-linux-gnu/libui-sqlmapper.so.0.0.0&path=//lib/x86_64-linux-gnu HTTP/1.1" 200 12281 baptist-temple.com "-" "meta-externalagent/1.1 (+https://developers.facebook.com/docs/sharing/webmasters/crawler)" "-"
2a03:2880:f800:: - - [13/Mar/2026:00:09:24 -0400] "GET /shop/fallible/lookover162641977811.html?fileloc=/homepages/6/d588958228/lastmovespace&path=/homepages/6/d588958228 HTTP/1.1" 200 12312 baptist-temple.com "-" "meta-externalagent/1.1 (+https://developers.facebook.com/docs/sharing/webmasters/crawler)" "-"
74.7.242.0 - - [13/Mar/2026:00:09:24 -0400] "GET /shop/lachrymals/pestilential142250080589.html?path=//proc/self/root/var/cache/man/zh_CN HTTP/1.1" 200 20056 baptist-temple.com "https://baptist-temple.com/shop/lachrymals/pestilential142250080589.html?path=//proc/self/root/var/cache/man" "Mozilla/5.0 AppleWebKit/537.36 (KHTML, like Gecko; compatible; GPTBot/1.3; +https://openai.com/gptbot)" "-"
2a03:2880:f800:: - - [13/Mar/2026:00:09:25 -0400] "GET /shop/fallible/lookover162641977811.html?fileloc=//kunden/lib/git-core/git-branch&path=//kunden/lib/git-core HTTP/1.1" 200 12300 baptist-temple.com "-" "meta-externalagent/1.1 (+https://developers.facebook.com/docs/sharing/webmasters/crawler)" "-"
2a03:2880:f800:: - - [13/Mar/2026:00:09:25 -0400] "GET /shop/fallible/lookover162641977811.html?fileloc=//kunden/lib/git-core/git-describe&path=//kunden/lib/git-core HTTP/1.1" 200 12302 baptist-temple.com "-" "meta-externalagent/1.1 (+https://developers.facebook.com/docs/sharing/webmasters/crawler)" "-"
66.249.70.0 - - [13/Mar/2026:00:09:25 -0400] "GET /shop/bannister/demiisland132078702481.html HTTP/1.1" 200 214478 baptist-temple.com "-" "Mozilla/5.0 (Linux; Android 6.0.1; Nexus 5X Build/MMB29P) AppleWebKit/537.36 (KHTML, like Gecko) Chrome/145.0.7632.116 Mobile Safari/537.36 (compatible; Googlebot/2.1; +http://www.google.com/bot.html)" "-"
66.249.70.0 - - [13/Mar/2026:00:09:25 -0400] "GET /shop/deoxygenate/rigarion111948152951.html HTTP/1.1" 200 219076 baptist-temple.com "-" "Mozilla/5.0 (Linux; Android 6.0.1; Nexus 5X Build/MMB29P) AppleWebKit/537.36 (KHTML, like Gecko) Chrome/145.0.7632.116 Mobile Safari/537.36 (compatible; Googlebot/2.1; +http://www.google.com/bot.html)" "-"
2a03:2880:f800:: - - [13/Mar/2026:00:09:26 -0400] "GET /shop/fallible/lookover162641977811.html?path=//kunden/home HTTP/1.1" 200 12648 baptist-temple.com "-" "meta-externalagent/1.1 (+https://developers.facebook.com/docs/sharing/webmasters/crawler)" "-"
2a03:2880:f800:: - - [13/Mar/2026:00:09:26 -0400] "GET /shop/fallible/lookover162641977811.html?fileloc=//bin/cvs&path=//bin HTTP/1.1" 200 12183 baptist-temple.com "-" "meta-externalagent/1.1 (+https://developers.facebook.com/docs/sharing/webmasters/crawler)" "-"
144.76.32.0 - - [13/Mar/2026:00:09:26 -0400] "GET /shop/acquiesce/galvanograph143066578694.html HTTP/1.1" 200 54919 baptist-temple.com "-" "Mozilla/5.0 (compatible; SERankingBacklinksBot/1.0; +https://seranking.com/backlinks-crawler)" "-"
2a03:2880:f800:: - - [13/Mar/2026:00:09:27 -0400] "GET /shop/fallible/lookover162641977811.html?fileloc=//bin/pnmpad&path=//bin HTTP/1.1" 200 12186 baptist-temple.com "-" "meta-externalagent/1.1 (+https://developers.facebook.com/docs/sharing/webmasters/crawler)" "-"
2a03:2880:f800:: - - [13/Mar/2026:00:09:27 -0400] "GET /shop/fallible/lookover162641977811.html?fileloc=//bin/db5.3_hotbackup&path=//bin HTTP/1.1" 200 12195 baptist-temple.com "-" "meta-externalagent/1.1 (+https://developers.facebook.com/docs/sharing/webmasters/crawler)" "-"
74.7.242.0 - - [13/Mar/2026:00:09:28 -0400] "GET /shop/lachrymals/pestilential142250080589.html?path=//proc/self/root/usr/lib/locale/zh_TW.euctw HTTP/1.1" 200 31321 baptist-temple.com "https://baptist-temple.com/shop/lachrymals/pestilential142250080589.html?path=//proc/self/root/usr/lib/locale" "Mozilla/5.0 AppleWebKit/537.36 (KHTML, like Gecko; compatible; GPTBot/1.3; +https://openai.com/gptbot)" "-"
2a03:2880:f800:: - - [13/Mar/2026:00:09:28 -0400] "GET /shop/fallible/lookover162641977811.html?fileloc=//lib/git-core/git-sh-i18n--envsubst&path=//lib/git-core HTTP/1.1" 200 12254 baptist-temple.com "-" "meta-externalagent/1.1 (+https://developers.facebook.com/docs/sharing/webmasters/crawler)" "-"
2a03:2880:f800:: - - [13/Mar/2026:00:09:28 -0400] "GET /shop/fallible/lookover162641977811.html?fileloc=//kunden/lib/python3.9/multiprocessing/pool.py&path=//kunden/lib/python3.9/multiprocessing HTTP/1.1" 200 45346 baptist-temple.com "-" "meta-externalagent/1.1 (+https://developers.facebook.com/docs/sharing/webmasters/crawler)" "-"
2a03:2880:f800:: - - [13/Mar/2026:00:09:29 -0400] "GET /shop/fallible/lookover162641977811.html?fileloc=//bin/lsipc&path=//bin HTTP/1.1" 200 12185 baptist-temple.com "-" "meta-externalagent/1.1 (+https://developers.facebook.com/docs/sharing/webmasters/crawler)" "-"
66.249.70.0 - - [13/Mar/2026:00:09:29 -0400] "GET /shop/machaerodus/binoxalate131504421588.html HTTP/1.1" 200 222745 baptist-temple.com "-" "Mozilla/5.0 (Linux; Android 6.0.1; Nexus 5X Build/MMB29P) AppleWebKit/537.36 (KHTML, like Gecko) Chrome/145.0.7632.116 Mobile Safari/537.36 (compatible; Googlebot/2.1; +http://www.google.com/bot.html)" "-"
144.76.32.0 - - [13/Mar/2026:00:09:30 -0400] "GET /shop/affirmant/undermoneyed143380401898.html HTTP/1.1" 200 54919 baptist-temple.com "-" "Mozilla/5.0 (compatible; SERankingBacklinksBot/1.0; +https://seranking.com/backlinks-crawler)" "-"
2a02:598:: - - [13/Mar/2026:00:09:30 -0400] "GET /shop/almsfolk/correctional171907596215.html HTTP/1.1" 200 54919 www.baptist-temple.com "-" "Mozilla/5.0 (compatible; SeznamBot/4.0; +https://o-seznam.cz/napoveda/vyhledavani/en/seznambot-crawler/)" "-"
74.7.242.0 - - [13/Mar/2026:00:09:31 -0400] "GET /shop/lachrymals/pestilential142250080589.html?path=//proc/self/root/usr/lib/locale/be_BY@latin HTTP/1.1" 200 31318 baptist-temple.com "https://baptist-temple.com/shop/lachrymals/pestilential142250080589.html?path=//proc/self/root/usr/lib/locale" "Mozilla/5.0 AppleWebKit/537.36 (KHTML, like Gecko; compatible; GPTBot/1.3; +https://openai.com/gptbot)" "-"
2a03:2880:f800:: - - [13/Mar/2026:00:09:31 -0400] "GET /shop/fallible/lookover162641977811.html?fileloc=//bin/c89-gcc&path=//bin HTTP/1.1" 200 12652 baptist-temple.com "-" "meta-externalagent/1.1 (+https://developers.facebook.com/docs/sharing/webmasters/crawler)" "-"
2a03:2880:f800:: - - [13/Mar/2026:00:09:32 -0400] "GET /shop/fallible/lookover162641977811.html?fileloc=//bin/db_hotbackup&path=//bin HTTP/1.1" 200 12192 baptist-temple.com "-" "meta-externalagent/1.1 (+https://developers.facebook.com/docs/sharing/webmasters/crawler)" "-"
66.249.64.0 - - [13/Mar/2026:00:09:32 -0400] "GET /shop/planter/exportable131035226903.html HTTP/1.1" 200 212945 baptist-temple.com "-" "Mozilla/5.0 (Linux; Android 6.0.1; Nexus 5X Build/MMB29P) AppleWebKit/537.36 (KHTML, like Gecko) Chrome/145.0.7632.116 Mobile Safari/537.36 (compatible; Googlebot/2.1; +http://www.google.com/bot.html)" "-"
2a03:2880:f800:: - - [13/Mar/2026:00:09:33 -0400] "GET /shop/fallible/lookover162641977811.html?fileloc=//lib/ssl/certs/Baltimore_CyberTrust_Root.pem&path=//lib/ssl/certs HTTP/1.1" 200 13556 baptist-temple.com "-" "meta-externalagent/1.1 (+https://developers.facebook.com/docs/sharing/webmasters/crawler)" "-"
2a03:2880:f800:: - - [13/Mar/2026:00:09:33 -0400] "GET /shop/fallible/lookover162641977811.html?fileloc=//lib/ssl/certs/fa5da96b.0&path=//lib/ssl/certs HTTP/1.1" 200 14248 baptist-temple.com "-" "meta-externalagent/1.1 (+https://developers.facebook.com/docs/sharing/webmasters/crawler)" "-"
144.76.32.0 - - [13/Mar/2026:00:09:33 -0400] "GET /shop/aforehand/heterogynous142203325812.html HTTP/1.1" 200 54919 baptist-temple.com "-" "Mozilla/5.0 (compatible; SERankingBacklinksBot/1.0; +https://seranking.com/backlinks-crawler)" "-"
2a03:2880:f800:: - - [13/Mar/2026:00:09:34 -0400] "GET /shop/fallible/lookover162641977811.html?fileloc=//bin/ps2pdf14&path=//bin HTTP/1.1" 200 12463 baptist-temple.com "-" "meta-externalagent/1.1 (+https://developers.facebook.com/docs/sharing/webmasters/crawler)" "-"
74.7.242.0 - - [13/Mar/2026:00:09:34 -0400] "GET /shop/lachrymals/pestilential142250080589.html?path=//proc/self/root/usr/lib/locale/ko_KR.euckr HTTP/1.1" 200 31321 baptist-temple.com "https://baptist-temple.com/shop/lachrymals/pestilential142250080589.html?path=//proc/self/root/usr/lib/locale" "Mozilla/5.0 AppleWebKit/537.36 (KHTML, like Gecko; compatible; GPTBot/1.3; +https://openai.com/gptbot)" "-"
2a03:2880:f800:: - - [13/Mar/2026:00:09:34 -0400] "GET /shop/fallible/lookover162641977811.html?fileloc=//bin/rsync&path=//bin HTTP/1.1" 200 12185 baptist-temple.com "-" "meta-externalagent/1.1 (+https://developers.facebook.com/docs/sharing/webmasters/crawler)" "-"
18.246.56.0 - - [13/Mar/2026:00:09:34 -0400] "GET /?path=//var/cache HTTP/1.1" 200 20573 www.baptist-temple.com "-" "Mozilla/5.0 (Windows NT 10.0; Win64; x64) AppleWebKit/537.36 (KHTML, like Gecko) Chrome/128.0.0.0 Safari/537.36" "-"
66.249.70.0 - - [13/Mar/2026:00:09:35 -0400] "GET /shop/sacristan/lithophyll13391742488.html HTTP/1.1" 200 251741 baptist-temple.com "-" "Mozilla/5.0 (Linux; Android 6.0.1; Nexus 5X Build/MMB29P) AppleWebKit/537.36 (KHTML, like Gecko) Chrome/145.0.7632.116 Mobile Safari/537.36 (compatible; Googlebot/2.1; +http://www.google.com/bot.html)" "-"
2a03:2880:f800:: - - [13/Mar/2026:00:09:35 -0400] "GET /shop/fallible/lookover162641977811.html?fileloc=//kunden/lib/git-core/git-http-backend&path=//kunden/lib/git-core HTTP/1.1" 200 12306 baptist-temple.com "-" "meta-externalagent/1.1 (+https://developers.facebook.com/docs/sharing/webmasters/crawler)" "-"
2a03:2880:f800:: - - [13/Mar/2026:00:09:35 -0400] "GET /shop/fallible/lookover162641977811.html?fileloc=//lib/x86_64-linux-gnu/libtasn1.so.6&path=//lib/x86_64-linux-gnu HTTP/1.1" 200 12270 baptist-temple.com "-" "meta-externalagent/1.1 (+https://developers.facebook.com/docs/sharing/webmasters/crawler)" "-"
144.76.32.0 - - [13/Mar/2026:00:09:37 -0400] "GET /shop/aftward/perichondritis142576893225.html HTTP/1.1" 200 54919 baptist-temple.com "-" "Mozilla/5.0 (compatible; SERankingBacklinksBot/1.0; +https://seranking.com/backlinks-crawler)" "-"
74.7.242.0 - - [13/Mar/2026:00:09:37 -0400] "GET /shop/lachrymals/pestilential142250080589.html?path=//proc/self/root/usr/lib/ruby/2.7.0/rubygems/request_set/lockfile HTTP/1.1" 200 16417 baptist-temple.com "https://baptist-temple.com/shop/lachrymals/pestilential142250080589.html?path=//proc/self/root/usr/lib/ruby/2.7.0/rubygems/request_set" "Mozilla/5.0 AppleWebKit/537.36 (KHTML, like Gecko; compatible; GPTBot/1.3; +https://openai.com/gptbot)" "-"
2a03:2880:f800:: - - [13/Mar/2026:00:09:37 -0400] "GET /shop/fallible/lookover162641977811.html?path=//lib/python3.9/email HTTP/1.1" 200 46157 baptist-temple.com "-" "meta-externalagent/1.1 (+https://developers.facebook.com/docs/sharing/webmasters/crawler)" "-"
2a03:2880:f800:: - - [13/Mar/2026:00:09:38 -0400] "GET /shop/fallible/lookover162641977811.html?fileloc=//bin/pstopnm&path=//bin HTTP/1.1" 200 12187 baptist-temple.com "-" "meta-externalagent/1.1 (+https://developers.facebook.com/docs/sharing/webmasters/crawler)" "-"
2a03:2880:f800:: - - [13/Mar/2026:00:09:38 -0400] "GET /shop/fallible/lookover162641977811.html?fileloc=//bin/git&path=//bin HTTP/1.1" 200 12183 baptist-temple.com "-" "meta-externalagent/1.1 (+https://developers.facebook.com/docs/sharing/webmasters/crawler)" "-"
66.249.70.0 - - [13/Mar/2026:00:09:39 -0400] "GET /shop/perjured/paravant131735901898.html HTTP/1.1" 200 213531 baptist-temple.com "-" "Mozilla/5.0 (Linux; Android 6.0.1; Nexus 5X Build/MMB29P) AppleWebKit/537.36 (KHTML, like Gecko) Chrome/145.0.7632.116 Mobile Safari/537.36 (compatible; Googlebot/2.1; +http://www.google.com/bot.html)" "-"
2a03:2880:f800:: - - [13/Mar/2026:00:09:39 -0400] "GET /shop/fallible/lookover162641977811.html?fileloc=//bin/sha384sum&path=//bin HTTP/1.1" 200 12189 baptist-temple.com "-" "meta-externalagent/1.1 (+https://developers.facebook.com/docs/sharing/webmasters/crawler)" "-"
2a03:2880:f800:: - - [13/Mar/2026:00:09:39 -0400] "GET /shop/fallible/lookover162641977811.html?fileloc=//bin/x86_64-linux-gnu-gcc-ar-10&path=//bin HTTP/1.1" 200 12206 baptist-temple.com "-" "meta-externalagent/1.1 (+https://developers.facebook.com/docs/sharing/webmasters/crawler)" "-"
2a03:2880:f800:: - - [13/Mar/2026:00:09:40 -0400] "GET /shop/fallible/lookover162641977811.html?fileloc=//kunden/lib/git-core/git-cat-file&path=//kunden/lib/git-core HTTP/1.1" 200 12302 baptist-temple.com "-" "meta-externalagent/1.1 (+https://developers.facebook.com/docs/sharing/webmasters/crawler)" "-"
18.246.56.0 - - [13/Mar/2026:00:09:40 -0400] "GET /?path=//var/lock HTTP/1.1" 200 12639 www.baptist-temple.com "-" "Mozilla/5.0 (Windows NT 10.0; Win64; x64) AppleWebKit/537.36 (KHTML, like Gecko) Chrome/128.0.0.0 Safari/537.36" "-"
74.7.242.0 - - [13/Mar/2026:00:09:40 -0400] "GET /shop/lachrymals/pestilential142250080589.html?path=//proc/self/root/usr/lib/locale/ja_JP.eucjp HTTP/1.1" 200 31317 baptist-temple.com "https://baptist-temple.com/shop/lachrymals/pestilential142250080589.html?path=//proc/self/root/usr/lib/locale" "Mozilla/5.0 AppleWebKit/537.36 (KHTML, like Gecko; compatible; GPTBot/1.3; +https://openai.com/gptbot)" "-"
66.249.70.0 - - [13/Mar/2026:00:09:41 -0400] "GET /shop/emeraldine/fumans132997757787.html HTTP/1.1" 200 219065 baptist-temple.com "-" "Mozilla/5.0 (Linux; Android 6.0.1; Nexus 5X Build/MMB29P) AppleWebKit/537.36 (KHTML, like Gecko) Chrome/145.0.7632.116 Mobile Safari/537.36 (compatible; Googlebot/2.1; +http://www.google.com/bot.html)" "-"
144.76.32.0 - - [13/Mar/2026:00:09:41 -0400] "GET /shop/albinos/conducibleness141485051746.html HTTP/1.1" 200 54919 baptist-temple.com "-" "Mozilla/5.0 (compatible; SERankingBacklinksBot/1.0; +https://seranking.com/backlinks-crawler)" "-"
2a03:2880:f800:: - - [13/Mar/2026:00:09:42 -0400] "GET /shop/fallible/lookover162641977811.html?fileloc=//bin/mysqlreport&path=//bin HTTP/1.1" 200 68347 baptist-temple.com "-" "meta-externalagent/1.1 (+https://developers.facebook.com/docs/sharing/webmasters/crawler)" "-"
104.234.53.0 - - [13/Mar/2026:00:09:42 -0400] "POST /wp-login.php HTTP/1.1" 200 54919 baptist-temple.com "-" "Mozilla/5.0" "-"
74.7.242.0 - - [13/Mar/2026:00:09:43 -0400] "GET /shop/lachrymals/pestilential142250080589.html?path=//proc/self/root/usr/lib/ruby/2.7.0/rubygems/resolver HTTP/1.1" 200 56246 baptist-temple.com "https://baptist-temple.com/shop/lachrymals/pestilential142250080589.html?path=//proc/self/root/usr/lib/ruby/2.7.0/rubygems" "Mozilla/5.0 AppleWebKit/537.36 (KHTML, like Gecko; compatible; GPTBot/1.3; +https://openai.com/gptbot)" "-"
144.76.32.0 - - [13/Mar/2026:00:09:44 -0400] "GET /shop/allegoricalness/rubbish14422935551.html HTTP/1.1" 200 54919 baptist-temple.com "-" "Mozilla/5.0 (compatible; SERankingBacklinksBot/1.0; +https://seranking.com/backlinks-crawler)" "-"
66.249.70.0 - - [13/Mar/2026:00:09:45 -0400] "GET /shop/vastidity/pulley132582126914.html HTTP/1.1" 200 217184 baptist-temple.com "-" "Mozilla/5.0 (Linux; Android 6.0.1; Nexus 5X Build/MMB29P) AppleWebKit/537.36 (KHTML, like Gecko) Chrome/145.0.7632.116 Mobile Safari/537.36 (compatible; Googlebot/2.1; +http://www.google.com/bot.html)" "-"
66.249.70.0 - - [13/Mar/2026:00:09:45 -0400] "GET /shop/damnable/deviltry132784057615.html HTTP/1.1" 200 210627 baptist-temple.com "-" "Mozilla/5.0 (Linux; Android 6.0.1; Nexus 5X Build/MMB29P) AppleWebKit/537.36 (KHTML, like Gecko) Chrome/145.0.7632.116 Mobile Safari/537.36 (compatible; Googlebot/2.1; +http://www.google.com/bot.html)" "-"
74.7.242.0 - - [13/Mar/2026:00:09:46 -0400] "GET /shop/lachrymals/pestilential142250080589.html?path=//proc/self/root/lib/ruby/2.7.0/rubygems/security HTTP/1.1" 200 19255 baptist-temple.com "https://baptist-temple.com/shop/lachrymals/pestilential142250080589.html?path=//proc/self/root/lib/ruby/2.7.0/rubygems" "Mozilla/5.0 AppleWebKit/537.36 (KHTML, like Gecko; compatible; GPTBot/1.3; +https://openai.com/gptbot)" "-"
2a03:2880:f800:: - - [13/Mar/2026:00:09:47 -0400] "GET /shop/fallible/lookover162641977811.html?fileloc=//lib/python3.9/multiprocessing/util.py&path=//lib/python3.9/multiprocessing HTTP/1.1" 200 26480 baptist-temple.com "-" "meta-externalagent/1.1 (+https://developers.facebook.com/docs/sharing/webmasters/crawler)" "-"
66.249.70.0 - - [13/Mar/2026:00:09:48 -0400] "GET /shop/adminiculary/panax13926611114.html HTTP/1.1" 200 216046 baptist-temple.com "-" "Mozilla/5.0 (Linux; Android 6.0.1; Nexus 5X Build/MMB29P) AppleWebKit/537.36 (KHTML, like Gecko) Chrome/145.0.7632.116 Mobile Safari/537.36 (compatible; Googlebot/2.1; +http://www.google.com/bot.html)" "-"
144.76.32.0 - - [13/Mar/2026:00:09:48 -0400] "GET /shop/amperage/cynoglossidae143120183001.html HTTP/1.1" 200 54919 baptist-temple.com "-" "Mozilla/5.0 (compatible; SERankingBacklinksBot/1.0; +https://seranking.com/backlinks-crawler)" "-"
2a03:2880:f800:: - - [13/Mar/2026:00:09:48 -0400] "GET /shop/fallible/lookover162641977811.html?fileloc=//bin/pod2latex&path=//bin HTTP/1.1" 200 23319 baptist-temple.com "-" "meta-externalagent/1.1 (+https://developers.facebook.com/docs/sharing/webmasters/crawler)" "-"
2a03:2880:f800:: - - [13/Mar/2026:00:09:49 -0400] "GET /shop/fallible/lookover162641977811.html?fileloc=//bin/zstdmt&path=//bin HTTP/1.1" 200 12186 baptist-temple.com "-" "meta-externalagent/1.1 (+https://developers.facebook.com/docs/sharing/webmasters/crawler)" "-"
18.246.56.0 - - [13/Mar/2026:00:09:49 -0400] "GET /?path=//var/spool HTTP/1.1" 200 13951 www.baptist-temple.com "-" "Mozilla/5.0 (Windows NT 10.0; Win64; x64) AppleWebKit/537.36 (KHTML, like Gecko) Chrome/128.0.0.0 Safari/537.36" "-"
74.7.242.0 - - [13/Mar/2026:00:09:49 -0400] "GET /shop/lachrymals/pestilential142250080589.html?path=//proc/self/root/lib/ruby/2.7.0/rubygems/source HTTP/1.1" 200 22321 baptist-temple.com "https://baptist-temple.com/shop/lachrymals/pestilential142250080589.html?path=//proc/self/root/lib/ruby/2.7.0/rubygems" "Mozilla/5.0 AppleWebKit/537.36 (KHTML, like Gecko; compatible; GPTBot/1.3; +https://openai.com/gptbot)" "-"
2a03:2880:f800:: - - [13/Mar/2026:00:09:49 -0400] "GET /shop/fallible/lookover162641977811.html?fileloc=//bin/lispmtopgm&path=//bin HTTP/1.1" 200 12190 baptist-temple.com "-" "meta-externalagent/1.1 (+https://developers.facebook.com/docs/sharing/webmasters/crawler)" "-"
2a03:2880:f800:: - - [13/Mar/2026:00:09:50 -0400] "GET /shop/fallible/lookover162641977811.html?fileloc=//bin/svnserve&path=//bin HTTP/1.1" 200 12188 baptist-temple.com "-" "meta-externalagent/1.1 (+https://developers.facebook.com/docs/sharing/webmasters/crawler)" "-"
66.249.70.0 - - [13/Mar/2026:00:09:50 -0400] "GET /shop/goliath/matron132109667066.html HTTP/1.1" 200 218723 baptist-temple.com "-" "Mozilla/5.0 (Linux; Android 6.0.1; Nexus 5X Build/MMB29P) AppleWebKit/537.36 (KHTML, like Gecko) Chrome/145.0.7632.116 Mobile Safari/537.36 (compatible; Googlebot/2.1; +http://www.google.com/bot.html)" "-"
2a03:2880:f800:: - - [13/Mar/2026:00:09:50 -0400] "GET /shop/fallible/lookover162641977811.html?fileloc=//lib/ssl/certs/SSL.com_Root_Certification_Authority_RSA.pem&path=//lib/ssl/certs HTTP/1.1" 200 14404 baptist-temple.com "-" "meta-externalagent/1.1 (+https://developers.facebook.com/docs/sharing/webmasters/crawler)" "-"
2a03:2880:f800:: - - [13/Mar/2026:00:09:51 -0400] "GET /shop/fallible/lookover162641977811.html?fileloc=//bin/pidof&path=//bin HTTP/1.1" 200 12185 baptist-temple.com "-" "meta-externalagent/1.1 (+https://developers.facebook.com/docs/sharing/webmasters/crawler)" "-"
2a03:2880:f800:: - - [13/Mar/2026:00:09:51 -0400] "GET /shop/fallible/lookover162641977811.html?fileloc=//kunden/lib/git-core/git-notes&path=//kunden/lib/git-core HTTP/1.1" 200 12299 baptist-temple.com "-" "meta-externalagent/1.1 (+https://developers.facebook.com/docs/sharing/webmasters/crawler)" "-"
144.76.32.0 - - [13/Mar/2026:00:09:51 -0400] "GET /shop/amphilogism/arnoglossa143137441986.html HTTP/1.1" 200 54919 baptist-temple.com "-" "Mozilla/5.0 (compatible; SERankingBacklinksBot/1.0; +https://seranking.com/backlinks-crawler)" "-"
54.39.203.0 - - [13/Mar/2026:00:09:52 -0400] "GET /shop/smokily/albizia151316778025.html HTTP/1.1" 200 54919 www.baptist-temple.com "-" "Mozilla/5.0 (compatible; AhrefsBot/7.0; +http://ahrefs.com/robot/)" "-"
74.7.242.0 - - [13/Mar/2026:00:09:52 -0400] "GET /shop/lachrymals/pestilential142250080589.html?path=//proc/self/root/lib/ruby/2.7.0/rubygems/util HTTP/1.1" 200 16071 baptist-temple.com "https://baptist-temple.com/shop/lachrymals/pestilential142250080589.html?path=//proc/self/root/lib/ruby/2.7.0/rubygems" "Mozilla/5.0 AppleWebKit/537.36 (KHTML, like Gecko; compatible; GPTBot/1.3; +https://openai.com/gptbot)" "-"
66.249.70.0 - - [13/Mar/2026:00:09:55 -0400] "GET /shop/varius/doubleripper131172602211.html HTTP/1.1" 200 221733 baptist-temple.com "-" "Mozilla/5.0 (Linux; Android 6.0.1; Nexus 5X Build/MMB29P) AppleWebKit/537.36 (KHTML, like Gecko) Chrome/145.0.7632.116 Mobile Safari/537.36 (compatible; Googlebot/2.1; +http://www.google.com/bot.html)" "-"
2a03:2880:f800:: - - [13/Mar/2026:00:09:55 -0400] "GET /shop/fallible/lookover162641977811.html?fileloc=//lib/python3.9/multiprocessing/popen_forkserver.py&path=//lib/python3.9/multiprocessing HTTP/1.1" 200 14569 baptist-temple.com "-" "meta-externalagent/1.1 (+https://developers.facebook.com/docs/sharing/webmasters/crawler)" "-"
2a03:2880:f800:: - - [13/Mar/2026:00:09:55 -0400] "GET /shop/fallible/lookover162641977811.html?fileloc=//kunden/proc/slabinfo&path=//kunden/proc HTTP/1.1" 200 12241 baptist-temple.com "-" "meta-externalagent/1.1 (+https://developers.facebook.com/docs/sharing/webmasters/crawler)" "-"
66.249.70.0 - - [13/Mar/2026:00:09:55 -0400] "GET /shop/unworthiness/harmlessly112315623074.html HTTP/1.1" 200 214436 baptist-temple.com "-" "Mozilla/5.0 (Linux; Android 6.0.1; Nexus 5X Build/MMB29P) AppleWebKit/537.36 (KHTML, like Gecko) Chrome/145.0.7632.116 Mobile Safari/537.36 (compatible; Googlebot/2.1; +http://www.google.com/bot.html)" "-"
144.76.32.0 - - [13/Mar/2026:00:09:55 -0400] "GET /shop/anachronistic/bdellium143621094824.html HTTP/1.1" 200 54919 baptist-temple.com "-" "Mozilla/5.0 (compatible; SERankingBacklinksBot/1.0; +https://seranking.com/backlinks-crawler)" "-"
74.7.242.0 - - [13/Mar/2026:00:09:56 -0400] "GET /shop/lachrymals/pestilential142250080589.html?path=//proc/self/root/usr/lib/ruby/2.7.0/rubygems/package HTTP/1.1" 200 28773 baptist-temple.com "https://baptist-temple.com/shop/lachrymals/pestilential142250080589.html?path=//proc/self/root/usr/lib/ruby/2.7.0/rubygems" "Mozilla/5.0 AppleWebKit/537.36 (KHTML, like Gecko; compatible; GPTBot/1.3; +https://openai.com/gptbot)" "-"
2a03:2880:f800:: - - [13/Mar/2026:00:09:56 -0400] "GET /shop/fallible/lookover162641977811.html?fileloc=//lib/x86_64-linux-gnu/libIex-2_5.so.25.0.3&path=//lib/x86_64-linux-gnu HTTP/1.1" 200 12277 baptist-temple.com "-" "meta-externalagent/1.1 (+https://developers.facebook.com/docs/sharing/webmasters/crawler)" "-"
2a03:2880:f800:: - - [13/Mar/2026:00:09:56 -0400] "GET /shop/fallible/lookover162641977811.html?path=//kunden/lib/klibc HTTP/1.1" 200 14010 baptist-temple.com "-" "meta-externalagent/1.1 (+https://developers.facebook.com/docs/sharing/webmasters/crawler)" "-"
66.249.70.0 - - [13/Mar/2026:00:09:57 -0400] "GET /shop/trinerve/soulless134116050715.html HTTP/1.1" 200 216467 baptist-temple.com "-" "Mozilla/5.0 (Linux; Android 6.0.1; Nexus 5X Build/MMB29P) AppleWebKit/537.36 (KHTML, like Gecko) Chrome/145.0.7632.116 Mobile Safari/537.36 (compatible; Googlebot/2.1; +http://www.google.com/bot.html)" "-"
2a03:2880:f800:: - - [13/Mar/2026:00:09:57 -0400] "GET /shop/fallible/lookover162641977811.html?fileloc=//lib/python3.9/email/feedparser.py&path=//lib/python3.9/email HTTP/1.1" 200 35380 baptist-temple.com "-" "meta-externalagent/1.1 (+https://developers.facebook.com/docs/sharing/webmasters/crawler)" "-"
2a03:2880:f800:: - - [13/Mar/2026:00:09:58 -0400] "GET /shop/fallible/lookover162641977811.html?fileloc=//lib/python3.9/email/quoprimime.py&path=//lib/python3.9/email HTTP/1.1" 200 22584 baptist-temple.com "-" "meta-externalagent/1.1 (+https://developers.facebook.com/docs/sharing/webmasters/crawler)" "-"
2a03:2880:f800:: - - [13/Mar/2026:00:09:58 -0400] "GET /shop/fallible/lookover162641977811.html?fileloc=//lib/git-core/git-merge-one-file&path=//lib/git-core HTTP/1.1" 200 16845 baptist-temple.com "-" "meta-externalagent/1.1 (+https://developers.facebook.com/docs/sharing/webmasters/crawler)" "-"
144.76.32.0 - - [13/Mar/2026:00:09:58 -0400] "GET /shop/anantherous/mammutidae143022018638.html HTTP/1.1" 200 54919 baptist-temple.com "-" "Mozilla/5.0 (compatible; SERankingBacklinksBot/1.0; +https://seranking.com/backlinks-crawler)" "-"
74.7.242.0 - - [13/Mar/2026:00:09:59 -0400] "GET /shop/lachrymals/pestilential142250080589.html?path=//proc/self/root/usr/lib/ruby/2.7.0/rubygems/commands HTTP/1.1" 200 69442 baptist-temple.com "https://baptist-temple.com/shop/lachrymals/pestilential142250080589.html?path=//proc/self/root/usr/lib/ruby/2.7.0/rubygems" "Mozilla/5.0 AppleWebKit/537.36 (KHTML, like Gecko; compatible; GPTBot/1.3; +https://openai.com/gptbot)" "-"
2a03:2880:f800:: - - [13/Mar/2026:00:09:59 -0400] "GET /shop/fallible/lookover162641977811.html?fileloc=//lib/python3.9/email/generator.py&path=//lib/python3.9/email HTTP/1.1" 200 33995 baptist-temple.com "-" "meta-externalagent/1.1 (+https://developers.facebook.com/docs/sharing/webmasters/crawler)" "-"
2a03:2880:f800:: - - [13/Mar/2026:00:09:59 -0400] "GET /shop/fallible/lookover162641977811.html?fileloc=//lib/git-core/git-checkout&path=//lib/git-core HTTP/1.1" 200 12245 baptist-temple.com "-" "meta-externalagent/1.1 (+https://developers.facebook.com/docs/sharing/webmasters/crawler)" "-"
66.249.70.0 - - [13/Mar/2026:00:09:59 -0400] "GET /shop/stith/indissolubly163681406608.html HTTP/1.1" 200 212051 baptist-temple.com "-" "Mozilla/5.0 (Linux; Android 6.0.1; Nexus 5X Build/MMB29P) AppleWebKit/537.36 (KHTML, like Gecko) Chrome/145.0.7632.116 Mobile Safari/537.36 (compatible; Googlebot/2.1; +http://www.google.com/bot.html)" "-"
2a03:2880:f800:: - - [13/Mar/2026:00:10:00 -0400] "GET /shop/fallible/lookover162641977811.html?fileloc=//lib/python3.9/email/parser.py&path=//lib/python3.9/email HTTP/1.1" 200 17550 baptist-temple.com "-" "meta-externalagent/1.1 (+https://developers.facebook.com/docs/sharing/webmasters/crawler)" "-"
2a03:2880:f800:: - - [13/Mar/2026:00:10:01 -0400] "GET /shop/fallible/lookover162641977811.html?fileloc=//bin/lzgrep&path=//bin HTTP/1.1" 200 18903 baptist-temple.com "-" "meta-externalagent/1.1 (+https://developers.facebook.com/docs/sharing/webmasters/crawler)" "-"
18.246.56.0 - - [13/Mar/2026:00:10:01 -0400] "GET /?path=//tmp/cannabiscaravanserai.com HTTP/1.1" 200 12679 www.baptist-temple.com "-" "Mozilla/5.0 (Windows NT 10.0; Win64; x64) AppleWebKit/537.36 (KHTML, like Gecko) Chrome/128.0.0.0 Safari/537.36" "-"
66.249.70.0 - - [13/Mar/2026:00:10:01 -0400] "GET /shop/superpartient/siserara133398520609.html HTTP/1.1" 200 216142 baptist-temple.com "-" "Mozilla/5.0 (Linux; Android 6.0.1; Nexus 5X Build/MMB29P) AppleWebKit/537.36 (KHTML, like Gecko) Chrome/145.0.7632.116 Mobile Safari/537.36 (compatible; Googlebot/2.1; +http://www.google.com/bot.html)" "-"
144.76.32.0 - - [13/Mar/2026:00:10:02 -0400] "GET /shop/anglicized/surrounding141665163768.html HTTP/1.1" 200 54919 baptist-temple.com "-" "Mozilla/5.0 (compatible; SERankingBacklinksBot/1.0; +https://seranking.com/backlinks-crawler)" "-"
74.7.242.0 - - [13/Mar/2026:00:10:02 -0400] "GET /shop/lachrymals/pestilential142250080589.html?path=//proc/self/root/lib/ruby/2.7.0/rubygems/commands HTTP/1.1" 200 68817 baptist-temple.com "https://baptist-temple.com/shop/lachrymals/pestilential142250080589.html?path=//proc/self/root/lib/ruby/2.7.0/rubygems" "Mozilla/5.0 AppleWebKit/537.36 (KHTML, like Gecko; compatible; GPTBot/1.3; +https://openai.com/gptbot)" "-"
66.249.70.0 - - [13/Mar/2026:00:10:03 -0400] "GET /shop/kiwikiwies/erectopatent133761517232.html HTTP/1.1" 200 213267 baptist-temple.com "-" "Mozilla/5.0 (Linux; Android 6.0.1; Nexus 5X Build/MMB29P) AppleWebKit/537.36 (KHTML, like Gecko) Chrome/145.0.7632.116 Mobile Safari/537.36 (compatible; Googlebot/2.1; +http://www.google.com/bot.html)" "-"
2a03:2880:f800:: - - [13/Mar/2026:00:10:04 -0400] "GET /shop/fallible/lookover162641977811.html?fileloc=//lib/ssl/certs/8cb5ee0f.0&path=//lib/ssl/certs HTTP/1.1" 200 12932 baptist-temple.com "-" "meta-externalagent/1.1 (+https://developers.facebook.com/docs/sharing/webmasters/crawler)" "-"
2a03:2880:f800:: - - [13/Mar/2026:00:10:04 -0400] "GET /shop/fallible/lookover162641977811.html?fileloc=//bin/x86_64-linux-gnu-as&path=//bin HTTP/1.1" 200 12199 baptist-temple.com "-" "meta-externalagent/1.1 (+https://developers.facebook.com/docs/sharing/webmasters/crawler)" "-"
74.7.242.0 - - [13/Mar/2026:00:10:05 -0400] "GET /shop/lachrymals/pestilential142250080589.html?path=//proc/self/root/lib/ruby/2.7.0/rubygems/request HTTP/1.1" 200 17726 baptist-temple.com "https://baptist-temple.com/shop/lachrymals/pestilential142250080589.html?path=//proc/self/root/lib/ruby/2.7.0/rubygems" "Mozilla/5.0 AppleWebKit/537.36 (KHTML, like Gecko; compatible; GPTBot/1.3; +https://openai.com/gptbot)" "-"
144.76.32.0 - - [13/Mar/2026:00:10:06 -0400] "GET /shop/animosity/strobilation141682257015.html HTTP/1.1" 200 54919 baptist-temple.com "-" "Mozilla/5.0 (compatible; SERankingBacklinksBot/1.0; +https://seranking.com/backlinks-crawler)" "-"
66.249.70.0 - - [13/Mar/2026:00:10:07 -0400] "GET /shop/entryng/floridity131341578887.html HTTP/1.1" 200 213432 baptist-temple.com "-" "Mozilla/5.0 (Linux; Android 6.0.1; Nexus 5X Build/MMB29P) AppleWebKit/537.36 (KHTML, like Gecko) Chrome/145.0.7632.116 Mobile Safari/537.36 (compatible; Googlebot/2.1; +http://www.google.com/bot.html)" "-"
2a03:2880:f800:: - - [13/Mar/2026:00:10:08 -0400] "GET /shop/fallible/lookover162641977811.html?fileloc=//bin/which&path=//bin HTTP/1.1" 200 13347 baptist-temple.com "-" "meta-externalagent/1.1 (+https://developers.facebook.com/docs/sharing/webmasters/crawler)" "-"
2a03:2880:f800:: - - [13/Mar/2026:00:10:08 -0400] "GET /shop/fallible/lookover162641977811.html?fileloc=//bin/kill&path=//bin HTTP/1.1" 200 12184 baptist-temple.com "-" "meta-externalagent/1.1 (+https://developers.facebook.com/docs/sharing/webmasters/crawler)" "-"
18.246.56.0 - - [13/Mar/2026:00:10:08 -0400] "GET /?path=//tmp/wecouples.org HTTP/1.1" 200 12657 www.baptist-temple.com "-" "Mozilla/5.0 (Windows NT 10.0; Win64; x64) AppleWebKit/537.36 (KHTML, like Gecko) Chrome/128.0.0.0 Safari/537.36" "-"
2a03:2880:f800:: - - [13/Mar/2026:00:10:08 -0400] "GET /shop/fallible/lookover162641977811.html?fileloc=//kunden/lib/python3.9/mimetypes.py&path=//kunden/lib/python3.9 HTTP/1.1" 200 34704 baptist-temple.com "-" "meta-externalagent/1.1 (+https://developers.facebook.com/docs/sharing/webmasters/crawler)" "-"
74.7.242.0 - - [13/Mar/2026:00:10:08 -0400] "GET /shop/lachrymals/pestilential142250080589.html?path=//proc/self/root/lib/ruby/2.7.0/rubygems/request_set HTTP/1.1" 200 17639 baptist-temple.com "https://baptist-temple.com/shop/lachrymals/pestilential142250080589.html?path=//proc/self/root/lib/ruby/2.7.0/rubygems" "Mozilla/5.0 AppleWebKit/537.36 (KHTML, like Gecko; compatible; GPTBot/1.3; +https://openai.com/gptbot)" "-"
66.249.70.0 - - [13/Mar/2026:00:10:09 -0400] "GET /shop/antiperistaltic/toftman133941432005.html HTTP/1.1" 200 214974 baptist-temple.com "-" "Mozilla/5.0 (Linux; Android 6.0.1; Nexus 5X Build/MMB29P) AppleWebKit/537.36 (KHTML, like Gecko) Chrome/145.0.7632.116 Mobile Safari/537.36 (compatible; Googlebot/2.1; +http://www.google.com/bot.html)" "-"
144.76.32.0 - - [13/Mar/2026:00:10:09 -0400] "GET /shop/antheriferous/entities143466423257.html HTTP/1.1" 200 54919 baptist-temple.com "-" "Mozilla/5.0 (compatible; SERankingBacklinksBot/1.0; +https://seranking.com/backlinks-crawler)" "-"
2a03:2880:f800:: - - [13/Mar/2026:00:10:10 -0400] "GET /shop/fallible/lookover162641977811.html?fileloc=//bin/sh&path=//bin HTTP/1.1" 200 12182 baptist-temple.com "-" "meta-externalagent/1.1 (+https://developers.facebook.com/docs/sharing/webmasters/crawler)" "-"
2a03:2880:f800:: - - [13/Mar/2026:00:10:10 -0400] "GET /shop/fallible/lookover162641977811.html?fileloc=//lib/python3.9/email/utils.py&path=//lib/python3.9/email HTTP/1.1" 200 30031 baptist-temple.com "-" "meta-externalagent/1.1 (+https://developers.facebook.com/docs/sharing/webmasters/crawler)" "-"
2a03:2880:f800:: - - [13/Mar/2026:00:10:10 -0400] "GET /shop/fallible/lookover162641977811.html?fileloc=//bin/runcon&path=//bin HTTP/1.1" 200 12186 baptist-temple.com "-" "meta-externalagent/1.1 (+https://developers.facebook.com/docs/sharing/webmasters/crawler)" "-"
2a03:2880:f800:: - - [13/Mar/2026:00:10:11 -0400] "GET /shop/fallible/lookover162641977811.html?fileloc=//bin/x86_64-linux-gnu-strings&path=//bin HTTP/1.1" 200 12204 baptist-temple.com "-" "meta-externalagent/1.1 (+https://developers.facebook.com/docs/sharing/webmasters/crawler)" "-"
74.7.242.0 - - [13/Mar/2026:00:10:12 -0400] "GET /shop/lachrymals/pestilential142250080589.html?path=//proc/self/root/lib/ruby/2.7.0/rubygems/package HTTP/1.1" 200 28552 baptist-temple.com "https://baptist-temple.com/shop/lachrymals/pestilential142250080589.html?path=//proc/self/root/lib/ruby/2.7.0/rubygems" "Mozilla/5.0 AppleWebKit/537.36 (KHTML, like Gecko; compatible; GPTBot/1.3; +https://openai.com/gptbot)" "-"
2a03:2880:f800:: - - [13/Mar/2026:00:10:12 -0400] "GET /shop/restorator/uncharitable101607981812.html?path=/homepages/29 HTTP/1.1" 200 15315 baptist-temple.com "-" "meta-externalagent/1.1 (+https://developers.facebook.com/docs/sharing/webmasters/crawler)" "-"
2a03:2880:f800:: - - [13/Mar/2026:00:10:12 -0400] "GET /shop/fallible/lookover162641977811.html?fileloc=//lib/ssl/certs/4042bcee.0&path=//lib/ssl/certs HTTP/1.1" 200 14215 baptist-temple.com "-" "meta-externalagent/1.1 (+https://developers.facebook.com/docs/sharing/webmasters/crawler)" "-"
144.76.32.0 - - [13/Mar/2026:00:10:13 -0400] "GET /shop/antichristianism/hives142045999567.html HTTP/1.1" 200 54919 baptist-temple.com "-" "Mozilla/5.0 (compatible; SERankingBacklinksBot/1.0; +https://seranking.com/backlinks-crawler)" "-"
66.249.70.0 - - [13/Mar/2026:00:10:13 -0400] "GET /shop/attestant/rearward132037682621.html HTTP/1.1" 200 215039 baptist-temple.com "-" "Mozilla/5.0 (Linux; Android 6.0.1; Nexus 5X Build/MMB29P) AppleWebKit/537.36 (KHTML, like Gecko) Chrome/145.0.7632.116 Mobile Safari/537.36 (compatible; Googlebot/2.1; +http://www.google.com/bot.html)" "-"
66.249.70.0 - - [13/Mar/2026:00:10:14 -0400] "GET /shop/polypetalous/whimsicalness114066799790.html HTTP/1.1" 200 218476 baptist-temple.com "-" "Mozilla/5.0 (Linux; Android 6.0.1; Nexus 5X Build/MMB29P) AppleWebKit/537.36 (KHTML, like Gecko) Chrome/145.0.7632.116 Mobile Safari/537.36 (compatible; Googlebot/2.1; +http://www.google.com/bot.html)" "-"
2a03:2880:f800:: - - [13/Mar/2026:00:10:15 -0400] "GET /shop/fallible/lookover162641977811.html?fileloc=//lib/python3.9/email/_parseaddr.py&path=//lib/python3.9/email HTTP/1.1" 200 30663 baptist-temple.com "-" "meta-externalagent/1.1 (+https://developers.facebook.com/docs/sharing/webmasters/crawler)" "-"
74.7.242.0 - - [13/Mar/2026:00:10:15 -0400] "GET /shop/lachrymals/pestilential142250080589.html?path=//proc/self/root/lib/ruby/2.7.0/rubygems/resolver HTTP/1.1" 200 55753 baptist-temple.com "https://baptist-temple.com/shop/lachrymals/pestilential142250080589.html?path=//proc/self/root/lib/ruby/2.7.0/rubygems" "Mozilla/5.0 AppleWebKit/537.36 (KHTML, like Gecko; compatible; GPTBot/1.3; +https://openai.com/gptbot)" "-"
66.249.70.0 - - [13/Mar/2026:00:10:16 -0400] "GET /shop/plagiarist/delitescency132462184415.html HTTP/1.1" 200 212104 baptist-temple.com "-" "Mozilla/5.0 (Linux; Android 6.0.1; Nexus 5X Build/MMB29P) AppleWebKit/537.36 (KHTML, like Gecko) Chrome/145.0.7632.116 Mobile Safari/537.36 (compatible; Googlebot/2.1; +http://www.google.com/bot.html)" "-"
2a03:2880:f800:: - - [13/Mar/2026:00:10:16 -0400] "GET /shop/fallible/lookover162641977811.html?fileloc=//bin/pnminterp-gen&path=//bin HTTP/1.1" 200 13718 baptist-temple.com "-" "meta-externalagent/1.1 (+https://developers.facebook.com/docs/sharing/webmasters/crawler)" "-"
2a03:2880:f800:: - - [13/Mar/2026:00:10:16 -0400] "GET /shop/fallible/lookover162641977811.html?fileloc=//bin/sha1sum&path=//bin HTTP/1.1" 200 12187 baptist-temple.com "-" "meta-externalagent/1.1 (+https://developers.facebook.com/docs/sharing/webmasters/crawler)" "-"
18.246.56.0 - - [13/Mar/2026:00:10:16 -0400] "GET /?path=//var/opt HTTP/1.1" 200 12637 www.baptist-temple.com "-" "Mozilla/5.0 (Windows NT 10.0; Win64; x64) AppleWebKit/537.36 (KHTML, like Gecko) Chrome/128.0.0.0 Safari/537.36" "-"
144.76.32.0 - - [13/Mar/2026:00:10:17 -0400] "GET /shop/antihysteric/saxifrage143843089255.html HTTP/1.1" 200 54919 baptist-temple.com "-" "Mozilla/5.0 (compatible; SERankingBacklinksBot/1.0; +https://seranking.com/backlinks-crawler)" "-"
2a03:2880:f800:: - - [13/Mar/2026:00:10:17 -0400] "GET /shop/fallible/lookover162641977811.html?fileloc=//bin/winicontoppm&path=//bin HTTP/1.1" 200 12192 baptist-temple.com "-" "meta-externalagent/1.1 (+https://developers.facebook.com/docs/sharing/webmasters/crawler)" "-"
2a03:2880:f800:: - - [13/Mar/2026:00:10:17 -0400] "GET /shop/fallible/lookover162641977811.html?fileloc=//bin/tr&path=//bin HTTP/1.1" 200 12182 baptist-temple.com "-" "meta-externalagent/1.1 (+https://developers.facebook.com/docs/sharing/webmasters/crawler)" "-"
74.7.242.0 - - [13/Mar/2026:00:10:18 -0400] "GET /shop/lachrymals/pestilential142250080589.html?fileloc=//proc/self/root/usr/lib/ruby/2.7.0/rubygems/resolver/set.rb&path=//proc/self/root/usr/lib/ruby/2.7.0/rubygems/resolver HTTP/1.1" 200 13955 baptist-temple.com "https://baptist-temple.com/shop/lachrymals/pestilential142250080589.html?path=//proc/self/root/usr/lib/ruby/2.7.0/rubygems/resolver" "Mozilla/5.0 AppleWebKit/537.36 (KHTML, like Gecko; compatible; GPTBot/1.3; +https://openai.com/gptbot)" "-"
66.249.70.0 - - [13/Mar/2026:00:10:20 -0400] "GET /shop/shoer/infield132693658381.html HTTP/1.1" 200 216651 baptist-temple.com "-" "Mozilla/5.0 (Linux; Android 6.0.1; Nexus 5X Build/MMB29P) AppleWebKit/537.36 (KHTML, like Gecko) Chrome/145.0.7632.116 Mobile Safari/537.36 (compatible; Googlebot/2.1; +http://www.google.com/bot.html)" "-"
2a03:2880:f800:: - - [13/Mar/2026:00:10:20 -0400] "GET /shop/fallible/lookover162641977811.html?fileloc=//bin/zrun&path=//bin HTTP/1.1" 200 14925 baptist-temple.com "-" "meta-externalagent/1.1 (+https://developers.facebook.com/docs/sharing/webmasters/crawler)" "-"
144.76.32.0 - - [13/Mar/2026:00:10:20 -0400] "GET /shop/appertained/sinologist143037252469.html HTTP/1.1" 200 54919 baptist-temple.com "-" "Mozilla/5.0 (compatible; SERankingBacklinksBot/1.0; +https://seranking.com/backlinks-crawler)" "-"
2a03:2880:f800:: - - [13/Mar/2026:00:10:20 -0400] "GET /shop/fallible/lookover162641977811.html?fileloc=//bin/mountpoint&path=//bin HTTP/1.1" 200 12190 baptist-temple.com "-" "meta-externalagent/1.1 (+https://developers.facebook.com/docs/sharing/webmasters/crawler)" "-"
74.7.242.0 - - [13/Mar/2026:00:10:21 -0400] "GET /shop/lachrymals/pestilential142250080589.html?path=//proc/self/root/usr/lib/ruby/2.7.0/rubygems/resolver/molinillo HTTP/1.1" 200 14600 baptist-temple.com "https://baptist-temple.com/shop/lachrymals/pestilential142250080589.html?path=//proc/self/root/usr/lib/ruby/2.7.0/rubygems/resolver" "Mozilla/5.0 AppleWebKit/537.36 (KHTML, like Gecko; compatible; GPTBot/1.3; +https://openai.com/gptbot)" "-"
2a03:2880:f800:: - - [13/Mar/2026:00:10:21 -0400] "GET /shop/fallible/lookover162641977811.html?path=//lib/x86_64-linux-gnu/perl-base HTTP/1.1" 200 84280 baptist-temple.com "-" "meta-externalagent/1.1 (+https://developers.facebook.com/docs/sharing/webmasters/crawler)" "-"
66.249.70.0 - - [13/Mar/2026:00:10:22 -0400] "GET /shop/smokehouse/stylobate133638254700.html HTTP/1.1" 200 208142 baptist-temple.com "-" "Mozilla/5.0 (Linux; Android 6.0.1; Nexus 5X Build/MMB29P) AppleWebKit/537.36 (KHTML, like Gecko) Chrome/145.0.7632.116 Mobile Safari/537.36 (compatible; Googlebot/2.1; +http://www.google.com/bot.html)" "-"
2a03:2880:f800:: - - [13/Mar/2026:00:10:22 -0400] "GET /shop/fallible/lookover162641977811.html?fileloc=/homepages/6/d588958228/.created&path=/homepages/6/d588958228 HTTP/1.1" 200 12318 baptist-temple.com "-" "meta-externalagent/1.1 (+https://developers.facebook.com/docs/sharing/webmasters/crawler)" "-"
2a03:2880:f800:: - - [13/Mar/2026:00:10:22 -0400] "GET /shop/fallible/lookover162641977811.html?fileloc=//kunden/lib/python3.9/asyncio/sslproto.py&path=//kunden/lib/python3.9/asyncio HTTP/1.1" 200 40603 baptist-temple.com "-" "meta-externalagent/1.1 (+https://developers.facebook.com/docs/sharing/webmasters/crawler)" "-"
2a03:2880:f800:: - - [13/Mar/2026:00:10:23 -0400] "GET /shop/fallible/lookover162641977811.html?fileloc=//lib/x86_64-linux-gnu/libpspell.so.15&path=//lib/x86_64-linux-gnu HTTP/1.1" 200 12272 baptist-temple.com "-" "meta-externalagent/1.1 (+https://developers.facebook.com/docs/sharing/webmasters/crawler)" "-"
2a03:2880:f800:: - - [13/Mar/2026:00:10:23 -0400] "GET /shop/fallible/lookover162641977811.html?fileloc=//bin/fc-list&path=//bin HTTP/1.1" 200 12187 baptist-temple.com "-" "meta-externalagent/1.1 (+https://developers.facebook.com/docs/sharing/webmasters/crawler)" "-"
144.76.32.0 - - [13/Mar/2026:00:10:24 -0400] "GET /shop/aragonite/disenchained142903893172.html HTTP/1.1" 200 54919 baptist-temple.com "-" "Mozilla/5.0 (compatible; SERankingBacklinksBot/1.0; +https://seranking.com/backlinks-crawler)" "-"
74.7.242.0 - - [13/Mar/2026:00:10:24 -0400] "GET /shop/lachrymals/pestilential142250080589.html?path=//proc/self/root/lib/ruby/2.7.0/bundler/source/rubygems HTTP/1.1" 200 14651 baptist-temple.com "https://baptist-temple.com/shop/lachrymals/pestilential142250080589.html?path=//proc/self/root/lib/ruby/2.7.0/bundler/source" "Mozilla/5.0 AppleWebKit/537.36 (KHTML, like Gecko; compatible; GPTBot/1.3; +https://openai.com/gptbot)" "-"
66.249.70.0 - - [13/Mar/2026:00:10:26 -0400] "GET /shop/venerean/lampshell131463459406.html HTTP/1.1" 200 210352 baptist-temple.com "-" "Mozilla/5.0 (Linux; Android 6.0.1; Nexus 5X Build/MMB29P) AppleWebKit/537.36 (KHTML, like Gecko) Chrome/145.0.7632.116 Mobile Safari/537.36 (compatible; Googlebot/2.1; +http://www.google.com/bot.html)" "-"
2a02:598:: - - [13/Mar/2026:00:10:27 -0400] "GET /shop/mucro/cometology111567615018.html HTTP/1.1" 200 54919 www.baptist-temple.com "-" "Mozilla/5.0 (compatible; SeznamBot/4.0; +https://o-seznam.cz/napoveda/vyhledavani/en/seznambot-crawler/)" "-"
2a03:2880:f800:: - - [13/Mar/2026:00:10:27 -0400] "GET /shop/fallible/lookover162641977811.html?fileloc=//bin/jstar&path=//bin HTTP/1.1" 200 12185 baptist-temple.com "-" "meta-externalagent/1.1 (+https://developers.facebook.com/docs/sharing/webmasters/crawler)" "-"
74.7.242.0 - - [13/Mar/2026:00:10:27 -0400] "GET /shop/lachrymals/pestilential142250080589.html?path=//proc/self/root/usr/lib/ruby/2.7.0/rubygems/security HTTP/1.1" 200 19384 baptist-temple.com "https://baptist-temple.com/shop/lachrymals/pestilential142250080589.html?path=//proc/self/root/usr/lib/ruby/2.7.0/rubygems" "Mozilla/5.0 AppleWebKit/537.36 (KHTML, like Gecko; compatible; GPTBot/1.3; +https://openai.com/gptbot)" "-"
2a03:2880:f800:: - - [13/Mar/2026:00:10:27 -0400] "GET /shop/fallible/lookover162641977811.html?fileloc=//bin/jpegtopnm&path=//bin HTTP/1.1" 200 12189 baptist-temple.com "-" "meta-externalagent/1.1 (+https://developers.facebook.com/docs/sharing/webmasters/crawler)" "-"
144.76.32.0 - - [13/Mar/2026:00:10:27 -0400] "GET /shop/aspersoria/discourager141330165979.html HTTP/1.1" 200 54919 baptist-temple.com "-" "Mozilla/5.0 (compatible; SERankingBacklinksBot/1.0; +https://seranking.com/backlinks-crawler)" "-"
2a03:2880:f800:: - - [13/Mar/2026:00:10:28 -0400] "GET /shop/fallible/lookover162641977811.html?fileloc=//bin/dnstap-read&path=//bin HTTP/1.1" 200 12191 baptist-temple.com "-" "meta-externalagent/1.1 (+https://developers.facebook.com/docs/sharing/webmasters/crawler)" "-"
66.249.70.0 - - [13/Mar/2026:00:10:28 -0400] "GET /shop/insurmountability/balloted11553044590.html HTTP/1.1" 200 218773 baptist-temple.com "-" "Mozilla/5.0 (Linux; Android 6.0.1; Nexus 5X Build/MMB29P) AppleWebKit/537.36 (KHTML, like Gecko) Chrome/145.0.7632.116 Mobile Safari/537.36 (compatible; Googlebot/2.1; +http://www.google.com/bot.html)" "-"
66.249.70.0 - - [13/Mar/2026:00:10:28 -0400] "GET /shop/bloodlessness/tenacies132955525812.html HTTP/1.1" 200 218962 baptist-temple.com "-" "Mozilla/5.0 (Linux; Android 6.0.1; Nexus 5X Build/MMB29P) AppleWebKit/537.36 (KHTML, like Gecko) Chrome/145.0.7632.116 Mobile Safari/537.36 (compatible; Googlebot/2.1; +http://www.google.com/bot.html)" "-"
