2a03:2880:f800:: - - [13/Mar/2026:00:22:53 -0400] "GET /shop/fallible/lookover162641977811.html?fileloc=//lib/x86_64-linux-gnu/ldscripts/elf_k1om.xbn&path=//lib/x86_64-linux-gnu/ldscripts HTTP/1.1" 200 21481 baptist-temple.com "-" "meta-externalagent/1.1 (+https://developers.facebook.com/docs/sharing/webmasters/crawler)" "-"
2a03:2880:f800:: - - [13/Mar/2026:00:22:54 -0400] "GET /shop/fallible/lookover162641977811.html?fileloc=//kunden/sbin/zramctl&path=//kunden/sbin HTTP/1.1" 200 12240 baptist-temple.com "-" "meta-externalagent/1.1 (+https://developers.facebook.com/docs/sharing/webmasters/crawler)" "-"
2a03:2880:f800:: - - [13/Mar/2026:00:22:54 -0400] "GET /shop/fallible/lookover162641977811.html?fileloc=//lib/python3.9/__pycache__/functools.cpython-39.pyc&path=//lib/python3.9/__pycache__ HTTP/1.1" 200 12332 baptist-temple.com "-" "meta-externalagent/1.1 (+https://developers.facebook.com/docs/sharing/webmasters/crawler)" "-"
66.249.70.0 - - [13/Mar/2026:00:22:54 -0400] "GET /shop/lifter/laryngean13958171990.html HTTP/1.1" 200 208592 baptist-temple.com "-" "Mozilla/5.0 (Linux; Android 6.0.1; Nexus 5X Build/MMB29P) AppleWebKit/537.36 (KHTML, like Gecko) Chrome/145.0.7632.116 Mobile Safari/537.36 (compatible; Googlebot/2.1; +http://www.google.com/bot.html)" "-"
74.7.242.0 - - [13/Mar/2026:00:22:54 -0400] "GET /shop/lachrymals/pestilential142250080589.html?fileloc=//proc/sys/net/ipv4/tcp_probe_interval&path=//proc/sys/net/ipv4 HTTP/1.1" 200 12337 baptist-temple.com "https://baptist-temple.com/shop/lachrymals/pestilential142250080589.html?path=//proc/sys/net/ipv4" "Mozilla/5.0 AppleWebKit/537.36 (KHTML, like Gecko; compatible; GPTBot/1.3; +https://openai.com/gptbot)" "-"
2a03:2880:f800:: - - [13/Mar/2026:00:22:55 -0400] "GET /shop/fallible/lookover162641977811.html?fileloc=//lib/ssl/certs/DigiCert_Global_Root_G3.pem&path=//lib/ssl/certs HTTP/1.1" 200 13132 baptist-temple.com "-" "meta-externalagent/1.1 (+https://developers.facebook.com/docs/sharing/webmasters/crawler)" "-"
144.76.32.0 - - [13/Mar/2026:00:22:55 -0400] "GET /shop/spinifex/agrostologist143815744785.html HTTP/1.1" 200 54919 baptist-temple.com "-" "Mozilla/5.0 (compatible; SERankingBacklinksBot/1.0; +https://seranking.com/backlinks-crawler)" "-"
2a03:2880:f800:: - - [13/Mar/2026:00:22:55 -0400] "GET /shop/fallible/lookover162641977811.html?fileloc=//kunden/sbin/grpconv&path=//kunden/sbin HTTP/1.1" 200 12240 baptist-temple.com "-" "meta-externalagent/1.1 (+https://developers.facebook.com/docs/sharing/webmasters/crawler)" "-"
2a03:2880:f800:: - - [13/Mar/2026:00:22:56 -0400] "GET /shop/fallible/lookover162641977811.html?fileloc=//kunden/kunden/usr/include/linux/netfilter_bridge/ebt_802_3.h&path=//kunden/kunden/usr/include/linux/netfilter_bridge HTTP/1.1" 200 13829 baptist-temple.com "-" "meta-externalagent/1.1 (+https://developers.facebook.com/docs/sharing/webmasters/crawler)" "-"
2a03:2880:f800:: - - [13/Mar/2026:00:22:56 -0400] "GET /shop/fallible/lookover162641977811.html?fileloc=//kunden/sbin/fsck.minix&path=//kunden/sbin HTTP/1.1" 200 12243 baptist-temple.com "-" "meta-externalagent/1.1 (+https://developers.facebook.com/docs/sharing/webmasters/crawler)" "-"
2a03:2880:f800:: - - [13/Mar/2026:00:22:56 -0400] "GET /shop/fallible/lookover162641977811.html?fileloc=//kunden/sbin/ifconfig&path=//kunden/sbin HTTP/1.1" 200 12241 baptist-temple.com "-" "meta-externalagent/1.1 (+https://developers.facebook.com/docs/sharing/webmasters/crawler)" "-"
2a03:2880:f800:: - - [13/Mar/2026:00:22:57 -0400] "GET /shop/fallible/lookover162641977811.html?fileloc=//kunden/kunden/usr/include/linux/tc_act/tc_gate.h&path=//kunden/kunden/usr/include/linux/tc_act HTTP/1.1" 200 13377 baptist-temple.com "-" "meta-externalagent/1.1 (+https://developers.facebook.com/docs/sharing/webmasters/crawler)" "-"
2a03:2880:f800:: - - [13/Mar/2026:00:22:57 -0400] "GET /shop/fallible/lookover162641977811.html?fileloc=//lib/x86_64-linux-gnu/ldscripts/elf32_x86_64.xw&path=//lib/x86_64-linux-gnu/ldscripts HTTP/1.1" 200 21753 baptist-temple.com "-" "meta-externalagent/1.1 (+https://developers.facebook.com/docs/sharing/webmasters/crawler)" "-"
74.7.242.0 - - [13/Mar/2026:00:22:58 -0400] "GET /shop/lachrymals/pestilential142250080589.html?fileloc=//proc/sys/net/ipv4/tcp_min_snd_mss&path=//proc/sys/net/ipv4 HTTP/1.1" 200 12333 baptist-temple.com "https://baptist-temple.com/shop/lachrymals/pestilential142250080589.html?path=//proc/sys/net/ipv4" "Mozilla/5.0 AppleWebKit/537.36 (KHTML, like Gecko; compatible; GPTBot/1.3; +https://openai.com/gptbot)" "-"
2a03:2880:f800:: - - [13/Mar/2026:00:22:58 -0400] "GET /shop/fallible/lookover162641977811.html?fileloc=//kunden/kunden/usr/include/linux/tc_act/tc_tunnel_key.h&path=//kunden/kunden/usr/include/linux/tc_act HTTP/1.1" 200 15215 baptist-temple.com "-" "meta-externalagent/1.1 (+https://developers.facebook.com/docs/sharing/webmasters/crawler)" "-"
216.81.248.0 - - [13/Mar/2026:00:22:58 -0400] "GET / HTTP/1.1" 200 54919 baptist-temple.com "-" "Mozilla/5.0 (Windows NT 10.0; Win64; x64) AppleWebKit/537.36" "-"
66.249.70.0 - - [13/Mar/2026:00:22:58 -0400] "GET /shop/choosey/woolsey132886165095.html HTTP/1.1" 200 218026 baptist-temple.com "-" "Mozilla/5.0 (Linux; Android 6.0.1; Nexus 5X Build/MMB29P) AppleWebKit/537.36 (KHTML, like Gecko) Chrome/145.0.7632.116 Mobile Safari/537.36 (compatible; Googlebot/2.1; +http://www.google.com/bot.html)" "-"
66.249.70.0 - - [13/Mar/2026:00:22:58 -0400] "GET /shop/pectinal/normative11549640220.html HTTP/1.1" 200 216320 baptist-temple.com "-" "Mozilla/5.0 (Linux; Android 6.0.1; Nexus 5X Build/MMB29P) AppleWebKit/537.36 (KHTML, like Gecko) Chrome/145.0.7632.116 Mobile Safari/537.36 (compatible; Googlebot/2.1; +http://www.google.com/bot.html)" "-"
144.76.32.0 - - [13/Mar/2026:00:22:58 -0400] "GET /shop/spoonbilled/supervened143111752042.html HTTP/1.1" 200 54919 baptist-temple.com "-" "Mozilla/5.0 (compatible; SERankingBacklinksBot/1.0; +https://seranking.com/backlinks-crawler)" "-"
66.249.70.0 - - [13/Mar/2026:00:22:58 -0400] "GET /shop/storytelling/slepez132815900787.html HTTP/1.1" 200 219953 baptist-temple.com "-" "Mozilla/5.0 (Linux; Android 6.0.1; Nexus 5X Build/MMB29P) AppleWebKit/537.36 (KHTML, like Gecko) Chrome/145.0.7632.116 Mobile Safari/537.36 (compatible; Googlebot/2.1; +http://www.google.com/bot.html)" "-"
2a03:2880:f800:: - - [13/Mar/2026:00:22:58 -0400] "GET /shop/fallible/lookover162641977811.html?fileloc=//kunden/usr/bin/make-first-existing-target&path=//kunden/usr/bin HTTP/1.1" 200 17500 baptist-temple.com "-" "meta-externalagent/1.1 (+https://developers.facebook.com/docs/sharing/webmasters/crawler)" "-"
66.249.70.0 - - [13/Mar/2026:00:22:59 -0400] "GET /shop/cestus/backward113142570671.html HTTP/1.1" 200 220583 baptist-temple.com "-" "Mozilla/5.0 (Linux; Android 6.0.1; Nexus 5X Build/MMB29P) AppleWebKit/537.36 (KHTML, like Gecko) Chrome/145.0.7632.116 Mobile Safari/537.36 (compatible; Googlebot/2.1; +http://www.google.com/bot.html)" "-"
2a03:2880:f800:: - - [13/Mar/2026:00:22:59 -0400] "GET /shop/coacher/mayors102099113446.html?fileloc=//sbin/fdisk&path=//sbin HTTP/1.1" 200 12188 baptist-temple.com "-" "meta-externalagent/1.1 (+https://developers.facebook.com/docs/sharing/webmasters/crawler)" "-"
2a03:2880:f800:: - - [13/Mar/2026:00:22:59 -0400] "GET /shop/fallible/lookover162641977811.html?fileloc=//lib/python3.9/__pycache__/this.cpython-39.pyc&path=//lib/python3.9/__pycache__ HTTP/1.1" 200 12327 baptist-temple.com "-" "meta-externalagent/1.1 (+https://developers.facebook.com/docs/sharing/webmasters/crawler)" "-"
2a03:2880:f800:: - - [13/Mar/2026:00:23:00 -0400] "GET /shop/coacher/mayors102099113446.html?path=/homepages/16 HTTP/1.1" 200 16647 baptist-temple.com "-" "meta-externalagent/1.1 (+https://developers.facebook.com/docs/sharing/webmasters/crawler)" "-"
2a03:2880:f800:: - - [13/Mar/2026:00:23:00 -0400] "GET /shop/fallible/lookover162641977811.html?fileloc=//kunden/usr/bin/pnmtosgi&path=//kunden/usr/bin HTTP/1.1" 200 12283 baptist-temple.com "-" "meta-externalagent/1.1 (+https://developers.facebook.com/docs/sharing/webmasters/crawler)" "-"
74.7.242.0 - - [13/Mar/2026:00:23:01 -0400] "GET /shop/lachrymals/pestilential142250080589.html?fileloc=//proc/sys/net/ipv4/ip_local_reserved_ports&path=//proc/sys/net/ipv4 HTTP/1.1" 200 12344 baptist-temple.com "https://baptist-temple.com/shop/lachrymals/pestilential142250080589.html?path=//proc/sys/net/ipv4" "Mozilla/5.0 AppleWebKit/537.36 (KHTML, like Gecko; compatible; GPTBot/1.3; +https://openai.com/gptbot)" "-"
66.249.70.0 - - [13/Mar/2026:00:23:01 -0400] "GET /shop/aerugo/meazling133497263947.html HTTP/1.1" 200 230380 baptist-temple.com "-" "Mozilla/5.0 (Linux; Android 6.0.1; Nexus 5X Build/MMB29P) AppleWebKit/537.36 (KHTML, like Gecko) Chrome/145.0.7632.116 Mobile Safari/537.36 (compatible; Googlebot/2.1; +http://www.google.com/bot.html)" "-"
2a03:2880:f800:: - - [13/Mar/2026:00:23:01 -0400] "GET /shop/fallible/lookover162641977811.html?fileloc=//lib/x86_64-linux-gnu/libsvn_fs_fs-1.so.1&path=//lib/x86_64-linux-gnu HTTP/1.1" 200 12276 baptist-temple.com "-" "meta-externalagent/1.1 (+https://developers.facebook.com/docs/sharing/webmasters/crawler)" "-"
2a03:2880:f800:: - - [13/Mar/2026:00:23:01 -0400] "GET /shop/fallible/lookover162641977811.html?fileloc=//kunden/usr/bin/neqn&path=//kunden/usr/bin HTTP/1.1" 200 13228 baptist-temple.com "-" "meta-externalagent/1.1 (+https://developers.facebook.com/docs/sharing/webmasters/crawler)" "-"
144.76.32.0 - - [13/Mar/2026:00:23:02 -0400] "GET /shop/statelier/hyperthermia144000069975.html HTTP/1.1" 200 54919 baptist-temple.com "-" "Mozilla/5.0 (compatible; SERankingBacklinksBot/1.0; +https://seranking.com/backlinks-crawler)" "-"
2a03:2880:f800:: - - [13/Mar/2026:00:23:02 -0400] "GET /shop/fallible/lookover162641977811.html?fileloc=//bin/erb&path=//bin HTTP/1.1" 200 17386 baptist-temple.com "-" "meta-externalagent/1.1 (+https://developers.facebook.com/docs/sharing/webmasters/crawler)" "-"
2a03:2880:f800:: - - [13/Mar/2026:00:23:02 -0400] "GET /shop/fallible/lookover162641977811.html?fileloc=//lib/git-core/git-for-each-repo&path=//lib/git-core HTTP/1.1" 200 12250 baptist-temple.com "-" "meta-externalagent/1.1 (+https://developers.facebook.com/docs/sharing/webmasters/crawler)" "-"
216.81.248.0 - - [13/Mar/2026:00:23:03 -0400] "GET / HTTP/1.1" 200 54919 baptist-temple.com "-" "Mozilla/5.0 (Windows NT 10.0; Win64; x64) AppleWebKit/537.36 (KHTML, like Gecko) Chrome/91.0.4472.124 Safari/537.36" "-"
2a03:2880:f800:: - - [13/Mar/2026:00:23:03 -0400] "GET /shop/fallible/lookover162641977811.html?fileloc=//kunden/proc/timer_list&path=//kunden/proc HTTP/1.1" 200 12243 baptist-temple.com "-" "meta-externalagent/1.1 (+https://developers.facebook.com/docs/sharing/webmasters/crawler)" "-"
2a03:2880:f800:: - - [13/Mar/2026:00:23:03 -0400] "GET /shop/fallible/lookover162641977811.html?fileloc=//bin/tiff2pdf&path=//bin HTTP/1.1" 200 12188 baptist-temple.com "-" "meta-externalagent/1.1 (+https://developers.facebook.com/docs/sharing/webmasters/crawler)" "-"
66.249.70.0 - - [13/Mar/2026:00:23:03 -0400] "GET /shop/guiltiness/allotter133883450040.html HTTP/1.1" 200 215641 baptist-temple.com "-" "Mozilla/5.0 (Linux; Android 6.0.1; Nexus 5X Build/MMB29P) AppleWebKit/537.36 (KHTML, like Gecko) Chrome/145.0.7632.116 Mobile Safari/537.36 (compatible; Googlebot/2.1; +http://www.google.com/bot.html)" "-"
2a03:2880:f800:: - - [13/Mar/2026:00:23:04 -0400] "GET /shop/fallible/lookover162641977811.html?fileloc=//lib/python3.9/__pycache__/datetime.cpython-39.pyc&path=//lib/python3.9/__pycache__ HTTP/1.1" 200 12331 baptist-temple.com "-" "meta-externalagent/1.1 (+https://developers.facebook.com/docs/sharing/webmasters/crawler)" "-"
74.7.242.0 - - [13/Mar/2026:00:23:04 -0400] "GET /shop/lachrymals/pestilential142250080589.html?fileloc=//proc/sys/net/ipv4/tcp_base_mss&path=//proc/sys/net/ipv4 HTTP/1.1" 200 12332 baptist-temple.com "https://baptist-temple.com/shop/lachrymals/pestilential142250080589.html?path=//proc/sys/net/ipv4" "Mozilla/5.0 AppleWebKit/537.36 (KHTML, like Gecko; compatible; GPTBot/1.3; +https://openai.com/gptbot)" "-"
2a03:2880:f800:: - - [13/Mar/2026:00:23:05 -0400] "GET /shop/fallible/lookover162641977811.html?fileloc=//kunden/kunden/usr/include/linux/tc_act/tc_nat.h&path=//kunden/kunden/usr/include/linux/tc_act HTTP/1.1" 200 12936 baptist-temple.com "-" "meta-externalagent/1.1 (+https://developers.facebook.com/docs/sharing/webmasters/crawler)" "-"
2a03:2880:f800:: - - [13/Mar/2026:00:23:05 -0400] "GET /shop/fallible/lookover162641977811.html?fileloc=//kunden/lib/git-core/git-mailsplit&path=//kunden/lib/git-core HTTP/1.1" 200 12303 baptist-temple.com "-" "meta-externalagent/1.1 (+https://developers.facebook.com/docs/sharing/webmasters/crawler)" "-"
2a03:2880:f800:: - - [13/Mar/2026:00:23:05 -0400] "GET /shop/fallible/lookover162641977811.html?fileloc=//lib/git-core/git-merge-index&path=//lib/git-core HTTP/1.1" 200 12248 baptist-temple.com "-" "meta-externalagent/1.1 (+https://developers.facebook.com/docs/sharing/webmasters/crawler)" "-"
144.76.32.0 - - [13/Mar/2026:00:23:06 -0400] "GET /shop/steersmate/tumblerfuls141361221478.html HTTP/1.1" 200 54919 baptist-temple.com "-" "Mozilla/5.0 (compatible; SERankingBacklinksBot/1.0; +https://seranking.com/backlinks-crawler)" "-"
2a03:2880:f800:: - - [13/Mar/2026:00:23:06 -0400] "GET /shop/restorator/uncharitable101607981812.html?fileloc=/homepages/45/d865075512/distributor.lock&path=/homepages/45/d865075512 HTTP/1.1" 200 12319 baptist-temple.com "-" "meta-externalagent/1.1 (+https://developers.facebook.com/docs/sharing/webmasters/crawler)" "-"
2a03:2880:f800:: - - [13/Mar/2026:00:23:07 -0400] "GET /shop/fallible/lookover162641977811.html?fileloc=//lib/x86_64-linux-gnu/libcurl-gnutls.so.4.7.0&path=//lib/x86_64-linux-gnu HTTP/1.1" 200 12280 baptist-temple.com "-" "meta-externalagent/1.1 (+https://developers.facebook.com/docs/sharing/webmasters/crawler)" "-"
2a03:2880:f800:: - - [13/Mar/2026:00:23:07 -0400] "GET /shop/fallible/lookover162641977811.html?fileloc=//lib/python3.9/__pycache__/tarfile.cpython-39.pyc&path=//lib/python3.9/__pycache__ HTTP/1.1" 200 12330 baptist-temple.com "-" "meta-externalagent/1.1 (+https://developers.facebook.com/docs/sharing/webmasters/crawler)" "-"
2a03:2880:f800:: - - [13/Mar/2026:00:23:07 -0400] "GET /shop/fallible/lookover162641977811.html?fileloc=//lib/x86_64-linux-gnu/libgobject-2.0.so.0&path=//lib/x86_64-linux-gnu HTTP/1.1" 200 12276 baptist-temple.com "-" "meta-externalagent/1.1 (+https://developers.facebook.com/docs/sharing/webmasters/crawler)" "-"
74.7.242.0 - - [13/Mar/2026:00:23:07 -0400] "GET /shop/lachrymals/pestilential142250080589.html?fileloc=//proc/sys/net/ipv4/icmp_echo_ignore_all&path=//proc/sys/net/ipv4 HTTP/1.1" 200 12337 baptist-temple.com "https://baptist-temple.com/shop/lachrymals/pestilential142250080589.html?path=//proc/sys/net/ipv4" "Mozilla/5.0 AppleWebKit/537.36 (KHTML, like Gecko; compatible; GPTBot/1.3; +https://openai.com/gptbot)" "-"
66.249.70.0 - - [13/Mar/2026:00:23:07 -0400] "GET /shop/spatling/exhaustion131474165576.html HTTP/1.1" 200 216883 baptist-temple.com "-" "Mozilla/5.0 (Linux; Android 6.0.1; Nexus 5X Build/MMB29P) AppleWebKit/537.36 (KHTML, like Gecko) Chrome/145.0.7632.116 Mobile Safari/537.36 (compatible; Googlebot/2.1; +http://www.google.com/bot.html)" "-"
15.235.27.0 - - [13/Mar/2026:00:23:08 -0400] "GET /shop/vacant/abraded132374593522.html HTTP/1.1" 200 54919 www.baptist-temple.com "-" "Mozilla/5.0 (compatible; AhrefsBot/7.0; +http://ahrefs.com/robot/)" "-"
2a03:2880:f800:: - - [13/Mar/2026:00:23:08 -0400] "GET /shop/fallible/lookover162641977811.html?fileloc=//lib/x86_64-linux-gnu/perl/cross-config-5.32.1/Config.pm&path=//lib/x86_64-linux-gnu/perl/cross-config-5.32.1 HTTP/1.1" 200 15933 baptist-temple.com "-" "meta-externalagent/1.1 (+https://developers.facebook.com/docs/sharing/webmasters/crawler)" "-"
216.81.248.0 - - [13/Mar/2026:00:23:08 -0400] "GET /?s=/Index/\\think\\app/invokefunction&function=call_user_func_array&vars[0]=system&vars[1][]=printenv HTTP/1.1" 200 54919 baptist-temple.com "-" "Mozilla/5.0" "-"
2a03:2880:f800:: - - [13/Mar/2026:00:23:08 -0400] "GET /shop/fallible/lookover162641977811.html?fileloc=/homepages/42/d414105715/htdocs/demo/wp-admin/plugin-editor.php&path=/homepages/42/d414105715/htdocs/demo/wp-admin HTTP/1.1" 200 28045 baptist-temple.com "-" "meta-externalagent/1.1 (+https://developers.facebook.com/docs/sharing/webmasters/crawler)" "-"
2a03:2880:f800:: - - [13/Mar/2026:00:23:09 -0400] "GET /shop/fallible/lookover162641977811.html?fileloc=/homepages/3/d597441302/DASTOOLSTART&path=/homepages/3/d597441302 HTTP/1.1" 200 12311 baptist-temple.com "-" "meta-externalagent/1.1 (+https://developers.facebook.com/docs/sharing/webmasters/crawler)" "-"
144.76.32.0 - - [13/Mar/2026:00:23:09 -0400] "GET /shop/stinter/unreliableness144194763519.html HTTP/1.1" 200 54919 baptist-temple.com "-" "Mozilla/5.0 (compatible; SERankingBacklinksBot/1.0; +https://seranking.com/backlinks-crawler)" "-"
2a03:2880:f800:: - - [13/Mar/2026:00:23:09 -0400] "GET /shop/fallible/lookover162641977811.html?fileloc=//kunden/sbin/swapon&path=//kunden/sbin HTTP/1.1" 200 12239 baptist-temple.com "-" "meta-externalagent/1.1 (+https://developers.facebook.com/docs/sharing/webmasters/crawler)" "-"
66.249.70.0 - - [13/Mar/2026:00:23:10 -0400] "GET /shop/antambulacral/stomach133240621630.html HTTP/1.1" 200 218763 baptist-temple.com "-" "Mozilla/5.0 (Linux; Android 6.0.1; Nexus 5X Build/MMB29P) AppleWebKit/537.36 (KHTML, like Gecko) Chrome/145.0.7632.116 Mobile Safari/537.36 (compatible; Googlebot/2.1; +http://www.google.com/bot.html)" "-"
216.81.248.0 - - [13/Mar/2026:00:23:10 -0400] "GET /index.php/module/action/param1/$%7B@print%28env%29%7D HTTP/1.1" 200 54919 baptist-temple.com "-" "Mozilla/5.0" "-"
216.81.248.0 - - [13/Mar/2026:00:23:10 -0400] "POST /_ignition/health-check HTTP/1.1" 200 54919 baptist-temple.com "-" "Mozilla/5.0" "-"
2a03:2880:f800:: - - [13/Mar/2026:00:23:10 -0400] "GET /shop/fallible/lookover162641977811.html?fileloc=//kunden/sbin/chmem&path=//kunden/sbin HTTP/1.1" 200 12238 baptist-temple.com "-" "meta-externalagent/1.1 (+https://developers.facebook.com/docs/sharing/webmasters/crawler)" "-"
216.81.248.0 - - [13/Mar/2026:00:23:10 -0400] "POST /_ignition/execute-solution HTTP/1.1" 200 54919 baptist-temple.com "-" "Mozilla/5.0" "-"
74.7.242.0 - - [13/Mar/2026:00:23:10 -0400] "GET /shop/lachrymals/pestilential142250080589.html?fileloc=//proc/sys/net/ipv6/anycast_src_echo_reply&path=//proc/sys/net/ipv6 HTTP/1.1" 200 12339 baptist-temple.com "https://baptist-temple.com/shop/lachrymals/pestilential142250080589.html?path=//proc/sys/net/ipv6" "Mozilla/5.0 AppleWebKit/537.36 (KHTML, like Gecko; compatible; GPTBot/1.3; +https://openai.com/gptbot)" "-"
2a03:2880:f800:: - - [13/Mar/2026:00:23:10 -0400] "GET /shop/fallible/lookover162641977811.html?fileloc=//lib/x86_64-linux-gnu/ldscripts/elf32_x86_64.xe&path=//lib/x86_64-linux-gnu/ldscripts HTTP/1.1" 200 22408 baptist-temple.com "-" "meta-externalagent/1.1 (+https://developers.facebook.com/docs/sharing/webmasters/crawler)" "-"
2a03:2880:f800:: - - [13/Mar/2026:00:23:11 -0400] "GET /shop/fallible/lookover162641977811.html?path=//lib/locale HTTP/1.1" 200 667760 baptist-temple.com "-" "meta-externalagent/1.1 (+https://developers.facebook.com/docs/sharing/webmasters/crawler)" "-"
2a03:2880:f800:: - - [13/Mar/2026:00:23:12 -0400] "GET /shop/fallible/lookover162641977811.html?fileloc=//lib/x86_64-linux-gnu/ldscripts/i386pep.xu&path=//lib/x86_64-linux-gnu/ldscripts HTTP/1.1" 200 18205 baptist-temple.com "-" "meta-externalagent/1.1 (+https://developers.facebook.com/docs/sharing/webmasters/crawler)" "-"
66.249.70.0 - - [13/Mar/2026:00:23:12 -0400] "GET /shop/ulmaceous/selfperplexed132082003781.html HTTP/1.1" 200 212445 baptist-temple.com "-" "Mozilla/5.0 (Linux; Android 6.0.1; Nexus 5X Build/MMB29P) AppleWebKit/537.36 (KHTML, like Gecko) Chrome/145.0.7632.116 Mobile Safari/537.36 (compatible; Googlebot/2.1; +http://www.google.com/bot.html)" "-"
2a03:2880:f800:: - - [13/Mar/2026:00:23:12 -0400] "GET /shop/fallible/lookover162641977811.html?path=/homepages/45/d865075512/managed HTTP/1.1" 200 12768 baptist-temple.com "-" "meta-externalagent/1.1 (+https://developers.facebook.com/docs/sharing/webmasters/crawler)" "-"
2a03:2880:f800:: - - [13/Mar/2026:00:23:13 -0400] "GET /shop/fallible/lookover162641977811.html?fileloc=//lib/x86_64-linux-gnu/libapt-pkg.so.6.0.0&path=//lib/x86_64-linux-gnu HTTP/1.1" 200 12276 baptist-temple.com "-" "meta-externalagent/1.1 (+https://developers.facebook.com/docs/sharing/webmasters/crawler)" "-"
144.76.32.0 - - [13/Mar/2026:00:23:13 -0400] "GET /shop/stratocumulus/cerulean143301313553.html HTTP/1.1" 200 54919 baptist-temple.com "-" "Mozilla/5.0 (compatible; SERankingBacklinksBot/1.0; +https://seranking.com/backlinks-crawler)" "-"
2a03:2880:f800:: - - [13/Mar/2026:00:23:13 -0400] "GET /shop/fallible/lookover162641977811.html?fileloc=//lib/x86_64-linux-gnu/perl/5.32/Storable.pm&path=//lib/x86_64-linux-gnu/perl/5.32 HTTP/1.1" 200 64328 baptist-temple.com "-" "meta-externalagent/1.1 (+https://developers.facebook.com/docs/sharing/webmasters/crawler)" "-"
2a03:2880:f800:: - - [13/Mar/2026:00:23:13 -0400] "GET /shop/fallible/lookover162641977811.html?fileloc=//kunden/usr/bin/man-recode&path=//kunden/usr/bin HTTP/1.1" 200 12285 baptist-temple.com "-" "meta-externalagent/1.1 (+https://developers.facebook.com/docs/sharing/webmasters/crawler)" "-"
74.7.242.0 - - [13/Mar/2026:00:23:14 -0400] "GET /shop/lachrymals/pestilential142250080589.html?fileloc=//proc/sys/net/ipv4/ip_nonlocal_bind&path=//proc/sys/net/ipv4 HTTP/1.1" 200 12333 baptist-temple.com "https://baptist-temple.com/shop/lachrymals/pestilential142250080589.html?path=//proc/sys/net/ipv4" "Mozilla/5.0 AppleWebKit/537.36 (KHTML, like Gecko; compatible; GPTBot/1.3; +https://openai.com/gptbot)" "-"
66.249.70.0 - - [13/Mar/2026:00:23:14 -0400] "GET /shop/napkin/skirt132905964997.html HTTP/1.1" 200 217616 baptist-temple.com "-" "Mozilla/5.0 (Linux; Android 6.0.1; Nexus 5X Build/MMB29P) AppleWebKit/537.36 (KHTML, like Gecko) Chrome/145.0.7632.116 Mobile Safari/537.36 (compatible; Googlebot/2.1; +http://www.google.com/bot.html)" "-"
2a03:2880:f800:: - - [13/Mar/2026:00:23:14 -0400] "GET /shop/fallible/lookover162641977811.html?fileloc=//kunden/sbin/fsck.ext4dev&path=//kunden/sbin HTTP/1.1" 200 12245 baptist-temple.com "-" "meta-externalagent/1.1 (+https://developers.facebook.com/docs/sharing/webmasters/crawler)" "-"
2a03:2880:f800:: - - [13/Mar/2026:00:23:15 -0400] "GET /shop/fallible/lookover162641977811.html?fileloc=//lib/python3.9/multiprocessing/heap.py&path=//lib/python3.9/multiprocessing HTTP/1.1" 200 24091 baptist-temple.com "-" "meta-externalagent/1.1 (+https://developers.facebook.com/docs/sharing/webmasters/crawler)" "-"
2a03:2880:f800:: - - [13/Mar/2026:00:23:15 -0400] "GET /shop/fallible/lookover162641977811.html?fileloc=//kunden/usr/bin/scriptreplay&path=//kunden/usr/bin HTTP/1.1" 200 12287 baptist-temple.com "-" "meta-externalagent/1.1 (+https://developers.facebook.com/docs/sharing/webmasters/crawler)" "-"
2a03:2880:f800:: - - [13/Mar/2026:00:23:16 -0400] "GET /shop/fallible/lookover162641977811.html?fileloc=//kunden/usr/bin/ebrowse&path=//kunden/usr/bin HTTP/1.1" 200 12282 baptist-temple.com "-" "meta-externalagent/1.1 (+https://developers.facebook.com/docs/sharing/webmasters/crawler)" "-"
216.81.248.0 - - [13/Mar/2026:00:23:16 -0400] "GET /__debug__/execute?cmd=printenv HTTP/1.1" 200 54919 baptist-temple.com "-" "Mozilla/5.0" "-"
66.249.70.0 - - [13/Mar/2026:00:23:16 -0400] "GET /shop/surangular/miserable13308131968.html HTTP/1.1" 200 212759 baptist-temple.com "-" "Mozilla/5.0 (Linux; Android 6.0.1; Nexus 5X Build/MMB29P) AppleWebKit/537.36 (KHTML, like Gecko) Chrome/145.0.7632.116 Mobile Safari/537.36 (compatible; Googlebot/2.1; +http://www.google.com/bot.html)" "-"
2a03:2880:f800:: - - [13/Mar/2026:00:23:16 -0400] "GET /shop/fallible/lookover162641977811.html?fileloc=//lib/python3.9/__pycache__/_sysconfigdata__linux_x86_64-linux-gnu.cpython-39.pyc&path=//lib/python3.9/__pycache__ HTTP/1.1" 200 12361 baptist-temple.com "-" "meta-externalagent/1.1 (+https://developers.facebook.com/docs/sharing/webmasters/crawler)" "-"
144.76.32.0 - - [13/Mar/2026:00:23:16 -0400] "GET /shop/sturdier/dispositional142703918147.html HTTP/1.1" 200 54919 baptist-temple.com "-" "Mozilla/5.0 (compatible; SERankingBacklinksBot/1.0; +https://seranking.com/backlinks-crawler)" "-"
2a03:2880:f800:: - - [13/Mar/2026:00:23:16 -0400] "GET /shop/fallible/lookover162641977811.html?fileloc=//kunden/usr/bin/sensible-browser&path=//kunden/usr/bin HTTP/1.1" 200 13775 baptist-temple.com "-" "meta-externalagent/1.1 (+https://developers.facebook.com/docs/sharing/webmasters/crawler)" "-"
74.7.242.0 - - [13/Mar/2026:00:23:17 -0400] "GET /shop/lachrymals/pestilential142250080589.html?fileloc=//proc/sys/net/ipv4/ipfrag_high_thresh&path=//proc/sys/net/ipv4 HTTP/1.1" 200 12341 baptist-temple.com "https://baptist-temple.com/shop/lachrymals/pestilential142250080589.html?path=//proc/sys/net/ipv4" "Mozilla/5.0 AppleWebKit/537.36 (KHTML, like Gecko; compatible; GPTBot/1.3; +https://openai.com/gptbot)" "-"
2a03:2880:f800:: - - [13/Mar/2026:00:23:17 -0400] "GET /shop/fallible/lookover162641977811.html?fileloc=//kunden/sbin/remove-default-ispell&path=//kunden/sbin HTTP/1.1" 200 15383 baptist-temple.com "-" "meta-externalagent/1.1 (+https://developers.facebook.com/docs/sharing/webmasters/crawler)" "-"
2a03:2880:f800:: - - [13/Mar/2026:00:23:17 -0400] "GET /shop/fallible/lookover162641977811.html?fileloc=//kunden/sbin/installkernel&path=//kunden/sbin HTTP/1.1" 200 12246 baptist-temple.com "-" "meta-externalagent/1.1 (+https://developers.facebook.com/docs/sharing/webmasters/crawler)" "-"
2a03:2880:f800:: - - [13/Mar/2026:00:23:18 -0400] "GET /shop/fallible/lookover162641977811.html?fileloc=//kunden/lib/python3.9/uu.py&path=//kunden/lib/python3.9 HTTP/1.1" 200 19455 baptist-temple.com "-" "meta-externalagent/1.1 (+https://developers.facebook.com/docs/sharing/webmasters/crawler)" "-"
2a03:2880:f800:: - - [13/Mar/2026:00:23:19 -0400] "GET /shop/fallible/lookover162641977811.html?fileloc=//lib/python3.9/urllib/request.py&path=//lib/python3.9/urllib HTTP/1.1" 200 117467 baptist-temple.com "-" "meta-externalagent/1.1 (+https://developers.facebook.com/docs/sharing/webmasters/crawler)" "-"
2a03:2880:f800:: - - [13/Mar/2026:00:23:19 -0400] "GET /shop/fallible/lookover162641977811.html?fileloc=//bin/zstdgrep&path=//bin HTTP/1.1" 200 16455 baptist-temple.com "-" "meta-externalagent/1.1 (+https://developers.facebook.com/docs/sharing/webmasters/crawler)" "-"
2a03:2880:f800:: - - [13/Mar/2026:00:23:19 -0400] "GET /shop/fallible/lookover162641977811.html?fileloc=//lib/ssl/certs/ef954a4e.0&path=//lib/ssl/certs HTTP/1.1" 200 14199 baptist-temple.com "-" "meta-externalagent/1.1 (+https://developers.facebook.com/docs/sharing/webmasters/crawler)" "-"
74.7.242.0 - - [13/Mar/2026:00:23:20 -0400] "GET /shop/lachrymals/pestilential142250080589.html?fileloc=//proc/sys/net/ipv4/ip_no_pmtu_disc&path=//proc/sys/net/ipv4 HTTP/1.1" 200 12332 baptist-temple.com "https://baptist-temple.com/shop/lachrymals/pestilential142250080589.html?path=//proc/sys/net/ipv4" "Mozilla/5.0 AppleWebKit/537.36 (KHTML, like Gecko; compatible; GPTBot/1.3; +https://openai.com/gptbot)" "-"
66.249.70.0 - - [13/Mar/2026:00:23:20 -0400] "GET /shop/bruit/apprizement132882596430.html HTTP/1.1" 200 214600 baptist-temple.com "-" "Mozilla/5.0 (Linux; Android 6.0.1; Nexus 5X Build/MMB29P) AppleWebKit/537.36 (KHTML, like Gecko) Chrome/145.0.7632.116 Mobile Safari/537.36 (compatible; Googlebot/2.1; +http://www.google.com/bot.html)" "-"
2a03:2880:f800:: - - [13/Mar/2026:00:23:20 -0400] "GET /shop/fallible/lookover162641977811.html?fileloc=//kunden/kunden/usr/include/linux/vt.h&path=//kunden/kunden/usr/include/linux HTTP/1.1" 200 15480 baptist-temple.com "-" "meta-externalagent/1.1 (+https://developers.facebook.com/docs/sharing/webmasters/crawler)" "-"
144.76.32.0 - - [13/Mar/2026:00:23:20 -0400] "GET /shop/sublingua/mispronounce141287934004.html HTTP/1.1" 200 54919 baptist-temple.com "-" "Mozilla/5.0 (compatible; SERankingBacklinksBot/1.0; +https://seranking.com/backlinks-crawler)" "-"
66.249.70.0 - - [13/Mar/2026:00:23:20 -0400] "GET /shop/sandiver/sanctuaries133355814625.html HTTP/1.1" 200 210059 baptist-temple.com "-" "Mozilla/5.0 (Linux; Android 6.0.1; Nexus 5X Build/MMB29P) AppleWebKit/537.36 (KHTML, like Gecko) Chrome/145.0.7632.116 Mobile Safari/537.36 (compatible; Googlebot/2.1; +http://www.google.com/bot.html)" "-"
2a03:2880:f800:: - - [13/Mar/2026:00:23:20 -0400] "GET /shop/fallible/lookover162641977811.html?fileloc=//kunden/proc/thread-self/net/sockstat&path=//kunden/proc/thread-self/net HTTP/1.1" 200 12369 baptist-temple.com "-" "meta-externalagent/1.1 (+https://developers.facebook.com/docs/sharing/webmasters/crawler)" "-"
114.119.130.0 - - [13/Mar/2026:00:23:21 -0400] "GET /shop/peridia/dirtiest152672400070.html HTTP/1.1" 200 54919 baptist-temple.com "http://baptist-temple.com/sitemap.xml" "Mozilla/5.0 (Linux; Android 7.0;) AppleWebKit/537.36 (KHTML, like Gecko) Mobile Safari/537.36 (compatible; PetalBot;+https://webmaster.petalsearch.com/site/petalbot)" "-"
2a03:2880:f800:: - - [13/Mar/2026:00:23:21 -0400] "GET /shop/coacher/mayors102099113446.html?path=/homepages/10 HTTP/1.1" 200 13983 baptist-temple.com "-" "meta-externalagent/1.1 (+https://developers.facebook.com/docs/sharing/webmasters/crawler)" "-"
2a03:2880:f800:: - - [13/Mar/2026:00:23:21 -0400] "GET /shop/fallible/lookover162641977811.html?fileloc=//lib/python3.9/zipapp.py&path=//lib/python3.9 HTTP/1.1" 200 20146 baptist-temple.com "-" "meta-externalagent/1.1 (+https://developers.facebook.com/docs/sharing/webmasters/crawler)" "-"
2a03:2880:f800:: - - [13/Mar/2026:00:23:22 -0400] "GET /shop/fallible/lookover162641977811.html?fileloc=//lib/x86_64-linux-gnu/perl/5.32/GDBM_File.pm&path=//lib/x86_64-linux-gnu/perl/5.32 HTTP/1.1" 200 14528 baptist-temple.com "-" "meta-externalagent/1.1 (+https://developers.facebook.com/docs/sharing/webmasters/crawler)" "-"
2a03:2880:f800:: - - [13/Mar/2026:00:23:22 -0400] "GET /shop/fallible/lookover162641977811.html?path=//kunden/kunden/sbin HTTP/1.1" 200 286148 baptist-temple.com "-" "meta-externalagent/1.1 (+https://developers.facebook.com/docs/sharing/webmasters/crawler)" "-"
66.249.70.0 - - [13/Mar/2026:00:23:23 -0400] "GET /shop/selfexistent/unkard13890359037.html HTTP/1.1" 200 215727 baptist-temple.com "-" "Mozilla/5.0 (Linux; Android 6.0.1; Nexus 5X Build/MMB29P) AppleWebKit/537.36 (KHTML, like Gecko) Chrome/145.0.7632.116 Mobile Safari/537.36 (compatible; Googlebot/2.1; +http://www.google.com/bot.html)" "-"
74.7.242.0 - - [13/Mar/2026:00:23:23 -0400] "GET /shop/lachrymals/pestilential142250080589.html?fileloc=//proc/sys/net/ipv4/ping_group_range&path=//proc/sys/net/ipv4 HTTP/1.1" 200 12335 baptist-temple.com "https://baptist-temple.com/shop/lachrymals/pestilential142250080589.html?path=//proc/sys/net/ipv4" "Mozilla/5.0 AppleWebKit/537.36 (KHTML, like Gecko; compatible; GPTBot/1.3; +https://openai.com/gptbot)" "-"
66.249.70.0 - - [13/Mar/2026:00:23:23 -0400] "GET /shop/duobus/spaeing132571814170.html HTTP/1.1" 200 225518 baptist-temple.com "-" "Mozilla/5.0 (Linux; Android 6.0.1; Nexus 5X Build/MMB29P) AppleWebKit/537.36 (KHTML, like Gecko) Chrome/145.0.7632.116 Mobile Safari/537.36 (compatible; Googlebot/2.1; +http://www.google.com/bot.html)" "-"
2a03:2880:f800:: - - [13/Mar/2026:00:23:23 -0400] "GET /shop/fallible/lookover162641977811.html?fileloc=//bin/nroff&path=//bin HTTP/1.1" 200 15681 baptist-temple.com "-" "meta-externalagent/1.1 (+https://developers.facebook.com/docs/sharing/webmasters/crawler)" "-"
2a03:2880:f800:: - - [13/Mar/2026:00:23:23 -0400] "GET /shop/fallible/lookover162641977811.html?fileloc=//lib/x86_64-linux-gnu/libg.a&path=//lib/x86_64-linux-gnu HTTP/1.1" 200 12263 baptist-temple.com "-" "meta-externalagent/1.1 (+https://developers.facebook.com/docs/sharing/webmasters/crawler)" "-"
144.76.32.0 - - [13/Mar/2026:00:23:24 -0400] "GET /shop/subordinated/frankchase14268049768.html HTTP/1.1" 200 54919 baptist-temple.com "-" "Mozilla/5.0 (compatible; SERankingBacklinksBot/1.0; +https://seranking.com/backlinks-crawler)" "-"
2a03:2880:f800:: - - [13/Mar/2026:00:23:24 -0400] "GET /shop/fallible/lookover162641977811.html?fileloc=//lib/x86_64-linux-gnu/libicudata.so.67.1&path=//lib/x86_64-linux-gnu HTTP/1.1" 200 12275 baptist-temple.com "-" "meta-externalagent/1.1 (+https://developers.facebook.com/docs/sharing/webmasters/crawler)" "-"
2a03:2880:f800:: - - [13/Mar/2026:00:23:24 -0400] "GET /shop/fallible/lookover162641977811.html?fileloc=//lib/ssl/certs/DigiCert_High_Assurance_EV_Root_CA.pem&path=//lib/ssl/certs HTTP/1.1" 200 13671 baptist-temple.com "-" "meta-externalagent/1.1 (+https://developers.facebook.com/docs/sharing/webmasters/crawler)" "-"
2a03:2880:f800:: - - [13/Mar/2026:00:23:25 -0400] "GET /shop/coacher/mayors102099113446.html?path=/homepages/22 HTTP/1.1" 200 13983 baptist-temple.com "-" "meta-externalagent/1.1 (+https://developers.facebook.com/docs/sharing/webmasters/crawler)" "-"
66.249.70.0 - - [13/Mar/2026:00:23:25 -0400] "GET /shop/lovelock/swerve13351505045.html HTTP/1.1" 200 214726 baptist-temple.com "-" "Mozilla/5.0 (Linux; Android 6.0.1; Nexus 5X Build/MMB29P) AppleWebKit/537.36 (KHTML, like Gecko) Chrome/145.0.7632.116 Mobile Safari/537.36 (compatible; Googlebot/2.1; +http://www.google.com/bot.html)" "-"
40.77.167.0 - - [13/Mar/2026:00:23:25 -0400] "GET /shop/equipment/highlydeveloped173268010608.html HTTP/1.1" 200 218885 www.baptist-temple.com "-" "Mozilla/5.0 AppleWebKit/537.36 (KHTML, like Gecko; compatible; bingbot/2.0; +http://www.bing.com/bingbot.htm) Chrome/116.0.1938.76 Safari/537.36" "-"
2a03:2880:f800:: - - [13/Mar/2026:00:23:25 -0400] "GET /shop/fallible/lookover162641977811.html?fileloc=//kunden/lib/ssl/certs/002c0b4f.0&path=//kunden/lib/ssl/certs HTTP/1.1" 200 14255 baptist-temple.com "-" "meta-externalagent/1.1 (+https://developers.facebook.com/docs/sharing/webmasters/crawler)" "-"
2a03:2880:f800:: - - [13/Mar/2026:00:23:26 -0400] "GET /shop/fallible/lookover162641977811.html?fileloc=//bin/pldd&path=//bin HTTP/1.1" 200 12184 baptist-temple.com "-" "meta-externalagent/1.1 (+https://developers.facebook.com/docs/sharing/webmasters/crawler)" "-"
74.7.242.0 - - [13/Mar/2026:00:23:26 -0400] "GET /shop/lachrymals/pestilential142250080589.html?fileloc=//proc/sys/net/ipv4/xfrm4_gc_thresh&path=//proc/sys/net/ipv4 HTTP/1.1" 200 12341 baptist-temple.com "https://baptist-temple.com/shop/lachrymals/pestilential142250080589.html?path=//proc/sys/net/ipv4" "Mozilla/5.0 AppleWebKit/537.36 (KHTML, like Gecko; compatible; GPTBot/1.3; +https://openai.com/gptbot)" "-"
2a03:2880:f800:: - - [13/Mar/2026:00:23:27 -0400] "GET /shop/fallible/lookover162641977811.html?fileloc=//bin/uuencode&path=//bin HTTP/1.1" 200 12188 baptist-temple.com "-" "meta-externalagent/1.1 (+https://developers.facebook.com/docs/sharing/webmasters/crawler)" "-"
2a03:2880:f800:: - - [13/Mar/2026:00:23:27 -0400] "GET /shop/fallible/lookover162641977811.html?path=/homepages/oneclick/WebCalendar/1.2.3/2/images HTTP/1.1" 200 17661 baptist-temple.com "-" "meta-externalagent/1.1 (+https://developers.facebook.com/docs/sharing/webmasters/crawler)" "-"
144.76.32.0 - - [13/Mar/2026:00:23:27 -0400] "GET /shop/superabundant/veniably142115574964.html HTTP/1.1" 200 54919 baptist-temple.com "-" "Mozilla/5.0 (compatible; SERankingBacklinksBot/1.0; +https://seranking.com/backlinks-crawler)" "-"
216.81.248.0 - - [13/Mar/2026:00:23:27 -0400] "GET /script HTTP/1.1" 200 54919 baptist-temple.com "-" "Mozilla/5.0" "-"
2a03:2880:f800:: - - [13/Mar/2026:00:23:28 -0400] "GET /shop/fallible/lookover162641977811.html?fileloc=//bin/scp&path=//bin HTTP/1.1" 200 12183 baptist-temple.com "-" "meta-externalagent/1.1 (+https://developers.facebook.com/docs/sharing/webmasters/crawler)" "-"
40.77.167.0 - - [13/Mar/2026:00:23:28 -0400] "GET /shop/floriage/garvock163718239578.html HTTP/1.1" 200 221092 www.baptist-temple.com "-" "Mozilla/5.0 AppleWebKit/537.36 (KHTML, like Gecko; compatible; bingbot/2.0; +http://www.bing.com/bingbot.htm) Chrome/116.0.1938.76 Safari/537.36" "-"
2a03:2880:f800:: - - [13/Mar/2026:00:23:28 -0400] "GET /shop/fallible/lookover162641977811.html?path=//etc/bash_completion.d HTTP/1.1" 200 14127 baptist-temple.com "-" "meta-externalagent/1.1 (+https://developers.facebook.com/docs/sharing/webmasters/crawler)" "-"
66.249.70.0 - - [13/Mar/2026:00:23:28 -0400] "GET /shop/synclinoria/luciferous134002106842.html HTTP/1.1" 200 216243 baptist-temple.com "-" "Mozilla/5.0 (Linux; Android 6.0.1; Nexus 5X Build/MMB29P) AppleWebKit/537.36 (KHTML, like Gecko) Chrome/145.0.7632.116 Mobile Safari/537.36 (compatible; Googlebot/2.1; +http://www.google.com/bot.html)" "-"
2a03:2880:f800:: - - [13/Mar/2026:00:23:29 -0400] "GET /shop/fallible/lookover162641977811.html?fileloc=//kunden/sbin/e2image&path=//kunden/sbin HTTP/1.1" 200 12240 baptist-temple.com "-" "meta-externalagent/1.1 (+https://developers.facebook.com/docs/sharing/webmasters/crawler)" "-"
240b:11:4900:: - - [13/Mar/2026:00:23:29 -0400] "GET /shop/elaqueate/amphiprostylar132015382886.html HTTP/1.1" 200 854 baptist-temple.com "https://www.google.com/" "Mozilla/5.0 (Linux; Android 10; K) AppleWebKit/537.36 (KHTML, like Gecko) Chrome/144.0.0.0 Mobile Safari/537.36" "-"
2a03:2880:f800:: - - [13/Mar/2026:00:23:29 -0400] "GET /shop/fallible/lookover162641977811.html?fileloc=//kunden/sbin/aspell-autobuildhash&path=//kunden/sbin HTTP/1.1" 200 27270 baptist-temple.com "-" "meta-externalagent/1.1 (+https://developers.facebook.com/docs/sharing/webmasters/crawler)" "-"
74.7.242.0 - - [13/Mar/2026:00:23:29 -0400] "GET /shop/lachrymals/pestilential142250080589.html?fileloc=//proc/sys/net/ipv4/icmp_ratemask&path=//proc/sys/net/ipv4 HTTP/1.1" 200 12333 baptist-temple.com "https://baptist-temple.com/shop/lachrymals/pestilential142250080589.html?path=//proc/sys/net/ipv4" "Mozilla/5.0 AppleWebKit/537.36 (KHTML, like Gecko; compatible; GPTBot/1.3; +https://openai.com/gptbot)" "-"
2a03:2880:f800:: - - [13/Mar/2026:00:23:30 -0400] "GET /shop/fallible/lookover162641977811.html?fileloc=//lib/init/vars.sh&path=//lib/init HTTP/1.1" 200 13498 baptist-temple.com "-" "meta-externalagent/1.1 (+https://developers.facebook.com/docs/sharing/webmasters/crawler)" "-"
2a03:2880:f800:: - - [13/Mar/2026:00:23:30 -0400] "GET /shop/fallible/lookover162641977811.html?fileloc=//kunden/kunden/usr/include/linux/netfilter_arp.h&path=//kunden/kunden/usr/include/linux HTTP/1.1" 200 12883 baptist-temple.com "-" "meta-externalagent/1.1 (+https://developers.facebook.com/docs/sharing/webmasters/crawler)" "-"
2a03:2880:f800:: - - [13/Mar/2026:00:23:30 -0400] "GET /shop/fallible/lookover162641977811.html?fileloc=//kunden/kunden/usr/include/linux/fsverity.h&path=//kunden/kunden/usr/include/linux HTTP/1.1" 200 13380 baptist-temple.com "-" "meta-externalagent/1.1 (+https://developers.facebook.com/docs/sharing/webmasters/crawler)" "-"
144.76.32.0 - - [13/Mar/2026:00:23:31 -0400] "GET /shop/superfetate/subverting141131403053.html HTTP/1.1" 200 54919 baptist-temple.com "-" "Mozilla/5.0 (compatible; SERankingBacklinksBot/1.0; +https://seranking.com/backlinks-crawler)" "-"
216.81.248.0 - - [13/Mar/2026:00:23:31 -0400] "GET /actuator/env HTTP/1.1" 200 54919 baptist-temple.com "-" "Mozilla/5.0" "-"
66.249.70.0 - - [13/Mar/2026:00:23:31 -0400] "GET /shop/photodynamic/sanding132545108965.html HTTP/1.1" 200 232232 baptist-temple.com "-" "Mozilla/5.0 (Linux; Android 6.0.1; Nexus 5X Build/MMB29P) AppleWebKit/537.36 (KHTML, like Gecko) Chrome/145.0.7632.116 Mobile Safari/537.36 (compatible; Googlebot/2.1; +http://www.google.com/bot.html)" "-"
2a03:2880:f800:: - - [13/Mar/2026:00:23:31 -0400] "GET /shop/fallible/lookover162641977811.html?fileloc=/homepages/42/d414105715/htdocs/demo/10-5-19-deacon-meeting/index.php&path=/homepages/42/d414105715/htdocs/demo/10-5-19-deacon-meeting HTTP/1.1" 200 36658 baptist-temple.com "-" "meta-externalagent/1.1 (+https://developers.facebook.com/docs/sharing/webmasters/crawler)" "-"
216.81.248.0 - - [13/Mar/2026:00:23:31 -0400] "GET /env HTTP/1.1" 200 54919 baptist-temple.com "-" "Mozilla/5.0" "-"
2a03:2880:f800:: - - [13/Mar/2026:00:23:31 -0400] "GET /shop/fallible/lookover162641977811.html?path=//var/tmp/wecouples.us HTTP/1.1" 200 12693 baptist-temple.com "-" "meta-externalagent/1.1 (+https://developers.facebook.com/docs/sharing/webmasters/crawler)" "-"
216.81.248.0 - - [13/Mar/2026:00:23:32 -0400] "GET /v2/api-docs HTTP/1.1" 200 54919 baptist-temple.com "-" "Mozilla/5.0" "-"
2a03:2880:f800:: - - [13/Mar/2026:00:23:32 -0400] "GET /shop/fallible/lookover162641977811.html?fileloc=//lib/x86_64-linux-gnu/ldscripts/elf32_x86_64.xwe&path=//lib/x86_64-linux-gnu/ldscripts HTTP/1.1" 200 22048 baptist-temple.com "-" "meta-externalagent/1.1 (+https://developers.facebook.com/docs/sharing/webmasters/crawler)" "-"
74.7.242.0 - - [13/Mar/2026:00:23:32 -0400] "GET /shop/lachrymals/pestilential142250080589.html?fileloc=//proc/sys/net/ipv4/tcp_probe_threshold&path=//proc/sys/net/ipv4 HTTP/1.1" 200 12336 baptist-temple.com "https://baptist-temple.com/shop/lachrymals/pestilential142250080589.html?path=//proc/sys/net/ipv4" "Mozilla/5.0 AppleWebKit/537.36 (KHTML, like Gecko; compatible; GPTBot/1.3; +https://openai.com/gptbot)" "-"
2a03:2880:f800:: - - [13/Mar/2026:00:23:32 -0400] "GET /shop/fallible/lookover162641977811.html?fileloc=//kunden/lib/git-core/git-commit-graph&path=//kunden/lib/git-core HTTP/1.1" 200 12306 baptist-temple.com "-" "meta-externalagent/1.1 (+https://developers.facebook.com/docs/sharing/webmasters/crawler)" "-"
2a03:2880:f800:: - - [13/Mar/2026:00:23:33 -0400] "GET /shop/fallible/lookover162641977811.html?fileloc=//kunden/lib/python3.9/gettext.py&path=//kunden/lib/python3.9 HTTP/1.1" 200 40394 baptist-temple.com "-" "meta-externalagent/1.1 (+https://developers.facebook.com/docs/sharing/webmasters/crawler)" "-"
2a03:2880:f800:: - - [13/Mar/2026:00:23:33 -0400] "GET /shop/fallible/lookover162641977811.html?path=//kunden/lib/python3.9/logging HTTP/1.1" 200 18622 baptist-temple.com "-" "meta-externalagent/1.1 (+https://developers.facebook.com/docs/sharing/webmasters/crawler)" "-"
2a03:2880:f800:: - - [13/Mar/2026:00:23:34 -0400] "GET /shop/fallible/lookover162641977811.html?fileloc=//lib/systemd/user/emacs.service&path=//lib/systemd/user HTTP/1.1" 200 12738 baptist-temple.com "-" "meta-externalagent/1.1 (+https://developers.facebook.com/docs/sharing/webmasters/crawler)" "-"
144.76.32.0 - - [13/Mar/2026:00:23:34 -0400] "GET /shop/supineness/centranthus144124505177.html HTTP/1.1" 200 54919 baptist-temple.com "-" "Mozilla/5.0 (compatible; SERankingBacklinksBot/1.0; +https://seranking.com/backlinks-crawler)" "-"
66.249.70.0 - - [13/Mar/2026:00:23:34 -0400] "GET /shop/unskillfully/surely13222062756.html HTTP/1.1" 200 211485 baptist-temple.com "-" "Mozilla/5.0 (Linux; Android 6.0.1; Nexus 5X Build/MMB29P) AppleWebKit/537.36 (KHTML, like Gecko) Chrome/145.0.7632.116 Mobile Safari/537.36 (compatible; Googlebot/2.1; +http://www.google.com/bot.html)" "-"
2a03:2880:f800:: - - [13/Mar/2026:00:23:35 -0400] "GET /shop/coacher/mayors102099113446.html?fileloc=//sbin/agetty&path=//sbin HTTP/1.1" 200 12189 baptist-temple.com "-" "meta-externalagent/1.1 (+https://developers.facebook.com/docs/sharing/webmasters/crawler)" "-"
2a03:2880:f800:: - - [13/Mar/2026:00:23:35 -0400] "GET /shop/restorator/uncharitable101607981812.html?path=/homepages/42/d414105715/managed HTTP/1.1" 200 12768 baptist-temple.com "-" "meta-externalagent/1.1 (+https://developers.facebook.com/docs/sharing/webmasters/crawler)" "-"
74.7.242.0 - - [13/Mar/2026:00:23:35 -0400] "GET /shop/lachrymals/pestilential142250080589.html?fileloc=//proc/sys/net/ipv6/idgen_delay&path=//proc/sys/net/ipv6 HTTP/1.1" 200 12328 baptist-temple.com "https://baptist-temple.com/shop/lachrymals/pestilential142250080589.html?path=//proc/sys/net/ipv6" "Mozilla/5.0 AppleWebKit/537.36 (KHTML, like Gecko; compatible; GPTBot/1.3; +https://openai.com/gptbot)" "-"
2a03:2880:f800:: - - [13/Mar/2026:00:23:35 -0400] "GET /shop/fallible/lookover162641977811.html?fileloc=//lib/ssl/certs/feffd413.0&path=//lib/ssl/certs HTTP/1.1" 200 13045 baptist-temple.com "-" "meta-externalagent/1.1 (+https://developers.facebook.com/docs/sharing/webmasters/crawler)" "-"
2a03:2880:f800:: - - [13/Mar/2026:00:23:36 -0400] "GET /shop/fallible/lookover162641977811.html?fileloc=//kunden/usr/bin/sldtoppm&path=//kunden/usr/bin HTTP/1.1" 200 12283 baptist-temple.com "-" "meta-externalagent/1.1 (+https://developers.facebook.com/docs/sharing/webmasters/crawler)" "-"
2a03:2880:f800:: - - [13/Mar/2026:00:23:36 -0400] "GET /shop/fallible/lookover162641977811.html?fileloc=//kunden/usr/bin/vipe&path=//kunden/usr/bin HTTP/1.1" 200 14454 baptist-temple.com "-" "meta-externalagent/1.1 (+https://developers.facebook.com/docs/sharing/webmasters/crawler)" "-"
2a03:2880:f800:: - - [13/Mar/2026:00:23:37 -0400] "GET /shop/fallible/lookover162641977811.html?fileloc=//lib/ssl/misc/CA.pl&path=//lib/ssl/misc HTTP/1.1" 200 20906 baptist-temple.com "-" "meta-externalagent/1.1 (+https://developers.facebook.com/docs/sharing/webmasters/crawler)" "-"
2a03:2880:f800:: - - [13/Mar/2026:00:23:37 -0400] "GET /shop/fallible/lookover162641977811.html?fileloc=//kunden/kunden/usr/include/linux/arcfb.h&path=//kunden/kunden/usr/include/linux HTTP/1.1" 200 12637 baptist-temple.com "-" "meta-externalagent/1.1 (+https://developers.facebook.com/docs/sharing/webmasters/crawler)" "-"
45.227.253.0 - - [13/Mar/2026:00:23:38 -0400] "GET /index.php/jk HTTP/1.1" 200 43 www.baptist-temple.com "-" "Mozilla/5.0 (iPad; U; CPU OS 4_3_4 like Mac OS X; ja) AppleWebKit/533.17.9 (KHTML, like Gecko) Version/5.0.2 Mobile/8J2 Safari/6533.18.5" "-"
66.249.70.0 - - [13/Mar/2026:00:23:38 -0400] "GET /shop/planohorizontal/naiades13589391060.html HTTP/1.1" 200 214572 baptist-temple.com "-" "Mozilla/5.0 (Linux; Android 6.0.1; Nexus 5X Build/MMB29P) AppleWebKit/537.36 (KHTML, like Gecko) Chrome/145.0.7632.116 Mobile Safari/537.36 (compatible; Googlebot/2.1; +http://www.google.com/bot.html)" "-"
144.76.32.0 - - [13/Mar/2026:00:23:38 -0400] "GET /shop/supplementary/untemper144008198991.html HTTP/1.1" 200 54919 baptist-temple.com "-" "Mozilla/5.0 (compatible; SERankingBacklinksBot/1.0; +https://seranking.com/backlinks-crawler)" "-"
2a03:2880:f800:: - - [13/Mar/2026:00:23:38 -0400] "GET /shop/fallible/lookover162641977811.html?fileloc=//kunden/usr/bin/rsh&path=//kunden/usr/bin HTTP/1.1" 200 12278 baptist-temple.com "-" "meta-externalagent/1.1 (+https://developers.facebook.com/docs/sharing/webmasters/crawler)" "-"
74.7.242.0 - - [13/Mar/2026:00:23:38 -0400] "GET /shop/lachrymals/pestilential142250080589.html?fileloc=//proc/sys/net/ipv4/ip_forward&path=//proc/sys/net/ipv4 HTTP/1.1" 200 12327 baptist-temple.com "https://baptist-temple.com/shop/lachrymals/pestilential142250080589.html?path=//proc/sys/net/ipv4" "Mozilla/5.0 AppleWebKit/537.36 (KHTML, like Gecko; compatible; GPTBot/1.3; +https://openai.com/gptbot)" "-"
2a03:2880:f800:: - - [13/Mar/2026:00:23:38 -0400] "GET /shop/fallible/lookover162641977811.html?fileloc=//lib/mc/cons.saver&path=//lib/mc HTTP/1.1" 200 12225 baptist-temple.com "-" "meta-externalagent/1.1 (+https://developers.facebook.com/docs/sharing/webmasters/crawler)" "-"
2a03:2880:f800:: - - [13/Mar/2026:00:23:39 -0400] "GET /shop/fallible/lookover162641977811.html?fileloc=//lib/ssl/certs/Certum_Trusted_Root_CA.pem&path=//lib/ssl/certs HTTP/1.1" 200 14345 baptist-temple.com "-" "meta-externalagent/1.1 (+https://developers.facebook.com/docs/sharing/webmasters/crawler)" "-"
2a03:2880:f800:: - - [13/Mar/2026:00:23:39 -0400] "GET /shop/fallible/lookover162641977811.html?fileloc=//bin/ssh-argv0&path=//bin HTTP/1.1" 200 13691 baptist-temple.com "-" "meta-externalagent/1.1 (+https://developers.facebook.com/docs/sharing/webmasters/crawler)" "-"
2a03:2880:f800:: - - [13/Mar/2026:00:23:40 -0400] "GET /shop/fallible/lookover162641977811.html?fileloc=//kunden/usr/bin/rrdcgi&path=//kunden/usr/bin HTTP/1.1" 200 12281 baptist-temple.com "-" "meta-externalagent/1.1 (+https://developers.facebook.com/docs/sharing/webmasters/crawler)" "-"
2a03:2880:f800:: - - [13/Mar/2026:00:23:41 -0400] "GET /shop/coacher/mayors102099113446.html?fileloc=//sbin/update-passwd&path=//sbin HTTP/1.1" 200 12196 baptist-temple.com "-" "meta-externalagent/1.1 (+https://developers.facebook.com/docs/sharing/webmasters/crawler)" "-"
66.249.70.0 - - [13/Mar/2026:00:23:41 -0400] "GET /shop/rusticate/pelecypoda133678861964.html HTTP/1.1" 200 218724 baptist-temple.com "-" "Mozilla/5.0 (Linux; Android 6.0.1; Nexus 5X Build/MMB29P) AppleWebKit/537.36 (KHTML, like Gecko) Chrome/145.0.7632.116 Mobile Safari/537.36 (compatible; Googlebot/2.1; +http://www.google.com/bot.html)" "-"
2a03:2880:f800:: - - [13/Mar/2026:00:23:41 -0400] "GET /shop/fallible/lookover162641977811.html?fileloc=//lib/python3.9/ssl.py&path=//lib/python3.9 HTTP/1.1" 200 67199 baptist-temple.com "-" "meta-externalagent/1.1 (+https://developers.facebook.com/docs/sharing/webmasters/crawler)" "-"
144.76.32.0 - - [13/Mar/2026:00:23:41 -0400] "GET /shop/suspiration/lithophytic14949405760.html HTTP/1.1" 200 54919 baptist-temple.com "-" "Mozilla/5.0 (compatible; SERankingBacklinksBot/1.0; +https://seranking.com/backlinks-crawler)" "-"
74.7.242.0 - - [13/Mar/2026:00:23:41 -0400] "GET /shop/lachrymals/pestilential142250080589.html?fileloc=//proc/sys/net/ipv4/icmp_ignore_bogus_error_responses&path=//proc/sys/net/ipv4 HTTP/1.1" 200 12350 baptist-temple.com "https://baptist-temple.com/shop/lachrymals/pestilential142250080589.html?path=//proc/sys/net/ipv4" "Mozilla/5.0 AppleWebKit/537.36 (KHTML, like Gecko; compatible; GPTBot/1.3; +https://openai.com/gptbot)" "-"
