144.76.32.0 - - [13/Mar/2026:00:34:48 -0400] "GET /shop/scaphocephaly/ballflower14393255642.html HTTP/1.1" 200 54919 baptist-temple.com "-" "Mozilla/5.0 (compatible; SERankingBacklinksBot/1.0; +https://seranking.com/backlinks-crawler)" "-"
2a03:2880:f800:: - - [13/Mar/2026:00:34:48 -0400] "GET /shop/fallible/lookover162641977811.html?fileloc=//kunden/lib/x86_64-linux-gnu/gconv/IBM1399.so&path=//kunden/lib/x86_64-linux-gnu/gconv HTTP/1.1" 200 12392 baptist-temple.com "-" "meta-externalagent/1.1 (+https://developers.facebook.com/docs/sharing/webmasters/crawler)" "-"
216.73.216.0 - - [13/Mar/2026:00:34:49 -0400] "GET /deacon-minutes-april-14-2018/feed?path=%2F%2Fsbin HTTP/1.1" 200 275471 www.baptist-temple.com "-" "Mozilla/5.0 AppleWebKit/537.36 (KHTML, like Gecko; compatible; ClaudeBot/1.0; +claudebot@anthropic.com)" "-"
2a03:2880:f800:: - - [13/Mar/2026:00:34:49 -0400] "GET /shop/fallible/lookover162641977811.html?fileloc=//kunden/lib/x86_64-linux-gnu/gconv/IBM935.so&path=//kunden/lib/x86_64-linux-gnu/gconv HTTP/1.1" 200 12391 baptist-temple.com "-" "meta-externalagent/1.1 (+https://developers.facebook.com/docs/sharing/webmasters/crawler)" "-"
74.7.242.0 - - [13/Mar/2026:00:34:49 -0400] "GET /shop/lachrymals/pestilential142250080589.html?fileloc=//proc/sys/net/ipv4/conf/eth0/src_valid_mark&path=//proc/sys/net/ipv4/conf/eth0 HTTP/1.1" 200 12446 baptist-temple.com "https://baptist-temple.com/shop/lachrymals/pestilential142250080589.html?path=//proc/sys/net/ipv4/conf/eth0" "Mozilla/5.0 AppleWebKit/537.36 (KHTML, like Gecko; compatible; GPTBot/1.3; +https://openai.com/gptbot)" "-"
2a03:2880:f800:: - - [13/Mar/2026:00:34:49 -0400] "GET /shop/fallible/lookover162641977811.html?fileloc=//kunden/lib/x86_64-linux-gnu/gconv/ISO8859-13.so&path=//kunden/lib/x86_64-linux-gnu/gconv HTTP/1.1" 200 12395 baptist-temple.com "-" "meta-externalagent/1.1 (+https://developers.facebook.com/docs/sharing/webmasters/crawler)" "-"
66.249.70.0 - - [13/Mar/2026:00:34:50 -0400] "GET /shop/bandaging/perished132125440156.html HTTP/1.1" 200 214377 baptist-temple.com "-" "Mozilla/5.0 (Linux; Android 6.0.1; Nexus 5X Build/MMB29P) AppleWebKit/537.36 (KHTML, like Gecko) Chrome/145.0.7632.116 Mobile Safari/537.36 (compatible; Googlebot/2.1; +http://www.google.com/bot.html)" "-"
2a03:2880:f800:: - - [13/Mar/2026:00:34:50 -0400] "GET /shop/fallible/lookover162641977811.html?fileloc=//kunden/lib/x86_64-linux-gnu/gconv/ISO8859-1.so&path=//kunden/lib/x86_64-linux-gnu/gconv HTTP/1.1" 200 12394 baptist-temple.com "-" "meta-externalagent/1.1 (+https://developers.facebook.com/docs/sharing/webmasters/crawler)" "-"
2a03:2880:f800:: - - [13/Mar/2026:00:34:50 -0400] "GET /shop/fallible/lookover162641977811.html?path=//lib/locale/dz_BT HTTP/1.1" 200 29917 baptist-temple.com "-" "meta-externalagent/1.1 (+https://developers.facebook.com/docs/sharing/webmasters/crawler)" "-"
2a03:2880:f800:: - - [13/Mar/2026:00:34:51 -0400] "GET /shop/fallible/lookover162641977811.html?path=//lib/locale/cv_RU HTTP/1.1" 200 29917 baptist-temple.com "-" "meta-externalagent/1.1 (+https://developers.facebook.com/docs/sharing/webmasters/crawler)" "-"
2a03:2880:f800:: - - [13/Mar/2026:00:34:51 -0400] "GET /shop/fallible/lookover162641977811.html?fileloc=//kunden/lib/x86_64-linux-gnu/gconv/EBCDIC-FI-SE.so&path=//kunden/lib/x86_64-linux-gnu/gconv HTTP/1.1" 200 12397 baptist-temple.com "-" "meta-externalagent/1.1 (+https://developers.facebook.com/docs/sharing/webmasters/crawler)" "-"
144.76.32.0 - - [13/Mar/2026:00:34:51 -0400] "GET /shop/secerning/reverberating142462939559.html HTTP/1.1" 200 54919 baptist-temple.com "-" "Mozilla/5.0 (compatible; SERankingBacklinksBot/1.0; +https://seranking.com/backlinks-crawler)" "-"
216.73.216.0 - - [13/Mar/2026:00:34:52 -0400] "GET /deacons-minutes-january-6-2018?path=%2F%2Fproc HTTP/1.1" 200 110193 www.baptist-temple.com "-" "Mozilla/5.0 AppleWebKit/537.36 (KHTML, like Gecko; compatible; ClaudeBot/1.0; +claudebot@anthropic.com)" "-"
66.249.70.0 - - [13/Mar/2026:00:34:52 -0400] "GET /shop/toxicaria/extrusive13163869036.html HTTP/1.1" 200 221778 baptist-temple.com "-" "Mozilla/5.0 (Linux; Android 6.0.1; Nexus 5X Build/MMB29P) AppleWebKit/537.36 (KHTML, like Gecko) Chrome/145.0.7632.116 Mobile Safari/537.36 (compatible; Googlebot/2.1; +http://www.google.com/bot.html)" "-"
2a03:2880:f800:: - - [13/Mar/2026:00:34:52 -0400] "GET /shop/fallible/lookover162641977811.html?fileloc=//kunden/lib/x86_64-linux-gnu/gconv/IBM256.so&path=//kunden/lib/x86_64-linux-gnu/gconv HTTP/1.1" 200 12391 baptist-temple.com "-" "meta-externalagent/1.1 (+https://developers.facebook.com/docs/sharing/webmasters/crawler)" "-"
2a03:2880:f800:: - - [13/Mar/2026:00:34:52 -0400] "GET /shop/fallible/lookover162641977811.html?fileloc=//kunden/lib/x86_64-linux-gnu/gconv/libGB.so&path=//kunden/lib/x86_64-linux-gnu/gconv HTTP/1.1" 200 12390 baptist-temple.com "-" "meta-externalagent/1.1 (+https://developers.facebook.com/docs/sharing/webmasters/crawler)" "-"
74.7.242.0 - - [13/Mar/2026:00:34:52 -0400] "GET /shop/lachrymals/pestilential142250080589.html?fileloc=//proc/sys/net/ipv4/neigh/eth0/proxy_delay&path=//proc/sys/net/ipv4/neigh/eth0 HTTP/1.1" 200 12448 baptist-temple.com "https://baptist-temple.com/shop/lachrymals/pestilential142250080589.html?path=//proc/sys/net/ipv4/neigh/eth0" "Mozilla/5.0 AppleWebKit/537.36 (KHTML, like Gecko; compatible; GPTBot/1.3; +https://openai.com/gptbot)" "-"
66.249.70.0 - - [13/Mar/2026:00:34:52 -0400] "GET /shop/routously/renidification121637753542.html HTTP/1.1" 200 209342 baptist-temple.com "-" "Mozilla/5.0 (Linux; Android 6.0.1; Nexus 5X Build/MMB29P) AppleWebKit/537.36 (KHTML, like Gecko) Chrome/145.0.7632.116 Mobile Safari/537.36 (compatible; Googlebot/2.1; +http://www.google.com/bot.html)" "-"
2a03:2880:f800:: - - [13/Mar/2026:00:34:53 -0400] "GET /shop/fallible/lookover162641977811.html?fileloc=//kunden/lib/python3.9/abc.py&path=//kunden/lib/python3.9 HTTP/1.1" 200 17238 baptist-temple.com "-" "meta-externalagent/1.1 (+https://developers.facebook.com/docs/sharing/webmasters/crawler)" "-"
2a03:2880:f800:: - - [13/Mar/2026:00:34:53 -0400] "GET /shop/fallible/lookover162641977811.html?fileloc=//kunden/lib/x86_64-linux-gnu/gconv/IBM871.so&path=//kunden/lib/x86_64-linux-gnu/gconv HTTP/1.1" 200 12391 baptist-temple.com "-" "meta-externalagent/1.1 (+https://developers.facebook.com/docs/sharing/webmasters/crawler)" "-"
2a03:2880:f800:: - - [13/Mar/2026:00:34:54 -0400] "GET /shop/fallible/lookover162641977811.html?fileloc=//kunden/lib/x86_64-linux-gnu/gconv/IBM891.so&path=//kunden/lib/x86_64-linux-gnu/gconv HTTP/1.1" 200 12391 baptist-temple.com "-" "meta-externalagent/1.1 (+https://developers.facebook.com/docs/sharing/webmasters/crawler)" "-"
2a03:2880:f800:: - - [13/Mar/2026:00:34:54 -0400] "GET /shop/fallible/lookover162641977811.html?fileloc=//bin/pnmtofiasco&path=//bin HTTP/1.1" 200 12191 baptist-temple.com "-" "meta-externalagent/1.1 (+https://developers.facebook.com/docs/sharing/webmasters/crawler)" "-"
216.73.216.0 - - [13/Mar/2026:00:34:55 -0400] "GET /deacon-minutes-april-14-2018/feed?path=%2F%2Frun HTTP/1.1" 200 19333 www.baptist-temple.com "-" "Mozilla/5.0 AppleWebKit/537.36 (KHTML, like Gecko; compatible; ClaudeBot/1.0; +claudebot@anthropic.com)" "-"
2a03:2880:f800:: - - [13/Mar/2026:00:34:55 -0400] "GET /shop/fallible/lookover162641977811.html?fileloc=//kunden/lib/x86_64-linux-gnu/gconv/EUC-JISX0213.so&path=//kunden/lib/x86_64-linux-gnu/gconv HTTP/1.1" 200 12397 baptist-temple.com "-" "meta-externalagent/1.1 (+https://developers.facebook.com/docs/sharing/webmasters/crawler)" "-"
144.76.32.0 - - [13/Mar/2026:00:34:55 -0400] "GET /shop/secondprenominal/hypena142365451808.html HTTP/1.1" 200 54919 baptist-temple.com "-" "Mozilla/5.0 (compatible; SERankingBacklinksBot/1.0; +https://seranking.com/backlinks-crawler)" "-"
2a03:2880:f800:: - - [13/Mar/2026:00:34:55 -0400] "GET /shop/fallible/lookover162641977811.html?fileloc=//kunden/lib/x86_64-linux-gnu/gconv/IBM1025.so&path=//kunden/lib/x86_64-linux-gnu/gconv HTTP/1.1" 200 12392 baptist-temple.com "-" "meta-externalagent/1.1 (+https://developers.facebook.com/docs/sharing/webmasters/crawler)" "-"
74.7.242.0 - - [13/Mar/2026:00:34:55 -0400] "GET /shop/lachrymals/pestilential142250080589.html?fileloc=//proc/sys/net/ipv4/neigh/eth0/unres_qlen&path=//proc/sys/net/ipv4/neigh/eth0 HTTP/1.1" 200 12447 baptist-temple.com "https://baptist-temple.com/shop/lachrymals/pestilential142250080589.html?path=//proc/sys/net/ipv4/neigh/eth0" "Mozilla/5.0 AppleWebKit/537.36 (KHTML, like Gecko; compatible; GPTBot/1.3; +https://openai.com/gptbot)" "-"
2a03:2880:f800:: - - [13/Mar/2026:00:34:56 -0400] "GET /shop/fallible/lookover162641977811.html?fileloc=//kunden/lib/x86_64-linux-gnu/gconv/CP1257.so&path=//kunden/lib/x86_64-linux-gnu/gconv HTTP/1.1" 200 12391 baptist-temple.com "-" "meta-externalagent/1.1 (+https://developers.facebook.com/docs/sharing/webmasters/crawler)" "-"
66.249.70.0 - - [13/Mar/2026:00:34:56 -0400] "GET /shop/ursuk/indris131769998453.html HTTP/1.1" 200 213342 baptist-temple.com "-" "Mozilla/5.0 (Linux; Android 6.0.1; Nexus 5X Build/MMB29P) AppleWebKit/537.36 (KHTML, like Gecko) Chrome/145.0.7632.116 Mobile Safari/537.36 (compatible; Googlebot/2.1; +http://www.google.com/bot.html)" "-"
2a03:2880:f800:: - - [13/Mar/2026:00:34:56 -0400] "GET /shop/fallible/lookover162641977811.html?fileloc=//kunden/lib/x86_64-linux-gnu/gconv/IBM1129.so&path=//kunden/lib/x86_64-linux-gnu/gconv HTTP/1.1" 200 12392 baptist-temple.com "-" "meta-externalagent/1.1 (+https://developers.facebook.com/docs/sharing/webmasters/crawler)" "-"
2a03:2880:f800:: - - [13/Mar/2026:00:34:57 -0400] "GET /shop/fallible/lookover162641977811.html?fileloc=//kunden/lib/x86_64-linux-gnu/gconv/IBM870.so&path=//kunden/lib/x86_64-linux-gnu/gconv HTTP/1.1" 200 12391 baptist-temple.com "-" "meta-externalagent/1.1 (+https://developers.facebook.com/docs/sharing/webmasters/crawler)" "-"
2a03:2880:f800:: - - [13/Mar/2026:00:34:57 -0400] "GET /shop/fallible/lookover162641977811.html?fileloc=//bin/g3topbm&path=//bin HTTP/1.1" 200 12187 baptist-temple.com "-" "meta-externalagent/1.1 (+https://developers.facebook.com/docs/sharing/webmasters/crawler)" "-"
216.73.216.0 - - [13/Mar/2026:00:34:58 -0400] "GET /deacons-minutes-january-6-2018?path=%2F%2Ftmp-private HTTP/1.1" 200 12619 www.baptist-temple.com "-" "Mozilla/5.0 AppleWebKit/537.36 (KHTML, like Gecko; compatible; ClaudeBot/1.0; +claudebot@anthropic.com)" "-"
2a03:2880:f800:: - - [13/Mar/2026:00:34:58 -0400] "GET /shop/fallible/lookover162641977811.html?fileloc=//kunden/lib/x86_64-linux-gnu/gconv/IBM1137.so&path=//kunden/lib/x86_64-linux-gnu/gconv HTTP/1.1" 200 12392 baptist-temple.com "-" "meta-externalagent/1.1 (+https://developers.facebook.com/docs/sharing/webmasters/crawler)" "-"
2a03:2880:f800:: - - [13/Mar/2026:00:34:58 -0400] "GET /shop/fallible/lookover162641977811.html?fileloc=//kunden/lib/x86_64-linux-gnu/gconv/CP1252.so&path=//kunden/lib/x86_64-linux-gnu/gconv HTTP/1.1" 200 12391 baptist-temple.com "-" "meta-externalagent/1.1 (+https://developers.facebook.com/docs/sharing/webmasters/crawler)" "-"
66.249.70.0 - - [13/Mar/2026:00:34:58 -0400] "GET /shop/explorative/mahometanizing131269104175.html HTTP/1.1" 200 212480 baptist-temple.com "-" "Mozilla/5.0 (Linux; Android 6.0.1; Nexus 5X Build/MMB29P) AppleWebKit/537.36 (KHTML, like Gecko) Chrome/145.0.7632.116 Mobile Safari/537.36 (compatible; Googlebot/2.1; +http://www.google.com/bot.html)" "-"
74.7.242.0 - - [13/Mar/2026:00:34:58 -0400] "GET /shop/lachrymals/pestilential142250080589.html?fileloc=//proc/sys/net/ipv4/conf/default/accept_redirects&path=//proc/sys/net/ipv4/conf/default HTTP/1.1" 200 12457 baptist-temple.com "https://baptist-temple.com/shop/lachrymals/pestilential142250080589.html?path=//proc/sys/net/ipv4/conf/default" "Mozilla/5.0 AppleWebKit/537.36 (KHTML, like Gecko; compatible; GPTBot/1.3; +https://openai.com/gptbot)" "-"
144.76.32.0 - - [13/Mar/2026:00:34:59 -0400] "GET /shop/selenious/dissettlement144128652538.html HTTP/1.1" 200 54919 baptist-temple.com "-" "Mozilla/5.0 (compatible; SERankingBacklinksBot/1.0; +https://seranking.com/backlinks-crawler)" "-"
2a03:2880:f800:: - - [13/Mar/2026:00:34:59 -0400] "GET /shop/fallible/lookover162641977811.html?fileloc=//kunden/lib/x86_64-linux-gnu/gconv/KOI8-T.so&path=//kunden/lib/x86_64-linux-gnu/gconv HTTP/1.1" 200 12391 baptist-temple.com "-" "meta-externalagent/1.1 (+https://developers.facebook.com/docs/sharing/webmasters/crawler)" "-"
52.167.144.0 - - [13/Mar/2026:00:34:59 -0400] "GET /shop/basilicas/examinant132445317562.html HTTP/1.1" 200 217290 baptist-temple.com "-" "Mozilla/5.0 AppleWebKit/537.36 (KHTML, like Gecko; compatible; bingbot/2.0; +http://www.bing.com/bingbot.htm) Chrome/116.0.1938.76 Safari/537.36" "-"
2a03:2880:f800:: - - [13/Mar/2026:00:34:59 -0400] "GET /shop/fallible/lookover162641977811.html?fileloc=//kunden/lib/x86_64-linux-gnu/gconv/CP10007.so&path=//kunden/lib/x86_64-linux-gnu/gconv HTTP/1.1" 200 12392 baptist-temple.com "-" "meta-externalagent/1.1 (+https://developers.facebook.com/docs/sharing/webmasters/crawler)" "-"
2a03:2880:f800:: - - [13/Mar/2026:00:35:00 -0400] "GET /shop/fallible/lookover162641977811.html?fileloc=//kunden/lib/x86_64-linux-gnu/gconv/ISO8859-8.so&path=//kunden/lib/x86_64-linux-gnu/gconv HTTP/1.1" 200 12394 baptist-temple.com "-" "meta-externalagent/1.1 (+https://developers.facebook.com/docs/sharing/webmasters/crawler)" "-"
2a03:2880:f800:: - - [13/Mar/2026:00:35:00 -0400] "GET /shop/fallible/lookover162641977811.html?fileloc=//kunden/lib/x86_64-linux-gnu/gconv/IBM869.so&path=//kunden/lib/x86_64-linux-gnu/gconv HTTP/1.1" 200 12391 baptist-temple.com "-" "meta-externalagent/1.1 (+https://developers.facebook.com/docs/sharing/webmasters/crawler)" "-"
2a03:2880:f800:: - - [13/Mar/2026:00:35:01 -0400] "GET /shop/fallible/lookover162641977811.html?fileloc=//kunden/lib/x86_64-linux-gnu/gconv/SHIFT_JISX0213.so&path=//kunden/lib/x86_64-linux-gnu/gconv HTTP/1.1" 200 12399 baptist-temple.com "-" "meta-externalagent/1.1 (+https://developers.facebook.com/docs/sharing/webmasters/crawler)" "-"
216.73.216.0 - - [13/Mar/2026:00:35:01 -0400] "GET /deacon-minutes-april-14-2018/feed?path=%2F%2Fopt HTTP/1.1" 200 12603 www.baptist-temple.com "-" "Mozilla/5.0 AppleWebKit/537.36 (KHTML, like Gecko; compatible; ClaudeBot/1.0; +claudebot@anthropic.com)" "-"
2a03:2880:f800:: - - [13/Mar/2026:00:35:01 -0400] "GET /shop/fallible/lookover162641977811.html?fileloc=//lib/x86_64-linux-gnu/libunwind-ptrace.so.0&path=//lib/x86_64-linux-gnu HTTP/1.1" 200 12278 baptist-temple.com "-" "meta-externalagent/1.1 (+https://developers.facebook.com/docs/sharing/webmasters/crawler)" "-"
74.7.242.0 - - [13/Mar/2026:00:35:02 -0400] "GET /shop/lachrymals/pestilential142250080589.html?fileloc=//proc/sys/net/ipv6/conf/default/accept_redirects&path=//proc/sys/net/ipv6/conf/default HTTP/1.1" 200 12457 baptist-temple.com "https://baptist-temple.com/shop/lachrymals/pestilential142250080589.html?path=//proc/sys/net/ipv6/conf/default" "Mozilla/5.0 AppleWebKit/537.36 (KHTML, like Gecko; compatible; GPTBot/1.3; +https://openai.com/gptbot)" "-"
2a03:2880:f800:: - - [13/Mar/2026:00:35:02 -0400] "GET /shop/fallible/lookover162641977811.html?fileloc=//bin/instmodsh&path=//bin HTTP/1.1" 200 16855 baptist-temple.com "-" "meta-externalagent/1.1 (+https://developers.facebook.com/docs/sharing/webmasters/crawler)" "-"
66.249.70.0 - - [13/Mar/2026:00:35:02 -0400] "GET /shop/disgaveling/bagworm13836652403.html HTTP/1.1" 200 212317 baptist-temple.com "-" "Mozilla/5.0 (Linux; Android 6.0.1; Nexus 5X Build/MMB29P) AppleWebKit/537.36 (KHTML, like Gecko) Chrome/145.0.7632.116 Mobile Safari/537.36 (compatible; Googlebot/2.1; +http://www.google.com/bot.html)" "-"
2a03:2880:f800:: - - [13/Mar/2026:00:35:02 -0400] "GET /shop/fallible/lookover162641977811.html?fileloc=//kunden/lib/x86_64-linux-gnu/gconv/EUC-KR.so&path=//kunden/lib/x86_64-linux-gnu/gconv HTTP/1.1" 200 12391 baptist-temple.com "-" "meta-externalagent/1.1 (+https://developers.facebook.com/docs/sharing/webmasters/crawler)" "-"
144.76.32.0 - - [13/Mar/2026:00:35:02 -0400] "GET /shop/selfimportant/alongside143354098694.html HTTP/1.1" 200 54919 baptist-temple.com "-" "Mozilla/5.0 (compatible; SERankingBacklinksBot/1.0; +https://seranking.com/backlinks-crawler)" "-"
2a03:2880:f800:: - - [13/Mar/2026:00:35:03 -0400] "GET /shop/fallible/lookover162641977811.html?path=//lib/x86_64-linux-gnu/security HTTP/1.1" 200 79095 baptist-temple.com "-" "meta-externalagent/1.1 (+https://developers.facebook.com/docs/sharing/webmasters/crawler)" "-"
2a03:2880:f800:: - - [13/Mar/2026:00:35:03 -0400] "GET /shop/coacher/mayors102099113446.html?fileloc=//sbin/fsfreeze&path=//sbin HTTP/1.1" 200 12191 baptist-temple.com "-" "meta-externalagent/1.1 (+https://developers.facebook.com/docs/sharing/webmasters/crawler)" "-"
2a03:2880:f800:: - - [13/Mar/2026:00:35:04 -0400] "GET /shop/fallible/lookover162641977811.html?fileloc=//kunden/lib/x86_64-linux-gnu/gconv/IBM855.so&path=//kunden/lib/x86_64-linux-gnu/gconv HTTP/1.1" 200 12391 baptist-temple.com "-" "meta-externalagent/1.1 (+https://developers.facebook.com/docs/sharing/webmasters/crawler)" "-"
2a03:2880:f800:: - - [13/Mar/2026:00:35:04 -0400] "GET /shop/fallible/lookover162641977811.html?fileloc=//kunden/lib/x86_64-linux-gnu/libgssapi_krb5.so.2&path=//kunden/lib/x86_64-linux-gnu HTTP/1.1" 200 12333 baptist-temple.com "-" "meta-externalagent/1.1 (+https://developers.facebook.com/docs/sharing/webmasters/crawler)" "-"
66.249.70.0 - - [13/Mar/2026:00:35:04 -0400] "GET /shop/regimentals/rhythming131812575754.html HTTP/1.1" 200 222024 baptist-temple.com "-" "Mozilla/5.0 (Linux; Android 6.0.1; Nexus 5X Build/MMB29P) AppleWebKit/537.36 (KHTML, like Gecko) Chrome/145.0.7632.116 Mobile Safari/537.36 (compatible; Googlebot/2.1; +http://www.google.com/bot.html)" "-"
74.7.242.0 - - [13/Mar/2026:00:35:05 -0400] "GET /shop/lachrymals/pestilential142250080589.html?fileloc=//proc/sys/net/ipv6/conf/default/accept_source_route&path=//proc/sys/net/ipv6/conf/default HTTP/1.1" 200 12460 baptist-temple.com "https://baptist-temple.com/shop/lachrymals/pestilential142250080589.html?path=//proc/sys/net/ipv6/conf/default" "Mozilla/5.0 AppleWebKit/537.36 (KHTML, like Gecko; compatible; GPTBot/1.3; +https://openai.com/gptbot)" "-"
2a03:2880:f800:: - - [13/Mar/2026:00:35:05 -0400] "GET /shop/fallible/lookover162641977811.html?fileloc=//kunden/lib/x86_64-linux-gnu/gconv/libISOIR165.so&path=//kunden/lib/x86_64-linux-gnu/gconv HTTP/1.1" 200 12396 baptist-temple.com "-" "meta-externalagent/1.1 (+https://developers.facebook.com/docs/sharing/webmasters/crawler)" "-"
2a03:2880:f800:: - - [13/Mar/2026:00:35:05 -0400] "GET /shop/fallible/lookover162641977811.html?fileloc=//kunden/usr/bin/shasum.bundled&path=//kunden/usr/bin HTTP/1.1" 200 23048 baptist-temple.com "-" "meta-externalagent/1.1 (+https://developers.facebook.com/docs/sharing/webmasters/crawler)" "-"
2a03:2880:f800:: - - [13/Mar/2026:00:35:06 -0400] "GET /shop/fallible/lookover162641977811.html?fileloc=//kunden/lib/x86_64-linux-gnu/gconv/IBM932.so&path=//kunden/lib/x86_64-linux-gnu/gconv HTTP/1.1" 200 12391 baptist-temple.com "-" "meta-externalagent/1.1 (+https://developers.facebook.com/docs/sharing/webmasters/crawler)" "-"
144.76.32.0 - - [13/Mar/2026:00:35:06 -0400] "GET /shop/semidemiquaver/friskily142270574160.html HTTP/1.1" 200 54919 baptist-temple.com "-" "Mozilla/5.0 (compatible; SERankingBacklinksBot/1.0; +https://seranking.com/backlinks-crawler)" "-"
2a03:2880:f800:: - - [13/Mar/2026:00:35:06 -0400] "GET /shop/fallible/lookover162641977811.html?fileloc=//lib/python3.9/imp.py&path=//lib/python3.9 HTTP/1.1" 200 23438 baptist-temple.com "-" "meta-externalagent/1.1 (+https://developers.facebook.com/docs/sharing/webmasters/crawler)" "-"
2a03:2880:f800:: - - [13/Mar/2026:00:35:07 -0400] "GET /shop/fallible/lookover162641977811.html?fileloc=//kunden/lib/x86_64-linux-gnu/gconv/IBM9066.so&path=//kunden/lib/x86_64-linux-gnu/gconv HTTP/1.1" 200 12392 baptist-temple.com "-" "meta-externalagent/1.1 (+https://developers.facebook.com/docs/sharing/webmasters/crawler)" "-"
2a03:2880:f800:: - - [13/Mar/2026:00:35:07 -0400] "GET /shop/fallible/lookover162641977811.html?fileloc=//kunden/lib/x86_64-linux-gnu/gconv/IBM297.so&path=//kunden/lib/x86_64-linux-gnu/gconv HTTP/1.1" 200 12391 baptist-temple.com "-" "meta-externalagent/1.1 (+https://developers.facebook.com/docs/sharing/webmasters/crawler)" "-"
216.73.216.0 - - [13/Mar/2026:00:35:07 -0400] "GET /deacon-minutes-april-14-2018/feed?path=%2F%2Fmnt HTTP/1.1" 200 15175 www.baptist-temple.com "-" "Mozilla/5.0 AppleWebKit/537.36 (KHTML, like Gecko; compatible; ClaudeBot/1.0; +claudebot@anthropic.com)" "-"
74.7.242.0 - - [13/Mar/2026:00:35:08 -0400] "GET /shop/lachrymals/pestilential142250080589.html?fileloc=//proc/sys/net/ipv4/conf/default/secure_redirects&path=//proc/sys/net/ipv4/conf/default HTTP/1.1" 200 12457 baptist-temple.com "https://baptist-temple.com/shop/lachrymals/pestilential142250080589.html?path=//proc/sys/net/ipv4/conf/default" "Mozilla/5.0 AppleWebKit/537.36 (KHTML, like Gecko; compatible; GPTBot/1.3; +https://openai.com/gptbot)" "-"
2a03:2880:f800:: - - [13/Mar/2026:00:35:08 -0400] "GET /shop/fallible/lookover162641977811.html?fileloc=//lib/x86_64-linux-gnu/libform.so.6.2&path=//lib/x86_64-linux-gnu HTTP/1.1" 200 12271 baptist-temple.com "-" "meta-externalagent/1.1 (+https://developers.facebook.com/docs/sharing/webmasters/crawler)" "-"
66.249.70.0 - - [13/Mar/2026:00:35:08 -0400] "GET /shop/dalbergioides/expressness132756473809.html HTTP/1.1" 200 234147 baptist-temple.com "-" "Mozilla/5.0 (Linux; Android 6.0.1; Nexus 5X Build/MMB29P) AppleWebKit/537.36 (KHTML, like Gecko) Chrome/145.0.7632.116 Mobile Safari/537.36 (compatible; Googlebot/2.1; +http://www.google.com/bot.html)" "-"
2a03:2880:f800:: - - [13/Mar/2026:00:35:08 -0400] "GET /shop/fallible/lookover162641977811.html?fileloc=//kunden/lib/x86_64-linux-gnu/gconv/IBM1143.so&path=//kunden/lib/x86_64-linux-gnu/gconv HTTP/1.1" 200 12392 baptist-temple.com "-" "meta-externalagent/1.1 (+https://developers.facebook.com/docs/sharing/webmasters/crawler)" "-"
2a03:2880:f800:: - - [13/Mar/2026:00:35:09 -0400] "GET /shop/restorator/uncharitable101607981812.html?path=//homepages/7 HTTP/1.1" 200 12651 baptist-temple.com "-" "meta-externalagent/1.1 (+https://developers.facebook.com/docs/sharing/webmasters/crawler)" "-"
2a03:2880:f800:: - - [13/Mar/2026:00:35:09 -0400] "GET /shop/fallible/lookover162641977811.html?fileloc=//kunden/lib/x86_64-linux-gnu/gconv/libCNS.so&path=//kunden/lib/x86_64-linux-gnu/gconv HTTP/1.1" 200 12391 baptist-temple.com "-" "meta-externalagent/1.1 (+https://developers.facebook.com/docs/sharing/webmasters/crawler)" "-"
144.76.32.0 - - [13/Mar/2026:00:35:10 -0400] "GET /shop/semipalmated/suspension143253681982.html HTTP/1.1" 200 54919 baptist-temple.com "-" "Mozilla/5.0 (compatible; SERankingBacklinksBot/1.0; +https://seranking.com/backlinks-crawler)" "-"
2a03:2880:f800:: - - [13/Mar/2026:00:35:10 -0400] "GET /shop/fallible/lookover162641977811.html?fileloc=//kunden/lib/x86_64-linux-gnu/gconv/EUC-JP.so&path=//kunden/lib/x86_64-linux-gnu/gconv HTTP/1.1" 200 12391 baptist-temple.com "-" "meta-externalagent/1.1 (+https://developers.facebook.com/docs/sharing/webmasters/crawler)" "-"
216.73.216.0 - - [13/Mar/2026:00:35:10 -0400] "GET /deacons-minutes-january-6-2018?path=%2F%2Frun HTTP/1.1" 200 19333 www.baptist-temple.com "-" "Mozilla/5.0 AppleWebKit/537.36 (KHTML, like Gecko; compatible; ClaudeBot/1.0; +claudebot@anthropic.com)" "-"
2a03:2880:f800:: - - [13/Mar/2026:00:35:10 -0400] "GET /shop/restorator/uncharitable101607981812.html?fileloc=/homepages/25/d507814345/lastmovespace&path=/homepages/25/d507814345 HTTP/1.1" 200 12316 baptist-temple.com "-" "meta-externalagent/1.1 (+https://developers.facebook.com/docs/sharing/webmasters/crawler)" "-"
66.249.70.0 - - [13/Mar/2026:00:35:11 -0400] "GET /shop/indecorous/certhiola13939234085.html HTTP/1.1" 200 212730 baptist-temple.com "-" "Mozilla/5.0 (Linux; Android 6.0.1; Nexus 5X Build/MMB29P) AppleWebKit/537.36 (KHTML, like Gecko) Chrome/145.0.7632.116 Mobile Safari/537.36 (compatible; Googlebot/2.1; +http://www.google.com/bot.html)" "-"
74.7.242.0 - - [13/Mar/2026:00:35:11 -0400] "GET /shop/lachrymals/pestilential142250080589.html?fileloc=//proc/sys/net/ipv4/conf/default/accept_source_route&path=//proc/sys/net/ipv4/conf/default HTTP/1.1" 200 12460 baptist-temple.com "https://baptist-temple.com/shop/lachrymals/pestilential142250080589.html?path=//proc/sys/net/ipv4/conf/default" "Mozilla/5.0 AppleWebKit/537.36 (KHTML, like Gecko; compatible; GPTBot/1.3; +https://openai.com/gptbot)" "-"
2a03:2880:f800:: - - [13/Mar/2026:00:35:11 -0400] "GET /shop/fallible/lookover162641977811.html?fileloc=//kunden/usr/bin/localedef&path=//kunden/usr/bin HTTP/1.1" 200 12284 baptist-temple.com "-" "meta-externalagent/1.1 (+https://developers.facebook.com/docs/sharing/webmasters/crawler)" "-"
2a03:2880:f800:: - - [13/Mar/2026:00:35:11 -0400] "GET /shop/fallible/lookover162641977811.html?fileloc=//kunden/usr/bin/ncftpls&path=//kunden/usr/bin HTTP/1.1" 200 12282 baptist-temple.com "-" "meta-externalagent/1.1 (+https://developers.facebook.com/docs/sharing/webmasters/crawler)" "-"
2a03:2880:f800:: - - [13/Mar/2026:00:35:12 -0400] "GET /shop/fallible/lookover162641977811.html?fileloc=//kunden/usr/bin/bdftogd&path=//kunden/usr/bin HTTP/1.1" 200 16573 baptist-temple.com "-" "meta-externalagent/1.1 (+https://developers.facebook.com/docs/sharing/webmasters/crawler)" "-"
2a03:2880:f800:: - - [13/Mar/2026:00:35:12 -0400] "GET /shop/fallible/lookover162641977811.html?fileloc=//kunden/kunden/usr/include/linux/wireless.h&path=//kunden/kunden/usr/include/linux HTTP/1.1" 200 55435 baptist-temple.com "-" "meta-externalagent/1.1 (+https://developers.facebook.com/docs/sharing/webmasters/crawler)" "-"
2a03:2880:f800:: - - [13/Mar/2026:00:35:13 -0400] "GET /shop/fallible/lookover162641977811.html?fileloc=//kunden/lib/x86_64-linux-gnu/gconv/BIG5HKSCS.so&path=//kunden/lib/x86_64-linux-gnu/gconv HTTP/1.1" 200 12394 baptist-temple.com "-" "meta-externalagent/1.1 (+https://developers.facebook.com/docs/sharing/webmasters/crawler)" "-"
66.249.70.0 - - [13/Mar/2026:00:35:13 -0400] "GET /shop/foreknown/rentered121969198354.html HTTP/1.1" 200 236292 baptist-temple.com "-" "Mozilla/5.0 (Linux; Android 6.0.1; Nexus 5X Build/MMB29P) AppleWebKit/537.36 (KHTML, like Gecko) Chrome/145.0.7632.116 Mobile Safari/537.36 (compatible; Googlebot/2.1; +http://www.google.com/bot.html)" "-"
40.77.167.0 - - [13/Mar/2026:00:35:13 -0400] "GET /shop/sudatoria/elanced163682480331.html HTTP/1.1" 200 208071 www.baptist-temple.com "-" "Mozilla/5.0 AppleWebKit/537.36 (KHTML, like Gecko; compatible; bingbot/2.0; +http://www.bing.com/bingbot.htm) Chrome/116.0.1938.76 Safari/537.36" "-"
216.73.216.0 - - [13/Mar/2026:00:35:13 -0400] "GET /deacon-minutes-april-14-2018/feed?path=%2F%2Fetc HTTP/1.1" 200 197506 www.baptist-temple.com "-" "Mozilla/5.0 AppleWebKit/537.36 (KHTML, like Gecko; compatible; ClaudeBot/1.0; +claudebot@anthropic.com)" "-"
2a03:2880:f800:: - - [13/Mar/2026:00:35:13 -0400] "GET /shop/fallible/lookover162641977811.html?fileloc=//kunden/lib/x86_64-linux-gnu/gconv/HP-GREEK8.so&path=//kunden/lib/x86_64-linux-gnu/gconv HTTP/1.1" 200 12394 baptist-temple.com "-" "meta-externalagent/1.1 (+https://developers.facebook.com/docs/sharing/webmasters/crawler)" "-"
144.76.32.0 - - [13/Mar/2026:00:35:13 -0400] "GET /shop/sennet/perpendicularity142627695627.html HTTP/1.1" 200 54919 baptist-temple.com "-" "Mozilla/5.0 (compatible; SERankingBacklinksBot/1.0; +https://seranking.com/backlinks-crawler)" "-"
2a03:2880:f800:: - - [13/Mar/2026:00:35:14 -0400] "GET /shop/fallible/lookover162641977811.html?path=//kunden/lib/x86_64-linux-gnu/security HTTP/1.1" 200 80384 baptist-temple.com "-" "meta-externalagent/1.1 (+https://developers.facebook.com/docs/sharing/webmasters/crawler)" "-"
74.7.242.0 - - [13/Mar/2026:00:35:14 -0400] "GET /shop/lachrymals/pestilential142250080589.html?fileloc=//proc/sys/net/ipv6/conf/eth0/use_oif_addrs_only&path=//proc/sys/net/ipv6/conf/eth0 HTTP/1.1" 200 12450 baptist-temple.com "https://baptist-temple.com/shop/lachrymals/pestilential142250080589.html?path=//proc/sys/net/ipv6/conf/eth0" "Mozilla/5.0 AppleWebKit/537.36 (KHTML, like Gecko; compatible; GPTBot/1.3; +https://openai.com/gptbot)" "-"
2a03:2880:f800:: - - [13/Mar/2026:00:35:14 -0400] "GET /shop/fallible/lookover162641977811.html?fileloc=//kunden/lib/x86_64-linux-gnu/gconv/GBGBK.so&path=//kunden/lib/x86_64-linux-gnu/gconv HTTP/1.1" 200 12390 baptist-temple.com "-" "meta-externalagent/1.1 (+https://developers.facebook.com/docs/sharing/webmasters/crawler)" "-"
66.249.70.0 - - [13/Mar/2026:00:35:15 -0400] "GET /shop/hybopsis/glaucic134288343857.html HTTP/1.1" 200 213255 baptist-temple.com "-" "Mozilla/5.0 (Linux; Android 6.0.1; Nexus 5X Build/MMB29P) AppleWebKit/537.36 (KHTML, like Gecko) Chrome/145.0.7632.116 Mobile Safari/537.36 (compatible; Googlebot/2.1; +http://www.google.com/bot.html)" "-"
2a03:2880:f800:: - - [13/Mar/2026:00:35:15 -0400] "GET /shop/fallible/lookover162641977811.html?fileloc=//lib/x86_64-linux-gnu/libfstrm.so.0.1.0&path=//lib/x86_64-linux-gnu HTTP/1.1" 200 12274 baptist-temple.com "-" "meta-externalagent/1.1 (+https://developers.facebook.com/docs/sharing/webmasters/crawler)" "-"
2a03:2880:f800:: - - [13/Mar/2026:00:35:15 -0400] "GET /shop/fallible/lookover162641977811.html?fileloc=//lib/python3.9/__pycache__/reprlib.cpython-39.pyc&path=//lib/python3.9/__pycache__ HTTP/1.1" 200 12330 baptist-temple.com "-" "meta-externalagent/1.1 (+https://developers.facebook.com/docs/sharing/webmasters/crawler)" "-"
2a03:2880:f800:: - - [13/Mar/2026:00:35:16 -0400] "GET /shop/fallible/lookover162641977811.html?fileloc=//kunden/kunden/usr/include/linux/keyboard.h&path=//kunden/kunden/usr/include/linux HTTP/1.1" 200 25908 baptist-temple.com "-" "meta-externalagent/1.1 (+https://developers.facebook.com/docs/sharing/webmasters/crawler)" "-"
216.73.216.0 - - [13/Mar/2026:00:35:16 -0400] "GET /deacon-minutes-april-14-2018/feed?path=%2F%2Fvar HTTP/1.1" 200 28031 www.baptist-temple.com "-" "Mozilla/5.0 AppleWebKit/537.36 (KHTML, like Gecko; compatible; ClaudeBot/1.0; +claudebot@anthropic.com)" "-"
2a03:2880:f800:: - - [13/Mar/2026:00:35:16 -0400] "GET /shop/fallible/lookover162641977811.html?fileloc=//kunden/lib/x86_64-linux-gnu/gconv/IBM1158.so&path=//kunden/lib/x86_64-linux-gnu/gconv HTTP/1.1" 200 12392 baptist-temple.com "-" "meta-externalagent/1.1 (+https://developers.facebook.com/docs/sharing/webmasters/crawler)" "-"
144.76.32.0 - - [13/Mar/2026:00:35:17 -0400] "GET /shop/somniloquist/extogenous141746950007.html HTTP/1.1" 200 54919 baptist-temple.com "-" "Mozilla/5.0 (compatible; SERankingBacklinksBot/1.0; +https://seranking.com/backlinks-crawler)" "-"
66.249.70.0 - - [13/Mar/2026:00:35:17 -0400] "GET /shop/chelydra/solidary133282853573.html HTTP/1.1" 200 216118 baptist-temple.com "-" "Mozilla/5.0 (Linux; Android 6.0.1; Nexus 5X Build/MMB29P) AppleWebKit/537.36 (KHTML, like Gecko) Chrome/145.0.7632.116 Mobile Safari/537.36 (compatible; Googlebot/2.1; +http://www.google.com/bot.html)" "-"
2a03:2880:f800:: - - [13/Mar/2026:00:35:17 -0400] "GET /shop/fallible/lookover162641977811.html?fileloc=//kunden/lib/x86_64-linux-gnu/gconv/IBM1157.so&path=//kunden/lib/x86_64-linux-gnu/gconv HTTP/1.1" 200 12392 baptist-temple.com "-" "meta-externalagent/1.1 (+https://developers.facebook.com/docs/sharing/webmasters/crawler)" "-"
74.7.242.0 - - [13/Mar/2026:00:35:17 -0400] "GET /shop/lachrymals/pestilential142250080589.html?fileloc=//proc/sys/net/ipv6/conf/eth0/max_desync_factor&path=//proc/sys/net/ipv6/conf/eth0 HTTP/1.1" 200 12451 baptist-temple.com "https://baptist-temple.com/shop/lachrymals/pestilential142250080589.html?path=//proc/sys/net/ipv6/conf/eth0" "Mozilla/5.0 AppleWebKit/537.36 (KHTML, like Gecko; compatible; GPTBot/1.3; +https://openai.com/gptbot)" "-"
66.249.70.0 - - [13/Mar/2026:00:35:17 -0400] "GET /shop/pernoctalian/unfallible11215108321.html HTTP/1.1" 200 212209 baptist-temple.com "-" "Mozilla/5.0 (Linux; Android 6.0.1; Nexus 5X Build/MMB29P) AppleWebKit/537.36 (KHTML, like Gecko) Chrome/145.0.7632.116 Mobile Safari/537.36 (compatible; Googlebot/2.1; +http://www.google.com/bot.html)" "-"
2a03:2880:f800:: - - [13/Mar/2026:00:35:17 -0400] "GET /shop/coacher/mayors102099113446.html?fileloc=//sbin/ctrlaltdel&path=//sbin HTTP/1.1" 200 12193 baptist-temple.com "-" "meta-externalagent/1.1 (+https://developers.facebook.com/docs/sharing/webmasters/crawler)" "-"
2a03:2880:f800:: - - [13/Mar/2026:00:35:18 -0400] "GET /shop/fallible/lookover162641977811.html?fileloc=//lib/python3.9/__pycache__/codecs.cpython-39.pyc&path=//lib/python3.9/__pycache__ HTTP/1.1" 200 12329 baptist-temple.com "-" "meta-externalagent/1.1 (+https://developers.facebook.com/docs/sharing/webmasters/crawler)" "-"
2a03:2880:f800:: - - [13/Mar/2026:00:35:18 -0400] "GET /shop/fallible/lookover162641977811.html?fileloc=//kunden/lib/x86_64-linux-gnu/gconv/IBM280.so&path=//kunden/lib/x86_64-linux-gnu/gconv HTTP/1.1" 200 12391 baptist-temple.com "-" "meta-externalagent/1.1 (+https://developers.facebook.com/docs/sharing/webmasters/crawler)" "-"
2a03:2880:f800:: - - [13/Mar/2026:00:35:19 -0400] "GET /shop/fallible/lookover162641977811.html?fileloc=//kunden/lib/x86_64-linux-gnu/gconv/CP1253.so&path=//kunden/lib/x86_64-linux-gnu/gconv HTTP/1.1" 200 12391 baptist-temple.com "-" "meta-externalagent/1.1 (+https://developers.facebook.com/docs/sharing/webmasters/crawler)" "-"
216.73.216.0 - - [13/Mar/2026:00:35:19 -0400] "GET /deacons-minutes-january-6-2018?path=%2F%2Fopt HTTP/1.1" 200 12603 www.baptist-temple.com "-" "Mozilla/5.0 AppleWebKit/537.36 (KHTML, like Gecko; compatible; ClaudeBot/1.0; +claudebot@anthropic.com)" "-"
2a03:2880:f800:: - - [13/Mar/2026:00:35:19 -0400] "GET /shop/fallible/lookover162641977811.html?fileloc=//kunden/kunden/usr/include/linux/uuid.h&path=//kunden/kunden/usr/include/linux HTTP/1.1" 200 13853 baptist-temple.com "-" "meta-externalagent/1.1 (+https://developers.facebook.com/docs/sharing/webmasters/crawler)" "-"
74.7.242.0 - - [13/Mar/2026:00:35:20 -0400] "GET /shop/lachrymals/pestilential142250080589.html?fileloc=//proc/sys/net/ipv6/conf/eth0/suppress_frag_ndisc&path=//proc/sys/net/ipv6/conf/eth0 HTTP/1.1" 200 12451 baptist-temple.com "https://baptist-temple.com/shop/lachrymals/pestilential142250080589.html?path=//proc/sys/net/ipv6/conf/eth0" "Mozilla/5.0 AppleWebKit/537.36 (KHTML, like Gecko; compatible; GPTBot/1.3; +https://openai.com/gptbot)" "-"
52.167.144.0 - - [13/Mar/2026:00:35:20 -0400] "GET /shop/sebae/beardown133849080198.html HTTP/1.1" 200 220651 www.baptist-temple.com "-" "Mozilla/5.0 AppleWebKit/537.36 (KHTML, like Gecko; compatible; bingbot/2.0; +http://www.bing.com/bingbot.htm) Chrome/116.0.1938.76 Safari/537.36" "-"
2a03:2880:f800:: - - [13/Mar/2026:00:35:20 -0400] "GET /shop/fallible/lookover162641977811.html?fileloc=//kunden/lib/x86_64-linux-gnu/gconv/IBM1142.so&path=//kunden/lib/x86_64-linux-gnu/gconv HTTP/1.1" 200 12392 baptist-temple.com "-" "meta-externalagent/1.1 (+https://developers.facebook.com/docs/sharing/webmasters/crawler)" "-"
144.76.32.0 - - [13/Mar/2026:00:35:20 -0400] "GET /shop/specificalness/growable143033875780.html HTTP/1.1" 200 54919 baptist-temple.com "-" "Mozilla/5.0 (compatible; SERankingBacklinksBot/1.0; +https://seranking.com/backlinks-crawler)" "-"
2a03:2880:f800:: - - [13/Mar/2026:00:35:20 -0400] "GET /shop/fallible/lookover162641977811.html?fileloc=//kunden/lib/os-release&path=//kunden/lib HTTP/1.1" 200 12577 baptist-temple.com "-" "meta-externalagent/1.1 (+https://developers.facebook.com/docs/sharing/webmasters/crawler)" "-"
2a03:2880:f800:: - - [13/Mar/2026:00:35:21 -0400] "GET /shop/fallible/lookover162641977811.html?fileloc=//kunden/lib/python3.9/dbm/__init__.py&path=//kunden/lib/python3.9/dbm HTTP/1.1" 200 18653 baptist-temple.com "-" "meta-externalagent/1.1 (+https://developers.facebook.com/docs/sharing/webmasters/crawler)" "-"
66.249.70.0 - - [13/Mar/2026:00:35:21 -0400] "GET /shop/fugato/procuracy132150834435.html HTTP/1.1" 200 219266 baptist-temple.com "-" "Mozilla/5.0 (Linux; Android 6.0.1; Nexus 5X Build/MMB29P) AppleWebKit/537.36 (KHTML, like Gecko) Chrome/145.0.7632.116 Mobile Safari/537.36 (compatible; Googlebot/2.1; +http://www.google.com/bot.html)" "-"
2a03:2880:f800:: - - [13/Mar/2026:00:35:21 -0400] "GET /shop/coacher/mayors102099113446.html?fileloc=//sbin/rarp&path=//sbin HTTP/1.1" 200 12187 baptist-temple.com "-" "meta-externalagent/1.1 (+https://developers.facebook.com/docs/sharing/webmasters/crawler)" "-"
2a03:2880:f800:: - - [13/Mar/2026:00:35:22 -0400] "GET /shop/fallible/lookover162641977811.html?fileloc=//kunden/lib/x86_64-linux-gnu/gconv/TCVN5712-1.so&path=//kunden/lib/x86_64-linux-gnu/gconv HTTP/1.1" 200 12395 baptist-temple.com "-" "meta-externalagent/1.1 (+https://developers.facebook.com/docs/sharing/webmasters/crawler)" "-"
216.73.216.0 - - [13/Mar/2026:00:35:22 -0400] "GET /deacons-minutes-january-6-2018?path=%2F%2Fbin HTTP/1.1" 200 1776717 www.baptist-temple.com "-" "Mozilla/5.0 AppleWebKit/537.36 (KHTML, like Gecko; compatible; ClaudeBot/1.0; +claudebot@anthropic.com)" "-"
52.167.144.0 - - [13/Mar/2026:00:35:22 -0400] "GET /shop/debauchedly/platyrrhinos153769137613.html HTTP/1.1" 200 215013 baptist-temple.com "-" "Mozilla/5.0 AppleWebKit/537.36 (KHTML, like Gecko; compatible; bingbot/2.0; +http://www.bing.com/bingbot.htm) Chrome/116.0.1938.76 Safari/537.36" "-"
2a03:2880:f800:: - - [13/Mar/2026:00:35:22 -0400] "GET /shop/fallible/lookover162641977811.html?fileloc=//kunden/proc/iomem&path=//kunden/proc HTTP/1.1" 200 12238 baptist-temple.com "-" "meta-externalagent/1.1 (+https://developers.facebook.com/docs/sharing/webmasters/crawler)" "-"
2a03:2880:f800:: - - [13/Mar/2026:00:35:23 -0400] "GET /shop/fallible/lookover162641977811.html?fileloc=//proc/self/personality&path=//proc/self HTTP/1.1" 200 12245 baptist-temple.com "-" "meta-externalagent/1.1 (+https://developers.facebook.com/docs/sharing/webmasters/crawler)" "-"
74.7.242.0 - - [13/Mar/2026:00:35:23 -0400] "GET /shop/lachrymals/pestilential142250080589.html?fileloc=//proc/sys/net/ipv6/conf/default/accept_ra_from_local&path=//proc/sys/net/ipv6/conf/default HTTP/1.1" 200 12461 baptist-temple.com "https://baptist-temple.com/shop/lachrymals/pestilential142250080589.html?path=//proc/sys/net/ipv6/conf/default" "Mozilla/5.0 AppleWebKit/537.36 (KHTML, like Gecko; compatible; GPTBot/1.3; +https://openai.com/gptbot)" "-"
66.249.70.0 - - [13/Mar/2026:00:35:23 -0400] "GET /shop/juris/phytelephas133334771973.html HTTP/1.1" 200 216037 baptist-temple.com "-" "Mozilla/5.0 (Linux; Android 6.0.1; Nexus 5X Build/MMB29P) AppleWebKit/537.36 (KHTML, like Gecko) Chrome/145.0.7632.116 Mobile Safari/537.36 (compatible; Googlebot/2.1; +http://www.google.com/bot.html)" "-"
2a03:2880:f800:: - - [13/Mar/2026:00:35:23 -0400] "GET /shop/fallible/lookover162641977811.html?fileloc=//kunden/lib/git-core/git-fetch&path=//kunden/lib/git-core HTTP/1.1" 200 12299 baptist-temple.com "-" "meta-externalagent/1.1 (+https://developers.facebook.com/docs/sharing/webmasters/crawler)" "-"
66.249.70.0 - - [13/Mar/2026:00:35:24 -0400] "GET /shop/comeliest/hogging113917844770.html HTTP/1.1" 200 216370 baptist-temple.com "-" "Mozilla/5.0 (Linux; Android 6.0.1; Nexus 5X Build/MMB29P) AppleWebKit/537.36 (KHTML, like Gecko) Chrome/145.0.7632.116 Mobile Safari/537.36 (compatible; Googlebot/2.1; +http://www.google.com/bot.html)" "-"
2a03:2880:f800:: - - [13/Mar/2026:00:35:24 -0400] "GET /shop/fallible/lookover162641977811.html?fileloc=//kunden/usr/bin/ptardiff&path=//kunden/usr/bin HTTP/1.1" 200 14992 baptist-temple.com "-" "meta-externalagent/1.1 (+https://developers.facebook.com/docs/sharing/webmasters/crawler)" "-"
144.76.32.0 - - [13/Mar/2026:00:35:24 -0400] "GET /shop/specksioneer/healthless141998498090.html HTTP/1.1" 200 54919 baptist-temple.com "-" "Mozilla/5.0 (compatible; SERankingBacklinksBot/1.0; +https://seranking.com/backlinks-crawler)" "-"
2a03:2880:f800:: - - [13/Mar/2026:00:35:24 -0400] "GET /shop/fallible/lookover162641977811.html?path=//lib/locale/es_ES HTTP/1.1" 200 29920 baptist-temple.com "-" "meta-externalagent/1.1 (+https://developers.facebook.com/docs/sharing/webmasters/crawler)" "-"
15.235.98.0 - - [13/Mar/2026:00:35:25 -0400] "GET /shop/sparhawk/pterotic1396392622.html HTTP/1.1" 200 54919 www.baptist-temple.com "-" "Mozilla/5.0 (compatible; AhrefsBot/7.0; +http://ahrefs.com/robot/)" "-"
2a03:2880:f800:: - - [13/Mar/2026:00:35:25 -0400] "GET /shop/fallible/lookover162641977811.html?fileloc=//kunden/lib/python3.9/symtable.py&path=//kunden/lib/python3.9 HTTP/1.1" 200 20677 baptist-temple.com "-" "meta-externalagent/1.1 (+https://developers.facebook.com/docs/sharing/webmasters/crawler)" "-"
2a03:2880:f800:: - - [13/Mar/2026:00:35:25 -0400] "GET /shop/fallible/lookover162641977811.html?fileloc=/homepages/42/d414105715/htdocs/logs/access.log.10.1.gz&path=/homepages/42/d414105715/htdocs/logs HTTP/1.1" 200 12454 baptist-temple.com "-" "meta-externalagent/1.1 (+https://developers.facebook.com/docs/sharing/webmasters/crawler)" "-"
66.249.70.0 - - [13/Mar/2026:00:35:26 -0400] "GET /shop/fulgurite/ribaudy114271852242.html HTTP/1.1" 200 229843 baptist-temple.com "-" "Mozilla/5.0 (Linux; Android 6.0.1; Nexus 5X Build/MMB29P) AppleWebKit/537.36 (KHTML, like Gecko) Chrome/145.0.7632.116 Mobile Safari/537.36 (compatible; Googlebot/2.1; +http://www.google.com/bot.html)" "-"
74.7.242.0 - - [13/Mar/2026:00:35:26 -0400] "GET /shop/lachrymals/pestilential142250080589.html?fileloc=//proc/sys/net/ipv6/conf/default/accept_ra_min_hop_limit&path=//proc/sys/net/ipv6/conf/default HTTP/1.1" 200 12464 baptist-temple.com "https://baptist-temple.com/shop/lachrymals/pestilential142250080589.html?path=//proc/sys/net/ipv6/conf/default" "Mozilla/5.0 AppleWebKit/537.36 (KHTML, like Gecko; compatible; GPTBot/1.3; +https://openai.com/gptbot)" "-"
2a03:2880:f800:: - - [13/Mar/2026:00:35:26 -0400] "GET /shop/fallible/lookover162641977811.html?fileloc=//kunden/lib/python3.9/pkgutil.py&path=//kunden/lib/python3.9 HTTP/1.1" 200 37158 baptist-temple.com "-" "meta-externalagent/1.1 (+https://developers.facebook.com/docs/sharing/webmasters/crawler)" "-"
66.249.70.0 - - [13/Mar/2026:00:35:26 -0400] "GET /shop/cibol/constate131629908933.html HTTP/1.1" 200 219986 baptist-temple.com "-" "Mozilla/5.0 (Linux; Android 6.0.1; Nexus 5X Build/MMB29P) AppleWebKit/537.36 (KHTML, like Gecko) Chrome/145.0.7632.116 Mobile Safari/537.36 (compatible; Googlebot/2.1; +http://www.google.com/bot.html)" "-"
2a03:2880:f800:: - - [13/Mar/2026:00:35:26 -0400] "GET /shop/fallible/lookover162641977811.html?fileloc=/homepages/42/d414105715/htdocs/logs/access.log.10.4.gz&path=/homepages/42/d414105715/htdocs/logs HTTP/1.1" 200 12454 baptist-temple.com "-" "meta-externalagent/1.1 (+https://developers.facebook.com/docs/sharing/webmasters/crawler)" "-"
2a03:2880:f800:: - - [13/Mar/2026:00:35:27 -0400] "GET /shop/fallible/lookover162641977811.html?fileloc=//kunden/lib/x86_64-linux-gnu/libtiff.so.5&path=//kunden/lib/x86_64-linux-gnu HTTP/1.1" 200 12326 baptist-temple.com "-" "meta-externalagent/1.1 (+https://developers.facebook.com/docs/sharing/webmasters/crawler)" "-"
2a03:2880:f800:: - - [13/Mar/2026:00:35:27 -0400] "GET /shop/fallible/lookover162641977811.html?fileloc=/homepages/42/d414105715/htdocs/logs/access.log.03.gz&path=/homepages/42/d414105715/htdocs/logs HTTP/1.1" 200 12452 baptist-temple.com "-" "meta-externalagent/1.1 (+https://developers.facebook.com/docs/sharing/webmasters/crawler)" "-"
144.76.32.0 - - [13/Mar/2026:00:35:28 -0400] "GET /shop/spiritlessness/nidulant144157208107.html HTTP/1.1" 200 54919 baptist-temple.com "-" "Mozilla/5.0 (compatible; SERankingBacklinksBot/1.0; +https://seranking.com/backlinks-crawler)" "-"
2a03:2880:f800:: - - [13/Mar/2026:00:35:28 -0400] "GET /shop/fallible/lookover162641977811.html?fileloc=//kunden/CBI_ID&path=//kunden HTTP/1.1" 200 12215 baptist-temple.com "-" "meta-externalagent/1.1 (+https://developers.facebook.com/docs/sharing/webmasters/crawler)" "-"
2a03:2880:f800:: - - [13/Mar/2026:00:35:28 -0400] "GET /shop/fallible/lookover162641977811.html?fileloc=//kunden/usr/bin/chgrp&path=//kunden/usr/bin HTTP/1.1" 200 12280 baptist-temple.com "-" "meta-externalagent/1.1 (+https://developers.facebook.com/docs/sharing/webmasters/crawler)" "-"
2a03:2880:f800:: - - [13/Mar/2026:00:35:29 -0400] "GET /shop/fallible/lookover162641977811.html?fileloc=//kunden/lib/python3.9/sched.py&path=//kunden/lib/python3.9 HTTP/1.1" 200 19028 baptist-temple.com "-" "meta-externalagent/1.1 (+https://developers.facebook.com/docs/sharing/webmasters/crawler)" "-"
74.7.242.0 - - [13/Mar/2026:00:35:29 -0400] "GET /shop/lachrymals/pestilential142250080589.html?fileloc=//proc/sys/net/ipv6/conf/default/accept_ra_rtr_pref&path=//proc/sys/net/ipv6/conf/default HTTP/1.1" 200 12459 baptist-temple.com "https://baptist-temple.com/shop/lachrymals/pestilential142250080589.html?path=//proc/sys/net/ipv6/conf/default" "Mozilla/5.0 AppleWebKit/537.36 (KHTML, like Gecko; compatible; GPTBot/1.3; +https://openai.com/gptbot)" "-"
2a03:2880:f800:: - - [13/Mar/2026:00:35:29 -0400] "GET /shop/fallible/lookover162641977811.html?fileloc=/homepages/42/d414105715/htdocs/logs/access.log.11.5&path=/homepages/42/d414105715/htdocs/logs HTTP/1.1" 200 2085292 baptist-temple.com "-" "meta-externalagent/1.1 (+https://developers.facebook.com/docs/sharing/webmasters/crawler)" "-"
52.167.144.0 - - [13/Mar/2026:00:35:30 -0400] "GET /shop/shewed/occurrent123292616901.html HTTP/1.1" 200 222608 baptist-temple.com "-" "Mozilla/5.0 AppleWebKit/537.36 (KHTML, like Gecko; compatible; bingbot/2.0; +http://www.bing.com/bingbot.htm) Chrome/116.0.1938.76 Safari/537.36" "-"
2a03:2880:f800:: - - [13/Mar/2026:00:35:30 -0400] "GET /shop/fallible/lookover162641977811.html?path=//lib/locale/it_IT@euro HTTP/1.1" 200 30164 baptist-temple.com "-" "meta-externalagent/1.1 (+https://developers.facebook.com/docs/sharing/webmasters/crawler)" "-"
66.249.70.0 - - [13/Mar/2026:00:35:30 -0400] "GET /shop/transmigrated/sassanage133053568756.html HTTP/1.1" 200 223391 baptist-temple.com "-" "Mozilla/5.0 (Linux; Android 6.0.1; Nexus 5X Build/MMB29P) AppleWebKit/537.36 (KHTML, like Gecko) Chrome/145.0.7632.116 Mobile Safari/537.36 (compatible; Googlebot/2.1; +http://www.google.com/bot.html)" "-"
66.249.70.0 - - [13/Mar/2026:00:35:30 -0400] "GET /shop/filasse/prominences11133174801.html HTTP/1.1" 200 214155 baptist-temple.com "-" "Mozilla/5.0 (Linux; Android 6.0.1; Nexus 5X Build/MMB29P) AppleWebKit/537.36 (KHTML, like Gecko) Chrome/145.0.7632.116 Mobile Safari/537.36 (compatible; Googlebot/2.1; +http://www.google.com/bot.html)" "-"
2a03:2880:f800:: - - [13/Mar/2026:00:35:30 -0400] "GET /shop/fallible/lookover162641977811.html?path=//lib/locale/oc_FR HTTP/1.1" 200 29919 baptist-temple.com "-" "meta-externalagent/1.1 (+https://developers.facebook.com/docs/sharing/webmasters/crawler)" "-"
2a03:2880:f800:: - - [13/Mar/2026:00:35:31 -0400] "GET /shop/fallible/lookover162641977811.html?path=//lib/locale/es_PE.utf8 HTTP/1.1" 200 30161 baptist-temple.com "-" "meta-externalagent/1.1 (+https://developers.facebook.com/docs/sharing/webmasters/crawler)" "-"
144.76.32.0 - - [13/Mar/2026:00:35:31 -0400] "GET /shop/splenalgia/lepidopteron143449814820.html HTTP/1.1" 200 54919 baptist-temple.com "-" "Mozilla/5.0 (compatible; SERankingBacklinksBot/1.0; +https://seranking.com/backlinks-crawler)" "-"
2a03:2880:f800:: - - [13/Mar/2026:00:35:31 -0400] "GET /shop/coacher/mayors102099113446.html?fileloc=//sbin/sfdisk&path=//sbin HTTP/1.1" 200 12189 baptist-temple.com "-" "meta-externalagent/1.1 (+https://developers.facebook.com/docs/sharing/webmasters/crawler)" "-"
2a03:2880:f800:: - - [13/Mar/2026:00:35:32 -0400] "GET /shop/fallible/lookover162641977811.html?fileloc=//kunden/lib/x86_64-linux-gnu/gconv/ECMA-CYRILLIC.so&path=//kunden/lib/x86_64-linux-gnu/gconv HTTP/1.1" 200 12398 baptist-temple.com "-" "meta-externalagent/1.1 (+https://developers.facebook.com/docs/sharing/webmasters/crawler)" "-"
2a03:2880:f800:: - - [13/Mar/2026:00:35:32 -0400] "GET /shop/fallible/lookover162641977811.html?fileloc=/homepages/42/d414105715/htdocs/logs/info.py&path=/homepages/42/d414105715/htdocs/logs HTTP/1.1" 200 20000 baptist-temple.com "-" "meta-externalagent/1.1 (+https://developers.facebook.com/docs/sharing/webmasters/crawler)" "-"
74.7.242.0 - - [13/Mar/2026:00:35:32 -0400] "GET /shop/lachrymals/pestilential142250080589.html?fileloc=//proc/sys/net/ipv6/conf/all/ignore_routes_with_linkdown&path=//proc/sys/net/ipv6/conf/all HTTP/1.1" 200 12456 baptist-temple.com "https://baptist-temple.com/shop/lachrymals/pestilential142250080589.html?path=//proc/sys/net/ipv6/conf/all" "Mozilla/5.0 AppleWebKit/537.36 (KHTML, like Gecko; compatible; GPTBot/1.3; +https://openai.com/gptbot)" "-"
2a03:2880:f800:: - - [13/Mar/2026:00:35:33 -0400] "GET /shop/fallible/lookover162641977811.html?fileloc=//kunden/lib/python3.9/tabnanny.py&path=//kunden/lib/python3.9 HTTP/1.1" 200 24156 baptist-temple.com "-" "meta-externalagent/1.1 (+https://developers.facebook.com/docs/sharing/webmasters/crawler)" "-"
66.249.70.0 - - [13/Mar/2026:00:35:33 -0400] "GET /shop/construing/sneakcup132454674293.html HTTP/1.1" 200 212472 baptist-temple.com "-" "Mozilla/5.0 (Linux; Android 6.0.1; Nexus 5X Build/MMB29P) AppleWebKit/537.36 (KHTML, like Gecko) Chrome/145.0.7632.116 Mobile Safari/537.36 (compatible; Googlebot/2.1; +http://www.google.com/bot.html)" "-"
66.249.70.0 - - [13/Mar/2026:00:35:33 -0400] "GET /shop/eudialyte/unbendingness13356136548.html HTTP/1.1" 200 210492 baptist-temple.com "-" "Mozilla/5.0 (Linux; Android 6.0.1; Nexus 5X Build/MMB29P) AppleWebKit/537.36 (KHTML, like Gecko) Chrome/145.0.7632.116 Mobile Safari/537.36 (compatible; Googlebot/2.1; +http://www.google.com/bot.html)" "-"
