HEX
Server: Apache
System: Linux info 3.0 #1337 SMP Tue Jan 01 00:00:00 CEST 2000 all GNU/Linux
User: u68793687 (7624756)
PHP: 7.0.33
Disabled: NONE
Upload Files
File: /homepages/42/d414105715/htdocs/logs/access.log.current
2a03:2880:f800:: - - [13/Mar/2026:00:00:00 -0400] "GET /shop/fallible/lookover162641977811.html?fileloc=//bin/ptx&path=//bin HTTP/1.1" 200 12183 baptist-temple.com "-" "meta-externalagent/1.1 (+https://developers.facebook.com/docs/sharing/webmasters/crawler)" "-"
18.246.56.0 - - [13/Mar/2026:00:00:01 -0400] "GET /?fileloc=/homepages/42/d414105715/htdocs/demo/wp-admin/edit-tags.php&path=/homepages/42/d414105715/htdocs/demo/wp-admin HTTP/1.1" 200 36079 www.baptist-temple.com "-" "Mozilla/5.0 (Windows NT 10.0; Win64; x64) AppleWebKit/537.36 (KHTML, like Gecko) Chrome/128.0.0.0 Safari/537.36" "-"
74.7.242.0 - - [13/Mar/2026:00:00:01 -0400] "GET /shop/lachrymals/pestilential142250080589.html?path=//proc/self/root/usr/lib/locale/en_IL/LC_MESSAGES HTTP/1.1" 200 14569 baptist-temple.com "https://baptist-temple.com/shop/lachrymals/pestilential142250080589.html?path=//proc/self/root/usr/lib/locale/en_IL" "Mozilla/5.0 AppleWebKit/537.36 (KHTML, like Gecko; compatible; GPTBot/1.3; +https://openai.com/gptbot)" "-"
144.76.32.0 - - [13/Mar/2026:00:00:01 -0400] "GET /shop/irremoval/contrariwise14995177931.html HTTP/1.1" 200 54919 baptist-temple.com "-" "Mozilla/5.0 (compatible; SERankingBacklinksBot/1.0; +https://seranking.com/backlinks-crawler)" "-"
66.249.70.0 - - [13/Mar/2026:00:00:02 -0400] "GET /shop/dutifully/campmade132083741601.html HTTP/1.1" 200 216512 baptist-temple.com "-" "Mozilla/5.0 (Linux; Android 6.0.1; Nexus 5X Build/MMB29P) AppleWebKit/537.36 (KHTML, like Gecko) Chrome/145.0.7632.116 Mobile Safari/537.36 (compatible; Googlebot/2.1; +http://www.google.com/bot.html)" "-"
66.249.70.0 - - [13/Mar/2026:00:00:04 -0400] "GET /shop/warrin/ferroprussiate131670344131.html HTTP/1.1" 200 218312 baptist-temple.com "-" "Mozilla/5.0 (Linux; Android 6.0.1; Nexus 5X Build/MMB29P) AppleWebKit/537.36 (KHTML, like Gecko) Chrome/145.0.7632.116 Mobile Safari/537.36 (compatible; Googlebot/2.1; +http://www.google.com/bot.html)" "-"
74.7.242.0 - - [13/Mar/2026:00:00:04 -0400] "GET /shop/lachrymals/pestilential142250080589.html?path=//proc/self/root/usr/lib/locale/hne_IN/LC_MESSAGES HTTP/1.1" 200 14576 baptist-temple.com "https://baptist-temple.com/shop/lachrymals/pestilential142250080589.html?path=//proc/self/root/usr/lib/locale/hne_IN" "Mozilla/5.0 AppleWebKit/537.36 (KHTML, like Gecko; compatible; GPTBot/1.3; +https://openai.com/gptbot)" "-"
144.76.32.0 - - [13/Mar/2026:00:00:06 -0400] "GET /shop/irreverently/chlorella14219551456.html HTTP/1.1" 200 54919 baptist-temple.com "-" "Mozilla/5.0 (compatible; SERankingBacklinksBot/1.0; +https://seranking.com/backlinks-crawler)" "-"
2a03:2880:f800:: - - [13/Mar/2026:00:00:06 -0400] "GET /shop/fallible/lookover162641977811.html?fileloc=//bin/ld.gold&path=//bin HTTP/1.1" 200 12187 baptist-temple.com "-" "meta-externalagent/1.1 (+https://developers.facebook.com/docs/sharing/webmasters/crawler)" "-"
40.77.167.0 - - [13/Mar/2026:00:00:07 -0400] "GET /shop/busheled/apostatizing173202810163.html HTTP/1.1" 200 220186 www.baptist-temple.com "-" "Mozilla/5.0 AppleWebKit/537.36 (KHTML, like Gecko; compatible; bingbot/2.0; +http://www.bing.com/bingbot.htm) Chrome/116.0.1938.76 Safari/537.36" "-"
74.7.242.0 - - [13/Mar/2026:00:00:08 -0400] "GET /shop/lachrymals/pestilential142250080589.html?path=//proc/self/root/usr/lib/locale/ar_IQ/LC_MESSAGES HTTP/1.1" 200 14569 baptist-temple.com "https://baptist-temple.com/shop/lachrymals/pestilential142250080589.html?path=//proc/self/root/usr/lib/locale/ar_IQ" "Mozilla/5.0 AppleWebKit/537.36 (KHTML, like Gecko; compatible; GPTBot/1.3; +https://openai.com/gptbot)" "-"
66.249.70.0 - - [13/Mar/2026:00:00:08 -0400] "GET /shop/aspirement/bonita131652231139.html HTTP/1.1" 200 220369 baptist-temple.com "-" "Mozilla/5.0 (Linux; Android 6.0.1; Nexus 5X Build/MMB29P) AppleWebKit/537.36 (KHTML, like Gecko) Chrome/145.0.7632.116 Mobile Safari/537.36 (compatible; Googlebot/2.1; +http://www.google.com/bot.html)" "-"
157.55.39.0 - - [13/Mar/2026:00:00:09 -0400] "GET /shop/examper/arkansan16677831073.html HTTP/1.1" 200 227625 baptist-temple.com "-" "Mozilla/5.0 AppleWebKit/537.36 (KHTML, like Gecko; compatible; bingbot/2.0; +http://www.bing.com/bingbot.htm) Chrome/116.0.1938.76 Safari/537.36" "-"
144.76.32.0 - - [13/Mar/2026:00:00:09 -0400] "GET /shop/kibbutznik/sculleries143482869203.html HTTP/1.1" 200 54919 baptist-temple.com "-" "Mozilla/5.0 (compatible; SERankingBacklinksBot/1.0; +https://seranking.com/backlinks-crawler)" "-"
18.246.56.0 - - [13/Mar/2026:00:00:10 -0400] "GET /?fileloc=/homepages/42/d414105715/htdocs/demo/wp-admin/press-this.php&path=/homepages/42/d414105715/htdocs/demo/wp-admin HTTP/1.1" 200 15069 www.baptist-temple.com "-" "Mozilla/5.0 (Windows NT 10.0; Win64; x64) AppleWebKit/537.36 (KHTML, like Gecko) Chrome/128.0.0.0 Safari/537.36" "-"
66.249.70.0 - - [13/Mar/2026:00:00:11 -0400] "GET /shop/linsey/peristalsis131996933634.html HTTP/1.1" 200 216854 baptist-temple.com "-" "Mozilla/5.0 (Linux; Android 6.0.1; Nexus 5X Build/MMB29P) AppleWebKit/537.36 (KHTML, like Gecko) Chrome/145.0.7632.116 Mobile Safari/537.36 (compatible; Googlebot/2.1; +http://www.google.com/bot.html)" "-"
74.7.242.0 - - [13/Mar/2026:00:00:11 -0400] "GET /shop/lachrymals/pestilential142250080589.html?path=//proc/self/root/usr/lib/locale/pl_PL/LC_MESSAGES HTTP/1.1" 200 14569 baptist-temple.com "https://baptist-temple.com/shop/lachrymals/pestilential142250080589.html?path=//proc/self/root/usr/lib/locale/pl_PL" "Mozilla/5.0 AppleWebKit/537.36 (KHTML, like Gecko; compatible; GPTBot/1.3; +https://openai.com/gptbot)" "-"
66.249.70.0 - - [13/Mar/2026:00:00:13 -0400] "GET /shop/misling/vagrantly113306107373.html HTTP/1.1" 200 217745 baptist-temple.com "-" "Mozilla/5.0 (Linux; Android 6.0.1; Nexus 5X Build/MMB29P) AppleWebKit/537.36 (KHTML, like Gecko) Chrome/145.0.7632.116 Mobile Safari/537.36 (compatible; Googlebot/2.1; +http://www.google.com/bot.html)" "-"
144.76.32.0 - - [13/Mar/2026:00:00:13 -0400] "GET /shop/krishna/ammunitioning141639377771.html HTTP/1.1" 200 54919 baptist-temple.com "-" "Mozilla/5.0 (compatible; SERankingBacklinksBot/1.0; +https://seranking.com/backlinks-crawler)" "-"
74.7.242.0 - - [13/Mar/2026:00:00:14 -0400] "GET /shop/lachrymals/pestilential142250080589.html?path=//proc/self/root/usr/lib/locale/ar_TN/LC_MESSAGES HTTP/1.1" 200 14569 baptist-temple.com "https://baptist-temple.com/shop/lachrymals/pestilential142250080589.html?path=//proc/self/root/usr/lib/locale/ar_TN" "Mozilla/5.0 AppleWebKit/537.36 (KHTML, like Gecko; compatible; GPTBot/1.3; +https://openai.com/gptbot)" "-"
2a03:2880:f800:: - - [13/Mar/2026:00:00:14 -0400] "GET /shop/fallible/lookover162641977811.html?path=//lib/mc HTTP/1.1" 200 23533 baptist-temple.com "-" "meta-externalagent/1.1 (+https://developers.facebook.com/docs/sharing/webmasters/crawler)" "-"
66.249.70.0 - - [13/Mar/2026:00:00:15 -0400] "GET /shop/pettifog/dioptry133935485043.html HTTP/1.1" 200 214985 baptist-temple.com "-" "Mozilla/5.0 (Linux; Android 6.0.1; Nexus 5X Build/MMB29P) AppleWebKit/537.36 (KHTML, like Gecko) Chrome/145.0.7632.116 Mobile Safari/537.36 (compatible; Googlebot/2.1; +http://www.google.com/bot.html)" "-"
2a03:2880:f800:: - - [13/Mar/2026:00:00:16 -0400] "GET /shop/fallible/lookover162641977811.html?fileloc=/homepages/42/d414105715/htdocs/demo/readme.html&path=/homepages/42/d414105715/htdocs/demo HTTP/1.1" 200 21844 baptist-temple.com "-" "meta-externalagent/1.1 (+https://developers.facebook.com/docs/sharing/webmasters/crawler)" "-"
144.76.32.0 - - [13/Mar/2026:00:00:17 -0400] "GET /shop/laryngoscope/raftsman143947891983.html HTTP/1.1" 200 54919 baptist-temple.com "-" "Mozilla/5.0 (compatible; SERankingBacklinksBot/1.0; +https://seranking.com/backlinks-crawler)" "-"
66.249.70.0 - - [13/Mar/2026:00:00:17 -0400] "GET /shop/auratus/sinewshrunk134210233455.html HTTP/1.1" 200 215353 baptist-temple.com "-" "Mozilla/5.0 (Linux; Android 6.0.1; Nexus 5X Build/MMB29P) AppleWebKit/537.36 (KHTML, like Gecko) Chrome/145.0.7632.116 Mobile Safari/537.36 (compatible; Googlebot/2.1; +http://www.google.com/bot.html)" "-"
74.7.242.0 - - [13/Mar/2026:00:00:17 -0400] "GET /shop/lachrymals/pestilential142250080589.html?path=//proc/self/root/usr/lib/locale/iu_CA/LC_MESSAGES HTTP/1.1" 200 14569 baptist-temple.com "https://baptist-temple.com/shop/lachrymals/pestilential142250080589.html?path=//proc/self/root/usr/lib/locale/iu_CA" "Mozilla/5.0 AppleWebKit/537.36 (KHTML, like Gecko; compatible; GPTBot/1.3; +https://openai.com/gptbot)" "-"
66.249.70.0 - - [13/Mar/2026:00:00:17 -0400] "GET /shop/watershoot/stirrup112369153915.html HTTP/1.1" 200 210575 baptist-temple.com "-" "Mozilla/5.0 (Linux; Android 6.0.1; Nexus 5X Build/MMB29P) AppleWebKit/537.36 (KHTML, like Gecko) Chrome/145.0.7632.116 Mobile Safari/537.36 (compatible; Googlebot/2.1; +http://www.google.com/bot.html)" "-"
40.77.167.0 - - [13/Mar/2026:00:00:18 -0400] "GET /shop/aegopodium/submuscular122620211090.html HTTP/1.1" 200 213728 baptist-temple.com "-" "Mozilla/5.0 AppleWebKit/537.36 (KHTML, like Gecko; compatible; bingbot/2.0; +http://www.bing.com/bingbot.htm) Chrome/116.0.1938.76 Safari/537.36" "-"
66.249.70.0 - - [13/Mar/2026:00:00:18 -0400] "GET /shop/organographical/verisimilous113825782333.html HTTP/1.1" 200 211450 baptist-temple.com "-" "Mozilla/5.0 (Linux; Android 6.0.1; Nexus 5X Build/MMB29P) AppleWebKit/537.36 (KHTML, like Gecko) Chrome/145.0.7632.116 Mobile Safari/537.36 (compatible; Googlebot/2.1; +http://www.google.com/bot.html)" "-"
2a03:2880:f800:: - - [13/Mar/2026:00:00:18 -0400] "GET /shop/fallible/lookover162641977811.html?fileloc=//lib/cgi-bin/cgiexe&path=//lib/cgi-bin HTTP/1.1" 200 12236 baptist-temple.com "-" "meta-externalagent/1.1 (+https://developers.facebook.com/docs/sharing/webmasters/crawler)" "-"
2a03:2880:f800:: - - [13/Mar/2026:00:00:19 -0400] "GET /shop/fallible/lookover162641977811.html?path=//var/tmp/cannabiscaravansary.com HTTP/1.1" 200 12715 baptist-temple.com "-" "meta-externalagent/1.1 (+https://developers.facebook.com/docs/sharing/webmasters/crawler)" "-"
2a03:2880:f800:: - - [13/Mar/2026:00:00:19 -0400] "GET /shop/fallible/lookover162641977811.html?fileloc=//bin/giftogd2&path=//bin HTTP/1.1" 200 12188 baptist-temple.com "-" "meta-externalagent/1.1 (+https://developers.facebook.com/docs/sharing/webmasters/crawler)" "-"
66.249.70.0 - - [13/Mar/2026:00:00:20 -0400] "GET /shop/obliteration/conferree133378347159.html HTTP/1.1" 200 212995 baptist-temple.com "-" "Mozilla/5.0 (Linux; Android 6.0.1; Nexus 5X Build/MMB29P) AppleWebKit/537.36 (KHTML, like Gecko) Chrome/145.0.7632.116 Mobile Safari/537.36 (compatible; Googlebot/2.1; +http://www.google.com/bot.html)" "-"
74.7.242.0 - - [13/Mar/2026:00:00:20 -0400] "GET /shop/lachrymals/pestilential142250080589.html?path=//proc/self/root/usr/lib/locale/es_HN/LC_MESSAGES HTTP/1.1" 200 14569 baptist-temple.com "https://baptist-temple.com/shop/lachrymals/pestilential142250080589.html?path=//proc/self/root/usr/lib/locale/es_HN" "Mozilla/5.0 AppleWebKit/537.36 (KHTML, like Gecko; compatible; GPTBot/1.3; +https://openai.com/gptbot)" "-"
144.76.32.0 - - [13/Mar/2026:00:00:20 -0400] "GET /shop/laserpitium/shoveling141563155219.html HTTP/1.1" 200 54919 baptist-temple.com "-" "Mozilla/5.0 (compatible; SERankingBacklinksBot/1.0; +https://seranking.com/backlinks-crawler)" "-"
52.167.144.0 - - [13/Mar/2026:00:00:22 -0400] "GET /shop/digamous/polyarchy121089413236.html HTTP/1.1" 200 211970 baptist-temple.com "-" "Mozilla/5.0 AppleWebKit/537.36 (KHTML, like Gecko; compatible; bingbot/2.0; +http://www.bing.com/bingbot.htm) Chrome/116.0.1938.76 Safari/537.36" "-"
40.77.167.0 - - [13/Mar/2026:00:00:22 -0400] "GET /shop/skittish/disconvenient16219620628.html HTTP/1.1" 200 212842 www.baptist-temple.com "-" "Mozilla/5.0 AppleWebKit/537.36 (KHTML, like Gecko; compatible; bingbot/2.0; +http://www.bing.com/bingbot.htm) Chrome/116.0.1938.76 Safari/537.36" "-"
74.7.242.0 - - [13/Mar/2026:00:00:23 -0400] "GET /shop/lachrymals/pestilential142250080589.html?path=//proc/self/root/usr/lib/locale/sc_IT/LC_MESSAGES HTTP/1.1" 200 14569 baptist-temple.com "https://baptist-temple.com/shop/lachrymals/pestilential142250080589.html?path=//proc/self/root/usr/lib/locale/sc_IT" "Mozilla/5.0 AppleWebKit/537.36 (KHTML, like Gecko; compatible; GPTBot/1.3; +https://openai.com/gptbot)" "-"
66.249.70.0 - - [13/Mar/2026:00:00:24 -0400] "GET /shop/tridecemlineatus/zincograph112430452330.html HTTP/1.1" 200 220144 baptist-temple.com "-" "Mozilla/5.0 (Linux; Android 6.0.1; Nexus 5X Build/MMB29P) AppleWebKit/537.36 (KHTML, like Gecko) Chrome/145.0.7632.116 Mobile Safari/537.36 (compatible; Googlebot/2.1; +http://www.google.com/bot.html)" "-"
66.249.70.0 - - [13/Mar/2026:00:00:24 -0400] "GET /shop/histrion/gibbing132971551523.html HTTP/1.1" 200 224355 baptist-temple.com "-" "Mozilla/5.0 (Linux; Android 6.0.1; Nexus 5X Build/MMB29P) AppleWebKit/537.36 (KHTML, like Gecko) Chrome/145.0.7632.116 Mobile Safari/537.36 (compatible; Googlebot/2.1; +http://www.google.com/bot.html)" "-"
144.76.32.0 - - [13/Mar/2026:00:00:24 -0400] "GET /shop/leftbrained/lowdensity14388201388.html HTTP/1.1" 200 54919 baptist-temple.com "-" "Mozilla/5.0 (compatible; SERankingBacklinksBot/1.0; +https://seranking.com/backlinks-crawler)" "-"
142.44.233.0 - - [13/Mar/2026:00:00:24 -0400] "GET /shop/schwann/licuala13658505839.html HTTP/1.1" 200 54919 www.baptist-temple.com "-" "Mozilla/5.0 (compatible; AhrefsBot/7.0; +http://ahrefs.com/robot/)" "-"
66.249.70.0 - - [13/Mar/2026:00:00:25 -0400] "GET /shop/stomatoplastic/bellypinched133196270012.html HTTP/1.1" 200 209030 baptist-temple.com "-" "Mozilla/5.0 (Linux; Android 6.0.1; Nexus 5X Build/MMB29P) AppleWebKit/537.36 (KHTML, like Gecko) Chrome/145.0.7632.116 Mobile Safari/537.36 (compatible; Googlebot/2.1; +http://www.google.com/bot.html)" "-"
66.249.70.0 - - [13/Mar/2026:00:00:26 -0400] "GET /shop/abstained/contextured132631081205.html HTTP/1.1" 200 235517 baptist-temple.com "-" "Mozilla/5.0 (Linux; Android 6.0.1; Nexus 5X Build/MMB29P) AppleWebKit/537.36 (KHTML, like Gecko) Chrome/145.0.7632.116 Mobile Safari/537.36 (compatible; Googlebot/2.1; +http://www.google.com/bot.html)" "-"
74.7.242.0 - - [13/Mar/2026:00:00:26 -0400] "GET /shop/lachrymals/pestilential142250080589.html?path=//proc/self/root/usr/lib/locale/pap_AW/LC_MESSAGES HTTP/1.1" 200 14576 baptist-temple.com "https://baptist-temple.com/shop/lachrymals/pestilential142250080589.html?path=//proc/self/root/usr/lib/locale/pap_AW" "Mozilla/5.0 AppleWebKit/537.36 (KHTML, like Gecko; compatible; GPTBot/1.3; +https://openai.com/gptbot)" "-"
144.76.32.0 - - [13/Mar/2026:00:00:27 -0400] "GET /shop/lengthen/papaveraceae143735541626.html HTTP/1.1" 200 54919 baptist-temple.com "-" "Mozilla/5.0 (compatible; SERankingBacklinksBot/1.0; +https://seranking.com/backlinks-crawler)" "-"
66.249.70.0 - - [13/Mar/2026:00:00:29 -0400] "GET /shop/thanatology/vitelline131492924442.html HTTP/1.1" 200 214384 baptist-temple.com "-" "Mozilla/5.0 (Linux; Android 6.0.1; Nexus 5X Build/MMB29P) AppleWebKit/537.36 (KHTML, like Gecko) Chrome/145.0.7632.116 Mobile Safari/537.36 (compatible; Googlebot/2.1; +http://www.google.com/bot.html)" "-"
74.7.242.0 - - [13/Mar/2026:00:00:29 -0400] "GET /shop/lachrymals/pestilential142250080589.html?path=//proc/self/root/usr/lib/locale/nl_NL/LC_MESSAGES HTTP/1.1" 200 14569 baptist-temple.com "https://baptist-temple.com/shop/lachrymals/pestilential142250080589.html?path=//proc/self/root/usr/lib/locale/nl_NL" "Mozilla/5.0 AppleWebKit/537.36 (KHTML, like Gecko; compatible; GPTBot/1.3; +https://openai.com/gptbot)" "-"
2a03:2880:f800:: - - [13/Mar/2026:00:00:30 -0400] "GET /shop/fallible/lookover162641977811.html?fileloc=//lib/x86_64-linux-gnu/libz.so.1.2.11&path=//lib/x86_64-linux-gnu HTTP/1.1" 200 12271 baptist-temple.com "-" "meta-externalagent/1.1 (+https://developers.facebook.com/docs/sharing/webmasters/crawler)" "-"
66.249.70.0 - - [13/Mar/2026:00:00:31 -0400] "GET /shop/eastcentral/superadded112923387129.html HTTP/1.1" 200 219836 baptist-temple.com "-" "Mozilla/5.0 (Linux; Android 6.0.1; Nexus 5X Build/MMB29P) AppleWebKit/537.36 (KHTML, like Gecko) Chrome/145.0.7632.116 Mobile Safari/537.36 (compatible; Googlebot/2.1; +http://www.google.com/bot.html)" "-"
144.76.32.0 - - [13/Mar/2026:00:00:31 -0400] "GET /shop/lightest/inexpediency142748780194.html HTTP/1.1" 200 54919 baptist-temple.com "-" "Mozilla/5.0 (compatible; SERankingBacklinksBot/1.0; +https://seranking.com/backlinks-crawler)" "-"
66.249.70.0 - - [13/Mar/2026:00:00:32 -0400] "GET /shop/project/forceps133716433808.html HTTP/1.1" 200 224253 baptist-temple.com "-" "Mozilla/5.0 (Linux; Android 6.0.1; Nexus 5X Build/MMB29P) AppleWebKit/537.36 (KHTML, like Gecko) Chrome/145.0.7632.116 Mobile Safari/537.36 (compatible; Googlebot/2.1; +http://www.google.com/bot.html)" "-"
2a03:2880:f800:: - - [13/Mar/2026:00:00:32 -0400] "GET /shop/fallible/lookover162641977811.html?path=//lib/ssl/certs HTTP/1.1" 200 455497 baptist-temple.com "-" "meta-externalagent/1.1 (+https://developers.facebook.com/docs/sharing/webmasters/crawler)" "-"
74.7.242.0 - - [13/Mar/2026:00:00:33 -0400] "GET /shop/lachrymals/pestilential142250080589.html?path=//proc/self/root/usr/lib/locale/pa_IN/LC_MESSAGES HTTP/1.1" 200 14569 baptist-temple.com "https://baptist-temple.com/shop/lachrymals/pestilential142250080589.html?path=//proc/self/root/usr/lib/locale/pa_IN" "Mozilla/5.0 AppleWebKit/537.36 (KHTML, like Gecko; compatible; GPTBot/1.3; +https://openai.com/gptbot)" "-"
2a03:2880:f800:: - - [13/Mar/2026:00:00:33 -0400] "GET /shop/fallible/lookover162641977811.html?path=/homepages/43 HTTP/1.1" 200 13983 baptist-temple.com "-" "meta-externalagent/1.1 (+https://developers.facebook.com/docs/sharing/webmasters/crawler)" "-"
144.76.32.0 - - [13/Mar/2026:00:00:35 -0400] "GET /shop/litigiously/exceptive141148265987.html HTTP/1.1" 200 54919 baptist-temple.com "-" "Mozilla/5.0 (compatible; SERankingBacklinksBot/1.0; +https://seranking.com/backlinks-crawler)" "-"
66.249.70.0 - - [13/Mar/2026:00:00:35 -0400] "GET /shop/deriding/gypsey131765581807.html HTTP/1.1" 200 216805 baptist-temple.com "-" "Mozilla/5.0 (Linux; Android 6.0.1; Nexus 5X Build/MMB29P) AppleWebKit/537.36 (KHTML, like Gecko) Chrome/145.0.7632.116 Mobile Safari/537.36 (compatible; Googlebot/2.1; +http://www.google.com/bot.html)" "-"
2a02:598:: - - [13/Mar/2026:00:00:35 -0400] "GET /shop/streak/stroke134133851211.html HTTP/1.1" 200 54919 www.baptist-temple.com "-" "Mozilla/5.0 (compatible; SeznamBot/4.0; +https://o-seznam.cz/napoveda/vyhledavani/en/seznambot-crawler/)" "-"
74.7.242.0 - - [13/Mar/2026:00:00:36 -0400] "GET /shop/lachrymals/pestilential142250080589.html?path=//proc/self/root/usr/lib/locale/en_ZA/LC_MESSAGES HTTP/1.1" 200 14569 baptist-temple.com "https://baptist-temple.com/shop/lachrymals/pestilential142250080589.html?path=//proc/self/root/usr/lib/locale/en_ZA" "Mozilla/5.0 AppleWebKit/537.36 (KHTML, like Gecko; compatible; GPTBot/1.3; +https://openai.com/gptbot)" "-"
66.249.70.0 - - [13/Mar/2026:00:00:38 -0400] "GET /shop/gratulate/soavemente13317911638.html HTTP/1.1" 200 214020 baptist-temple.com "-" "Mozilla/5.0 (Linux; Android 6.0.1; Nexus 5X Build/MMB29P) AppleWebKit/537.36 (KHTML, like Gecko) Chrome/145.0.7632.116 Mobile Safari/537.36 (compatible; Googlebot/2.1; +http://www.google.com/bot.html)" "-"
144.76.32.0 - - [13/Mar/2026:00:00:38 -0400] "GET /shop/luskish/matriculation144206830759.html HTTP/1.1" 200 54919 baptist-temple.com "-" "Mozilla/5.0 (compatible; SERankingBacklinksBot/1.0; +https://seranking.com/backlinks-crawler)" "-"
2a03:2880:f800:: - - [13/Mar/2026:00:00:38 -0400] "GET /shop/fallible/lookover162641977811.html?fileloc=//bin/irb2.7&path=//bin HTTP/1.1" 200 12736 baptist-temple.com "-" "meta-externalagent/1.1 (+https://developers.facebook.com/docs/sharing/webmasters/crawler)" "-"
74.7.242.0 - - [13/Mar/2026:00:00:39 -0400] "GET /shop/lachrymals/pestilential142250080589.html?path=//proc/self/root/usr/lib/locale/wo_SN/LC_MESSAGES HTTP/1.1" 200 14569 baptist-temple.com "https://baptist-temple.com/shop/lachrymals/pestilential142250080589.html?path=//proc/self/root/usr/lib/locale/wo_SN" "Mozilla/5.0 AppleWebKit/537.36 (KHTML, like Gecko; compatible; GPTBot/1.3; +https://openai.com/gptbot)" "-"
66.249.70.0 - - [13/Mar/2026:00:00:40 -0400] "GET /shop/laughter/sleeplessly122664573407.html HTTP/1.1" 200 217029 baptist-temple.com "-" "Mozilla/5.0 (Linux; Android 6.0.1; Nexus 5X Build/MMB29P) AppleWebKit/537.36 (KHTML, like Gecko) Chrome/145.0.7632.116 Mobile Safari/537.36 (compatible; Googlebot/2.1; +http://www.google.com/bot.html)" "-"
66.249.70.0 - - [13/Mar/2026:00:00:41 -0400] "GET /shop/judicature/throwe13102180496.html HTTP/1.1" 200 213469 baptist-temple.com "-" "Mozilla/5.0 (Linux; Android 6.0.1; Nexus 5X Build/MMB29P) AppleWebKit/537.36 (KHTML, like Gecko) Chrome/145.0.7632.116 Mobile Safari/537.36 (compatible; Googlebot/2.1; +http://www.google.com/bot.html)" "-"
144.76.32.0 - - [13/Mar/2026:00:00:42 -0400] "GET /shop/maffioso/preconsigned141360756012.html HTTP/1.1" 200 54919 baptist-temple.com "-" "Mozilla/5.0 (compatible; SERankingBacklinksBot/1.0; +https://seranking.com/backlinks-crawler)" "-"
207.46.13.0 - - [13/Mar/2026:00:00:42 -0400] "GET /shop/honing/azoth333167305547.html HTTP/1.1" 200 208761 www.baptist-temple.com "-" "Mozilla/5.0 AppleWebKit/537.36 (KHTML, like Gecko; compatible; bingbot/2.0; +http://www.bing.com/bingbot.htm) Chrome/116.0.1938.76 Safari/537.36" "-"
74.7.242.0 - - [13/Mar/2026:00:00:42 -0400] "GET /shop/lachrymals/pestilential142250080589.html?path=//proc/self/root/usr/lib/locale/es_PE/LC_MESSAGES HTTP/1.1" 200 14569 baptist-temple.com "https://baptist-temple.com/shop/lachrymals/pestilential142250080589.html?path=//proc/self/root/usr/lib/locale/es_PE" "Mozilla/5.0 AppleWebKit/537.36 (KHTML, like Gecko; compatible; GPTBot/1.3; +https://openai.com/gptbot)" "-"
207.46.13.0 - - [13/Mar/2026:00:00:43 -0400] "GET /shop/blackfordi/unwoman202263751638.html HTTP/1.1" 200 217498 www.baptist-temple.com "-" "Mozilla/5.0 AppleWebKit/537.36 (KHTML, like Gecko; compatible; bingbot/2.0; +http://www.bing.com/bingbot.htm) Chrome/116.0.1938.76 Safari/537.36" "-"
66.249.70.0 - - [13/Mar/2026:00:00:45 -0400] "GET /shop/nereids/omened131385355917.html HTTP/1.1" 200 213118 baptist-temple.com "-" "Mozilla/5.0 (Linux; Android 6.0.1; Nexus 5X Build/MMB29P) AppleWebKit/537.36 (KHTML, like Gecko) Chrome/145.0.7632.116 Mobile Safari/537.36 (compatible; Googlebot/2.1; +http://www.google.com/bot.html)" "-"
74.7.242.0 - - [13/Mar/2026:00:00:45 -0400] "GET /shop/lachrymals/pestilential142250080589.html?path=//proc/self/root/usr/lib/locale/nb_NO/LC_MESSAGES HTTP/1.1" 200 14569 baptist-temple.com "https://baptist-temple.com/shop/lachrymals/pestilential142250080589.html?path=//proc/self/root/usr/lib/locale/nb_NO" "Mozilla/5.0 AppleWebKit/537.36 (KHTML, like Gecko; compatible; GPTBot/1.3; +https://openai.com/gptbot)" "-"
2a03:2880:f800:: - - [13/Mar/2026:00:00:45 -0400] "GET /shop/fallible/lookover162641977811.html?path=/homepages/6/d588958228 HTTP/1.1" 200 32852 baptist-temple.com "-" "meta-externalagent/1.1 (+https://developers.facebook.com/docs/sharing/webmasters/crawler)" "-"
144.76.32.0 - - [13/Mar/2026:00:00:46 -0400] "GET /shop/marihuana/calamitously14683827587.html HTTP/1.1" 200 54919 baptist-temple.com "-" "Mozilla/5.0 (compatible; SERankingBacklinksBot/1.0; +https://seranking.com/backlinks-crawler)" "-"
207.46.13.0 - - [13/Mar/2026:00:00:47 -0400] "GET /shop/suscitate/foxlike163084255513.html HTTP/1.1" 200 222384 www.baptist-temple.com "-" "Mozilla/5.0 AppleWebKit/537.36 (KHTML, like Gecko; compatible; bingbot/2.0; +http://www.bing.com/bingbot.htm) Chrome/116.0.1938.76 Safari/537.36" "-"
74.7.242.0 - - [13/Mar/2026:00:00:48 -0400] "GET /shop/lachrymals/pestilential142250080589.html?path=//proc/self/root/usr/lib/locale/az_AZ/LC_MESSAGES HTTP/1.1" 200 14569 baptist-temple.com "https://baptist-temple.com/shop/lachrymals/pestilential142250080589.html?path=//proc/self/root/usr/lib/locale/az_AZ" "Mozilla/5.0 AppleWebKit/537.36 (KHTML, like Gecko; compatible; GPTBot/1.3; +https://openai.com/gptbot)" "-"
66.249.70.0 - - [13/Mar/2026:00:00:49 -0400] "GET /shop/ambush/soprani132540287904.html HTTP/1.1" 200 217273 baptist-temple.com "-" "Mozilla/5.0 (Linux; Android 6.0.1; Nexus 5X Build/MMB29P) AppleWebKit/537.36 (KHTML, like Gecko) Chrome/145.0.7632.116 Mobile Safari/537.36 (compatible; Googlebot/2.1; +http://www.google.com/bot.html)" "-"
144.76.32.0 - - [13/Mar/2026:00:00:49 -0400] "GET /shop/maximizing/suspicable141183321453.html HTTP/1.1" 200 54919 baptist-temple.com "-" "Mozilla/5.0 (compatible; SERankingBacklinksBot/1.0; +https://seranking.com/backlinks-crawler)" "-"
74.7.242.0 - - [13/Mar/2026:00:00:51 -0400] "GET /shop/lachrymals/pestilential142250080589.html?path=//proc/self/root/usr/lib/locale/en_ZW/LC_MESSAGES HTTP/1.1" 200 14569 baptist-temple.com "https://baptist-temple.com/shop/lachrymals/pestilential142250080589.html?path=//proc/self/root/usr/lib/locale/en_ZW" "Mozilla/5.0 AppleWebKit/537.36 (KHTML, like Gecko; compatible; GPTBot/1.3; +https://openai.com/gptbot)" "-"
2a03:2880:f800:: - - [13/Mar/2026:00:00:52 -0400] "GET /shop/fallible/lookover162641977811.html?fileloc=//lib/ssl/certs/certSIGN_ROOT_CA.pem&path=//lib/ssl/certs HTTP/1.1" 200 13462 baptist-temple.com "-" "meta-externalagent/1.1 (+https://developers.facebook.com/docs/sharing/webmasters/crawler)" "-"
2a03:2880:f800:: - - [13/Mar/2026:00:00:52 -0400] "GET /shop/fallible/lookover162641977811.html?fileloc=//lib/ssl/certs/XRamp_Global_CA_Root.pem&path=//lib/ssl/certs HTTP/1.1" 200 13803 baptist-temple.com "-" "meta-externalagent/1.1 (+https://developers.facebook.com/docs/sharing/webmasters/crawler)" "-"
66.249.70.0 - - [13/Mar/2026:00:00:53 -0400] "GET /shop/retinophoral/royalism13402433234.html HTTP/1.1" 200 206607 baptist-temple.com "-" "Mozilla/5.0 (Linux; Android 6.0.1; Nexus 5X Build/MMB29P) AppleWebKit/537.36 (KHTML, like Gecko) Chrome/145.0.7632.116 Mobile Safari/537.36 (compatible; Googlebot/2.1; +http://www.google.com/bot.html)" "-"
2a03:2880:f800:: - - [13/Mar/2026:00:00:53 -0400] "GET /shop/fallible/lookover162641977811.html?fileloc=//lib/ssl/certs/Starfield_Class_2_CA.pem&path=//lib/ssl/certs HTTP/1.1" 200 13758 baptist-temple.com "-" "meta-externalagent/1.1 (+https://developers.facebook.com/docs/sharing/webmasters/crawler)" "-"
144.76.32.0 - - [13/Mar/2026:00:00:53 -0400] "GET /shop/mazological/preceding144122152657.html HTTP/1.1" 200 54919 baptist-temple.com "-" "Mozilla/5.0 (compatible; SERankingBacklinksBot/1.0; +https://seranking.com/backlinks-crawler)" "-"
66.249.70.0 - - [13/Mar/2026:00:00:54 -0400] "GET /shop/bizantine/bushelage132751885021.html HTTP/1.1" 200 215500 baptist-temple.com "-" "Mozilla/5.0 (Linux; Android 6.0.1; Nexus 5X Build/MMB29P) AppleWebKit/537.36 (KHTML, like Gecko) Chrome/145.0.7632.116 Mobile Safari/537.36 (compatible; Googlebot/2.1; +http://www.google.com/bot.html)" "-"
74.7.242.0 - - [13/Mar/2026:00:00:55 -0400] "GET /shop/lachrymals/pestilential142250080589.html?path=//proc/self/root/usr/lib/locale/mn_MN/LC_MESSAGES HTTP/1.1" 200 14569 baptist-temple.com "https://baptist-temple.com/shop/lachrymals/pestilential142250080589.html?path=//proc/self/root/usr/lib/locale/mn_MN" "Mozilla/5.0 AppleWebKit/537.36 (KHTML, like Gecko; compatible; GPTBot/1.3; +https://openai.com/gptbot)" "-"
2a03:2880:f800:: - - [13/Mar/2026:00:00:55 -0400] "GET /shop/fallible/lookover162641977811.html?fileloc=//lib/ssl/certs/QuoVadis_Root_CA_2.pem&path=//lib/ssl/certs HTTP/1.1" 200 14329 baptist-temple.com "-" "meta-externalagent/1.1 (+https://developers.facebook.com/docs/sharing/webmasters/crawler)" "-"
2a03:2880:f800:: - - [13/Mar/2026:00:00:55 -0400] "GET /shop/fallible/lookover162641977811.html?fileloc=//lib/ssl/certs/Telia_Root_CA_v2.pem&path=//lib/ssl/certs HTTP/1.1" 200 14238 baptist-temple.com "-" "meta-externalagent/1.1 (+https://developers.facebook.com/docs/sharing/webmasters/crawler)" "-"
2a03:2880:f800:: - - [13/Mar/2026:00:00:56 -0400] "GET /shop/fallible/lookover162641977811.html?fileloc=//lib/ssl/certs/e35234b1.0&path=//lib/ssl/certs HTTP/1.1" 200 14329 baptist-temple.com "-" "meta-externalagent/1.1 (+https://developers.facebook.com/docs/sharing/webmasters/crawler)" "-"
144.76.32.0 - - [13/Mar/2026:00:00:56 -0400] "GET /shop/megarhyncos/magnified141653398471.html HTTP/1.1" 200 54919 baptist-temple.com "-" "Mozilla/5.0 (compatible; SERankingBacklinksBot/1.0; +https://seranking.com/backlinks-crawler)" "-"
2a03:2880:f800:: - - [13/Mar/2026:00:00:57 -0400] "GET /shop/fallible/lookover162641977811.html?fileloc=//lib/ssl/certs/D-TRUST_BR_Root_CA_2_2023.pem&path=//lib/ssl/certs HTTP/1.1" 200 14320 baptist-temple.com "-" "meta-externalagent/1.1 (+https://developers.facebook.com/docs/sharing/webmasters/crawler)" "-"
74.7.242.0 - - [13/Mar/2026:00:00:58 -0400] "GET /shop/lachrymals/pestilential142250080589.html?path=//proc/self/root/usr/lib/locale/raj_IN/LC_MESSAGES HTTP/1.1" 200 14576 baptist-temple.com "https://baptist-temple.com/shop/lachrymals/pestilential142250080589.html?path=//proc/self/root/usr/lib/locale/raj_IN" "Mozilla/5.0 AppleWebKit/537.36 (KHTML, like Gecko; compatible; GPTBot/1.3; +https://openai.com/gptbot)" "-"
66.249.70.0 - - [13/Mar/2026:00:00:59 -0400] "GET /shop/apraxia/dinging1332219020.html HTTP/1.1" 200 211048 baptist-temple.com "-" "Mozilla/5.0 (Linux; Android 6.0.1; Nexus 5X Build/MMB29P) AppleWebKit/537.36 (KHTML, like Gecko) Chrome/145.0.7632.116 Mobile Safari/537.36 (compatible; Googlebot/2.1; +http://www.google.com/bot.html)" "-"
2a03:2880:f800:: - - [13/Mar/2026:00:01:00 -0400] "GET /shop/fallible/lookover162641977811.html?fileloc=//lib/ssl/certs/b1159c4c.0&path=//lib/ssl/certs HTTP/1.1" 200 13626 baptist-temple.com "-" "meta-externalagent/1.1 (+https://developers.facebook.com/docs/sharing/webmasters/crawler)" "-"
144.76.32.0 - - [13/Mar/2026:00:01:00 -0400] "GET /shop/melodics/inspectorate142603752901.html HTTP/1.1" 200 54919 baptist-temple.com "-" "Mozilla/5.0 (compatible; SERankingBacklinksBot/1.0; +https://seranking.com/backlinks-crawler)" "-"
2a03:2880:f800:: - - [13/Mar/2026:00:01:00 -0400] "GET /shop/fallible/lookover162641977811.html?fileloc=//proc/buddyinfo&path=//proc HTTP/1.1" 200 12592 baptist-temple.com "-" "meta-externalagent/1.1 (+https://developers.facebook.com/docs/sharing/webmasters/crawler)" "-"
66.249.70.0 - - [13/Mar/2026:00:01:01 -0400] "GET /shop/excalfaction/towboat13815745408.html HTTP/1.1" 200 214819 baptist-temple.com "-" "Mozilla/5.0 (Linux; Android 6.0.1; Nexus 5X Build/MMB29P) AppleWebKit/537.36 (KHTML, like Gecko) Chrome/145.0.7632.116 Mobile Safari/537.36 (compatible; Googlebot/2.1; +http://www.google.com/bot.html)" "-"
74.7.242.0 - - [13/Mar/2026:00:01:01 -0400] "GET /shop/lachrymals/pestilential142250080589.html?path=//proc/self/root/usr/lib/locale/id_ID/LC_MESSAGES HTTP/1.1" 200 14569 baptist-temple.com "https://baptist-temple.com/shop/lachrymals/pestilential142250080589.html?path=//proc/self/root/usr/lib/locale/id_ID" "Mozilla/5.0 AppleWebKit/537.36 (KHTML, like Gecko; compatible; GPTBot/1.3; +https://openai.com/gptbot)" "-"
2a03:2880:f800:: - - [13/Mar/2026:00:01:01 -0400] "GET /shop/fallible/lookover162641977811.html?fileloc=//lib/ssl/certs/Entrust_Root_Certification_Authority_-_G2.pem&path=//lib/ssl/certs HTTP/1.1" 200 13844 baptist-temple.com "-" "meta-externalagent/1.1 (+https://developers.facebook.com/docs/sharing/webmasters/crawler)" "-"
2a03:2880:f800:: - - [13/Mar/2026:00:01:02 -0400] "GET /shop/fallible/lookover162641977811.html?fileloc=//lib/ssl/certs/7fa05551.0&path=//lib/ssl/certs HTTP/1.1" 200 14313 baptist-temple.com "-" "meta-externalagent/1.1 (+https://developers.facebook.com/docs/sharing/webmasters/crawler)" "-"
207.46.13.0 - - [13/Mar/2026:00:01:03 -0400] "GET /shop/plastography/hemitropal161851835861.html HTTP/1.1" 200 219186 www.baptist-temple.com "-" "Mozilla/5.0 AppleWebKit/537.36 (KHTML, like Gecko; compatible; bingbot/2.0; +http://www.bing.com/bingbot.htm) Chrome/116.0.1938.76 Safari/537.36" "-"
2a03:2880:f800:: - - [13/Mar/2026:00:01:03 -0400] "GET /shop/fallible/lookover162641977811.html?fileloc=//lib/ssl/certs/4f316efb.0&path=//lib/ssl/certs HTTP/1.1" 200 14321 baptist-temple.com "-" "meta-externalagent/1.1 (+https://developers.facebook.com/docs/sharing/webmasters/crawler)" "-"
144.76.32.0 - - [13/Mar/2026:00:01:03 -0400] "GET /shop/metabolisis/chilensis143543997560.html HTTP/1.1" 200 54919 baptist-temple.com "-" "Mozilla/5.0 (compatible; SERankingBacklinksBot/1.0; +https://seranking.com/backlinks-crawler)" "-"
74.7.242.0 - - [13/Mar/2026:00:01:04 -0400] "GET /shop/lachrymals/pestilential142250080589.html?path=//proc/self/root/usr/lib/locale/te_IN/LC_MESSAGES HTTP/1.1" 200 14569 baptist-temple.com "https://baptist-temple.com/shop/lachrymals/pestilential142250080589.html?path=//proc/self/root/usr/lib/locale/te_IN" "Mozilla/5.0 AppleWebKit/537.36 (KHTML, like Gecko; compatible; GPTBot/1.3; +https://openai.com/gptbot)" "-"
2a03:2880:f800:: - - [13/Mar/2026:00:01:05 -0400] "GET /shop/fallible/lookover162641977811.html?fileloc=//lib/ssl/certs/DigiCert_Assured_ID_Root_G2.pem&path=//lib/ssl/certs HTTP/1.1" 200 13603 baptist-temple.com "-" "meta-externalagent/1.1 (+https://developers.facebook.com/docs/sharing/webmasters/crawler)" "-"
66.249.70.0 - - [13/Mar/2026:00:01:05 -0400] "GET /shop/reprune/wrenching112580595332.html HTTP/1.1" 200 215770 baptist-temple.com "-" "Mozilla/5.0 (Linux; Android 6.0.1; Nexus 5X Build/MMB29P) AppleWebKit/537.36 (KHTML, like Gecko) Chrome/145.0.7632.116 Mobile Safari/537.36 (compatible; Googlebot/2.1; +http://www.google.com/bot.html)" "-"
2a03:2880:f800:: - - [13/Mar/2026:00:01:05 -0400] "GET /shop/fallible/lookover162641977811.html?fileloc=//lib/ssl/certs/Starfield_Root_Certificate_Authority_-_G2.pem&path=//lib/ssl/certs HTTP/1.1" 200 13710 baptist-temple.com "-" "meta-externalagent/1.1 (+https://developers.facebook.com/docs/sharing/webmasters/crawler)" "-"
66.249.64.0 - - [13/Mar/2026:00:01:05 -0400] "GET /shop/panteutonic/hexahedron133502865433.html HTTP/1.1" 200 214719 baptist-temple.com "-" "Mozilla/5.0 (Linux; Android 6.0.1; Nexus 5X Build/MMB29P) AppleWebKit/537.36 (KHTML, like Gecko) Chrome/145.0.7632.116 Mobile Safari/537.36 (compatible; Googlebot/2.1; +http://www.google.com/bot.html)" "-"
66.249.70.0 - - [13/Mar/2026:00:01:06 -0400] "GET /shop/bivalent/joculatory11825162534.html HTTP/1.1" 200 210630 baptist-temple.com "-" "Mozilla/5.0 (Linux; Android 6.0.1; Nexus 5X Build/MMB29P) AppleWebKit/537.36 (KHTML, like Gecko) Chrome/145.0.7632.116 Mobile Safari/537.36 (compatible; Googlebot/2.1; +http://www.google.com/bot.html)" "-"
66.249.64.0 - - [13/Mar/2026:00:01:06 -0400] "GET /shop/flavourful/abdication111750756334.html HTTP/1.1" 200 222114 baptist-temple.com "-" "Mozilla/5.0 (Linux; Android 6.0.1; Nexus 5X Build/MMB29P) AppleWebKit/537.36 (KHTML, like Gecko) Chrome/145.0.7632.116 Mobile Safari/537.36 (compatible; Googlebot/2.1; +http://www.google.com/bot.html)" "-"
148.113.130.0 - - [13/Mar/2026:00:01:06 -0400] "GET /shop/purloiner/squad133197396243.html HTTP/1.1" 200 54919 www.baptist-temple.com "-" "Mozilla/5.0 (compatible; AhrefsBot/7.0; +http://ahrefs.com/robot/)" "-"
66.249.70.0 - - [13/Mar/2026:00:01:07 -0400] "GET /shop/exhumation/isuret132629353574.html HTTP/1.1" 200 221666 baptist-temple.com "-" "Mozilla/5.0 (Linux; Android 6.0.1; Nexus 5X Build/MMB29P) AppleWebKit/537.36 (KHTML, like Gecko) Chrome/145.0.7632.116 Mobile Safari/537.36 (compatible; Googlebot/2.1; +http://www.google.com/bot.html)" "-"
74.7.242.0 - - [13/Mar/2026:00:01:07 -0400] "GET /shop/lachrymals/pestilential142250080589.html?path=//proc/self/root/usr/lib/locale/ha_NG/LC_MESSAGES HTTP/1.1" 200 14569 baptist-temple.com "https://baptist-temple.com/shop/lachrymals/pestilential142250080589.html?path=//proc/self/root/usr/lib/locale/ha_NG" "Mozilla/5.0 AppleWebKit/537.36 (KHTML, like Gecko; compatible; GPTBot/1.3; +https://openai.com/gptbot)" "-"
144.76.32.0 - - [13/Mar/2026:00:01:07 -0400] "GET /shop/midfebruary/tarnisher141487475928.html HTTP/1.1" 200 54919 baptist-temple.com "-" "Mozilla/5.0 (compatible; SERankingBacklinksBot/1.0; +https://seranking.com/backlinks-crawler)" "-"
2a03:2880:f800:: - - [13/Mar/2026:00:01:09 -0400] "GET /shop/fallible/lookover162641977811.html?fileloc=//lib/python3.9/distutils/config.py&path=//lib/python3.9/distutils HTTP/1.1" 200 17438 baptist-temple.com "-" "meta-externalagent/1.1 (+https://developers.facebook.com/docs/sharing/webmasters/crawler)" "-"
66.249.70.0 - - [13/Mar/2026:00:01:10 -0400] "GET /shop/lines/capitata13892998076.html HTTP/1.1" 200 217883 baptist-temple.com "-" "Mozilla/5.0 (Linux; Android 6.0.1; Nexus 5X Build/MMB29P) AppleWebKit/537.36 (KHTML, like Gecko) Chrome/145.0.7632.116 Mobile Safari/537.36 (compatible; Googlebot/2.1; +http://www.google.com/bot.html)" "-"
74.7.242.0 - - [13/Mar/2026:00:01:10 -0400] "GET /shop/lachrymals/pestilential142250080589.html?path=//proc/self/root/usr/lib/locale/nds_DE/LC_MESSAGES HTTP/1.1" 200 14576 baptist-temple.com "https://baptist-temple.com/shop/lachrymals/pestilential142250080589.html?path=//proc/self/root/usr/lib/locale/nds_DE" "Mozilla/5.0 AppleWebKit/537.36 (KHTML, like Gecko; compatible; GPTBot/1.3; +https://openai.com/gptbot)" "-"
144.76.32.0 - - [13/Mar/2026:00:01:11 -0400] "GET /shop/minimum/triquadrantal144243818319.html HTTP/1.1" 200 54919 baptist-temple.com "-" "Mozilla/5.0 (compatible; SERankingBacklinksBot/1.0; +https://seranking.com/backlinks-crawler)" "-"
2a03:2880:f800:: - - [13/Mar/2026:00:01:11 -0400] "GET /shop/fallible/lookover162641977811.html?fileloc=//bin/uudecode&path=//bin HTTP/1.1" 200 12188 baptist-temple.com "-" "meta-externalagent/1.1 (+https://developers.facebook.com/docs/sharing/webmasters/crawler)" "-"
40.77.167.0 - - [13/Mar/2026:00:01:12 -0400] "GET /shop/tepefying/pepperer171312609970.html HTTP/1.1" 200 220916 www.baptist-temple.com "-" "Mozilla/5.0 AppleWebKit/537.36 (KHTML, like Gecko; compatible; bingbot/2.0; +http://www.bing.com/bingbot.htm) Chrome/116.0.1938.76 Safari/537.36" "-"
2a03:2880:f800:: - - [13/Mar/2026:00:01:12 -0400] "GET /shop/fallible/lookover162641977811.html?fileloc=//bin/cvs-switchroot&path=//bin HTTP/1.1" 200 15117 baptist-temple.com "-" "meta-externalagent/1.1 (+https://developers.facebook.com/docs/sharing/webmasters/crawler)" "-"
74.7.242.0 - - [13/Mar/2026:00:01:13 -0400] "GET /shop/lachrymals/pestilential142250080589.html?path=//proc/self/root/usr/lib/locale/my_MM/LC_MESSAGES HTTP/1.1" 200 14569 baptist-temple.com "https://baptist-temple.com/shop/lachrymals/pestilential142250080589.html?path=//proc/self/root/usr/lib/locale/my_MM" "Mozilla/5.0 AppleWebKit/537.36 (KHTML, like Gecko; compatible; GPTBot/1.3; +https://openai.com/gptbot)" "-"
66.249.70.0 - - [13/Mar/2026:00:01:14 -0400] "GET /shop/vaunce/adnate133354158917.html HTTP/1.1" 200 214929 baptist-temple.com "-" "Mozilla/5.0 (Linux; Android 6.0.1; Nexus 5X Build/MMB29P) AppleWebKit/537.36 (KHTML, like Gecko) Chrome/145.0.7632.116 Mobile Safari/537.36 (compatible; Googlebot/2.1; +http://www.google.com/bot.html)" "-"
144.76.32.0 - - [13/Mar/2026:00:01:14 -0400] "GET /shop/ministering/gainsayer143698363953.html HTTP/1.1" 200 54919 baptist-temple.com "-" "Mozilla/5.0 (compatible; SERankingBacklinksBot/1.0; +https://seranking.com/backlinks-crawler)" "-"
66.249.64.0 - - [13/Mar/2026:00:01:16 -0400] "GET /shop/escalade/prolife131500769851.html HTTP/1.1" 200 220445 baptist-temple.com "-" "Mozilla/5.0 (Linux; Android 6.0.1; Nexus 5X Build/MMB29P) AppleWebKit/537.36 (KHTML, like Gecko) Chrome/145.0.7632.116 Mobile Safari/537.36 (compatible; Googlebot/2.1; +http://www.google.com/bot.html)" "-"
74.7.242.0 - - [13/Mar/2026:00:01:16 -0400] "GET /shop/lachrymals/pestilential142250080589.html?path=//proc/self/root/usr/lib/locale/sl_SI/LC_MESSAGES HTTP/1.1" 200 14569 baptist-temple.com "https://baptist-temple.com/shop/lachrymals/pestilential142250080589.html?path=//proc/self/root/usr/lib/locale/sl_SI" "Mozilla/5.0 AppleWebKit/537.36 (KHTML, like Gecko; compatible; GPTBot/1.3; +https://openai.com/gptbot)" "-"
144.76.32.0 - - [13/Mar/2026:00:01:18 -0400] "GET /shop/minting/plagiostomata142274252792.html HTTP/1.1" 200 54919 baptist-temple.com "-" "Mozilla/5.0 (compatible; SERankingBacklinksBot/1.0; +https://seranking.com/backlinks-crawler)" "-"
20.15.133.0 - - [13/Mar/2026:00:01:18 -0400] "GET /shop/quickwork/spiccato134169744147.html HTTP/1.1" 200 215337 www.baptist-temple.com "-" "Mozilla/5.0 AppleWebKit/537.36 (KHTML, like Gecko; compatible; bingbot/2.0; +http://www.bing.com/bingbot.htm) Chrome/116.0.1938.76 Safari/537.36" "-"
2a03:2880:f800:: - - [13/Mar/2026:00:01:19 -0400] "GET /shop/fallible/lookover162641977811.html?fileloc=//lib/ssl/certs/f387163d.0&path=//lib/ssl/certs HTTP/1.1" 200 13744 baptist-temple.com "-" "meta-externalagent/1.1 (+https://developers.facebook.com/docs/sharing/webmasters/crawler)" "-"
74.7.242.0 - - [13/Mar/2026:00:01:19 -0400] "GET /shop/lachrymals/pestilential142250080589.html?path=//proc/self/root/usr/lib/locale/es_US/LC_MESSAGES HTTP/1.1" 200 14569 baptist-temple.com "https://baptist-temple.com/shop/lachrymals/pestilential142250080589.html?path=//proc/self/root/usr/lib/locale/es_US" "Mozilla/5.0 AppleWebKit/537.36 (KHTML, like Gecko; compatible; GPTBot/1.3; +https://openai.com/gptbot)" "-"
2a03:2880:f800:: - - [13/Mar/2026:00:01:20 -0400] "GET /shop/fallible/lookover162641977811.html?fileloc=//lib/ssl/certs/48bec511.0&path=//lib/ssl/certs HTTP/1.1" 200 13630 baptist-temple.com "-" "meta-externalagent/1.1 (+https://developers.facebook.com/docs/sharing/webmasters/crawler)" "-"
66.249.70.0 - - [13/Mar/2026:00:01:20 -0400] "GET /shop/misbeliever/phone131097773757.html HTTP/1.1" 200 228080 baptist-temple.com "-" "Mozilla/5.0 (Linux; Android 6.0.1; Nexus 5X Build/MMB29P) AppleWebKit/537.36 (KHTML, like Gecko) Chrome/145.0.7632.116 Mobile Safari/537.36 (compatible; Googlebot/2.1; +http://www.google.com/bot.html)" "-"
2a03:2880:f800:: - - [13/Mar/2026:00:01:20 -0400] "GET /shop/fallible/lookover162641977811.html?fileloc=//lib/ssl/certs/CommScope_Public_Trust_RSA_Root-02.pem&path=//lib/ssl/certs HTTP/1.1" 200 14243 baptist-temple.com "-" "meta-externalagent/1.1 (+https://developers.facebook.com/docs/sharing/webmasters/crawler)" "-"
66.249.70.0 - - [13/Mar/2026:00:01:20 -0400] "GET /shop/warblingly/cloudiest133837609119.html HTTP/1.1" 200 216954 baptist-temple.com "-" "Mozilla/5.0 (Linux; Android 6.0.1; Nexus 5X Build/MMB29P) AppleWebKit/537.36 (KHTML, like Gecko) Chrome/145.0.7632.116 Mobile Safari/537.36 (compatible; Googlebot/2.1; +http://www.google.com/bot.html)" "-"
2a03:2880:f800:: - - [13/Mar/2026:00:01:21 -0400] "GET /shop/fallible/lookover162641977811.html?fileloc=//bin/pdb3.9&path=//bin HTTP/1.1" 200 77449 baptist-temple.com "-" "meta-externalagent/1.1 (+https://developers.facebook.com/docs/sharing/webmasters/crawler)" "-"
144.76.32.0 - - [13/Mar/2026:00:01:21 -0400] "GET /shop/misbear/coextensively142308383053.html HTTP/1.1" 200 54919 baptist-temple.com "-" "Mozilla/5.0 (compatible; SERankingBacklinksBot/1.0; +https://seranking.com/backlinks-crawler)" "-"
2a03:2880:f800:: - - [13/Mar/2026:00:01:22 -0400] "GET /shop/fallible/lookover162641977811.html?fileloc=//lib/python3.9/sched.py&path=//lib/python3.9 HTTP/1.1" 200 18971 baptist-temple.com "-" "meta-externalagent/1.1 (+https://developers.facebook.com/docs/sharing/webmasters/crawler)" "-"
74.7.242.0 - - [13/Mar/2026:00:01:23 -0400] "GET /shop/lachrymals/pestilential142250080589.html?path=//proc/self/root/usr/lib/locale/to_TO/LC_MESSAGES HTTP/1.1" 200 14569 baptist-temple.com "https://baptist-temple.com/shop/lachrymals/pestilential142250080589.html?path=//proc/self/root/usr/lib/locale/to_TO" "Mozilla/5.0 AppleWebKit/537.36 (KHTML, like Gecko; compatible; GPTBot/1.3; +https://openai.com/gptbot)" "-"
66.249.70.0 - - [13/Mar/2026:00:01:23 -0400] "GET /shop/thalweg/valencies133754326414.html HTTP/1.1" 200 229372 baptist-temple.com "-" "Mozilla/5.0 (Linux; Android 6.0.1; Nexus 5X Build/MMB29P) AppleWebKit/537.36 (KHTML, like Gecko) Chrome/145.0.7632.116 Mobile Safari/537.36 (compatible; Googlebot/2.1; +http://www.google.com/bot.html)" "-"
2a03:2880:f800:: - - [13/Mar/2026:00:01:23 -0400] "GET /shop/fallible/lookover162641977811.html?fileloc=//lib/git-core/git-mergetool--lib&path=//lib/git-core HTTP/1.1" 200 23558 baptist-temple.com "-" "meta-externalagent/1.1 (+https://developers.facebook.com/docs/sharing/webmasters/crawler)" "-"
144.76.32.0 - - [13/Mar/2026:00:01:25 -0400] "GET /shop/moistening/lithofalco141681002565.html HTTP/1.1" 200 54919 baptist-temple.com "-" "Mozilla/5.0 (compatible; SERankingBacklinksBot/1.0; +https://seranking.com/backlinks-crawler)" "-"
74.7.242.0 - - [13/Mar/2026:00:01:26 -0400] "GET /shop/lachrymals/pestilential142250080589.html?path=//proc/self/root/usr/lib/locale/ne_NP/LC_MESSAGES HTTP/1.1" 200 14569 baptist-temple.com "https://baptist-temple.com/shop/lachrymals/pestilential142250080589.html?path=//proc/self/root/usr/lib/locale/ne_NP" "Mozilla/5.0 AppleWebKit/537.36 (KHTML, like Gecko; compatible; GPTBot/1.3; +https://openai.com/gptbot)" "-"
2a03:2880:f800:: - - [13/Mar/2026:00:01:26 -0400] "GET /shop/fallible/lookover162641977811.html?path=/homepages/5 HTTP/1.1" 200 12649 baptist-temple.com "-" "meta-externalagent/1.1 (+https://developers.facebook.com/docs/sharing/webmasters/crawler)" "-"
66.249.70.0 - - [13/Mar/2026:00:01:27 -0400] "GET /shop/gimblet/superlunar11680767833.html HTTP/1.1" 200 209408 baptist-temple.com "-" "Mozilla/5.0 (Linux; Android 6.0.1; Nexus 5X Build/MMB29P) AppleWebKit/537.36 (KHTML, like Gecko) Chrome/145.0.7632.116 Mobile Safari/537.36 (compatible; Googlebot/2.1; +http://www.google.com/bot.html)" "-"
66.249.70.0 - - [13/Mar/2026:00:01:28 -0400] "GET /shop/dittybox/imitative134218912567.html HTTP/1.1" 200 213226 baptist-temple.com "-" "Mozilla/5.0 (Linux; Android 6.0.1; Nexus 5X Build/MMB29P) AppleWebKit/537.36 (KHTML, like Gecko) Chrome/145.0.7632.116 Mobile Safari/537.36 (compatible; Googlebot/2.1; +http://www.google.com/bot.html)" "-"
144.76.32.0 - - [13/Mar/2026:00:01:28 -0400] "GET /shop/monogamian/antimetabole1434972769.html HTTP/1.1" 200 54919 baptist-temple.com "-" "Mozilla/5.0 (compatible; SERankingBacklinksBot/1.0; +https://seranking.com/backlinks-crawler)" "-"
74.7.242.0 - - [13/Mar/2026:00:01:29 -0400] "GET /shop/lachrymals/pestilential142250080589.html?path=//proc/self/root/usr/lib/locale/agr_PE/LC_MESSAGES HTTP/1.1" 200 14576 baptist-temple.com "https://baptist-temple.com/shop/lachrymals/pestilential142250080589.html?path=//proc/self/root/usr/lib/locale/agr_PE" "Mozilla/5.0 AppleWebKit/537.36 (KHTML, like Gecko; compatible; GPTBot/1.3; +https://openai.com/gptbot)" "-"
66.249.70.0 - - [13/Mar/2026:00:01:30 -0400] "GET /shop/blossom/alleghaniensis133829127746.html HTTP/1.1" 200 217706 baptist-temple.com "-" "Mozilla/5.0 (Linux; Android 6.0.1; Nexus 5X Build/MMB29P) AppleWebKit/537.36 (KHTML, like Gecko) Chrome/145.0.7632.116 Mobile Safari/537.36 (compatible; Googlebot/2.1; +http://www.google.com/bot.html)" "-"
209.141.54.0 - - [13/Mar/2026:00:01:30 -0400] "GET /wp-login.php HTTP/1.1" 200 54919 baptist-temple.com "-" "Mozilla/5.0 (X11; Ubuntu; Linux x86_64; rv:31.0) Gecko/20100101 Firefox/31.0" "-"
66.249.70.0 - - [13/Mar/2026:00:01:32 -0400] "GET /shop/splenish/afroasian134280146091.html HTTP/1.1" 200 218740 baptist-temple.com "-" "Mozilla/5.0 (Linux; Android 6.0.1; Nexus 5X Build/MMB29P) AppleWebKit/537.36 (KHTML, like Gecko) Chrome/145.0.7632.116 Mobile Safari/537.36 (compatible; Googlebot/2.1; +http://www.google.com/bot.html)" "-"
74.7.242.0 - - [13/Mar/2026:00:01:32 -0400] "GET /shop/lachrymals/pestilential142250080589.html?path=//proc/self/root/usr/lib/locale/ber_DZ/LC_MESSAGES HTTP/1.1" 200 14576 baptist-temple.com "https://baptist-temple.com/shop/lachrymals/pestilential142250080589.html?path=//proc/self/root/usr/lib/locale/ber_DZ" "Mozilla/5.0 AppleWebKit/537.36 (KHTML, like Gecko; compatible; GPTBot/1.3; +https://openai.com/gptbot)" "-"
144.76.32.0 - - [13/Mar/2026:00:01:32 -0400] "GET /shop/nathless/obsoleteness143251257768.html HTTP/1.1" 200 54919 baptist-temple.com "-" "Mozilla/5.0 (compatible; SERankingBacklinksBot/1.0; +https://seranking.com/backlinks-crawler)" "-"
66.249.70.0 - - [13/Mar/2026:00:01:32 -0400] "GET /shop/misdoer/binominal11388639175.html HTTP/1.1" 200 214141 baptist-temple.com "-" "Mozilla/5.0 (Linux; Android 6.0.1; Nexus 5X Build/MMB29P) AppleWebKit/537.36 (KHTML, like Gecko) Chrome/145.0.7632.116 Mobile Safari/537.36 (compatible; Googlebot/2.1; +http://www.google.com/bot.html)" "-"
114.119.140.0 - - [13/Mar/2026:00:01:33 -0400] "GET /shop/pleochroism/mountance154208091160.html HTTP/1.1" 200 54919 baptist-temple.com "http://baptist-temple.com/sitemap.xml" "Mozilla/5.0 (Linux; Android 7.0;) AppleWebKit/537.36 (KHTML, like Gecko) Mobile Safari/537.36 (compatible; PetalBot;+https://webmaster.petalsearch.com/site/petalbot)" "-"
2a02:598:: - - [13/Mar/2026:00:01:34 -0400] "GET /shop/relator/ripping13122767618.html HTTP/1.1" 200 54919 www.baptist-temple.com "-" "Mozilla/5.0 (compatible; SeznamBot/4.0; +https://o-seznam.cz/napoveda/vyhledavani/en/seznambot-crawler/)" "-"
66.249.70.0 - - [13/Mar/2026:00:01:35 -0400] "GET /shop/sincerely/arctotheca13771263648.html HTTP/1.1" 200 218681 baptist-temple.com "-" "Mozilla/5.0 (Linux; Android 6.0.1; Nexus 5X Build/MMB29P) AppleWebKit/537.36 (KHTML, like Gecko) Chrome/145.0.7632.116 Mobile Safari/537.36 (compatible; Googlebot/2.1; +http://www.google.com/bot.html)" "-"
