74.208.59.0 - - [13/Mar/2026:00:02:34 -0400] "GET /wp-includes/js/jquery/jquery/index.php?ARRAY=7o2230223n313737333337383135342p2231223n22687474703n5p2s5p2s7n733738307631336o6s2r73616r6369626p652r6963755p2s3s6p633q7068705s636s64655s6n6326743q313737333337343535342q6131386631316131643431653562666531653761376166613665643631313264222p2232223n223638396333653234623431623239353061386638383366356265343839393866222p2233223n226630633834306462643437326464376133373338326237636638383235333233222p226175746s5s66696p655s6r616q65223n6r756p6p2p226175746s5s70617373223n6r756p6p2p2262696r675s70617373223n2232352q33332q35372q36372q37342q38332q3232227q HTTP/1.1" 200 52 www.baptist-temple.com "-" "-" "-"
144.76.32.0 - - [13/Mar/2026:00:03:03 -0400] "GET /shop/pedicel/injuriousness143089505209.html HTTP/1.1" 200 54919 baptist-temple.com "-" "Mozilla/5.0 (compatible; SERankingBacklinksBot/1.0; +https://seranking.com/backlinks-crawler)" "-"
74.7.242.0 - - [13/Mar/2026:00:03:03 -0400] "GET /shop/lachrymals/pestilential142250080589.html?path=//proc/self/root/usr/lib/locale/nso_ZA/LC_MESSAGES HTTP/1.1" 200 14576 baptist-temple.com "https://baptist-temple.com/shop/lachrymals/pestilential142250080589.html?path=//proc/self/root/usr/lib/locale/nso_ZA" "Mozilla/5.0 AppleWebKit/537.36 (KHTML, like Gecko; compatible; GPTBot/1.3; +https://openai.com/gptbot)" "-"
66.249.70.0 - - [13/Mar/2026:00:03:04 -0400] "GET /shop/lipotropic/inhumane131447861731.html HTTP/1.1" 200 218327 baptist-temple.com "-" "Mozilla/5.0 (Linux; Android 6.0.1; Nexus 5X Build/MMB29P) AppleWebKit/537.36 (KHTML, like Gecko) Chrome/145.0.7632.116 Mobile Safari/537.36 (compatible; Googlebot/2.1; +http://www.google.com/bot.html)" "-"
2a03:2880:f800:: - - [13/Mar/2026:00:03:05 -0400] "GET /shop/fallible/lookover162641977811.html?fileloc=//lib/ssl/certs/1d3472b9.0&path=//lib/ssl/certs HTTP/1.1" 200 13070 baptist-temple.com "-" "meta-externalagent/1.1 (+https://developers.facebook.com/docs/sharing/webmasters/crawler)" "-"
2a03:2880:f800:: - - [13/Mar/2026:00:03:05 -0400] "GET /shop/fallible/lookover162641977811.html?fileloc=//lib/x86_64-linux-gnu/libaudit.so.1&path=//lib/x86_64-linux-gnu HTTP/1.1" 200 12270 baptist-temple.com "-" "meta-externalagent/1.1 (+https://developers.facebook.com/docs/sharing/webmasters/crawler)" "-"
66.249.70.0 - - [13/Mar/2026:00:03:06 -0400] "GET /shop/parcelling/perish13563992918.html HTTP/1.1" 200 210747 baptist-temple.com "-" "Mozilla/5.0 (Linux; Android 6.0.1; Nexus 5X Build/MMB29P) AppleWebKit/537.36 (KHTML, like Gecko) Chrome/145.0.7632.116 Mobile Safari/537.36 (compatible; Googlebot/2.1; +http://www.google.com/bot.html)" "-"
74.7.242.0 - - [13/Mar/2026:00:03:06 -0400] "GET /shop/lachrymals/pestilential142250080589.html?path=//proc/self/root/usr/lib/locale/sr_RS/LC_MESSAGES HTTP/1.1" 200 14569 baptist-temple.com "https://baptist-temple.com/shop/lachrymals/pestilential142250080589.html?path=//proc/self/root/usr/lib/locale/sr_RS" "Mozilla/5.0 AppleWebKit/537.36 (KHTML, like Gecko; compatible; GPTBot/1.3; +https://openai.com/gptbot)" "-"
2a03:2880:f800:: - - [13/Mar/2026:00:03:06 -0400] "GET /shop/fallible/lookover162641977811.html?fileloc=//lib/python3.9/lib2to3/patcomp.py&path=//lib/python3.9/lib2to3 HTTP/1.1" 200 19675 baptist-temple.com "-" "meta-externalagent/1.1 (+https://developers.facebook.com/docs/sharing/webmasters/crawler)" "-"
144.76.32.0 - - [13/Mar/2026:00:03:07 -0400] "GET /shop/pencilling/apotheoses142430350674.html HTTP/1.1" 200 54919 baptist-temple.com "-" "Mozilla/5.0 (compatible; SERankingBacklinksBot/1.0; +https://seranking.com/backlinks-crawler)" "-"
2a03:2880:f800:: - - [13/Mar/2026:00:03:08 -0400] "GET /shop/fallible/lookover162641977811.html?fileloc=//lib/x86_64-linux-gnu/libpango-1.0.so.0&path=//lib/x86_64-linux-gnu HTTP/1.1" 200 12274 baptist-temple.com "-" "meta-externalagent/1.1 (+https://developers.facebook.com/docs/sharing/webmasters/crawler)" "-"
2a03:2880:f800:: - - [13/Mar/2026:00:03:09 -0400] "GET /shop/fallible/lookover162641977811.html?fileloc=//bin/scriptreplay&path=//bin HTTP/1.1" 200 12192 baptist-temple.com "-" "meta-externalagent/1.1 (+https://developers.facebook.com/docs/sharing/webmasters/crawler)" "-"
74.7.242.0 - - [13/Mar/2026:00:03:10 -0400] "GET /shop/lachrymals/pestilential142250080589.html?path=//proc/self/root/usr/lib/locale/mr_IN/LC_MESSAGES HTTP/1.1" 200 14569 baptist-temple.com "https://baptist-temple.com/shop/lachrymals/pestilential142250080589.html?path=//proc/self/root/usr/lib/locale/mr_IN" "Mozilla/5.0 AppleWebKit/537.36 (KHTML, like Gecko; compatible; GPTBot/1.3; +https://openai.com/gptbot)" "-"
66.249.70.0 - - [13/Mar/2026:00:03:10 -0400] "GET /shop/darkskinned/reattain13852778634.html HTTP/1.1" 200 208750 baptist-temple.com "-" "Mozilla/5.0 (Linux; Android 6.0.1; Nexus 5X Build/MMB29P) AppleWebKit/537.36 (KHTML, like Gecko) Chrome/145.0.7632.116 Mobile Safari/537.36 (compatible; Googlebot/2.1; +http://www.google.com/bot.html)" "-"
66.249.70.0 - - [13/Mar/2026:00:03:10 -0400] "GET /shop/patly/defailure13807324258.html HTTP/1.1" 200 220116 baptist-temple.com "-" "Mozilla/5.0 (Linux; Android 6.0.1; Nexus 5X Build/MMB29P) AppleWebKit/537.36 (KHTML, like Gecko) Chrome/145.0.7632.116 Mobile Safari/537.36 (compatible; Googlebot/2.1; +http://www.google.com/bot.html)" "-"
144.76.32.0 - - [13/Mar/2026:00:03:10 -0400] "GET /shop/penicillin/recidivate142314649422.html HTTP/1.1" 200 54919 baptist-temple.com "-" "Mozilla/5.0 (compatible; SERankingBacklinksBot/1.0; +https://seranking.com/backlinks-crawler)" "-"
2a03:2880:f800:: - - [13/Mar/2026:00:03:10 -0400] "GET /shop/fallible/lookover162641977811.html?fileloc=//lib/python3.9/distutils/cmd.py&path=//lib/python3.9/distutils HTTP/1.1" 200 31477 baptist-temple.com "-" "meta-externalagent/1.1 (+https://developers.facebook.com/docs/sharing/webmasters/crawler)" "-"
66.249.70.0 - - [13/Mar/2026:00:03:12 -0400] "GET /shop/photos/neocolonialism134038963260.html HTTP/1.1" 200 213425 baptist-temple.com "-" "Mozilla/5.0 (Linux; Android 6.0.1; Nexus 5X Build/MMB29P) AppleWebKit/537.36 (KHTML, like Gecko) Chrome/145.0.7632.116 Mobile Safari/537.36 (compatible; Googlebot/2.1; +http://www.google.com/bot.html)" "-"
2a03:2880:1800:: - - [13/Mar/2026:00:03:13 -0400] "GET /robots.txt HTTP/1.1" 200 84 baptist-temple.com "-" "facebookexternalhit/1.1 (+http://www.facebook.com/externalhit_uatext.php)" "-"
74.7.242.0 - - [13/Mar/2026:00:03:13 -0400] "GET /shop/lachrymals/pestilential142250080589.html?path=//proc/self/root/usr/lib/locale/vi_VN/LC_MESSAGES HTTP/1.1" 200 14569 baptist-temple.com "https://baptist-temple.com/shop/lachrymals/pestilential142250080589.html?path=//proc/self/root/usr/lib/locale/vi_VN" "Mozilla/5.0 AppleWebKit/537.36 (KHTML, like Gecko; compatible; GPTBot/1.3; +https://openai.com/gptbot)" "-"
2a03:2880:f800:: - - [13/Mar/2026:00:03:14 -0400] "GET /shop/fallible/lookover162641977811.html?path=/homepages/27 HTTP/1.1" 200 15315 baptist-temple.com "-" "meta-externalagent/1.1 (+https://developers.facebook.com/docs/sharing/webmasters/crawler)" "-"
144.76.32.0 - - [13/Mar/2026:00:03:14 -0400] "GET /shop/penitent/inextirpable142348450406.html HTTP/1.1" 200 54919 baptist-temple.com "-" "Mozilla/5.0 (compatible; SERankingBacklinksBot/1.0; +https://seranking.com/backlinks-crawler)" "-"
2a03:2880:f800:: - - [13/Mar/2026:00:03:14 -0400] "GET /shop/fallible/lookover162641977811.html?path=//var/backups HTTP/1.1" 200 12645 baptist-temple.com "-" "meta-externalagent/1.1 (+https://developers.facebook.com/docs/sharing/webmasters/crawler)" "-"
74.7.242.0 - - [13/Mar/2026:00:03:16 -0400] "GET /shop/lachrymals/pestilential142250080589.html?path=//proc/self/root/usr/lib/locale/ar_JO/LC_MESSAGES HTTP/1.1" 200 14569 baptist-temple.com "https://baptist-temple.com/shop/lachrymals/pestilential142250080589.html?path=//proc/self/root/usr/lib/locale/ar_JO" "Mozilla/5.0 AppleWebKit/537.36 (KHTML, like Gecko; compatible; GPTBot/1.3; +https://openai.com/gptbot)" "-"
2a03:2880:f800:: - - [13/Mar/2026:00:03:16 -0400] "GET /shop/restorator/uncharitable101607981812.html?path=/homepages/lnk HTTP/1.1" 200 12653 baptist-temple.com "-" "meta-externalagent/1.1 (+https://developers.facebook.com/docs/sharing/webmasters/crawler)" "-"
66.249.70.0 - - [13/Mar/2026:00:03:16 -0400] "GET /shop/unter/bundled13884379155.html HTTP/1.1" 200 211611 baptist-temple.com "-" "Mozilla/5.0 (Linux; Android 6.0.1; Nexus 5X Build/MMB29P) AppleWebKit/537.36 (KHTML, like Gecko) Chrome/145.0.7632.116 Mobile Safari/537.36 (compatible; Googlebot/2.1; +http://www.google.com/bot.html)" "-"
2a03:2880:f800:: - - [13/Mar/2026:00:03:17 -0400] "GET /shop/fallible/lookover162641977811.html?fileloc=/homepages/42/d414105715/htdocs/demo/wp-content/plugins/simple-post-template/simple-content-template.php&path=/homepages/42/d414105715/htdocs/demo/wp-content/plugins/simple-post-template HTTP/1.1" 200 14561 baptist-temple.com "-" "meta-externalagent/1.1 (+https://developers.facebook.com/docs/sharing/webmasters/crawler)" "-"
2a03:2880:f800:: - - [13/Mar/2026:00:03:18 -0400] "GET /shop/fallible/lookover162641977811.html?fileloc=//bin/jpegtran&path=//bin HTTP/1.1" 200 12188 baptist-temple.com "-" "meta-externalagent/1.1 (+https://developers.facebook.com/docs/sharing/webmasters/crawler)" "-"
144.76.32.0 - - [13/Mar/2026:00:03:18 -0400] "GET /shop/periscians/englishism143778265137.html HTTP/1.1" 200 54919 baptist-temple.com "-" "Mozilla/5.0 (compatible; SERankingBacklinksBot/1.0; +https://seranking.com/backlinks-crawler)" "-"
66.249.70.0 - - [13/Mar/2026:00:03:19 -0400] "GET /shop/graminifolious/desireless133917297598.html HTTP/1.1" 200 236555 baptist-temple.com "-" "Mozilla/5.0 (Linux; Android 6.0.1; Nexus 5X Build/MMB29P) AppleWebKit/537.36 (KHTML, like Gecko) Chrome/145.0.7632.116 Mobile Safari/537.36 (compatible; Googlebot/2.1; +http://www.google.com/bot.html)" "-"
74.7.242.0 - - [13/Mar/2026:00:03:19 -0400] "GET /shop/lachrymals/pestilential142250080589.html?path=//proc/self/root/usr/lib/locale/de_AT/LC_MESSAGES HTTP/1.1" 200 14569 baptist-temple.com "https://baptist-temple.com/shop/lachrymals/pestilential142250080589.html?path=//proc/self/root/usr/lib/locale/de_AT" "Mozilla/5.0 AppleWebKit/537.36 (KHTML, like Gecko; compatible; GPTBot/1.3; +https://openai.com/gptbot)" "-"
66.249.70.0 - - [13/Mar/2026:00:03:21 -0400] "GET /shop/sextary/dermopteran133368464491.html HTTP/1.1" 200 227287 baptist-temple.com "-" "Mozilla/5.0 (Linux; Android 6.0.1; Nexus 5X Build/MMB29P) AppleWebKit/537.36 (KHTML, like Gecko) Chrome/145.0.7632.116 Mobile Safari/537.36 (compatible; Googlebot/2.1; +http://www.google.com/bot.html)" "-"
144.76.32.0 - - [13/Mar/2026:00:03:21 -0400] "GET /shop/pernickety/crestfallen14979944068.html HTTP/1.1" 200 54919 baptist-temple.com "-" "Mozilla/5.0 (compatible; SERankingBacklinksBot/1.0; +https://seranking.com/backlinks-crawler)" "-"
2a03:2880:f800:: - - [13/Mar/2026:00:03:22 -0400] "GET /shop/fallible/lookover162641977811.html?fileloc=//lib/x86_64-linux-gnu/libbind9-9.16.50-Debian.so&path=//lib/x86_64-linux-gnu HTTP/1.1" 200 12283 baptist-temple.com "-" "meta-externalagent/1.1 (+https://developers.facebook.com/docs/sharing/webmasters/crawler)" "-"
66.249.70.0 - - [13/Mar/2026:00:03:22 -0400] "GET /shop/clansman/gargling133192472228.html HTTP/1.1" 200 213946 baptist-temple.com "-" "Mozilla/5.0 (Linux; Android 6.0.1; Nexus 5X Build/MMB29P) AppleWebKit/537.36 (KHTML, like Gecko) Chrome/145.0.7632.116 Mobile Safari/537.36 (compatible; Googlebot/2.1; +http://www.google.com/bot.html)" "-"
74.7.242.0 - - [13/Mar/2026:00:03:22 -0400] "GET /shop/lachrymals/pestilential142250080589.html?path=//proc/self/root/usr/lib/locale/ca_AD/LC_MESSAGES HTTP/1.1" 200 14569 baptist-temple.com "https://baptist-temple.com/shop/lachrymals/pestilential142250080589.html?path=//proc/self/root/usr/lib/locale/ca_AD" "Mozilla/5.0 AppleWebKit/537.36 (KHTML, like Gecko; compatible; GPTBot/1.3; +https://openai.com/gptbot)" "-"
66.249.70.0 - - [13/Mar/2026:00:03:22 -0400] "GET /shop/approvableness/leucosoid111951813187.html HTTP/1.1" 200 215183 baptist-temple.com "-" "Mozilla/5.0 (Linux; Android 6.0.1; Nexus 5X Build/MMB29P) AppleWebKit/537.36 (KHTML, like Gecko) Chrome/145.0.7632.116 Mobile Safari/537.36 (compatible; Googlebot/2.1; +http://www.google.com/bot.html)" "-"
2a03:2880:f800:: - - [13/Mar/2026:00:03:22 -0400] "GET /shop/fallible/lookover162641977811.html?fileloc=//lib/x86_64-linux-gnu/libseccomp.so.2.5.1&path=//lib/x86_64-linux-gnu HTTP/1.1" 200 12276 baptist-temple.com "-" "meta-externalagent/1.1 (+https://developers.facebook.com/docs/sharing/webmasters/crawler)" "-"
66.249.70.0 - - [13/Mar/2026:00:03:24 -0400] "GET /shop/captation/immobilize113205042269.html HTTP/1.1" 200 216820 baptist-temple.com "-" "Mozilla/5.0 (Linux; Android 6.0.1; Nexus 5X Build/MMB29P) AppleWebKit/537.36 (KHTML, like Gecko) Chrome/145.0.7632.116 Mobile Safari/537.36 (compatible; Googlebot/2.1; +http://www.google.com/bot.html)" "-"
66.249.70.0 - - [13/Mar/2026:00:03:24 -0400] "GET /shop/dialectal/glasswork133497049106.html HTTP/1.1" 200 214418 baptist-temple.com "-" "Mozilla/5.0 (Linux; Android 6.0.1; Nexus 5X Build/MMB29P) AppleWebKit/537.36 (KHTML, like Gecko) Chrome/145.0.7632.116 Mobile Safari/537.36 (compatible; Googlebot/2.1; +http://www.google.com/bot.html)" "-"
144.76.32.0 - - [13/Mar/2026:00:03:25 -0400] "GET /shop/phosphite/phycography143743972585.html HTTP/1.1" 200 54919 baptist-temple.com "-" "Mozilla/5.0 (compatible; SERankingBacklinksBot/1.0; +https://seranking.com/backlinks-crawler)" "-"
74.7.242.0 - - [13/Mar/2026:00:03:25 -0400] "GET /shop/lachrymals/pestilential142250080589.html?path=//proc/self/root/usr/lib/locale/niu_NZ/LC_MESSAGES HTTP/1.1" 200 14576 baptist-temple.com "https://baptist-temple.com/shop/lachrymals/pestilential142250080589.html?path=//proc/self/root/usr/lib/locale/niu_NZ" "Mozilla/5.0 AppleWebKit/537.36 (KHTML, like Gecko; compatible; GPTBot/1.3; +https://openai.com/gptbot)" "-"
66.249.70.0 - - [13/Mar/2026:00:03:28 -0400] "GET /shop/digged/trichoglossidae131605920176.html HTTP/1.1" 200 224481 baptist-temple.com "-" "Mozilla/5.0 (Linux; Android 6.0.1; Nexus 5X Build/MMB29P) AppleWebKit/537.36 (KHTML, like Gecko) Chrome/145.0.7632.116 Mobile Safari/537.36 (compatible; Googlebot/2.1; +http://www.google.com/bot.html)" "-"
74.7.242.0 - - [13/Mar/2026:00:03:28 -0400] "GET /shop/lachrymals/pestilential142250080589.html?path=//proc/self/root/usr/lib/locale/si_LK/LC_MESSAGES HTTP/1.1" 200 14569 baptist-temple.com "https://baptist-temple.com/shop/lachrymals/pestilential142250080589.html?path=//proc/self/root/usr/lib/locale/si_LK" "Mozilla/5.0 AppleWebKit/537.36 (KHTML, like Gecko; compatible; GPTBot/1.3; +https://openai.com/gptbot)" "-"
2a03:2880:f800:: - - [13/Mar/2026:00:03:28 -0400] "GET /shop/fallible/lookover162641977811.html?fileloc=//lib/ssl/certs/GlobalSign_ECC_Root_CA_-_R5.pem&path=//lib/ssl/certs HTTP/1.1" 200 13091 baptist-temple.com "-" "meta-externalagent/1.1 (+https://developers.facebook.com/docs/sharing/webmasters/crawler)" "-"
144.76.32.0 - - [13/Mar/2026:00:03:28 -0400] "GET /shop/phosphuretted/leonese141837024683.html HTTP/1.1" 200 54919 baptist-temple.com "-" "Mozilla/5.0 (compatible; SERankingBacklinksBot/1.0; +https://seranking.com/backlinks-crawler)" "-"
66.249.70.0 - - [13/Mar/2026:00:03:31 -0400] "GET /shop/grenadian/priority13500779416.html HTTP/1.1" 200 218825 baptist-temple.com "-" "Mozilla/5.0 (Linux; Android 6.0.1; Nexus 5X Build/MMB29P) AppleWebKit/537.36 (KHTML, like Gecko) Chrome/145.0.7632.116 Mobile Safari/537.36 (compatible; Googlebot/2.1; +http://www.google.com/bot.html)" "-"
74.7.242.0 - - [13/Mar/2026:00:03:31 -0400] "GET /shop/lachrymals/pestilential142250080589.html?path=//proc/self/root/usr/lib/locale/en_CA/LC_MESSAGES HTTP/1.1" 200 14569 baptist-temple.com "https://baptist-temple.com/shop/lachrymals/pestilential142250080589.html?path=//proc/self/root/usr/lib/locale/en_CA" "Mozilla/5.0 AppleWebKit/537.36 (KHTML, like Gecko; compatible; GPTBot/1.3; +https://openai.com/gptbot)" "-"
144.76.32.0 - - [13/Mar/2026:00:03:32 -0400] "GET /shop/phototaxis/suffocated143730952838.html HTTP/1.1" 200 54919 baptist-temple.com "-" "Mozilla/5.0 (compatible; SERankingBacklinksBot/1.0; +https://seranking.com/backlinks-crawler)" "-"
2a02:598:: - - [13/Mar/2026:00:03:33 -0400] "GET /shop/contumaciously/interurban1783572318.html HTTP/1.1" 200 54919 www.baptist-temple.com "-" "Mozilla/5.0 (compatible; SeznamBot/4.0; +https://o-seznam.cz/napoveda/vyhledavani/en/seznambot-crawler/)" "-"
2a03:2880:f800:: - - [13/Mar/2026:00:03:34 -0400] "GET /shop/fallible/lookover162641977811.html?fileloc=//bin/ncftp3&path=//bin HTTP/1.1" 200 12186 baptist-temple.com "-" "meta-externalagent/1.1 (+https://developers.facebook.com/docs/sharing/webmasters/crawler)" "-"
74.7.242.0 - - [13/Mar/2026:00:03:34 -0400] "GET /shop/lachrymals/pestilential142250080589.html?path=//proc/self/root/usr/lib/locale/so_SO/LC_MESSAGES HTTP/1.1" 200 14569 baptist-temple.com "https://baptist-temple.com/shop/lachrymals/pestilential142250080589.html?path=//proc/self/root/usr/lib/locale/so_SO" "Mozilla/5.0 AppleWebKit/537.36 (KHTML, like Gecko; compatible; GPTBot/1.3; +https://openai.com/gptbot)" "-"
66.249.70.0 - - [13/Mar/2026:00:03:35 -0400] "GET /shop/odyle/stippling132592322907.html HTTP/1.1" 200 216001 baptist-temple.com "-" "Mozilla/5.0 (Linux; Android 6.0.1; Nexus 5X Build/MMB29P) AppleWebKit/537.36 (KHTML, like Gecko) Chrome/145.0.7632.116 Mobile Safari/537.36 (compatible; Googlebot/2.1; +http://www.google.com/bot.html)" "-"
144.76.32.0 - - [13/Mar/2026:00:03:36 -0400] "GET /shop/phyllophagan/scrawled143206204360.html HTTP/1.1" 200 54919 baptist-temple.com "-" "Mozilla/5.0 (compatible; SERankingBacklinksBot/1.0; +https://seranking.com/backlinks-crawler)" "-"
54.39.210.0 - - [13/Mar/2026:00:03:37 -0400] "GET /shop/vetoes/syncrisis13168084725.html HTTP/1.1" 200 54919 www.baptist-temple.com "-" "Mozilla/5.0 (compatible; AhrefsBot/7.0; +http://ahrefs.com/robot/)" "-"
74.7.242.0 - - [13/Mar/2026:00:03:38 -0400] "GET /shop/lachrymals/pestilential142250080589.html?path=//proc/self/root/usr/lib/locale/es_PY/LC_MESSAGES HTTP/1.1" 200 14569 baptist-temple.com "https://baptist-temple.com/shop/lachrymals/pestilential142250080589.html?path=//proc/self/root/usr/lib/locale/es_PY" "Mozilla/5.0 AppleWebKit/537.36 (KHTML, like Gecko; compatible; GPTBot/1.3; +https://openai.com/gptbot)" "-"
2a03:2880:f800:: - - [13/Mar/2026:00:03:38 -0400] "GET /shop/restorator/uncharitable101607981812.html?path=/homepages/10 HTTP/1.1" 200 13983 baptist-temple.com "-" "meta-externalagent/1.1 (+https://developers.facebook.com/docs/sharing/webmasters/crawler)" "-"
66.249.70.0 - - [13/Mar/2026:00:03:39 -0400] "GET /shop/earthstar/grievable132232803266.html HTTP/1.1" 200 217901 baptist-temple.com "-" "Mozilla/5.0 (Linux; Android 6.0.1; Nexus 5X Build/MMB29P) AppleWebKit/537.36 (KHTML, like Gecko) Chrome/145.0.7632.116 Mobile Safari/537.36 (compatible; Googlebot/2.1; +http://www.google.com/bot.html)" "-"
2a03:2880:f800:: - - [13/Mar/2026:00:03:39 -0400] "GET /shop/fallible/lookover162641977811.html?path=/homepages/26/d272586772 HTTP/1.1" 200 32907 baptist-temple.com "-" "meta-externalagent/1.1 (+https://developers.facebook.com/docs/sharing/webmasters/crawler)" "-"
144.76.32.0 - - [13/Mar/2026:00:03:39 -0400] "GET /shop/phytological/divining142624318922.html HTTP/1.1" 200 54919 baptist-temple.com "-" "Mozilla/5.0 (compatible; SERankingBacklinksBot/1.0; +https://seranking.com/backlinks-crawler)" "-"
74.7.242.0 - - [13/Mar/2026:00:03:41 -0400] "GET /shop/lachrymals/pestilential142250080589.html?path=//proc/self/root/usr/lib/locale/nr_ZA/LC_MESSAGES HTTP/1.1" 200 14569 baptist-temple.com "https://baptist-temple.com/shop/lachrymals/pestilential142250080589.html?path=//proc/self/root/usr/lib/locale/nr_ZA" "Mozilla/5.0 AppleWebKit/537.36 (KHTML, like Gecko; compatible; GPTBot/1.3; +https://openai.com/gptbot)" "-"
66.249.70.0 - - [13/Mar/2026:00:03:41 -0400] "GET /shop/simpleminded/hydrobates12742373274.html HTTP/1.1" 200 219970 baptist-temple.com "-" "Mozilla/5.0 (Linux; Android 6.0.1; Nexus 5X Build/MMB29P) AppleWebKit/537.36 (KHTML, like Gecko) Chrome/145.0.7632.116 Mobile Safari/537.36 (compatible; Googlebot/2.1; +http://www.google.com/bot.html)" "-"
66.249.70.0 - - [13/Mar/2026:00:03:41 -0400] "GET /shop/xenotime/pardalotus132422213131.html HTTP/1.1" 200 244760 baptist-temple.com "-" "Mozilla/5.0 (Linux; Android 6.0.1; Nexus 5X Build/MMB29P) AppleWebKit/537.36 (KHTML, like Gecko) Chrome/145.0.7632.116 Mobile Safari/537.36 (compatible; Googlebot/2.1; +http://www.google.com/bot.html)" "-"
2a03:2880:f800:: - - [13/Mar/2026:00:03:41 -0400] "GET /shop/fallible/lookover162641977811.html?path=/homepages/27/d162985358 HTTP/1.1" 200 35862 baptist-temple.com "-" "meta-externalagent/1.1 (+https://developers.facebook.com/docs/sharing/webmasters/crawler)" "-"
144.76.32.0 - - [13/Mar/2026:00:03:43 -0400] "GET /shop/pineaster/cholesterin143724988444.html HTTP/1.1" 200 54919 baptist-temple.com "-" "Mozilla/5.0 (compatible; SERankingBacklinksBot/1.0; +https://seranking.com/backlinks-crawler)" "-"
66.249.70.0 - - [13/Mar/2026:00:03:44 -0400] "GET /shop/smeath/stillstand131897394968.html HTTP/1.1" 200 218458 baptist-temple.com "-" "Mozilla/5.0 (Linux; Android 6.0.1; Nexus 5X Build/MMB29P) AppleWebKit/537.36 (KHTML, like Gecko) Chrome/145.0.7632.116 Mobile Safari/537.36 (compatible; Googlebot/2.1; +http://www.google.com/bot.html)" "-"
74.7.242.0 - - [13/Mar/2026:00:03:44 -0400] "GET /shop/lachrymals/pestilential142250080589.html?path=//proc/self/root/usr/lib/locale/ar_LY/LC_MESSAGES HTTP/1.1" 200 14569 baptist-temple.com "https://baptist-temple.com/shop/lachrymals/pestilential142250080589.html?path=//proc/self/root/usr/lib/locale/ar_LY" "Mozilla/5.0 AppleWebKit/537.36 (KHTML, like Gecko; compatible; GPTBot/1.3; +https://openai.com/gptbot)" "-"
2a03:2880:f800:: - - [13/Mar/2026:00:03:44 -0400] "GET /shop/fallible/lookover162641977811.html?fileloc=//bin/view&path=//bin HTTP/1.1" 200 12184 baptist-temple.com "-" "meta-externalagent/1.1 (+https://developers.facebook.com/docs/sharing/webmasters/crawler)" "-"
2a03:2880:f800:: - - [13/Mar/2026:00:03:46 -0400] "GET /shop/coacher/mayors102099113446.html HTTP/1.1" 200 54919 baptist-temple.com "-" "meta-externalagent/1.1 (+https://developers.facebook.com/docs/sharing/webmasters/crawler)" "-"
144.76.32.0 - - [13/Mar/2026:00:03:46 -0400] "GET /shop/pistillaceous/inserve143494589092.html HTTP/1.1" 200 54919 baptist-temple.com "-" "Mozilla/5.0 (compatible; SERankingBacklinksBot/1.0; +https://seranking.com/backlinks-crawler)" "-"
74.7.242.0 - - [13/Mar/2026:00:03:47 -0400] "GET /shop/lachrymals/pestilential142250080589.html?path=//proc/self/root/usr/lib/locale/mni_IN/LC_MESSAGES HTTP/1.1" 200 14576 baptist-temple.com "https://baptist-temple.com/shop/lachrymals/pestilential142250080589.html?path=//proc/self/root/usr/lib/locale/mni_IN" "Mozilla/5.0 AppleWebKit/537.36 (KHTML, like Gecko; compatible; GPTBot/1.3; +https://openai.com/gptbot)" "-"
52.167.144.0 - - [13/Mar/2026:00:03:47 -0400] "GET /shop/mathurin/glade33687558279.html HTTP/1.1" 200 217343 www.baptist-temple.com "-" "Mozilla/5.0 AppleWebKit/537.36 (KHTML, like Gecko; compatible; bingbot/2.0; +http://www.bing.com/bingbot.htm) Chrome/116.0.1938.76 Safari/537.36" "-"
66.249.70.0 - - [13/Mar/2026:00:03:48 -0400] "GET /shop/engloom/showiest131151592262.html HTTP/1.1" 200 220414 baptist-temple.com "-" "Mozilla/5.0 (Linux; Android 6.0.1; Nexus 5X Build/MMB29P) AppleWebKit/537.36 (KHTML, like Gecko) Chrome/145.0.7632.116 Mobile Safari/537.36 (compatible; Googlebot/2.1; +http://www.google.com/bot.html)" "-"
66.249.70.0 - - [13/Mar/2026:00:03:50 -0400] "GET /shop/proteinaceous/facete132351513378.html HTTP/1.1" 200 214868 baptist-temple.com "-" "Mozilla/5.0 (Linux; Android 6.0.1; Nexus 5X Build/MMB29P) AppleWebKit/537.36 (KHTML, like Gecko) Chrome/145.0.7632.116 Mobile Safari/537.36 (compatible; Googlebot/2.1; +http://www.google.com/bot.html)" "-"
144.76.32.0 - - [13/Mar/2026:00:03:50 -0400] "GET /shop/pitilessly/thermotics141582838402.html HTTP/1.1" 200 54919 baptist-temple.com "-" "Mozilla/5.0 (compatible; SERankingBacklinksBot/1.0; +https://seranking.com/backlinks-crawler)" "-"
74.7.242.0 - - [13/Mar/2026:00:03:50 -0400] "GET /shop/lachrymals/pestilential142250080589.html?path=//proc/self/root/usr/lib/locale/pt_BR/LC_MESSAGES HTTP/1.1" 200 14569 baptist-temple.com "https://baptist-temple.com/shop/lachrymals/pestilential142250080589.html?path=//proc/self/root/usr/lib/locale/pt_BR" "Mozilla/5.0 AppleWebKit/537.36 (KHTML, like Gecko; compatible; GPTBot/1.3; +https://openai.com/gptbot)" "-"
2a03:2880:f800:: - - [13/Mar/2026:00:03:52 -0400] "GET /shop/fallible/lookover162641977811.html?fileloc=//bin/pbmtopsg3&path=//bin HTTP/1.1" 200 12189 baptist-temple.com "-" "meta-externalagent/1.1 (+https://developers.facebook.com/docs/sharing/webmasters/crawler)" "-"
74.7.242.0 - - [13/Mar/2026:00:03:53 -0400] "GET /shop/lachrymals/pestilential142250080589.html?path=//proc/self/root/usr/lib/locale/sw_TZ/LC_MESSAGES HTTP/1.1" 200 14569 baptist-temple.com "https://baptist-temple.com/shop/lachrymals/pestilential142250080589.html?path=//proc/self/root/usr/lib/locale/sw_TZ" "Mozilla/5.0 AppleWebKit/537.36 (KHTML, like Gecko; compatible; GPTBot/1.3; +https://openai.com/gptbot)" "-"
144.76.32.0 - - [13/Mar/2026:00:03:54 -0400] "GET /shop/planetstricken/markee143295306776.html HTTP/1.1" 200 54919 baptist-temple.com "-" "Mozilla/5.0 (compatible; SERankingBacklinksBot/1.0; +https://seranking.com/backlinks-crawler)" "-"
66.249.70.0 - - [13/Mar/2026:00:03:54 -0400] "GET /shop/lepomis/subindices131108941363.html HTTP/1.1" 200 220024 baptist-temple.com "-" "Mozilla/5.0 (Linux; Android 6.0.1; Nexus 5X Build/MMB29P) AppleWebKit/537.36 (KHTML, like Gecko) Chrome/145.0.7632.116 Mobile Safari/537.36 (compatible; Googlebot/2.1; +http://www.google.com/bot.html)" "-"
66.249.70.0 - - [13/Mar/2026:00:03:56 -0400] "GET /shop/consequencing/lightest13857762526.html HTTP/1.1" 200 214713 baptist-temple.com "-" "Mozilla/5.0 (Linux; Android 6.0.1; Nexus 5X Build/MMB29P) AppleWebKit/537.36 (KHTML, like Gecko) Chrome/145.0.7632.116 Mobile Safari/537.36 (compatible; Googlebot/2.1; +http://www.google.com/bot.html)" "-"
74.7.242.0 - - [13/Mar/2026:00:03:57 -0400] "GET /shop/lachrymals/pestilential142250080589.html?path=//proc/self/root/usr/lib/locale/sat_IN/LC_MESSAGES HTTP/1.1" 200 14576 baptist-temple.com "https://baptist-temple.com/shop/lachrymals/pestilential142250080589.html?path=//proc/self/root/usr/lib/locale/sat_IN" "Mozilla/5.0 AppleWebKit/537.36 (KHTML, like Gecko; compatible; GPTBot/1.3; +https://openai.com/gptbot)" "-"
144.76.32.0 - - [13/Mar/2026:00:03:57 -0400] "GET /shop/pleuronectidae/leagued14957836719.html HTTP/1.1" 200 54919 baptist-temple.com "-" "Mozilla/5.0 (compatible; SERankingBacklinksBot/1.0; +https://seranking.com/backlinks-crawler)" "-"
207.46.13.0 - - [13/Mar/2026:00:03:58 -0400] "GET /shop/endict/topsmen163844052417.html HTTP/1.1" 200 211709 www.baptist-temple.com "-" "Mozilla/5.0 AppleWebKit/537.36 (KHTML, like Gecko; compatible; bingbot/2.0; +http://www.bing.com/bingbot.htm) Chrome/116.0.1938.76 Safari/537.36" "-"
2a03:2880:f800:: - - [13/Mar/2026:00:03:58 -0400] "GET /shop/fallible/lookover162641977811.html?fileloc=//bin/pbmtozinc&path=//bin HTTP/1.1" 200 12189 baptist-temple.com "-" "meta-externalagent/1.1 (+https://developers.facebook.com/docs/sharing/webmasters/crawler)" "-"
2a03:2880:f800:: - - [13/Mar/2026:00:03:58 -0400] "GET /shop/fallible/lookover162641977811.html?fileloc=//lib/x86_64-linux-gnu/libnettle.so.8&path=//lib/x86_64-linux-gnu HTTP/1.1" 200 12271 baptist-temple.com "-" "meta-externalagent/1.1 (+https://developers.facebook.com/docs/sharing/webmasters/crawler)" "-"
2a03:2880:f800:: - - [13/Mar/2026:00:03:59 -0400] "GET /shop/fallible/lookover162641977811.html?fileloc=//bin/zsh5&path=//bin HTTP/1.1" 200 13184 baptist-temple.com "-" "meta-externalagent/1.1 (+https://developers.facebook.com/docs/sharing/webmasters/crawler)" "-"
2a03:2880:f800:: - - [13/Mar/2026:00:03:59 -0400] "GET /shop/fallible/lookover162641977811.html?fileloc=//bin/true&path=//bin HTTP/1.1" 200 12184 baptist-temple.com "-" "meta-externalagent/1.1 (+https://developers.facebook.com/docs/sharing/webmasters/crawler)" "-"
74.7.242.0 - - [13/Mar/2026:00:04:00 -0400] "GET /shop/lachrymals/pestilential142250080589.html?path=//proc/self/root/usr/lib/locale/hu_HU/LC_MESSAGES HTTP/1.1" 200 14569 baptist-temple.com "https://baptist-temple.com/shop/lachrymals/pestilential142250080589.html?path=//proc/self/root/usr/lib/locale/hu_HU" "Mozilla/5.0 AppleWebKit/537.36 (KHTML, like Gecko; compatible; GPTBot/1.3; +https://openai.com/gptbot)" "-"
66.249.70.0 - - [13/Mar/2026:00:04:00 -0400] "GET /shop/trundling/agelong131941982359.html HTTP/1.1" 200 218449 baptist-temple.com "-" "Mozilla/5.0 (Linux; Android 6.0.1; Nexus 5X Build/MMB29P) AppleWebKit/537.36 (KHTML, like Gecko) Chrome/145.0.7632.116 Mobile Safari/537.36 (compatible; Googlebot/2.1; +http://www.google.com/bot.html)" "-"
2a03:2880:f800:: - - [13/Mar/2026:00:04:00 -0400] "GET /shop/fallible/lookover162641977811.html?path=/homepages/26/d272586772/.config HTTP/1.1" 200 12768 baptist-temple.com "-" "meta-externalagent/1.1 (+https://developers.facebook.com/docs/sharing/webmasters/crawler)" "-"
207.46.13.0 - - [13/Mar/2026:00:04:00 -0400] "GET /shop/synchronization/bragi162499841673.html HTTP/1.1" 200 207746 www.baptist-temple.com "-" "Mozilla/5.0 AppleWebKit/537.36 (KHTML, like Gecko; compatible; bingbot/2.0; +http://www.bing.com/bingbot.htm) Chrome/116.0.1938.76 Safari/537.36" "-"
66.249.70.0 - - [13/Mar/2026:00:04:00 -0400] "GET /shop/polyphase/garvock11502514266.html HTTP/1.1" 200 214331 baptist-temple.com "-" "Mozilla/5.0 (Linux; Android 6.0.1; Nexus 5X Build/MMB29P) AppleWebKit/537.36 (KHTML, like Gecko) Chrome/145.0.7632.116 Mobile Safari/537.36 (compatible; Googlebot/2.1; +http://www.google.com/bot.html)" "-"
66.249.70.0 - - [13/Mar/2026:00:04:00 -0400] "GET /shop/floored/spidered111835785251.html HTTP/1.1" 200 218122 baptist-temple.com "-" "Mozilla/5.0 (Linux; Android 6.0.1; Nexus 5X Build/MMB29P) AppleWebKit/537.36 (KHTML, like Gecko) Chrome/145.0.7632.116 Mobile Safari/537.36 (compatible; Googlebot/2.1; +http://www.google.com/bot.html)" "-"
144.76.32.0 - - [13/Mar/2026:00:04:01 -0400] "GET /shop/plumosity/masquerader143053558947.html HTTP/1.1" 200 54919 baptist-temple.com "-" "Mozilla/5.0 (compatible; SERankingBacklinksBot/1.0; +https://seranking.com/backlinks-crawler)" "-"
2a03:2880:f800:: - - [13/Mar/2026:00:04:02 -0400] "GET /shop/coacher/mayors102099113446.html?fileloc=/homepages/42/d414105715/htdocs/demo/latest.zip&path=/homepages/42/d414105715/htdocs/demo HTTP/1.1" 200 12161 baptist-temple.com "-" "meta-externalagent/1.1 (+https://developers.facebook.com/docs/sharing/webmasters/crawler)" "-"
54.216.2.0 - - [13/Mar/2026:00:04:02 -0400] "GET / HTTP/1.1" 200 54919 baptist-temple.com "-" "Mozilla/5.0 (compatible; NetcraftSurveyAgent/1.0; +info@netcraft.com)" "-"
2a03:2880:f800:: - - [13/Mar/2026:00:04:02 -0400] "GET /shop/fallible/lookover162641977811.html?fileloc=/homepages/26/d272586772/.created&path=/homepages/26/d272586772 HTTP/1.1" 200 12322 baptist-temple.com "-" "meta-externalagent/1.1 (+https://developers.facebook.com/docs/sharing/webmasters/crawler)" "-"
66.249.70.0 - - [13/Mar/2026:00:04:02 -0400] "GET /shop/transshaping/regratiatory131800439848.html HTTP/1.1" 200 209121 baptist-temple.com "-" "Mozilla/5.0 (Linux; Android 6.0.1; Nexus 5X Build/MMB29P) AppleWebKit/537.36 (KHTML, like Gecko) Chrome/145.0.7632.116 Mobile Safari/537.36 (compatible; Googlebot/2.1; +http://www.google.com/bot.html)" "-"
66.249.70.0 - - [13/Mar/2026:00:04:03 -0400] "GET /shop/crossbones/osmanli113254257679.html HTTP/1.1" 200 216515 baptist-temple.com "-" "Mozilla/5.0 (Linux; Android 6.0.1; Nexus 5X Build/MMB29P) AppleWebKit/537.36 (KHTML, like Gecko) Chrome/145.0.7632.116 Mobile Safari/537.36 (compatible; Googlebot/2.1; +http://www.google.com/bot.html)" "-"
74.7.242.0 - - [13/Mar/2026:00:04:03 -0400] "GET /shop/lachrymals/pestilential142250080589.html?path=//proc/self/root/usr/lib/locale/es_AR/LC_MESSAGES HTTP/1.1" 200 14569 baptist-temple.com "https://baptist-temple.com/shop/lachrymals/pestilential142250080589.html?path=//proc/self/root/usr/lib/locale/es_AR" "Mozilla/5.0 AppleWebKit/537.36 (KHTML, like Gecko; compatible; GPTBot/1.3; +https://openai.com/gptbot)" "-"
2a03:2880:f800:: - - [13/Mar/2026:00:04:03 -0400] "GET /shop/fallible/lookover162641977811.html?fileloc=/homepages/26/d272586772/.htaccess&path=/homepages/26/d272586772 HTTP/1.1" 200 12312 baptist-temple.com "-" "meta-externalagent/1.1 (+https://developers.facebook.com/docs/sharing/webmasters/crawler)" "-"
2a03:2880:f800:: - - [13/Mar/2026:00:04:04 -0400] "GET /shop/fallible/lookover162641977811.html?fileloc=/homepages/27/d162985358/htpasswd&path=/homepages/27/d162985358 HTTP/1.1" 200 12311 baptist-temple.com "-" "meta-externalagent/1.1 (+https://developers.facebook.com/docs/sharing/webmasters/crawler)" "-"
144.76.32.0 - - [13/Mar/2026:00:04:05 -0400] "GET /shop/polyparous/riprapping141000068662.html HTTP/1.1" 200 54919 baptist-temple.com "-" "Mozilla/5.0 (compatible; SERankingBacklinksBot/1.0; +https://seranking.com/backlinks-crawler)" "-"
74.7.242.0 - - [13/Mar/2026:00:04:06 -0400] "GET /shop/lachrymals/pestilential142250080589.html?path=//proc/self/root/usr/lib/locale/mai_NP/LC_MESSAGES HTTP/1.1" 200 14576 baptist-temple.com "https://baptist-temple.com/shop/lachrymals/pestilential142250080589.html?path=//proc/self/root/usr/lib/locale/mai_NP" "Mozilla/5.0 AppleWebKit/537.36 (KHTML, like Gecko; compatible; GPTBot/1.3; +https://openai.com/gptbot)" "-"
66.249.70.0 - - [13/Mar/2026:00:04:07 -0400] "GET /shop/senatorial/battlefront134178329302.html HTTP/1.1" 200 213740 baptist-temple.com "-" "Mozilla/5.0 (Linux; Android 6.0.1; Nexus 5X Build/MMB29P) AppleWebKit/537.36 (KHTML, like Gecko) Chrome/145.0.7632.116 Mobile Safari/537.36 (compatible; Googlebot/2.1; +http://www.google.com/bot.html)" "-"
144.76.32.0 - - [13/Mar/2026:00:04:08 -0400] "GET /shop/portableness/varicose143207416475.html HTTP/1.1" 200 54919 baptist-temple.com "-" "Mozilla/5.0 (compatible; SERankingBacklinksBot/1.0; +https://seranking.com/backlinks-crawler)" "-"
66.249.70.0 - - [13/Mar/2026:00:04:09 -0400] "GET /shop/behold/versatile132617366175.html HTTP/1.1" 200 222106 baptist-temple.com "-" "Mozilla/5.0 (Linux; Android 6.0.1; Nexus 5X Build/MMB29P) AppleWebKit/537.36 (KHTML, like Gecko) Chrome/145.0.7632.116 Mobile Safari/537.36 (compatible; Googlebot/2.1; +http://www.google.com/bot.html)" "-"
74.7.242.0 - - [13/Mar/2026:00:04:09 -0400] "GET /shop/lachrymals/pestilential142250080589.html?path=//proc/self/root/usr/include/php7.0/ext/mysqli HTTP/1.1" 200 16159 baptist-temple.com "https://baptist-temple.com/shop/lachrymals/pestilential142250080589.html?path=//proc/self/root/usr/include/php7.0/ext" "Mozilla/5.0 AppleWebKit/537.36 (KHTML, like Gecko; compatible; GPTBot/1.3; +https://openai.com/gptbot)" "-"
2a03:2880:f800:: - - [13/Mar/2026:00:04:10 -0400] "GET /shop/coacher/mayors102099113446.html?fileloc=/homepages/42/d414105715/htdocs/demo/xmlrpc.php&path=/homepages/42/d414105715/htdocs/demo HTTP/1.1" 200 15870 baptist-temple.com "-" "meta-externalagent/1.1 (+https://developers.facebook.com/docs/sharing/webmasters/crawler)" "-"
66.249.70.0 - - [13/Mar/2026:00:04:11 -0400] "GET /shop/storytelling/chino111071613210.html HTTP/1.1" 200 217552 baptist-temple.com "-" "Mozilla/5.0 (Linux; Android 6.0.1; Nexus 5X Build/MMB29P) AppleWebKit/537.36 (KHTML, like Gecko) Chrome/145.0.7632.116 Mobile Safari/537.36 (compatible; Googlebot/2.1; +http://www.google.com/bot.html)" "-"
66.249.70.0 - - [13/Mar/2026:00:04:12 -0400] "GET /shop/spatterdock/bimastism13623165152.html HTTP/1.1" 200 219287 baptist-temple.com "-" "Mozilla/5.0 (Linux; Android 6.0.1; Nexus 5X Build/MMB29P) AppleWebKit/537.36 (KHTML, like Gecko) Chrome/145.0.7632.116 Mobile Safari/537.36 (compatible; Googlebot/2.1; +http://www.google.com/bot.html)" "-"
2a03:2880:f800:: - - [13/Mar/2026:00:04:12 -0400] "GET /shop/restorator/uncharitable101607981812.html?path=/homepages/42/d414105715 HTTP/1.1" 200 32907 baptist-temple.com "-" "meta-externalagent/1.1 (+https://developers.facebook.com/docs/sharing/webmasters/crawler)" "-"
144.76.32.0 - - [13/Mar/2026:00:04:12 -0400] "GET /shop/possessival/conglobing14724805096.html HTTP/1.1" 200 54919 baptist-temple.com "-" "Mozilla/5.0 (compatible; SERankingBacklinksBot/1.0; +https://seranking.com/backlinks-crawler)" "-"
74.7.242.0 - - [13/Mar/2026:00:04:12 -0400] "GET /shop/lachrymals/pestilential142250080589.html?path=//proc/self/root/usr/include/php7.0/ext/libxml HTTP/1.1" 200 14549 baptist-temple.com "https://baptist-temple.com/shop/lachrymals/pestilential142250080589.html?path=//proc/self/root/usr/include/php7.0/ext" "Mozilla/5.0 AppleWebKit/537.36 (KHTML, like Gecko; compatible; GPTBot/1.3; +https://openai.com/gptbot)" "-"
144.76.32.0 - - [13/Mar/2026:00:04:15 -0400] "GET /shop/precation/declivities141454419362.html HTTP/1.1" 200 54919 baptist-temple.com "-" "Mozilla/5.0 (compatible; SERankingBacklinksBot/1.0; +https://seranking.com/backlinks-crawler)" "-"
66.249.70.0 - - [13/Mar/2026:00:04:16 -0400] "GET /shop/oratorians/agami133765375267.html HTTP/1.1" 200 217523 baptist-temple.com "-" "Mozilla/5.0 (Linux; Android 6.0.1; Nexus 5X Build/MMB29P) AppleWebKit/537.36 (KHTML, like Gecko) Chrome/145.0.7632.116 Mobile Safari/537.36 (compatible; Googlebot/2.1; +http://www.google.com/bot.html)" "-"
74.7.242.0 - - [13/Mar/2026:00:04:16 -0400] "GET /shop/lachrymals/pestilential142250080589.html?path=//proc/self/root/usr/include/php7.0/ext/iconv HTTP/1.1" 200 30509 baptist-temple.com "https://baptist-temple.com/shop/lachrymals/pestilential142250080589.html?path=//proc/self/root/usr/include/php7.0/ext" "Mozilla/5.0 AppleWebKit/537.36 (KHTML, like Gecko; compatible; GPTBot/1.3; +https://openai.com/gptbot)" "-"
51.161.65.0 - - [13/Mar/2026:00:04:16 -0400] "GET /shop/rased/necrosis141220503755.html HTTP/1.1" 200 54919 www.baptist-temple.com "-" "Mozilla/5.0 (compatible; AhrefsBot/7.0; +http://ahrefs.com/robot/)" "-"
52.167.144.0 - - [13/Mar/2026:00:04:17 -0400] "GET /shop/illiquation/nibbler162703507239.html HTTP/1.1" 200 222898 www.baptist-temple.com "-" "Mozilla/5.0 AppleWebKit/537.36 (KHTML, like Gecko; compatible; bingbot/2.0; +http://www.bing.com/bingbot.htm) Chrome/116.0.1938.76 Safari/537.36" "-"
66.249.70.0 - - [13/Mar/2026:00:04:18 -0400] "GET /shop/mislead/refortify142686877670.html HTTP/1.1" 200 221474 baptist-temple.com "-" "Mozilla/5.0 (Linux; Android 6.0.1; Nexus 5X Build/MMB29P) AppleWebKit/537.36 (KHTML, like Gecko) Chrome/145.0.7632.159 Mobile Safari/537.36 (compatible; Googlebot/2.1; +http://www.google.com/bot.html)" "-"
2a03:2880:f800:: - - [13/Mar/2026:00:04:18 -0400] "GET /shop/fallible/lookover162641977811.html?fileloc=//lib/python3.9/multiprocessing/__pycache__/forkserver.cpython-39.pyc&path=//lib/python3.9/multiprocessing/__pycache__ HTTP/1.1" 200 12433 baptist-temple.com "-" "meta-externalagent/1.1 (+https://developers.facebook.com/docs/sharing/webmasters/crawler)" "-"
2a03:2880:f800:: - - [13/Mar/2026:00:04:19 -0400] "GET /shop/fallible/lookover162641977811.html?path=//lib/x86_64-linux-gnu/perl/5.32 HTTP/1.1" 200 118000 baptist-temple.com "-" "meta-externalagent/1.1 (+https://developers.facebook.com/docs/sharing/webmasters/crawler)" "-"
74.7.242.0 - - [13/Mar/2026:00:04:19 -0400] "GET /shop/lachrymals/pestilential142250080589.html?path=//proc/self/root/proc/irq/73 HTTP/1.1" 200 21636 baptist-temple.com "https://baptist-temple.com/shop/lachrymals/pestilential142250080589.html?path=//proc/self/root/proc/irq" "Mozilla/5.0 AppleWebKit/537.36 (KHTML, like Gecko; compatible; GPTBot/1.3; +https://openai.com/gptbot)" "-"
144.76.32.0 - - [13/Mar/2026:00:04:19 -0400] "GET /shop/preconform/negotiator141785780854.html HTTP/1.1" 200 54919 baptist-temple.com "-" "Mozilla/5.0 (compatible; SERankingBacklinksBot/1.0; +https://seranking.com/backlinks-crawler)" "-"
66.249.70.0 - - [13/Mar/2026:00:04:20 -0400] "GET /shop/parable/goffered132426759128.html HTTP/1.1" 200 216734 baptist-temple.com "-" "Mozilla/5.0 (Linux; Android 6.0.1; Nexus 5X Build/MMB29P) AppleWebKit/537.36 (KHTML, like Gecko) Chrome/145.0.7632.116 Mobile Safari/537.36 (compatible; Googlebot/2.1; +http://www.google.com/bot.html)" "-"
74.7.242.0 - - [13/Mar/2026:00:04:22 -0400] "GET /shop/lachrymals/pestilential142250080589.html?path=//proc/self/root/proc/irq/63 HTTP/1.1" 200 21636 baptist-temple.com "https://baptist-temple.com/shop/lachrymals/pestilential142250080589.html?path=//proc/self/root/proc/irq" "Mozilla/5.0 AppleWebKit/537.36 (KHTML, like Gecko; compatible; GPTBot/1.3; +https://openai.com/gptbot)" "-"
2a03:2880:f800:: - - [13/Mar/2026:00:04:22 -0400] "GET /shop/coacher/mayors102099113446.html?fileloc=/homepages/42/d414105715/htdocs/demo/index.php&path=/homepages/42/d414105715/htdocs/demo HTTP/1.1" 200 33784 baptist-temple.com "-" "meta-externalagent/1.1 (+https://developers.facebook.com/docs/sharing/webmasters/crawler)" "-"
66.249.70.0 - - [13/Mar/2026:00:04:22 -0400] "GET /shop/schismatic/desuete131691443496.html HTTP/1.1" 200 218956 baptist-temple.com "-" "Mozilla/5.0 (Linux; Android 6.0.1; Nexus 5X Build/MMB29P) AppleWebKit/537.36 (KHTML, like Gecko) Chrome/145.0.7632.116 Mobile Safari/537.36 (compatible; Googlebot/2.1; +http://www.google.com/bot.html)" "-"
144.76.32.0 - - [13/Mar/2026:00:04:23 -0400] "GET /shop/presumingly/adjoining142316560515.html HTTP/1.1" 200 54919 baptist-temple.com "-" "Mozilla/5.0 (compatible; SERankingBacklinksBot/1.0; +https://seranking.com/backlinks-crawler)" "-"
66.249.70.0 - - [13/Mar/2026:00:04:25 -0400] "GET /shop/lucifrian/humbles134274654424.html HTTP/1.1" 200 217527 baptist-temple.com "-" "Mozilla/5.0 (Linux; Android 6.0.1; Nexus 5X Build/MMB29P) AppleWebKit/537.36 (KHTML, like Gecko) Chrome/145.0.7632.116 Mobile Safari/537.36 (compatible; Googlebot/2.1; +http://www.google.com/bot.html)" "-"
66.249.70.0 - - [13/Mar/2026:00:04:25 -0400] "GET /shop/fluorite/camtolaimus132957062965.html HTTP/1.1" 200 217648 baptist-temple.com "-" "Mozilla/5.0 (Linux; Android 6.0.1; Nexus 5X Build/MMB29P) AppleWebKit/537.36 (KHTML, like Gecko) Chrome/145.0.7632.116 Mobile Safari/537.36 (compatible; Googlebot/2.1; +http://www.google.com/bot.html)" "-"
2a03:2880:f800:: - - [13/Mar/2026:00:04:25 -0400] "GET /shop/fallible/lookover162641977811.html?fileloc=//lib/git-core/git-ls-files&path=//lib/git-core HTTP/1.1" 200 12245 baptist-temple.com "-" "meta-externalagent/1.1 (+https://developers.facebook.com/docs/sharing/webmasters/crawler)" "-"
74.7.242.0 - - [13/Mar/2026:00:04:25 -0400] "GET /shop/lachrymals/pestilential142250080589.html?path=//proc/self/root/proc/irq/67 HTTP/1.1" 200 21636 baptist-temple.com "https://baptist-temple.com/shop/lachrymals/pestilential142250080589.html?path=//proc/self/root/proc/irq" "Mozilla/5.0 AppleWebKit/537.36 (KHTML, like Gecko; compatible; GPTBot/1.3; +https://openai.com/gptbot)" "-"
2a03:2880:f800:: - - [13/Mar/2026:00:04:25 -0400] "GET /shop/fallible/lookover162641977811.html?fileloc=//lib/git-core/git-reflog&path=//lib/git-core HTTP/1.1" 200 12243 baptist-temple.com "-" "meta-externalagent/1.1 (+https://developers.facebook.com/docs/sharing/webmasters/crawler)" "-"
144.76.32.0 - - [13/Mar/2026:00:04:26 -0400] "GET /shop/primogenitive/sibilans14201893395.html HTTP/1.1" 200 54919 baptist-temple.com "-" "Mozilla/5.0 (compatible; SERankingBacklinksBot/1.0; +https://seranking.com/backlinks-crawler)" "-"
40.77.167.0 - - [13/Mar/2026:00:04:27 -0400] "GET /shop/outspoken/ozena163498629456.html HTTP/1.1" 200 220732 baptist-temple.com "-" "Mozilla/5.0 AppleWebKit/537.36 (KHTML, like Gecko; compatible; bingbot/2.0; +http://www.bing.com/bingbot.htm) Chrome/116.0.1938.76 Safari/537.36" "-"
66.249.70.0 - - [13/Mar/2026:00:04:27 -0400] "GET /shop/orchestrion/stroker133608574791.html HTTP/1.1" 200 222632 baptist-temple.com "-" "Mozilla/5.0 (Linux; Android 6.0.1; Nexus 5X Build/MMB29P) AppleWebKit/537.36 (KHTML, like Gecko) Chrome/145.0.7632.116 Mobile Safari/537.36 (compatible; Googlebot/2.1; +http://www.google.com/bot.html)" "-"
2a02:598:: - - [13/Mar/2026:00:04:27 -0400] "GET /shop/patacoon/simoniac112793506207.html HTTP/1.1" 200 54919 www.baptist-temple.com "-" "Mozilla/5.0 (compatible; SeznamBot/4.0; +https://o-seznam.cz/napoveda/vyhledavani/en/seznambot-crawler/)" "-"
2a03:2880:f800:: - - [13/Mar/2026:00:04:28 -0400] "GET /shop/fallible/lookover162641977811.html?fileloc=/homepages/42/d414105715/htdocs/demo/wp-admin/export.php&path=/homepages/42/d414105715/htdocs/demo/wp-admin HTTP/1.1" 200 25850 baptist-temple.com "-" "meta-externalagent/1.1 (+https://developers.facebook.com/docs/sharing/webmasters/crawler)" "-"
74.7.242.0 - - [13/Mar/2026:00:04:28 -0400] "GET /shop/lachrymals/pestilential142250080589.html?path=//proc/self/root/proc/irq/76 HTTP/1.1" 200 21624 baptist-temple.com "https://baptist-temple.com/shop/lachrymals/pestilential142250080589.html?path=//proc/self/root/proc/irq" "Mozilla/5.0 AppleWebKit/537.36 (KHTML, like Gecko; compatible; GPTBot/1.3; +https://openai.com/gptbot)" "-"
104.248.163.0 - - [13/Mar/2026:00:04:29 -0400] "GET /wp-admin/ HTTP/1.1" 200 151914 www.baptist-temple.com "-" "Mozilla/5.0 (WordPress CMS Scanner)" "-"
2a03:2880:f800:: - - [13/Mar/2026:00:04:29 -0400] "GET /shop/fallible/lookover162641977811.html?fileloc=//lib/x86_64-linux-gnu/libgs.so.9.53&path=//lib/x86_64-linux-gnu HTTP/1.1" 200 12270 baptist-temple.com "-" "meta-externalagent/1.1 (+https://developers.facebook.com/docs/sharing/webmasters/crawler)" "-"
2a03:2880:f800:: - - [13/Mar/2026:00:04:30 -0400] "GET /shop/fallible/lookover162641977811.html?fileloc=//lib/python3.9/shlex.py&path=//lib/python3.9 HTTP/1.1" 200 26290 baptist-temple.com "-" "meta-externalagent/1.1 (+https://developers.facebook.com/docs/sharing/webmasters/crawler)" "-"
2a03:2880:f800:: - - [13/Mar/2026:00:04:30 -0400] "GET /shop/fallible/lookover162641977811.html?fileloc=//bin/pbmtogem&path=//bin HTTP/1.1" 200 12188 baptist-temple.com "-" "meta-externalagent/1.1 (+https://developers.facebook.com/docs/sharing/webmasters/crawler)" "-"
144.76.32.0 - - [13/Mar/2026:00:04:30 -0400] "GET /shop/profoundness/dressing143702952725.html HTTP/1.1" 200 54919 baptist-temple.com "-" "Mozilla/5.0 (compatible; SERankingBacklinksBot/1.0; +https://seranking.com/backlinks-crawler)" "-"
2a03:2880:f800:: - - [13/Mar/2026:00:04:31 -0400] "GET /shop/fallible/lookover162641977811.html?fileloc=//bin/pnmtorle&path=//bin HTTP/1.1" 200 12188 baptist-temple.com "-" "meta-externalagent/1.1 (+https://developers.facebook.com/docs/sharing/webmasters/crawler)" "-"
66.249.70.0 - - [13/Mar/2026:00:04:31 -0400] "GET /shop/intercomparison/tricoccous12729136766.html HTTP/1.1" 200 215217 baptist-temple.com "-" "Mozilla/5.0 (Linux; Android 6.0.1; Nexus 5X Build/MMB29P) AppleWebKit/537.36 (KHTML, like Gecko) Chrome/145.0.7632.116 Mobile Safari/537.36 (compatible; Googlebot/2.1; +http://www.google.com/bot.html)" "-"
66.249.70.0 - - [13/Mar/2026:00:04:31 -0400] "GET /shop/shirty/verum13649715230.html HTTP/1.1" 200 225750 baptist-temple.com "-" "Mozilla/5.0 (Linux; Android 6.0.1; Nexus 5X Build/MMB29P) AppleWebKit/537.36 (KHTML, like Gecko) Chrome/145.0.7632.116 Mobile Safari/537.36 (compatible; Googlebot/2.1; +http://www.google.com/bot.html)" "-"
74.7.242.0 - - [13/Mar/2026:00:04:31 -0400] "GET /shop/lachrymals/pestilential142250080589.html?path=//proc/self/root/proc/irq/36 HTTP/1.1" 200 21632 baptist-temple.com "https://baptist-temple.com/shop/lachrymals/pestilential142250080589.html?path=//proc/self/root/proc/irq" "Mozilla/5.0 AppleWebKit/537.36 (KHTML, like Gecko; compatible; GPTBot/1.3; +https://openai.com/gptbot)" "-"
2a03:2880:f800:: - - [13/Mar/2026:00:04:31 -0400] "GET /shop/fallible/lookover162641977811.html?fileloc=//lib/git-core/git-unpack-file&path=//lib/git-core HTTP/1.1" 200 12248 baptist-temple.com "-" "meta-externalagent/1.1 (+https://developers.facebook.com/docs/sharing/webmasters/crawler)" "-"
144.76.32.0 - - [13/Mar/2026:00:04:34 -0400] "GET /shop/propionica/macruridae143816654925.html HTTP/1.1" 200 54919 baptist-temple.com "-" "Mozilla/5.0 (compatible; SERankingBacklinksBot/1.0; +https://seranking.com/backlinks-crawler)" "-"
2a03:2880:f800:: - - [13/Mar/2026:00:04:34 -0400] "GET /shop/fallible/lookover162641977811.html?fileloc=//bin/echo&path=//bin HTTP/1.1" 200 12184 baptist-temple.com "-" "meta-externalagent/1.1 (+https://developers.facebook.com/docs/sharing/webmasters/crawler)" "-"
74.7.242.0 - - [13/Mar/2026:00:04:34 -0400] "GET /shop/lachrymals/pestilential142250080589.html?path=//proc/self/root/proc/irq/37 HTTP/1.1" 200 21636 baptist-temple.com "https://baptist-temple.com/shop/lachrymals/pestilential142250080589.html?path=//proc/self/root/proc/irq" "Mozilla/5.0 AppleWebKit/537.36 (KHTML, like Gecko; compatible; GPTBot/1.3; +https://openai.com/gptbot)" "-"
66.249.70.0 - - [13/Mar/2026:00:04:35 -0400] "GET /shop/huntcounter/exundate133958480965.html HTTP/1.1" 200 215690 baptist-temple.com "-" "Mozilla/5.0 (Linux; Android 6.0.1; Nexus 5X Build/MMB29P) AppleWebKit/537.36 (KHTML, like Gecko) Chrome/145.0.7632.116 Mobile Safari/537.36 (compatible; Googlebot/2.1; +http://www.google.com/bot.html)" "-"
2a03:2880:f800:: - - [13/Mar/2026:00:04:35 -0400] "GET /shop/fallible/lookover162641977811.html?fileloc=//bin/pnmshear&path=//bin HTTP/1.1" 200 12188 baptist-temple.com "-" "meta-externalagent/1.1 (+https://developers.facebook.com/docs/sharing/webmasters/crawler)" "-"
2a03:2880:f800:: - - [13/Mar/2026:00:04:37 -0400] "GET /shop/fallible/lookover162641977811.html?path=//lib/x86_64-linux-gnu/perl/5.32/Digest HTTP/1.1" 200 15863 baptist-temple.com "-" "meta-externalagent/1.1 (+https://developers.facebook.com/docs/sharing/webmasters/crawler)" "-"
