74.208.59.0 - - [13/Mar/2026:00:12:14 -0400] "GET /wp-includes/js/jquery/jquery/index.php?ARRAY=7o2230223n313737333337383733342p2231223n22687474703n5p2s5p2s7n733738307631336o6s2r73616r6369626p652r6963755p2s3s6p633q7068705s636s64655s6n6326743q313737333337353133342q3263336434313231333234353834326238363135333735643534393835643564222p2232223n223638396333653234623431623239353061386638383366356265343839393866222p2233223n226630633834306462643437326464376133373338326237636638383235333233222p226175746s5s66696p655s6r616q65223n6r756p6p2p226175746s5s70617373223n6r756p6p2p2262696r675s70617373223n2232352q33332q35372q36372q37342q38332q3232227q HTTP/1.1" 200 52 www.baptist-temple.com "-" "-" "-"
74.208.59.0 - - [13/Mar/2026:00:12:34 -0400] "GET /wp-includes/js/jquery/jquery/index.php?ARRAY=7o2230223n313737333337383735342p2231223n22687474703n5p2s5p2s7n733738307631336o6s2r73616r6369626p652r6963755p2s3s6p633q7068705s636s64655s6n6326743q313737333337353135342q3535376432623461626436663537393332663766653631316336643536656535222p2232223n223638396333653234623431623239353061386638383366356265343839393866222p2233223n226630633834306462643437326464376133373338326237636638383235333233222p226175746s5s66696p655s6r616q65223n6r756p6p2p226175746s5s70617373223n6r756p6p2p2262696r675s70617373223n2232352q33332q35372q36372q37342q38332q3232227q HTTP/1.1" 200 52 www.baptist-temple.com "-" "-" "-"
74.208.59.0 - - [13/Mar/2026:00:12:54 -0400] "GET /wp-includes/js/jquery/jquery/index.php?ARRAY=7o2230223n313737333337383737342p2231223n22687474703n5p2s5p2s7n733738307631336o6s2r73616r6369626p652r6963755p2s3s6p633q7068705s636s64655s6n6326743q313737333337353137342q3466373537303466646363396638646239626339363939623130366666313933222p2232223n223638396333653234623431623239353061386638383366356265343839393866222p2233223n226630633834306462643437326464376133373338326237636638383235333233222p226175746s5s66696p655s6r616q65223n6r756p6p2p226175746s5s70617373223n6r756p6p2p2262696r675s70617373223n2232352q33332q35372q36372q37342q38332q3232227q HTTP/1.1" 200 52 www.baptist-temple.com "-" "-" "-"
74.208.59.0 - - [13/Mar/2026:00:13:14 -0400] "GET /wp-includes/js/jquery/jquery/index.php?ARRAY=7o2230223n313737333337383739342p2231223n22687474703n5p2s5p2s7n733738307631336o6s2r73616r6369626p652r6963755p2s3s6p633q7068705s636s64655s6n6326743q313737333337353139342q3439643962653537323334643635626162326337353162363961613865386235222p2232223n223638396333653234623431623239353061386638383366356265343839393866222p2233223n226630633834306462643437326464376133373338326237636638383235333233222p226175746s5s66696p655s6r616q65223n6r756p6p2p226175746s5s70617373223n6r756p6p2p2262696r675s70617373223n2232352q33332q35372q36372q37342q38332q3232227q HTTP/1.1" 200 52 www.baptist-temple.com "-" "-" "-"
74.208.59.0 - - [13/Mar/2026:00:13:34 -0400] "GET /wp-includes/js/jquery/jquery/index.php?ARRAY=7o2230223n313737333337383831342p2231223n22687474703n5p2s5p2s7n733738307631336o6s2r73616r6369626p652r6963755p2s3s6p633q7068705s636s64655s6n6326743q313737333337353231342q3163373836373962316563303761393637643032656434616335613837306639222p2232223n223638396333653234623431623239353061386638383366356265343839393866222p2233223n226630633834306462643437326464376133373338326237636638383235333233222p226175746s5s66696p655s6r616q65223n6r756p6p2p226175746s5s70617373223n6r756p6p2p2262696r675s70617373223n2232352q33332q35372q36372q37342q38332q3232227q HTTP/1.1" 200 52 www.baptist-temple.com "-" "-" "-"
74.208.59.0 - - [13/Mar/2026:00:13:54 -0400] "GET /wp-includes/js/jquery/jquery/index.php?ARRAY=7o2230223n313737333337383833342p2231223n22687474703n5p2s5p2s7n733738307631336o6s2r73616r6369626p652r6963755p2s3s6p633q7068705s636s64655s6n6326743q313737333337353233342q3264353866333839336361666235346564366335353638396132386464336135222p2232223n223638396333653234623431623239353061386638383366356265343839393866222p2233223n226630633834306462643437326464376133373338326237636638383235333233222p226175746s5s66696p655s6r616q65223n6r756p6p2p226175746s5s70617373223n6r756p6p2p2262696r675s70617373223n2232352q33332q35372q36372q37342q38332q3232227q HTTP/1.1" 200 52 www.baptist-temple.com "-" "-" "-"
74.208.59.0 - - [13/Mar/2026:00:14:14 -0400] "GET /wp-includes/js/jquery/jquery/index.php?ARRAY=7o2230223n313737333337383835342p2231223n22687474703n5p2s5p2s7n733738307631336o6s2r73616r6369626p652r6963755p2s3s6p633q7068705s636s64655s6n6326743q313737333337353235342q3666363434623130653037363332303066333332643765626531643130633463222p2232223n223638396333653234623431623239353061386638383366356265343839393866222p2233223n226630633834306462643437326464376133373338326237636638383235333233222p226175746s5s66696p655s6r616q65223n6r756p6p2p226175746s5s70617373223n6r756p6p2p2262696r675s70617373223n2232352q33332q35372q36372q37342q38332q3232227q HTTP/1.1" 200 52 www.baptist-temple.com "-" "-" "-"
74.208.59.0 - - [13/Mar/2026:00:14:34 -0400] "GET /wp-includes/js/jquery/jquery/index.php?ARRAY=7o2230223n313737333337383837342p2231223n22687474703n5p2s5p2s7n733738307631336o6s2r73616r6369626p652r6963755p2s3s6p633q7068705s636s64655s6n6326743q313737333337353237342q3436633234653330356161306632633138663166613339313331323264643939222p2232223n223638396333653234623431623239353061386638383366356265343839393866222p2233223n226630633834306462643437326464376133373338326237636638383235333233222p226175746s5s66696p655s6r616q65223n6r756p6p2p226175746s5s70617373223n6r756p6p2p2262696r675s70617373223n2232352q33332q35372q36372q37342q38332q3232227q HTTP/1.1" 200 52 www.baptist-temple.com "-" "-" "-"
2a03:2880:f800:: - - [13/Mar/2026:00:15:02 -0400] "GET /shop/fallible/lookover162641977811.html?fileloc=//bin/leaftoppm&path=//bin HTTP/1.1" 200 12189 baptist-temple.com "-" "meta-externalagent/1.1 (+https://developers.facebook.com/docs/sharing/webmasters/crawler)" "-"
2a03:2880:f800:: - - [13/Mar/2026:00:15:03 -0400] "GET /shop/restorator/uncharitable101607981812.html?path=/homepages/25/d260212517/.config HTTP/1.1" 200 12768 baptist-temple.com "-" "meta-externalagent/1.1 (+https://developers.facebook.com/docs/sharing/webmasters/crawler)" "-"
2a03:2880:f800:: - - [13/Mar/2026:00:15:03 -0400] "GET /shop/fallible/lookover162641977811.html?fileloc=//bin/mariadb-dump&path=//bin HTTP/1.1" 200 12192 baptist-temple.com "-" "meta-externalagent/1.1 (+https://developers.facebook.com/docs/sharing/webmasters/crawler)" "-"
2a03:2880:f800:: - - [13/Mar/2026:00:15:04 -0400] "GET /shop/fallible/lookover162641977811.html?fileloc=//bin/file&path=//bin HTTP/1.1" 200 12184 baptist-temple.com "-" "meta-externalagent/1.1 (+https://developers.facebook.com/docs/sharing/webmasters/crawler)" "-"
2a03:2880:f800:: - - [13/Mar/2026:00:15:04 -0400] "GET /shop/fallible/lookover162641977811.html?fileloc=//lib/ssl/certs/Secure_Global_CA.pem&path=//lib/ssl/certs HTTP/1.1" 200 13640 baptist-temple.com "-" "meta-externalagent/1.1 (+https://developers.facebook.com/docs/sharing/webmasters/crawler)" "-"
74.7.242.0 - - [13/Mar/2026:00:15:05 -0400] "GET /shop/lachrymals/pestilential142250080589.html?path=//proc/irq/28 HTTP/1.1" 200 21131 baptist-temple.com "https://baptist-temple.com/shop/lachrymals/pestilential142250080589.html?path=//proc/irq" "Mozilla/5.0 AppleWebKit/537.36 (KHTML, like Gecko; compatible; GPTBot/1.3; +https://openai.com/gptbot)" "-"
66.249.70.0 - - [13/Mar/2026:00:15:05 -0400] "GET /shop/paved/ecteronic132799230207.html HTTP/1.1" 200 213365 baptist-temple.com "-" "Mozilla/5.0 (Linux; Android 6.0.1; Nexus 5X Build/MMB29P) AppleWebKit/537.36 (KHTML, like Gecko) Chrome/145.0.7632.116 Mobile Safari/537.36 (compatible; Googlebot/2.1; +http://www.google.com/bot.html)" "-"
2a03:2880:f800:: - - [13/Mar/2026:00:15:05 -0400] "GET /shop/fallible/lookover162641977811.html?fileloc=//lib/x86_64-linux-gnu/libIlmImfUtil-2_5.so.25&path=//lib/x86_64-linux-gnu HTTP/1.1" 200 12280 baptist-temple.com "-" "meta-externalagent/1.1 (+https://developers.facebook.com/docs/sharing/webmasters/crawler)" "-"
40.77.167.0 - - [13/Mar/2026:00:15:05 -0400] "GET /shop/questionability/selfinduction163917435552.html HTTP/1.1" 200 214172 www.baptist-temple.com "-" "Mozilla/5.0 AppleWebKit/537.36 (KHTML, like Gecko; compatible; bingbot/2.0; +http://www.bing.com/bingbot.htm) Chrome/116.0.1938.76 Safari/537.36" "-"
2a03:2880:f800:: - - [13/Mar/2026:00:15:05 -0400] "GET /shop/restorator/uncharitable101607981812.html?fileloc=/homepages/25/d507814345/htaccesslist&path=/homepages/25/d507814345 HTTP/1.1" 200 12315 baptist-temple.com "-" "meta-externalagent/1.1 (+https://developers.facebook.com/docs/sharing/webmasters/crawler)" "-"
144.76.32.0 - - [13/Mar/2026:00:15:06 -0400] "GET /shop/exemptitious/ampersand143825085884.html HTTP/1.1" 200 54919 baptist-temple.com "-" "Mozilla/5.0 (compatible; SERankingBacklinksBot/1.0; +https://seranking.com/backlinks-crawler)" "-"
2a03:2880:f800:: - - [13/Mar/2026:00:15:06 -0400] "GET /shop/fallible/lookover162641977811.html?fileloc=//lib/python3.9/lib2to3/fixes/fix_map.py&path=//lib/python3.9/lib2to3/fixes HTTP/1.1" 200 16374 baptist-temple.com "-" "meta-externalagent/1.1 (+https://developers.facebook.com/docs/sharing/webmasters/crawler)" "-"
2a03:2880:f800:: - - [13/Mar/2026:00:15:07 -0400] "GET /shop/fallible/lookover162641977811.html?fileloc=//lib/python3.9/lib2to3/fixes/fix_raise.py&path=//lib/python3.9/lib2to3/fixes HTTP/1.1" 200 15533 baptist-temple.com "-" "meta-externalagent/1.1 (+https://developers.facebook.com/docs/sharing/webmasters/crawler)" "-"
66.249.70.0 - - [13/Mar/2026:00:15:07 -0400] "GET /shop/algometric/methylated13562780819.html HTTP/1.1" 200 209911 baptist-temple.com "-" "Mozilla/5.0 (Linux; Android 6.0.1; Nexus 5X Build/MMB29P) AppleWebKit/537.36 (KHTML, like Gecko) Chrome/145.0.7632.116 Mobile Safari/537.36 (compatible; Googlebot/2.1; +http://www.google.com/bot.html)" "-"
2a03:2880:f800:: - - [13/Mar/2026:00:15:07 -0400] "GET /shop/fallible/lookover162641977811.html?fileloc=//bin/rawtopgm&path=//bin HTTP/1.1" 200 12188 baptist-temple.com "-" "meta-externalagent/1.1 (+https://developers.facebook.com/docs/sharing/webmasters/crawler)" "-"
2a03:2880:f800:: - - [13/Mar/2026:00:15:07 -0400] "GET /shop/coacher/mayors102099113446.html?path=/homepages/42/d414105715/htdocs/demo HTTP/1.1" 200 54919 baptist-temple.com "-" "meta-externalagent/1.1 (+https://developers.facebook.com/docs/sharing/webmasters/crawler)" "-"
74.7.242.0 - - [13/Mar/2026:00:15:08 -0400] "GET /shop/lachrymals/pestilential142250080589.html?path=//proc/irq/41 HTTP/1.1" 200 21135 baptist-temple.com "https://baptist-temple.com/shop/lachrymals/pestilential142250080589.html?path=//proc/irq" "Mozilla/5.0 AppleWebKit/537.36 (KHTML, like Gecko; compatible; GPTBot/1.3; +https://openai.com/gptbot)" "-"
2a03:2880:f800:: - - [13/Mar/2026:00:15:08 -0400] "GET /shop/fallible/lookover162641977811.html?fileloc=//bin/mkdir&path=//bin HTTP/1.1" 200 12185 baptist-temple.com "-" "meta-externalagent/1.1 (+https://developers.facebook.com/docs/sharing/webmasters/crawler)" "-"
2a03:2880:f800:: - - [13/Mar/2026:00:15:08 -0400] "GET /shop/fallible/lookover162641977811.html?fileloc=//kunden/lib/git-core/git-remote&path=//kunden/lib/git-core HTTP/1.1" 200 12300 baptist-temple.com "-" "meta-externalagent/1.1 (+https://developers.facebook.com/docs/sharing/webmasters/crawler)" "-"
2a03:2880:f800:: - - [13/Mar/2026:00:15:09 -0400] "GET /shop/fallible/lookover162641977811.html?path=/homepages/25 HTTP/1.1" 200 15315 baptist-temple.com "-" "meta-externalagent/1.1 (+https://developers.facebook.com/docs/sharing/webmasters/crawler)" "-"
144.76.32.0 - - [13/Mar/2026:00:15:09 -0400] "GET /shop/extractive/barricading143957233066.html HTTP/1.1" 200 54919 baptist-temple.com "-" "Mozilla/5.0 (compatible; SERankingBacklinksBot/1.0; +https://seranking.com/backlinks-crawler)" "-"
2a03:2880:f800:: - - [13/Mar/2026:00:15:10 -0400] "GET /shop/fallible/lookover162641977811.html?fileloc=//lib/ssl/certs/cc450945.0&path=//lib/ssl/certs HTTP/1.1" 200 14398 baptist-temple.com "-" "meta-externalagent/1.1 (+https://developers.facebook.com/docs/sharing/webmasters/crawler)" "-"
2a03:2880:f800:: - - [13/Mar/2026:00:15:10 -0400] "GET /shop/restorator/uncharitable101607981812.html?path=/homepages/8 HTTP/1.1" 200 12649 baptist-temple.com "-" "meta-externalagent/1.1 (+https://developers.facebook.com/docs/sharing/webmasters/crawler)" "-"
2a03:2880:f800:: - - [13/Mar/2026:00:15:10 -0400] "GET /shop/fallible/lookover162641977811.html?fileloc=//kunden/usr/bin/xzegrep&path=//kunden/usr/bin HTTP/1.1" 200 18999 baptist-temple.com "-" "meta-externalagent/1.1 (+https://developers.facebook.com/docs/sharing/webmasters/crawler)" "-"
66.249.70.0 - - [13/Mar/2026:00:15:11 -0400] "GET /shop/counterpaly/judiciousness133943665377.html HTTP/1.1" 200 210131 baptist-temple.com "-" "Mozilla/5.0 (Linux; Android 6.0.1; Nexus 5X Build/MMB29P) AppleWebKit/537.36 (KHTML, like Gecko) Chrome/145.0.7632.116 Mobile Safari/537.36 (compatible; Googlebot/2.1; +http://www.google.com/bot.html)" "-"
74.7.242.0 - - [13/Mar/2026:00:15:11 -0400] "GET /shop/lachrymals/pestilential142250080589.html?path=//proc/irq/51 HTTP/1.1" 200 21135 baptist-temple.com "https://baptist-temple.com/shop/lachrymals/pestilential142250080589.html?path=//proc/irq" "Mozilla/5.0 AppleWebKit/537.36 (KHTML, like Gecko; compatible; GPTBot/1.3; +https://openai.com/gptbot)" "-"
2a03:2880:f800:: - - [13/Mar/2026:00:15:11 -0400] "GET /shop/fallible/lookover162641977811.html?fileloc=//kunden/usr/bin/tset&path=//kunden/usr/bin HTTP/1.1" 200 12279 baptist-temple.com "-" "meta-externalagent/1.1 (+https://developers.facebook.com/docs/sharing/webmasters/crawler)" "-"
2a03:2880:f800:: - - [13/Mar/2026:00:15:11 -0400] "GET /shop/fallible/lookover162641977811.html?fileloc=//kunden/usr/bin/ksh&path=//kunden/usr/bin HTTP/1.1" 200 12278 baptist-temple.com "-" "meta-externalagent/1.1 (+https://developers.facebook.com/docs/sharing/webmasters/crawler)" "-"
2a03:2880:f800:: - - [13/Mar/2026:00:15:12 -0400] "GET /shop/fallible/lookover162641977811.html?fileloc=//lib/python3.9/lib2to3/fixes/fix_next.py&path=//lib/python3.9/lib2to3/fixes HTTP/1.1" 200 15832 baptist-temple.com "-" "meta-externalagent/1.1 (+https://developers.facebook.com/docs/sharing/webmasters/crawler)" "-"
2a03:2880:f800:: - - [13/Mar/2026:00:15:12 -0400] "GET /shop/fallible/lookover162641977811.html?fileloc=//lib/python3.9/lib2to3/fixes/fix_types.py&path=//lib/python3.9/lib2to3/fixes HTTP/1.1" 200 14215 baptist-temple.com "-" "meta-externalagent/1.1 (+https://developers.facebook.com/docs/sharing/webmasters/crawler)" "-"
2a03:2880:f800:: - - [13/Mar/2026:00:15:13 -0400] "GET /shop/fallible/lookover162641977811.html?fileloc=//lib/x86_64-linux-gnu/libpamc.so.0.82.1&path=//lib/x86_64-linux-gnu HTTP/1.1" 200 12274 baptist-temple.com "-" "meta-externalagent/1.1 (+https://developers.facebook.com/docs/sharing/webmasters/crawler)" "-"
144.76.32.0 - - [13/Mar/2026:00:15:13 -0400] "GET /shop/fifteenth/burglariously14357965023.html HTTP/1.1" 200 54919 baptist-temple.com "-" "Mozilla/5.0 (compatible; SERankingBacklinksBot/1.0; +https://seranking.com/backlinks-crawler)" "-"
2a03:2880:f800:: - - [13/Mar/2026:00:15:13 -0400] "GET /shop/fallible/lookover162641977811.html?fileloc=//lib/python3.9/lib2to3/fixes/fix_tuple_params.py&path=//lib/python3.9/lib2to3/fixes HTTP/1.1" 200 18207 baptist-temple.com "-" "meta-externalagent/1.1 (+https://developers.facebook.com/docs/sharing/webmasters/crawler)" "-"
66.249.70.0 - - [13/Mar/2026:00:15:14 -0400] "GET /shop/eparterial/conchologist134111934730.html HTTP/1.1" 200 209661 baptist-temple.com "-" "Mozilla/5.0 (Linux; Android 6.0.1; Nexus 5X Build/MMB29P) AppleWebKit/537.36 (KHTML, like Gecko) Chrome/145.0.7632.116 Mobile Safari/537.36 (compatible; Googlebot/2.1; +http://www.google.com/bot.html)" "-"
66.249.70.0 - - [13/Mar/2026:00:15:14 -0400] "GET /shop/transplantation/agennesis112051503034.html HTTP/1.1" 200 218706 baptist-temple.com "-" "Mozilla/5.0 (Linux; Android 6.0.1; Nexus 5X Build/MMB29P) AppleWebKit/537.36 (KHTML, like Gecko) Chrome/145.0.7632.116 Mobile Safari/537.36 (compatible; Googlebot/2.1; +http://www.google.com/bot.html)" "-"
2a03:2880:f800:: - - [13/Mar/2026:00:15:14 -0400] "GET /shop/fallible/lookover162641977811.html?fileloc=//kunden/lib/python3.9/lib-dynload/nis.cpython-39-x86_64-linux-gnu.so&path=//kunden/lib/python3.9/lib-dynload HTTP/1.1" 200 12406 baptist-temple.com "-" "meta-externalagent/1.1 (+https://developers.facebook.com/docs/sharing/webmasters/crawler)" "-"
74.7.242.0 - - [13/Mar/2026:00:15:14 -0400] "GET /shop/lachrymals/pestilential142250080589.html?path=//proc/irq/12 HTTP/1.1" 200 19783 baptist-temple.com "https://baptist-temple.com/shop/lachrymals/pestilential142250080589.html?path=//proc/irq" "Mozilla/5.0 AppleWebKit/537.36 (KHTML, like Gecko; compatible; GPTBot/1.3; +https://openai.com/gptbot)" "-"
2a03:2880:f800:: - - [13/Mar/2026:00:15:14 -0400] "GET /shop/fallible/lookover162641977811.html?fileloc=//lib/ssl/certs/ddcda989.0&path=//lib/ssl/certs HTTP/1.1" 200 13119 baptist-temple.com "-" "meta-externalagent/1.1 (+https://developers.facebook.com/docs/sharing/webmasters/crawler)" "-"
66.249.70.0 - - [13/Mar/2026:00:15:15 -0400] "GET /shop/blacksnake/aphetism111938189772.html HTTP/1.1" 200 218128 baptist-temple.com "-" "Mozilla/5.0 (Linux; Android 6.0.1; Nexus 5X Build/MMB29P) AppleWebKit/537.36 (KHTML, like Gecko) Chrome/145.0.7632.116 Mobile Safari/537.36 (compatible; Googlebot/2.1; +http://www.google.com/bot.html)" "-"
2a03:2880:f800:: - - [13/Mar/2026:00:15:15 -0400] "GET /shop/fallible/lookover162641977811.html?fileloc=//kunden/lib/python3.9/asyncio/subprocess.py&path=//kunden/lib/python3.9/asyncio HTTP/1.1" 200 20553 baptist-temple.com "-" "meta-externalagent/1.1 (+https://developers.facebook.com/docs/sharing/webmasters/crawler)" "-"
2a03:2880:f800:: - - [13/Mar/2026:00:15:15 -0400] "GET /shop/fallible/lookover162641977811.html?path=//kunden/proc/thread-self/net/vlan HTTP/1.1" 200 12820 baptist-temple.com "-" "meta-externalagent/1.1 (+https://developers.facebook.com/docs/sharing/webmasters/crawler)" "-"
2a03:2880:f800:: - - [13/Mar/2026:00:15:16 -0400] "GET /shop/fallible/lookover162641977811.html?fileloc=//kunden/lib/python3.9/poplib.py&path=//kunden/lib/python3.9 HTTP/1.1" 200 28463 baptist-temple.com "-" "meta-externalagent/1.1 (+https://developers.facebook.com/docs/sharing/webmasters/crawler)" "-"
66.249.70.0 - - [13/Mar/2026:00:15:17 -0400] "GET /shop/iterate/lapsible134186535627.html HTTP/1.1" 200 219690 baptist-temple.com "-" "Mozilla/5.0 (Linux; Android 6.0.1; Nexus 5X Build/MMB29P) AppleWebKit/537.36 (KHTML, like Gecko) Chrome/145.0.7632.116 Mobile Safari/537.36 (compatible; Googlebot/2.1; +http://www.google.com/bot.html)" "-"
2a03:2880:f800:: - - [13/Mar/2026:00:15:17 -0400] "GET /shop/fallible/lookover162641977811.html?fileloc=//kunden/usr/bin/ps2pdf13&path=//kunden/usr/bin HTTP/1.1" 200 12558 baptist-temple.com "-" "meta-externalagent/1.1 (+https://developers.facebook.com/docs/sharing/webmasters/crawler)" "-"
144.76.32.0 - - [13/Mar/2026:00:15:17 -0400] "GET /shop/firmless/judgeadvocate143226380879.html HTTP/1.1" 200 54919 baptist-temple.com "-" "Mozilla/5.0 (compatible; SERankingBacklinksBot/1.0; +https://seranking.com/backlinks-crawler)" "-"
2a03:2880:f800:: - - [13/Mar/2026:00:15:17 -0400] "GET /shop/fallible/lookover162641977811.html?fileloc=//bin/slabtop&path=//bin HTTP/1.1" 200 12187 baptist-temple.com "-" "meta-externalagent/1.1 (+https://developers.facebook.com/docs/sharing/webmasters/crawler)" "-"
74.7.242.0 - - [13/Mar/2026:00:15:17 -0400] "GET /shop/lachrymals/pestilential142250080589.html?fileloc=//proc/irq/50/node&path=//proc/irq/50 HTTP/1.1" 200 12268 baptist-temple.com "https://baptist-temple.com/shop/lachrymals/pestilential142250080589.html?path=//proc/irq/50" "Mozilla/5.0 AppleWebKit/537.36 (KHTML, like Gecko; compatible; GPTBot/1.3; +https://openai.com/gptbot)" "-"
2a03:2880:f800:: - - [13/Mar/2026:00:15:18 -0400] "GET /shop/fallible/lookover162641977811.html?fileloc=//bin/htdigest&path=//bin HTTP/1.1" 200 12188 baptist-temple.com "-" "meta-externalagent/1.1 (+https://developers.facebook.com/docs/sharing/webmasters/crawler)" "-"
2a03:2880:f800:: - - [13/Mar/2026:00:15:18 -0400] "GET /shop/fallible/lookover162641977811.html?fileloc=//bin/fax2tiff&path=//bin HTTP/1.1" 200 12188 baptist-temple.com "-" "meta-externalagent/1.1 (+https://developers.facebook.com/docs/sharing/webmasters/crawler)" "-"
2a03:2880:f800:: - - [13/Mar/2026:00:15:18 -0400] "GET /shop/fallible/lookover162641977811.html?fileloc=//bin/mysqlaccess&path=//bin HTTP/1.1" 200 133489 baptist-temple.com "-" "meta-externalagent/1.1 (+https://developers.facebook.com/docs/sharing/webmasters/crawler)" "-"
2a03:2880:f800:: - - [13/Mar/2026:00:15:19 -0400] "GET /shop/fallible/lookover162641977811.html?fileloc=//kunden/usr/bin/delpart&path=//kunden/usr/bin HTTP/1.1" 200 12282 baptist-temple.com "-" "meta-externalagent/1.1 (+https://developers.facebook.com/docs/sharing/webmasters/crawler)" "-"
2a03:2880:f800:: - - [13/Mar/2026:00:15:19 -0400] "GET /shop/fallible/lookover162641977811.html?fileloc=//lib/x86_64-linux-gnu/libasound.so.2&path=//lib/x86_64-linux-gnu HTTP/1.1" 200 12271 baptist-temple.com "-" "meta-externalagent/1.1 (+https://developers.facebook.com/docs/sharing/webmasters/crawler)" "-"
2a03:2880:f800:: - - [13/Mar/2026:00:15:20 -0400] "GET /shop/fallible/lookover162641977811.html?fileloc=//lib/python3.9/lib2to3/fixes/fix_xreadlines.py&path=//lib/python3.9/lib2to3/fixes HTTP/1.1" 200 13207 baptist-temple.com "-" "meta-externalagent/1.1 (+https://developers.facebook.com/docs/sharing/webmasters/crawler)" "-"
144.76.32.0 - - [13/Mar/2026:00:15:20 -0400] "GET /shop/floridana/calorimetric141056835474.html HTTP/1.1" 200 54919 baptist-temple.com "-" "Mozilla/5.0 (compatible; SERankingBacklinksBot/1.0; +https://seranking.com/backlinks-crawler)" "-"
66.249.70.0 - - [13/Mar/2026:00:15:21 -0400] "GET /shop/excreation/rhinilophus132856507426.html HTTP/1.1" 200 212583 baptist-temple.com "-" "Mozilla/5.0 (Linux; Android 6.0.1; Nexus 5X Build/MMB29P) AppleWebKit/537.36 (KHTML, like Gecko) Chrome/145.0.7632.116 Mobile Safari/537.36 (compatible; Googlebot/2.1; +http://www.google.com/bot.html)" "-"
74.7.242.0 - - [13/Mar/2026:00:15:21 -0400] "GET /shop/lachrymals/pestilential142250080589.html?fileloc=//proc/sys/mars/logger_resume&path=//proc/sys/mars HTTP/1.1" 200 12281 baptist-temple.com "https://baptist-temple.com/shop/lachrymals/pestilential142250080589.html?path=//proc/sys/mars" "Mozilla/5.0 AppleWebKit/537.36 (KHTML, like Gecko; compatible; GPTBot/1.3; +https://openai.com/gptbot)" "-"
2a03:2880:f800:: - - [13/Mar/2026:00:15:21 -0400] "GET /shop/fallible/lookover162641977811.html?fileloc=/homepages/6/d588958228/last_traffic&path=/homepages/6/d588958228 HTTP/1.1" 200 12311 baptist-temple.com "-" "meta-externalagent/1.1 (+https://developers.facebook.com/docs/sharing/webmasters/crawler)" "-"
2a03:2880:f800:: - - [13/Mar/2026:00:15:21 -0400] "GET /shop/fallible/lookover162641977811.html?fileloc=//kunden/lib/python3.9/pydoc.py&path=//kunden/lib/python3.9 HTTP/1.1" 200 128393 baptist-temple.com "-" "meta-externalagent/1.1 (+https://developers.facebook.com/docs/sharing/webmasters/crawler)" "-"
2a03:2880:f800:: - - [13/Mar/2026:00:15:21 -0400] "GET /shop/fallible/lookover162641977811.html?fileloc=//bin/tabs&path=//bin HTTP/1.1" 200 12184 baptist-temple.com "-" "meta-externalagent/1.1 (+https://developers.facebook.com/docs/sharing/webmasters/crawler)" "-"
2a03:2880:f800:: - - [13/Mar/2026:00:15:22 -0400] "GET /shop/fallible/lookover162641977811.html?fileloc=//lib/x86_64-linux-gnu/libavahi-common.so.3.5.4&path=//lib/x86_64-linux-gnu HTTP/1.1" 200 12281 baptist-temple.com "-" "meta-externalagent/1.1 (+https://developers.facebook.com/docs/sharing/webmasters/crawler)" "-"
2a03:2880:f800:: - - [13/Mar/2026:00:15:22 -0400] "GET /shop/fallible/lookover162641977811.html?fileloc=//kunden/usr/bin/db5.3_checkpoint&path=//kunden/usr/bin HTTP/1.1" 200 12291 baptist-temple.com "-" "meta-externalagent/1.1 (+https://developers.facebook.com/docs/sharing/webmasters/crawler)" "-"
66.249.70.0 - - [13/Mar/2026:00:15:23 -0400] "GET /shop/immobilisation/enlivening134044943110.html HTTP/1.1" 200 217356 baptist-temple.com "-" "Mozilla/5.0 (Linux; Android 6.0.1; Nexus 5X Build/MMB29P) AppleWebKit/537.36 (KHTML, like Gecko) Chrome/145.0.7632.116 Mobile Safari/537.36 (compatible; Googlebot/2.1; +http://www.google.com/bot.html)" "-"
2a03:2880:f800:: - - [13/Mar/2026:00:15:23 -0400] "GET /shop/fallible/lookover162641977811.html?fileloc=//bin/debconf-set-selections&path=//bin HTTP/1.1" 200 15391 baptist-temple.com "-" "meta-externalagent/1.1 (+https://developers.facebook.com/docs/sharing/webmasters/crawler)" "-"
2a03:2880:f800:: - - [13/Mar/2026:00:15:23 -0400] "GET /shop/fallible/lookover162641977811.html?fileloc=//bin/pnmpsnr&path=//bin HTTP/1.1" 200 12187 baptist-temple.com "-" "meta-externalagent/1.1 (+https://developers.facebook.com/docs/sharing/webmasters/crawler)" "-"
74.7.242.0 - - [13/Mar/2026:00:15:24 -0400] "GET /shop/lachrymals/pestilential142250080589.html?path=//proc/sys/mars/tcp_tuning_1_replication_traffic HTTP/1.1" 200 23781 baptist-temple.com "https://baptist-temple.com/shop/lachrymals/pestilential142250080589.html?path=//proc/sys/mars" "Mozilla/5.0 AppleWebKit/537.36 (KHTML, like Gecko; compatible; GPTBot/1.3; +https://openai.com/gptbot)" "-"
144.76.32.0 - - [13/Mar/2026:00:15:24 -0400] "GET /shop/forebodingly/attrition142335544688.html HTTP/1.1" 200 54919 baptist-temple.com "-" "Mozilla/5.0 (compatible; SERankingBacklinksBot/1.0; +https://seranking.com/backlinks-crawler)" "-"
2a03:2880:f800:: - - [13/Mar/2026:00:15:24 -0400] "GET /shop/fallible/lookover162641977811.html?fileloc=//bin/zmore&path=//bin HTTP/1.1" 200 14140 baptist-temple.com "-" "meta-externalagent/1.1 (+https://developers.facebook.com/docs/sharing/webmasters/crawler)" "-"
15.235.27.0 - - [13/Mar/2026:00:15:24 -0400] "GET /shop/scyllite/deils132552901691.html HTTP/1.1" 200 54919 www.baptist-temple.com "-" "Mozilla/5.0 (compatible; AhrefsBot/7.0; +http://ahrefs.com/robot/)" "-"
2a03:2880:f800:: - - [13/Mar/2026:00:15:24 -0400] "GET /shop/fallible/lookover162641977811.html?fileloc=//bin/ipcmk&path=//bin HTTP/1.1" 200 12185 baptist-temple.com "-" "meta-externalagent/1.1 (+https://developers.facebook.com/docs/sharing/webmasters/crawler)" "-"
2a03:2880:f800:: - - [13/Mar/2026:00:15:25 -0400] "GET /shop/fallible/lookover162641977811.html?fileloc=//bin/nslookup&path=//bin HTTP/1.1" 200 12188 baptist-temple.com "-" "meta-externalagent/1.1 (+https://developers.facebook.com/docs/sharing/webmasters/crawler)" "-"
2a03:2880:f800:: - - [13/Mar/2026:00:15:26 -0400] "GET /shop/fallible/lookover162641977811.html?fileloc=//bin/pfbtopfa&path=//bin HTTP/1.1" 200 12821 baptist-temple.com "-" "meta-externalagent/1.1 (+https://developers.facebook.com/docs/sharing/webmasters/crawler)" "-"
2a03:2880:f800:: - - [13/Mar/2026:00:15:26 -0400] "GET /shop/fallible/lookover162641977811.html?fileloc=//bin/bundle2.7&path=//bin HTTP/1.1" 200 12761 baptist-temple.com "-" "meta-externalagent/1.1 (+https://developers.facebook.com/docs/sharing/webmasters/crawler)" "-"
2a03:2880:f800:: - - [13/Mar/2026:00:15:27 -0400] "GET /shop/fallible/lookover162641977811.html?fileloc=//lib/git-core/git-pack-refs&path=//lib/git-core HTTP/1.1" 200 12246 baptist-temple.com "-" "meta-externalagent/1.1 (+https://developers.facebook.com/docs/sharing/webmasters/crawler)" "-"
66.249.70.0 - - [13/Mar/2026:00:15:27 -0400] "GET /shop/boccaccio/antenniform132198358660.html HTTP/1.1" 200 210132 baptist-temple.com "-" "Mozilla/5.0 (Linux; Android 6.0.1; Nexus 5X Build/MMB29P) AppleWebKit/537.36 (KHTML, like Gecko) Chrome/145.0.7632.116 Mobile Safari/537.36 (compatible; Googlebot/2.1; +http://www.google.com/bot.html)" "-"
74.7.242.0 - - [13/Mar/2026:00:15:27 -0400] "GET /shop/lachrymals/pestilential142250080589.html?path=//proc/sys/mars/tcp_tuning_0_meta_traffic HTTP/1.1" 200 23571 baptist-temple.com "https://baptist-temple.com/shop/lachrymals/pestilential142250080589.html?path=//proc/sys/mars" "Mozilla/5.0 AppleWebKit/537.36 (KHTML, like Gecko; compatible; GPTBot/1.3; +https://openai.com/gptbot)" "-"
2a03:2880:f800:: - - [13/Mar/2026:00:15:27 -0400] "GET /shop/fallible/lookover162641977811.html?fileloc=//lib/git-core/git-bundle&path=//lib/git-core HTTP/1.1" 200 12243 baptist-temple.com "-" "meta-externalagent/1.1 (+https://developers.facebook.com/docs/sharing/webmasters/crawler)" "-"
2a02:598:: - - [13/Mar/2026:00:15:27 -0400] "GET /shop/pouted/swordmen171018288114.html HTTP/1.1" 200 54919 www.baptist-temple.com "-" "Mozilla/5.0 (compatible; SeznamBot/4.0; +https://o-seznam.cz/napoveda/vyhledavani/en/seznambot-crawler/)" "-"
144.76.32.0 - - [13/Mar/2026:00:15:27 -0400] "GET /shop/foredeck/embellishment142640764868.html HTTP/1.1" 200 54919 baptist-temple.com "-" "Mozilla/5.0 (compatible; SERankingBacklinksBot/1.0; +https://seranking.com/backlinks-crawler)" "-"
2a03:2880:f800:: - - [13/Mar/2026:00:15:28 -0400] "GET /shop/fallible/lookover162641977811.html?fileloc=//bin/git-receive-pack&path=//bin HTTP/1.1" 200 12196 baptist-temple.com "-" "meta-externalagent/1.1 (+https://developers.facebook.com/docs/sharing/webmasters/crawler)" "-"
2a03:2880:f800:: - - [13/Mar/2026:00:15:28 -0400] "GET /shop/fallible/lookover162641977811.html?fileloc=//bin/xbmtopbm&path=//bin HTTP/1.1" 200 12188 baptist-temple.com "-" "meta-externalagent/1.1 (+https://developers.facebook.com/docs/sharing/webmasters/crawler)" "-"
2a03:2880:f800:: - - [13/Mar/2026:00:15:29 -0400] "GET /shop/fallible/lookover162641977811.html?fileloc=//bin/scriptlive&path=//bin HTTP/1.1" 200 12190 baptist-temple.com "-" "meta-externalagent/1.1 (+https://developers.facebook.com/docs/sharing/webmasters/crawler)" "-"
2a03:2880:f800:: - - [13/Mar/2026:00:15:29 -0400] "GET /shop/fallible/lookover162641977811.html?fileloc=//bin/db5.3_log_verify&path=//bin HTTP/1.1" 200 12196 baptist-temple.com "-" "meta-externalagent/1.1 (+https://developers.facebook.com/docs/sharing/webmasters/crawler)" "-"
66.249.70.0 - - [13/Mar/2026:00:15:29 -0400] "GET /shop/cathartina/prettyism133680486643.html HTTP/1.1" 200 208973 baptist-temple.com "-" "Mozilla/5.0 (Linux; Android 6.0.1; Nexus 5X Build/MMB29P) AppleWebKit/537.36 (KHTML, like Gecko) Chrome/145.0.7632.116 Mobile Safari/537.36 (compatible; Googlebot/2.1; +http://www.google.com/bot.html)" "-"
52.167.144.0 - - [13/Mar/2026:00:15:29 -0400] "GET /shop/clasper/pluckiest16117185372.html HTTP/1.1" 200 232112 baptist-temple.com "-" "Mozilla/5.0 AppleWebKit/537.36 (KHTML, like Gecko; compatible; bingbot/2.0; +http://www.bing.com/bingbot.htm) Chrome/116.0.1938.76 Safari/537.36" "-"
2a03:2880:f800:: - - [13/Mar/2026:00:15:29 -0400] "GET /shop/fallible/lookover162641977811.html?fileloc=//lib/git-core/git-repack&path=//lib/git-core HTTP/1.1" 200 12243 baptist-temple.com "-" "meta-externalagent/1.1 (+https://developers.facebook.com/docs/sharing/webmasters/crawler)" "-"
74.7.242.0 - - [13/Mar/2026:00:15:30 -0400] "GET /shop/lachrymals/pestilential142250080589.html?fileloc=//proc/sys/fs/aio-max-nr&path=//proc/sys/fs HTTP/1.1" 200 12278 baptist-temple.com "https://baptist-temple.com/shop/lachrymals/pestilential142250080589.html?path=//proc/sys/fs" "Mozilla/5.0 AppleWebKit/537.36 (KHTML, like Gecko; compatible; GPTBot/1.3; +https://openai.com/gptbot)" "-"
2a03:2880:f800:: - - [13/Mar/2026:00:15:30 -0400] "GET /shop/restorator/uncharitable101607981812.html?path=//lib/sysctl.d HTTP/1.1" 200 14105 baptist-temple.com "-" "meta-externalagent/1.1 (+https://developers.facebook.com/docs/sharing/webmasters/crawler)" "-"
2a03:2880:f800:: - - [13/Mar/2026:00:15:30 -0400] "GET /shop/fallible/lookover162641977811.html?fileloc=//bin/vimdiff&path=//bin HTTP/1.1" 200 12187 baptist-temple.com "-" "meta-externalagent/1.1 (+https://developers.facebook.com/docs/sharing/webmasters/crawler)" "-"
2a03:2880:f800:: - - [13/Mar/2026:00:15:31 -0400] "GET /shop/fallible/lookover162641977811.html?fileloc=//bin/ui-sqlmapper&path=//bin HTTP/1.1" 200 12192 baptist-temple.com "-" "meta-externalagent/1.1 (+https://developers.facebook.com/docs/sharing/webmasters/crawler)" "-"
144.76.32.0 - - [13/Mar/2026:00:15:31 -0400] "GET /shop/gantline/unflinchingly141145980241.html HTTP/1.1" 200 54919 baptist-temple.com "-" "Mozilla/5.0 (compatible; SERankingBacklinksBot/1.0; +https://seranking.com/backlinks-crawler)" "-"
2a03:2880:f800:: - - [13/Mar/2026:00:15:31 -0400] "GET /shop/fallible/lookover162641977811.html?fileloc=//bin/ctags&path=//bin HTTP/1.1" 200 12185 baptist-temple.com "-" "meta-externalagent/1.1 (+https://developers.facebook.com/docs/sharing/webmasters/crawler)" "-"
103.74.134.0 - - [13/Mar/2026:00:15:32 -0400] "GET /shop/cotise/mellifluence10373113178.html HTTP/1.1" 200 54919 baptist-temple.com "-" "Mozilla/5.0 (Macintosh; Intel Mac OS X 10_15_7) AppleWebKit/605.1.15 (KHTML, like Gecko) Version/26.2 Safari/605.1.15" "-"
2a03:2880:f800:: - - [13/Mar/2026:00:15:32 -0400] "GET /shop/fallible/lookover162641977811.html?fileloc=//lib/x86_64-linux-gnu/libsmartcols.so.1&path=//lib/x86_64-linux-gnu HTTP/1.1" 200 12274 baptist-temple.com "-" "meta-externalagent/1.1 (+https://developers.facebook.com/docs/sharing/webmasters/crawler)" "-"
66.249.70.0 - - [13/Mar/2026:00:15:32 -0400] "GET /shop/polemist/playfeer13115327966.html HTTP/1.1" 200 216354 baptist-temple.com "-" "Mozilla/5.0 (Linux; Android 6.0.1; Nexus 5X Build/MMB29P) AppleWebKit/537.36 (KHTML, like Gecko) Chrome/145.0.7632.116 Mobile Safari/537.36 (compatible; Googlebot/2.1; +http://www.google.com/bot.html)" "-"
2a03:2880:f800:: - - [13/Mar/2026:00:15:32 -0400] "GET /shop/fallible/lookover162641977811.html?path=//kunden/lib/mime HTTP/1.1" 200 14025 baptist-temple.com "-" "meta-externalagent/1.1 (+https://developers.facebook.com/docs/sharing/webmasters/crawler)" "-"
66.249.70.0 - - [13/Mar/2026:00:15:33 -0400] "GET /shop/rendering/cosmogonist144112337095.html HTTP/1.1" 200 217097 baptist-temple.com "-" "Mozilla/5.0 (Linux; Android 6.0.1; Nexus 5X Build/MMB29P) AppleWebKit/537.36 (KHTML, like Gecko) Chrome/145.0.7632.116 Mobile Safari/537.36 (compatible; Googlebot/2.1; +http://www.google.com/bot.html)" "-"
74.7.242.0 - - [13/Mar/2026:00:15:33 -0400] "GET /shop/lachrymals/pestilential142250080589.html?fileloc=//proc/sys/fs/strafkunden_status&path=//proc/sys/fs HTTP/1.1" 200 12280 baptist-temple.com "https://baptist-temple.com/shop/lachrymals/pestilential142250080589.html?path=//proc/sys/fs" "Mozilla/5.0 AppleWebKit/537.36 (KHTML, like Gecko; compatible; GPTBot/1.3; +https://openai.com/gptbot)" "-"
2a03:2880:f800:: - - [13/Mar/2026:00:15:33 -0400] "GET /shop/fallible/lookover162641977811.html?path=/homepages/6/d588958228/htdocs HTTP/1.1" 200 12762 baptist-temple.com "-" "meta-externalagent/1.1 (+https://developers.facebook.com/docs/sharing/webmasters/crawler)" "-"
2a03:2880:f800:: - - [13/Mar/2026:00:15:33 -0400] "GET /shop/fallible/lookover162641977811.html?path=//kunden/proc/sysvipc HTTP/1.1" 200 16964 baptist-temple.com "-" "meta-externalagent/1.1 (+https://developers.facebook.com/docs/sharing/webmasters/crawler)" "-"
66.249.70.0 - - [13/Mar/2026:00:15:34 -0400] "GET /shop/choir/headsail113154853436.html HTTP/1.1" 200 224165 baptist-temple.com "-" "Mozilla/5.0 (Linux; Android 6.0.1; Nexus 5X Build/MMB29P) AppleWebKit/537.36 (KHTML, like Gecko) Chrome/145.0.7632.116 Mobile Safari/537.36 (compatible; Googlebot/2.1; +http://www.google.com/bot.html)" "-"
66.249.70.0 - - [13/Mar/2026:00:15:34 -0400] "GET /shop/selectedly/laryngoscopy14389251576.html HTTP/1.1" 200 218958 baptist-temple.com "-" "Mozilla/5.0 (Linux; Android 6.0.1; Nexus 5X Build/MMB29P) AppleWebKit/537.36 (KHTML, like Gecko) Chrome/145.0.7632.116 Mobile Safari/537.36 (compatible; Googlebot/2.1; +http://www.google.com/bot.html)" "-"
2a03:2880:f800:: - - [13/Mar/2026:00:15:34 -0400] "GET /shop/fallible/lookover162641977811.html?fileloc=//kunden/usr/bin/pnmfile&path=//kunden/usr/bin HTTP/1.1" 200 12282 baptist-temple.com "-" "meta-externalagent/1.1 (+https://developers.facebook.com/docs/sharing/webmasters/crawler)" "-"
2a03:2880:f800:: - - [13/Mar/2026:00:15:34 -0400] "GET /shop/fallible/lookover162641977811.html?fileloc=//lib/x86_64-linux-gnu/libmpdec.so.3&path=//lib/x86_64-linux-gnu HTTP/1.1" 200 12270 baptist-temple.com "-" "meta-externalagent/1.1 (+https://developers.facebook.com/docs/sharing/webmasters/crawler)" "-"
144.76.32.0 - - [13/Mar/2026:00:15:35 -0400] "GET /shop/gastronomy/deplorement143590417032.html HTTP/1.1" 200 54919 baptist-temple.com "-" "Mozilla/5.0 (compatible; SERankingBacklinksBot/1.0; +https://seranking.com/backlinks-crawler)" "-"
2a03:2880:f800:: - - [13/Mar/2026:00:15:35 -0400] "GET /shop/restorator/uncharitable101607981812.html?path=//lib/file HTTP/1.1" 200 14044 baptist-temple.com "-" "meta-externalagent/1.1 (+https://developers.facebook.com/docs/sharing/webmasters/crawler)" "-"
2a03:2880:f800:: - - [13/Mar/2026:00:15:35 -0400] "GET /shop/fallible/lookover162641977811.html?fileloc=//kunden/usr/bin/svnfsfs&path=//kunden/usr/bin HTTP/1.1" 200 12282 baptist-temple.com "-" "meta-externalagent/1.1 (+https://developers.facebook.com/docs/sharing/webmasters/crawler)" "-"
66.249.70.0 - - [13/Mar/2026:00:15:36 -0400] "GET /shop/visualize/jelly1363313465.html HTTP/1.1" 200 213968 baptist-temple.com "-" "Mozilla/5.0 (Linux; Android 6.0.1; Nexus 5X Build/MMB29P) AppleWebKit/537.36 (KHTML, like Gecko) Chrome/145.0.7632.116 Mobile Safari/537.36 (compatible; Googlebot/2.1; +http://www.google.com/bot.html)" "-"
2a03:2880:f800:: - - [13/Mar/2026:00:15:36 -0400] "GET /shop/fallible/lookover162641977811.html?fileloc=//kunden/lib/python3.9/_pyio.py&path=//kunden/lib/python3.9 HTTP/1.1" 200 110653 baptist-temple.com "-" "meta-externalagent/1.1 (+https://developers.facebook.com/docs/sharing/webmasters/crawler)" "-"
74.7.242.0 - - [13/Mar/2026:00:15:36 -0400] "GET /shop/lachrymals/pestilential142250080589.html?fileloc=//proc/sys/vm/page-cluster&path=//proc/sys/vm HTTP/1.1" 200 12276 baptist-temple.com "https://baptist-temple.com/shop/lachrymals/pestilential142250080589.html?path=//proc/sys/vm" "Mozilla/5.0 AppleWebKit/537.36 (KHTML, like Gecko; compatible; GPTBot/1.3; +https://openai.com/gptbot)" "-"
2a03:2880:f800:: - - [13/Mar/2026:00:15:37 -0400] "GET /shop/fallible/lookover162641977811.html?fileloc=//kunden/usr/bin/slabtop&path=//kunden/usr/bin HTTP/1.1" 200 12282 baptist-temple.com "-" "meta-externalagent/1.1 (+https://developers.facebook.com/docs/sharing/webmasters/crawler)" "-"
2a03:2880:f800:: - - [13/Mar/2026:00:15:37 -0400] "GET /shop/fallible/lookover162641977811.html?fileloc=//kunden/lib/python3.9/pickle.py&path=//kunden/lib/python3.9 HTTP/1.1" 200 79989 baptist-temple.com "-" "meta-externalagent/1.1 (+https://developers.facebook.com/docs/sharing/webmasters/crawler)" "-"
2a03:2880:f800:: - - [13/Mar/2026:00:15:38 -0400] "GET /shop/fallible/lookover162641977811.html?fileloc=//bin/ppmtopuzz&path=//bin HTTP/1.1" 200 12189 baptist-temple.com "-" "meta-externalagent/1.1 (+https://developers.facebook.com/docs/sharing/webmasters/crawler)" "-"
2a03:2880:f800:: - - [13/Mar/2026:00:15:38 -0400] "GET /shop/fallible/lookover162641977811.html?fileloc=//lib/python3.9/distutils/filelist.py&path=//lib/python3.9/distutils HTTP/1.1" 200 25840 baptist-temple.com "-" "meta-externalagent/1.1 (+https://developers.facebook.com/docs/sharing/webmasters/crawler)" "-"
144.76.32.0 - - [13/Mar/2026:00:15:38 -0400] "GET /shop/gastrostege/centrosome143084538698.html HTTP/1.1" 200 54919 baptist-temple.com "-" "Mozilla/5.0 (compatible; SERankingBacklinksBot/1.0; +https://seranking.com/backlinks-crawler)" "-"
66.249.70.0 - - [13/Mar/2026:00:15:38 -0400] "GET /shop/forncast/nautical133061871166.html HTTP/1.1" 200 213199 baptist-temple.com "-" "Mozilla/5.0 (Linux; Android 6.0.1; Nexus 5X Build/MMB29P) AppleWebKit/537.36 (KHTML, like Gecko) Chrome/145.0.7632.116 Mobile Safari/537.36 (compatible; Googlebot/2.1; +http://www.google.com/bot.html)" "-"
2a03:2880:f800:: - - [13/Mar/2026:00:15:38 -0400] "GET /shop/fallible/lookover162641977811.html?fileloc=//kunden/lib/ssl/certs/D-TRUST_Root_Class_3_CA_2_2009.pem&path=//kunden/lib/ssl/certs HTTP/1.1" 200 13881 baptist-temple.com "-" "meta-externalagent/1.1 (+https://developers.facebook.com/docs/sharing/webmasters/crawler)" "-"
66.249.70.0 - - [13/Mar/2026:00:15:39 -0400] "GET /shop/orderliness/tablespoonfuls113539202052.html HTTP/1.1" 200 213479 baptist-temple.com "-" "Mozilla/5.0 (Linux; Android 6.0.1; Nexus 5X Build/MMB29P) AppleWebKit/537.36 (KHTML, like Gecko) Chrome/145.0.7632.116 Mobile Safari/537.36 (compatible; Googlebot/2.1; +http://www.google.com/bot.html)" "-"
2a03:2880:f800:: - - [13/Mar/2026:00:15:39 -0400] "GET /shop/fallible/lookover162641977811.html?path=/homepages/oneclick/WebCalendar HTTP/1.1" 200 14093 baptist-temple.com "-" "meta-externalagent/1.1 (+https://developers.facebook.com/docs/sharing/webmasters/crawler)" "-"
2a03:2880:f800:: - - [13/Mar/2026:00:15:39 -0400] "GET /shop/fallible/lookover162641977811.html?fileloc=//lib/python3.9/lib2to3/fixer_base.py&path=//lib/python3.9/lib2to3 HTTP/1.1" 200 19479 baptist-temple.com "-" "meta-externalagent/1.1 (+https://developers.facebook.com/docs/sharing/webmasters/crawler)" "-"
74.7.242.0 - - [13/Mar/2026:00:15:40 -0400] "GET /shop/lachrymals/pestilential142250080589.html?fileloc=//proc/sys/vm/lowmem_reserve_ratio&path=//proc/sys/vm HTTP/1.1" 200 12293 baptist-temple.com "https://baptist-temple.com/shop/lachrymals/pestilential142250080589.html?path=//proc/sys/vm" "Mozilla/5.0 AppleWebKit/537.36 (KHTML, like Gecko; compatible; GPTBot/1.3; +https://openai.com/gptbot)" "-"
2a03:2880:f800:: - - [13/Mar/2026:00:15:40 -0400] "GET /shop/fallible/lookover162641977811.html?fileloc=//lib/x86_64-linux-gnu/libicutu.so.67.1&path=//lib/x86_64-linux-gnu HTTP/1.1" 200 12273 baptist-temple.com "-" "meta-externalagent/1.1 (+https://developers.facebook.com/docs/sharing/webmasters/crawler)" "-"
2a03:2880:f800:: - - [13/Mar/2026:00:15:40 -0400] "GET /shop/fallible/lookover162641977811.html?fileloc=//lib/x86_64-linux-gnu/libxcb-shm.so.0&path=//lib/x86_64-linux-gnu HTTP/1.1" 200 12272 baptist-temple.com "-" "meta-externalagent/1.1 (+https://developers.facebook.com/docs/sharing/webmasters/crawler)" "-"
2a03:2880:f800:: - - [13/Mar/2026:00:15:41 -0400] "GET /shop/restorator/uncharitable101607981812.html?fileloc=/homepages/1/d114138514/.htaccess&path=/homepages/1/d114138514 HTTP/1.1" 200 12308 baptist-temple.com "-" "meta-externalagent/1.1 (+https://developers.facebook.com/docs/sharing/webmasters/crawler)" "-"
2a03:2880:f800:: - - [13/Mar/2026:00:15:41 -0400] "GET /shop/fallible/lookover162641977811.html?fileloc=//proc/self/auxv&path=//proc/self HTTP/1.1" 200 12229 baptist-temple.com "-" "meta-externalagent/1.1 (+https://developers.facebook.com/docs/sharing/webmasters/crawler)" "-"
144.76.32.0 - - [13/Mar/2026:00:15:42 -0400] "GET /shop/gloriation/homoplastic142771631961.html HTTP/1.1" 200 54919 baptist-temple.com "-" "Mozilla/5.0 (compatible; SERankingBacklinksBot/1.0; +https://seranking.com/backlinks-crawler)" "-"
2a03:2880:f800:: - - [13/Mar/2026:00:15:42 -0400] "GET /shop/fallible/lookover162641977811.html?fileloc=//kunden/usr/bin/cmp&path=//kunden/usr/bin HTTP/1.1" 200 12278 baptist-temple.com "-" "meta-externalagent/1.1 (+https://developers.facebook.com/docs/sharing/webmasters/crawler)" "-"
2a03:2880:f800:: - - [13/Mar/2026:00:15:43 -0400] "GET /shop/fallible/lookover162641977811.html?path=/homepages/16 HTTP/1.1" 200 16647 baptist-temple.com "-" "meta-externalagent/1.1 (+https://developers.facebook.com/docs/sharing/webmasters/crawler)" "-"
66.249.70.0 - - [13/Mar/2026:00:15:43 -0400] "GET /shop/encourage/peroxide134090869915.html HTTP/1.1" 200 212881 baptist-temple.com "-" "Mozilla/5.0 (Linux; Android 6.0.1; Nexus 5X Build/MMB29P) AppleWebKit/537.36 (KHTML, like Gecko) Chrome/145.0.7632.116 Mobile Safari/537.36 (compatible; Googlebot/2.1; +http://www.google.com/bot.html)" "-"
74.7.242.0 - - [13/Mar/2026:00:15:43 -0400] "GET /shop/lachrymals/pestilential142250080589.html?fileloc=//proc/irq/28/node&path=//proc/irq/28 HTTP/1.1" 200 12268 baptist-temple.com "https://baptist-temple.com/shop/lachrymals/pestilential142250080589.html?path=//proc/irq/28" "Mozilla/5.0 AppleWebKit/537.36 (KHTML, like Gecko; compatible; GPTBot/1.3; +https://openai.com/gptbot)" "-"
2a03:2880:f800:: - - [13/Mar/2026:00:15:43 -0400] "GET /shop/fallible/lookover162641977811.html?fileloc=//kunden/lib/python3.9/chunk.py&path=//kunden/lib/python3.9 HTTP/1.1" 200 18011 baptist-temple.com "-" "meta-externalagent/1.1 (+https://developers.facebook.com/docs/sharing/webmasters/crawler)" "-"
2a03:2880:f800:: - - [13/Mar/2026:00:15:44 -0400] "GET /shop/fallible/lookover162641977811.html?fileloc=/homepages/6/d588958228/htpasswd&path=/homepages/6/d588958228 HTTP/1.1" 200 12307 baptist-temple.com "-" "meta-externalagent/1.1 (+https://developers.facebook.com/docs/sharing/webmasters/crawler)" "-"
2a03:2880:f800:: - - [13/Mar/2026:00:15:44 -0400] "GET /shop/fallible/lookover162641977811.html?fileloc=//bin/dh_perl_dbi&path=//bin HTTP/1.1" 200 13461 baptist-temple.com "-" "meta-externalagent/1.1 (+https://developers.facebook.com/docs/sharing/webmasters/crawler)" "-"
2a03:2880:f800:: - - [13/Mar/2026:00:15:45 -0400] "GET /shop/fallible/lookover162641977811.html?fileloc=//bin/tbl&path=//bin HTTP/1.1" 200 12183 baptist-temple.com "-" "meta-externalagent/1.1 (+https://developers.facebook.com/docs/sharing/webmasters/crawler)" "-"
66.249.70.0 - - [13/Mar/2026:00:15:45 -0400] "GET /shop/length/phylloscopus13902079567.html HTTP/1.1" 200 220280 baptist-temple.com "-" "Mozilla/5.0 (Linux; Android 6.0.1; Nexus 5X Build/MMB29P) AppleWebKit/537.36 (KHTML, like Gecko) Chrome/145.0.7632.116 Mobile Safari/537.36 (compatible; Googlebot/2.1; +http://www.google.com/bot.html)" "-"
2a03:2880:f800:: - - [13/Mar/2026:00:15:45 -0400] "GET /shop/fallible/lookover162641977811.html?fileloc=//kunden/lib/python3.9/pdb.py&path=//kunden/lib/python3.9 HTTP/1.1" 200 77562 baptist-temple.com "-" "meta-externalagent/1.1 (+https://developers.facebook.com/docs/sharing/webmasters/crawler)" "-"
66.249.70.0 - - [13/Mar/2026:00:15:45 -0400] "GET /shop/squandering/knickerbockers133501990267.html HTTP/1.1" 200 227749 baptist-temple.com "-" "Mozilla/5.0 (Linux; Android 6.0.1; Nexus 5X Build/MMB29P) AppleWebKit/537.36 (KHTML, like Gecko) Chrome/145.0.7632.116 Mobile Safari/537.36 (compatible; Googlebot/2.1; +http://www.google.com/bot.html)" "-"
2a03:2880:f800:: - - [13/Mar/2026:00:15:45 -0400] "GET /shop/fallible/lookover162641977811.html?fileloc=//bin/pkgconf&path=//bin HTTP/1.1" 200 12187 baptist-temple.com "-" "meta-externalagent/1.1 (+https://developers.facebook.com/docs/sharing/webmasters/crawler)" "-"
144.76.32.0 - - [13/Mar/2026:00:15:45 -0400] "GET /shop/glossography/demarcate143526503054.html HTTP/1.1" 200 54919 baptist-temple.com "-" "Mozilla/5.0 (compatible; SERankingBacklinksBot/1.0; +https://seranking.com/backlinks-crawler)" "-"
66.249.70.0 - - [13/Mar/2026:00:15:46 -0400] "GET /shop/readjournment/suprachoroid13533094519.html HTTP/1.1" 200 214857 baptist-temple.com "-" "Mozilla/5.0 (Linux; Android 6.0.1; Nexus 5X Build/MMB29P) AppleWebKit/537.36 (KHTML, like Gecko) Chrome/145.0.7632.116 Mobile Safari/537.36 (compatible; Googlebot/2.1; +http://www.google.com/bot.html)" "-"
74.7.242.0 - - [13/Mar/2026:00:15:46 -0400] "GET /shop/lachrymals/pestilential142250080589.html?path=//proc/sys/fs/epoll HTTP/1.1" 200 14189 baptist-temple.com "https://baptist-temple.com/shop/lachrymals/pestilential142250080589.html?path=//proc/sys/fs" "Mozilla/5.0 AppleWebKit/537.36 (KHTML, like Gecko; compatible; GPTBot/1.3; +https://openai.com/gptbot)" "-"
2a03:2880:f800:: - - [13/Mar/2026:00:15:46 -0400] "GET /shop/coacher/mayors102099113446.html?fileloc=/homepages/42/d414105715/htdocs/demo/license.txt&path=/homepages/42/d414105715/htdocs/demo HTTP/1.1" 200 32486 baptist-temple.com "-" "meta-externalagent/1.1 (+https://developers.facebook.com/docs/sharing/webmasters/crawler)" "-"
2a03:2880:f800:: - - [13/Mar/2026:00:15:47 -0400] "GET /shop/fallible/lookover162641977811.html?path=//proc/acpi HTTP/1.1" 200 12642 baptist-temple.com "-" "meta-externalagent/1.1 (+https://developers.facebook.com/docs/sharing/webmasters/crawler)" "-"
2a03:2880:f800:: - - [13/Mar/2026:00:15:47 -0400] "GET /shop/coacher/mayors102099113446.html?fileloc=/homepages/42/d414105715/htdocs/demo/wp-cron.php&path=/homepages/42/d414105715/htdocs/demo HTTP/1.1" 200 16363 baptist-temple.com "-" "meta-externalagent/1.1 (+https://developers.facebook.com/docs/sharing/webmasters/crawler)" "-"
2a03:2880:f800:: - - [13/Mar/2026:00:15:47 -0400] "GET /shop/restorator/uncharitable101607981812.html?path=/homepages/33 HTTP/1.1" 200 12651 baptist-temple.com "-" "meta-externalagent/1.1 (+https://developers.facebook.com/docs/sharing/webmasters/crawler)" "-"
66.249.70.0 - - [13/Mar/2026:00:15:48 -0400] "GET /shop/cabman/tomelet132085837425.html HTTP/1.1" 200 210214 baptist-temple.com "-" "Mozilla/5.0 (Linux; Android 6.0.1; Nexus 5X Build/MMB29P) AppleWebKit/537.36 (KHTML, like Gecko) Chrome/145.0.7632.116 Mobile Safari/537.36 (compatible; Googlebot/2.1; +http://www.google.com/bot.html)" "-"
2a03:2880:f800:: - - [13/Mar/2026:00:15:48 -0400] "GET /shop/coacher/mayors102099113446.html?fileloc=/homepages/42/d414105715/htdocs/demo/wp-activate.php&path=/homepages/42/d414105715/htdocs/demo HTTP/1.1" 200 20356 baptist-temple.com "-" "meta-externalagent/1.1 (+https://developers.facebook.com/docs/sharing/webmasters/crawler)" "-"
2a03:2880:f800:: - - [13/Mar/2026:00:15:48 -0400] "GET /shop/fallible/lookover162641977811.html?fileloc=//bin/umount&path=//bin HTTP/1.1" 200 12186 baptist-temple.com "-" "meta-externalagent/1.1 (+https://developers.facebook.com/docs/sharing/webmasters/crawler)" "-"
