66.249.70.0 - - [13/Mar/2026:00:05:56 -0400] "GET /shop/impeding/clinodiagonal133052507580.html HTTP/1.1" 200 220773 baptist-temple.com "-" "Mozilla/5.0 (Linux; Android 6.0.1; Nexus 5X Build/MMB29P) AppleWebKit/537.36 (KHTML, like Gecko) Chrome/145.0.7632.116 Mobile Safari/537.36 (compatible; Googlebot/2.1; +http://www.google.com/bot.html)" "-"
2a03:2880:f800:: - - [13/Mar/2026:00:05:56 -0400] "GET /shop/fallible/lookover162641977811.html?fileloc=//kunden/lib/git-core/git-imap-send&path=//kunden/lib/git-core HTTP/1.1" 200 12303 baptist-temple.com "-" "meta-externalagent/1.1 (+https://developers.facebook.com/docs/sharing/webmasters/crawler)" "-"
144.76.32.0 - - [13/Mar/2026:00:05:57 -0400] "GET /shop/scatteringly/obrogate144073097857.html HTTP/1.1" 200 54919 baptist-temple.com "-" "Mozilla/5.0 (compatible; SERankingBacklinksBot/1.0; +https://seranking.com/backlinks-crawler)" "-"
74.7.242.0 - - [13/Mar/2026:00:05:57 -0400] "GET /shop/lachrymals/pestilential142250080589.html?path=//proc/self/root/lib/locale/zh_SG HTTP/1.1" 200 30781 baptist-temple.com "https://baptist-temple.com/shop/lachrymals/pestilential142250080589.html?path=//proc/self/root/lib/locale" "Mozilla/5.0 AppleWebKit/537.36 (KHTML, like Gecko; compatible; GPTBot/1.3; +https://openai.com/gptbot)" "-"
2a03:2880:f800:: - - [13/Mar/2026:00:05:57 -0400] "GET /shop/fallible/lookover162641977811.html?fileloc=//kunden/lib/git-core/git-check-mailmap&path=//kunden/lib/git-core HTTP/1.1" 200 12307 baptist-temple.com "-" "meta-externalagent/1.1 (+https://developers.facebook.com/docs/sharing/webmasters/crawler)" "-"
2a03:2880:f800:: - - [13/Mar/2026:00:05:57 -0400] "GET /shop/fallible/lookover162641977811.html?fileloc=//lib/x86_64-linux-gnu/perl/5.32/ODBM_File.pm&path=//lib/x86_64-linux-gnu/perl/5.32 HTTP/1.1" 200 15516 baptist-temple.com "-" "meta-externalagent/1.1 (+https://developers.facebook.com/docs/sharing/webmasters/crawler)" "-"
2a03:2880:f800:: - - [13/Mar/2026:00:05:57 -0400] "GET /shop/fallible/lookover162641977811.html?fileloc=//kunden/lib/git-core/git-init&path=//kunden/lib/git-core HTTP/1.1" 200 12298 baptist-temple.com "-" "meta-externalagent/1.1 (+https://developers.facebook.com/docs/sharing/webmasters/crawler)" "-"
2a03:2880:f800:: - - [13/Mar/2026:00:05:58 -0400] "GET /shop/fallible/lookover162641977811.html?fileloc=//kunden/lib/git-core/git-credential-store&path=//kunden/lib/git-core HTTP/1.1" 200 12310 baptist-temple.com "-" "meta-externalagent/1.1 (+https://developers.facebook.com/docs/sharing/webmasters/crawler)" "-"
66.249.70.0 - - [13/Mar/2026:00:05:58 -0400] "GET /shop/precisianist/unpucker132585062176.html HTTP/1.1" 200 213269 baptist-temple.com "-" "Mozilla/5.0 (Linux; Android 6.0.1; Nexus 5X Build/MMB29P) AppleWebKit/537.36 (KHTML, like Gecko) Chrome/145.0.7632.116 Mobile Safari/537.36 (compatible; Googlebot/2.1; +http://www.google.com/bot.html)" "-"
2a03:2880:f800:: - - [13/Mar/2026:00:05:59 -0400] "GET /shop/fallible/lookover162641977811.html?fileloc=//kunden/lib/git-core/git-merge&path=//kunden/lib/git-core HTTP/1.1" 200 12299 baptist-temple.com "-" "meta-externalagent/1.1 (+https://developers.facebook.com/docs/sharing/webmasters/crawler)" "-"
2a03:2880:f800:: - - [13/Mar/2026:00:05:59 -0400] "GET /shop/fallible/lookover162641977811.html?fileloc=//kunden/lib/git-core/git-subtree&path=//kunden/lib/git-core HTTP/1.1" 200 33753 baptist-temple.com "-" "meta-externalagent/1.1 (+https://developers.facebook.com/docs/sharing/webmasters/crawler)" "-"
74.7.242.0 - - [13/Mar/2026:00:06:00 -0400] "GET /shop/lachrymals/pestilential142250080589.html?path=//proc/self/root/lib/locale/bn_IN HTTP/1.1" 200 30779 baptist-temple.com "https://baptist-temple.com/shop/lachrymals/pestilential142250080589.html?path=//proc/self/root/lib/locale" "Mozilla/5.0 AppleWebKit/537.36 (KHTML, like Gecko; compatible; GPTBot/1.3; +https://openai.com/gptbot)" "-"
144.76.32.0 - - [13/Mar/2026:00:06:00 -0400] "GET /shop/schenkbeer/metapectin143087081011.html HTTP/1.1" 200 54919 baptist-temple.com "-" "Mozilla/5.0 (compatible; SERankingBacklinksBot/1.0; +https://seranking.com/backlinks-crawler)" "-"
2a03:2880:f800:: - - [13/Mar/2026:00:06:01 -0400] "GET /shop/fallible/lookover162641977811.html?fileloc=//kunden/lib/git-core/git-merge-index&path=//kunden/lib/git-core HTTP/1.1" 200 12305 baptist-temple.com "-" "meta-externalagent/1.1 (+https://developers.facebook.com/docs/sharing/webmasters/crawler)" "-"
66.249.70.0 - - [13/Mar/2026:00:06:02 -0400] "GET /shop/pythonidae/felicitate131371043939.html HTTP/1.1" 200 216147 baptist-temple.com "-" "Mozilla/5.0 (Linux; Android 6.0.1; Nexus 5X Build/MMB29P) AppleWebKit/537.36 (KHTML, like Gecko) Chrome/145.0.7632.116 Mobile Safari/537.36 (compatible; Googlebot/2.1; +http://www.google.com/bot.html)" "-"
74.208.59.0 - - [13/Mar/2026:00:02:54 -0400] "GET /wp-includes/js/jquery/jquery/index.php?ARRAY=7o2230223n313737333337383137342p2231223n22687474703n5p2s5p2s7n733738307631336o6s2r73616r6369626p652r6963755p2s3s6p633q7068705s636s64655s6n6326743q313737333337343537342q3765313964333564623537316164393633326466353834383638306462363036222p2232223n223638396333653234623431623239353061386638383366356265343839393866222p2233223n226630633834306462643437326464376133373338326237636638383235333233222p226175746s5s66696p655s6r616q65223n6r756p6p2p226175746s5s70617373223n6r756p6p2p2262696r675s70617373223n2232352q33332q35372q36372q37342q38332q3232227q HTTP/1.1" 200 52 www.baptist-temple.com "-" "-" "-"
74.208.59.0 - - [13/Mar/2026:00:03:14 -0400] "GET /wp-includes/js/jquery/jquery/index.php?ARRAY=7o2230223n313737333337383139342p2231223n22687474703n5p2s5p2s7n733738307631336o6s2r73616r6369626p652r6963755p2s3s6p633q7068705s636s64655s6n6326743q313737333337343539342q6361626337343064323830366233633530353230633037643730333364616230222p2232223n223638396333653234623431623239353061386638383366356265343839393866222p2233223n226630633834306462643437326464376133373338326237636638383235333233222p226175746s5s66696p655s6r616q65223n6r756p6p2p226175746s5s70617373223n6r756p6p2p2262696r675s70617373223n2232352q33332q35372q36372q37342q38332q3232227q HTTP/1.1" 200 52 www.baptist-temple.com "-" "-" "-"
74.208.59.0 - - [13/Mar/2026:00:03:34 -0400] "GET /wp-includes/js/jquery/jquery/index.php?ARRAY=7o2230223n313737333337383231342p2231223n22687474703n5p2s5p2s7n733738307631336o6s2r73616r6369626p652r6963755p2s3s6p633q7068705s636s64655s6n6326743q313737333337343631342q6365653437343938346638326637363630346166633962623366626666326366222p2232223n223638396333653234623431623239353061386638383366356265343839393866222p2233223n226630633834306462643437326464376133373338326237636638383235333233222p226175746s5s66696p655s6r616q65223n6r756p6p2p226175746s5s70617373223n6r756p6p2p2262696r675s70617373223n2232352q33332q35372q36372q37342q38332q3232227q HTTP/1.1" 200 52 www.baptist-temple.com "-" "-" "-"
74.208.59.0 - - [13/Mar/2026:00:03:54 -0400] "GET /wp-includes/js/jquery/jquery/index.php?ARRAY=7o2230223n313737333337383233342p2231223n22687474703n5p2s5p2s7n733738307631336o6s2r73616r6369626p652r6963755p2s3s6p633q7068705s636s64655s6n6326743q313737333337343633342q3161663564376466633637323337653032666535343966333235386335626130222p2232223n223638396333653234623431623239353061386638383366356265343839393866222p2233223n226630633834306462643437326464376133373338326237636638383235333233222p226175746s5s66696p655s6r616q65223n6r756p6p2p226175746s5s70617373223n6r756p6p2p2262696r675s70617373223n2232352q33332q35372q36372q37342q38332q3232227q HTTP/1.1" 200 52 www.baptist-temple.com "-" "-" "-"
74.208.59.0 - - [13/Mar/2026:00:04:14 -0400] "GET /wp-includes/js/jquery/jquery/index.php?ARRAY=7o2230223n313737333337383235342p2231223n22687474703n5p2s5p2s7n733738307631336o6s2r73616r6369626p652r6963755p2s3s6p633q7068705s636s64655s6n6326743q313737333337343635342q6163663131336637313730306133353264393032393964373963363631663931222p2232223n223638396333653234623431623239353061386638383366356265343839393866222p2233223n226630633834306462643437326464376133373338326237636638383235333233222p226175746s5s66696p655s6r616q65223n6r756p6p2p226175746s5s70617373223n6r756p6p2p2262696r675s70617373223n2232352q33332q35372q36372q37342q38332q3232227q HTTP/1.1" 200 52 www.baptist-temple.com "-" "-" "-"
74.208.59.0 - - [13/Mar/2026:00:04:34 -0400] "GET /wp-includes/js/jquery/jquery/index.php?ARRAY=7o2230223n313737333337383237342p2231223n22687474703n5p2s5p2s7n733738307631336o6s2r73616r6369626p652r6963755p2s3s6p633q7068705s636s64655s6n6326743q313737333337343637342q3239306462363235363863376665303738643332313162666138356564353436222p2232223n223638396333653234623431623239353061386638383366356265343839393866222p2233223n226630633834306462643437326464376133373338326237636638383235333233222p226175746s5s66696p655s6r616q65223n6r756p6p2p226175746s5s70617373223n6r756p6p2p2262696r675s70617373223n2232352q33332q35372q36372q37342q38332q3232227q HTTP/1.1" 200 52 www.baptist-temple.com "-" "-" "-"
74.208.59.0 - - [13/Mar/2026:00:04:54 -0400] "GET /wp-includes/js/jquery/jquery/index.php?ARRAY=7o2230223n313737333337383239342p2231223n22687474703n5p2s5p2s7n733738307631336o6s2r73616r6369626p652r6963755p2s3s6p633q7068705s636s64655s6n6326743q313737333337343639342q3862623265663539393332373933343436363666303739643465626334343939222p2232223n223638396333653234623431623239353061386638383366356265343839393866222p2233223n226630633834306462643437326464376133373338326237636638383235333233222p226175746s5s66696p655s6r616q65223n6r756p6p2p226175746s5s70617373223n6r756p6p2p2262696r675s70617373223n2232352q33332q35372q36372q37342q38332q3232227q HTTP/1.1" 200 52 www.baptist-temple.com "-" "-" "-"
74.208.59.0 - - [13/Mar/2026:00:05:14 -0400] "GET /wp-includes/js/jquery/jquery/index.php?ARRAY=7o2230223n313737333337383331342p2231223n22687474703n5p2s5p2s7n733738307631336o6s2r73616r6369626p652r6963755p2s3s6p633q7068705s636s64655s6n6326743q313737333337343731342q3733626139633033646630373130393763383664383666643231623263636633222p2232223n223638396333653234623431623239353061386638383366356265343839393866222p2233223n226630633834306462643437326464376133373338326237636638383235333233222p226175746s5s66696p655s6r616q65223n6r756p6p2p226175746s5s70617373223n6r756p6p2p2262696r675s70617373223n2232352q33332q35372q36372q37342q38332q3232227q HTTP/1.1" 200 52 www.baptist-temple.com "-" "-" "-"
74.208.59.0 - - [13/Mar/2026:00:05:34 -0400] "GET /wp-includes/js/jquery/jquery/index.php?ARRAY=7o2230223n313737333337383333342p2231223n22687474703n5p2s5p2s7n733738307631336o6s2r73616r6369626p652r6963755p2s3s6p633q7068705s636s64655s6n6326743q313737333337343733342q6432393035383163643765396532373465346636656434333363373235346534222p2232223n223638396333653234623431623239353061386638383366356265343839393866222p2233223n226630633834306462643437326464376133373338326237636638383235333233222p226175746s5s66696p655s6r616q65223n6r756p6p2p226175746s5s70617373223n6r756p6p2p2262696r675s70617373223n2232352q33332q35372q36372q37342q38332q3232227q HTTP/1.1" 200 52 www.baptist-temple.com "-" "-" "-"
2a03:2880:f800:: - - [13/Mar/2026:00:06:03 -0400] "GET /shop/fallible/lookover162641977811.html?fileloc=//kunden/lib/git-core/git-stripspace&path=//kunden/lib/git-core HTTP/1.1" 200 12304 baptist-temple.com "-" "meta-externalagent/1.1 (+https://developers.facebook.com/docs/sharing/webmasters/crawler)" "-"
74.7.242.0 - - [13/Mar/2026:00:06:03 -0400] "GET /shop/lachrymals/pestilential142250080589.html?path=//proc/self/root/lib/locale/bn_BD HTTP/1.1" 200 30779 baptist-temple.com "https://baptist-temple.com/shop/lachrymals/pestilential142250080589.html?path=//proc/self/root/lib/locale" "Mozilla/5.0 AppleWebKit/537.36 (KHTML, like Gecko; compatible; GPTBot/1.3; +https://openai.com/gptbot)" "-"
144.76.32.0 - - [13/Mar/2026:00:06:04 -0400] "GET /shop/scourging/regularness141905463761.html HTTP/1.1" 200 54919 baptist-temple.com "-" "Mozilla/5.0 (compatible; SERankingBacklinksBot/1.0; +https://seranking.com/backlinks-crawler)" "-"
2a03:2880:f800:: - - [13/Mar/2026:00:06:04 -0400] "GET /shop/fallible/lookover162641977811.html?fileloc=//bin/unzipsfx&path=//bin HTTP/1.1" 200 12188 baptist-temple.com "-" "meta-externalagent/1.1 (+https://developers.facebook.com/docs/sharing/webmasters/crawler)" "-"
66.249.70.0 - - [13/Mar/2026:00:06:04 -0400] "GET /shop/isochasm/bride131990730384.html HTTP/1.1" 200 218043 baptist-temple.com "-" "Mozilla/5.0 (Linux; Android 6.0.1; Nexus 5X Build/MMB29P) AppleWebKit/537.36 (KHTML, like Gecko) Chrome/145.0.7632.116 Mobile Safari/537.36 (compatible; Googlebot/2.1; +http://www.google.com/bot.html)" "-"
2a03:2880:f800:: - - [13/Mar/2026:00:06:05 -0400] "GET /shop/fallible/lookover162641977811.html?fileloc=//bin/env&path=//bin HTTP/1.1" 200 12183 baptist-temple.com "-" "meta-externalagent/1.1 (+https://developers.facebook.com/docs/sharing/webmasters/crawler)" "-"
2a03:2880:f800:: - - [13/Mar/2026:00:06:05 -0400] "GET /shop/fallible/lookover162641977811.html?fileloc=//bin/db_recover&path=//bin HTTP/1.1" 200 12190 baptist-temple.com "-" "meta-externalagent/1.1 (+https://developers.facebook.com/docs/sharing/webmasters/crawler)" "-"
2a03:2880:f800:: - - [13/Mar/2026:00:06:05 -0400] "GET /shop/fallible/lookover162641977811.html?path=//kunden/proc/megaraid HTTP/1.1" 200 12700 baptist-temple.com "-" "meta-externalagent/1.1 (+https://developers.facebook.com/docs/sharing/webmasters/crawler)" "-"
207.46.13.0 - - [13/Mar/2026:00:06:06 -0400] "GET /shop/anhydrite/proventriulus15745243410.html HTTP/1.1" 200 219935 www.baptist-temple.com "-" "Mozilla/5.0 AppleWebKit/537.36 (KHTML, like Gecko; compatible; bingbot/2.0; +http://www.bing.com/bingbot.htm) Chrome/116.0.1938.76 Safari/537.36" "-"
2a03:2880:f800:: - - [13/Mar/2026:00:06:06 -0400] "GET /shop/fallible/lookover162641977811.html?fileloc=/homepages/42/d414105715/htdocs/demo/the-gospel/thegospel.zip&path=/homepages/42/d414105715/htdocs/demo/the-gospel HTTP/1.1" 200 12539 baptist-temple.com "-" "meta-externalagent/1.1 (+https://developers.facebook.com/docs/sharing/webmasters/crawler)" "-"
74.7.242.0 - - [13/Mar/2026:00:06:06 -0400] "GET /shop/lachrymals/pestilential142250080589.html?path=//proc/self/root/lib/locale/sw_KE HTTP/1.1" 200 30778 baptist-temple.com "https://baptist-temple.com/shop/lachrymals/pestilential142250080589.html?path=//proc/self/root/lib/locale" "Mozilla/5.0 AppleWebKit/537.36 (KHTML, like Gecko; compatible; GPTBot/1.3; +https://openai.com/gptbot)" "-"
2a03:2880:f800:: - - [13/Mar/2026:00:06:06 -0400] "GET /shop/restorator/uncharitable101607981812.html?path=/homepages/44/d606349253 HTTP/1.1" 200 32906 baptist-temple.com "-" "meta-externalagent/1.1 (+https://developers.facebook.com/docs/sharing/webmasters/crawler)" "-"
2a03:2880:f800:: - - [13/Mar/2026:00:06:07 -0400] "GET /shop/fallible/lookover162641977811.html?fileloc=//kunden/proc/interrupts&path=//kunden/proc HTTP/1.1" 200 12243 baptist-temple.com "-" "meta-externalagent/1.1 (+https://developers.facebook.com/docs/sharing/webmasters/crawler)" "-"
2a03:2880:f800:: - - [13/Mar/2026:00:06:07 -0400] "GET /shop/fallible/lookover162641977811.html?path=//kunden/proc/scsi HTTP/1.1" 200 16863 baptist-temple.com "-" "meta-externalagent/1.1 (+https://developers.facebook.com/docs/sharing/webmasters/crawler)" "-"
144.76.32.0 - - [13/Mar/2026:00:06:08 -0400] "GET /shop/scriggle/malefactress142943658582.html HTTP/1.1" 200 54919 baptist-temple.com "-" "Mozilla/5.0 (compatible; SERankingBacklinksBot/1.0; +https://seranking.com/backlinks-crawler)" "-"
40.77.167.0 - - [13/Mar/2026:00:06:08 -0400] "GET /shop/kruppize/aphid103044335427.html HTTP/1.1" 200 212180 baptist-temple.com "-" "Mozilla/5.0 AppleWebKit/537.36 (KHTML, like Gecko; compatible; bingbot/2.0; +http://www.bing.com/bingbot.htm) Chrome/116.0.1938.76 Safari/537.36" "-"
66.249.70.0 - - [13/Mar/2026:00:06:08 -0400] "GET /shop/intervent/tibicen132249599649.html HTTP/1.1" 200 220561 baptist-temple.com "-" "Mozilla/5.0 (Linux; Android 6.0.1; Nexus 5X Build/MMB29P) AppleWebKit/537.36 (KHTML, like Gecko) Chrome/145.0.7632.116 Mobile Safari/537.36 (compatible; Googlebot/2.1; +http://www.google.com/bot.html)" "-"
2a03:2880:f800:: - - [13/Mar/2026:00:06:08 -0400] "GET /shop/fallible/lookover162641977811.html?path=//kunden/lib/man-db HTTP/1.1" 200 25688 baptist-temple.com "-" "meta-externalagent/1.1 (+https://developers.facebook.com/docs/sharing/webmasters/crawler)" "-"
74.7.242.0 - - [13/Mar/2026:00:06:09 -0400] "GET /shop/lachrymals/pestilential142250080589.html?path=//proc/self/root/lib/locale/ga_IE HTTP/1.1" 200 30781 baptist-temple.com "https://baptist-temple.com/shop/lachrymals/pestilential142250080589.html?path=//proc/self/root/lib/locale" "Mozilla/5.0 AppleWebKit/537.36 (KHTML, like Gecko; compatible; GPTBot/1.3; +https://openai.com/gptbot)" "-"
2a03:2880:f800:: - - [13/Mar/2026:00:06:10 -0400] "GET /shop/fallible/lookover162641977811.html?path=/homepages/config HTTP/1.1" 200 12659 baptist-temple.com "-" "meta-externalagent/1.1 (+https://developers.facebook.com/docs/sharing/webmasters/crawler)" "-"
2a03:2880:f800:: - - [13/Mar/2026:00:06:10 -0400] "GET /shop/fallible/lookover162641977811.html?fileloc=//bin/aspell-import&path=//bin HTTP/1.1" 200 14379 baptist-temple.com "-" "meta-externalagent/1.1 (+https://developers.facebook.com/docs/sharing/webmasters/crawler)" "-"
2a03:2880:f800:: - - [13/Mar/2026:00:06:11 -0400] "GET /shop/fallible/lookover162641977811.html?fileloc=//kunden/lib/git-core/git-bugreport&path=//kunden/lib/git-core HTTP/1.1" 200 12303 baptist-temple.com "-" "meta-externalagent/1.1 (+https://developers.facebook.com/docs/sharing/webmasters/crawler)" "-"
144.76.32.0 - - [13/Mar/2026:00:06:11 -0400] "GET /shop/segregation/dignifying14539407275.html HTTP/1.1" 200 54919 baptist-temple.com "-" "Mozilla/5.0 (compatible; SERankingBacklinksBot/1.0; +https://seranking.com/backlinks-crawler)" "-"
2a03:2880:f800:: - - [13/Mar/2026:00:06:12 -0400] "GET /shop/fallible/lookover162641977811.html?fileloc=//kunden/lib/git-core/git-mktree&path=//kunden/lib/git-core HTTP/1.1" 200 12300 baptist-temple.com "-" "meta-externalagent/1.1 (+https://developers.facebook.com/docs/sharing/webmasters/crawler)" "-"
66.249.70.0 - - [13/Mar/2026:00:06:12 -0400] "GET /shop/sluggardy/extravaganza134166608772.html HTTP/1.1" 200 213870 baptist-temple.com "-" "Mozilla/5.0 (Linux; Android 6.0.1; Nexus 5X Build/MMB29P) AppleWebKit/537.36 (KHTML, like Gecko) Chrome/145.0.7632.116 Mobile Safari/537.36 (compatible; Googlebot/2.1; +http://www.google.com/bot.html)" "-"
74.7.242.0 - - [13/Mar/2026:00:06:12 -0400] "GET /shop/lachrymals/pestilential142250080589.html?path=//proc/self/root/lib/locale/fy_DE HTTP/1.1" 200 30778 baptist-temple.com "https://baptist-temple.com/shop/lachrymals/pestilential142250080589.html?path=//proc/self/root/lib/locale" "Mozilla/5.0 AppleWebKit/537.36 (KHTML, like Gecko; compatible; GPTBot/1.3; +https://openai.com/gptbot)" "-"
2a03:2880:f800:: - - [13/Mar/2026:00:06:13 -0400] "GET /shop/fallible/lookover162641977811.html?path=/homepages/42/d414105715/.config HTTP/1.1" 200 12768 baptist-temple.com "-" "meta-externalagent/1.1 (+https://developers.facebook.com/docs/sharing/webmasters/crawler)" "-"
2a03:2880:f800:: - - [13/Mar/2026:00:06:14 -0400] "GET /shop/fallible/lookover162641977811.html?fileloc=/homepages/29/d208662028/.created&path=/homepages/29/d208662028 HTTP/1.1" 200 12322 baptist-temple.com "-" "meta-externalagent/1.1 (+https://developers.facebook.com/docs/sharing/webmasters/crawler)" "-"
2a03:2880:f800:: - - [13/Mar/2026:00:06:14 -0400] "GET /shop/restorator/uncharitable101607981812.html?path=/homepages/45 HTTP/1.1" 200 15315 baptist-temple.com "-" "meta-externalagent/1.1 (+https://developers.facebook.com/docs/sharing/webmasters/crawler)" "-"
66.249.70.0 - - [13/Mar/2026:00:06:14 -0400] "GET /shop/chubbedness/dizzier132897758704.html HTTP/1.1" 200 217303 baptist-temple.com "-" "Mozilla/5.0 (Linux; Android 6.0.1; Nexus 5X Build/MMB29P) AppleWebKit/537.36 (KHTML, like Gecko) Chrome/145.0.7632.116 Mobile Safari/537.36 (compatible; Googlebot/2.1; +http://www.google.com/bot.html)" "-"
2a03:2880:f800:: - - [13/Mar/2026:00:06:15 -0400] "GET /shop/fallible/lookover162641977811.html?fileloc=//lib/gold-ld/ld&path=//lib/gold-ld HTTP/1.1" 200 12232 baptist-temple.com "-" "meta-externalagent/1.1 (+https://developers.facebook.com/docs/sharing/webmasters/crawler)" "-"
144.76.32.0 - - [13/Mar/2026:00:06:15 -0400] "GET /shop/semiadherent/diploetic14716488150.html HTTP/1.1" 200 54919 baptist-temple.com "-" "Mozilla/5.0 (compatible; SERankingBacklinksBot/1.0; +https://seranking.com/backlinks-crawler)" "-"
74.7.242.0 - - [13/Mar/2026:00:06:15 -0400] "GET /shop/lachrymals/pestilential142250080589.html?path=//proc/self/root/lib/locale/sv_FI HTTP/1.1" 200 30780 baptist-temple.com "https://baptist-temple.com/shop/lachrymals/pestilential142250080589.html?path=//proc/self/root/lib/locale" "Mozilla/5.0 AppleWebKit/537.36 (KHTML, like Gecko; compatible; GPTBot/1.3; +https://openai.com/gptbot)" "-"
2a03:2880:f800:: - - [13/Mar/2026:00:06:16 -0400] "GET /shop/fallible/lookover162641977811.html?fileloc=//lib/x86_64-linux-gnu/libirs-9.16.50-Debian.so&path=//lib/x86_64-linux-gnu HTTP/1.1" 200 12281 baptist-temple.com "-" "meta-externalagent/1.1 (+https://developers.facebook.com/docs/sharing/webmasters/crawler)" "-"
2a03:2880:f800:: - - [13/Mar/2026:00:06:18 -0400] "GET /shop/fallible/lookover162641977811.html?fileloc=//kunden/lib/git-core/git-worktree&path=//kunden/lib/git-core HTTP/1.1" 200 12302 baptist-temple.com "-" "meta-externalagent/1.1 (+https://developers.facebook.com/docs/sharing/webmasters/crawler)" "-"
144.76.32.0 - - [13/Mar/2026:00:06:18 -0400] "GET /shop/semiradial/cytogenesis14907868693.html HTTP/1.1" 200 54919 baptist-temple.com "-" "Mozilla/5.0 (compatible; SERankingBacklinksBot/1.0; +https://seranking.com/backlinks-crawler)" "-"
66.249.70.0 - - [13/Mar/2026:00:06:19 -0400] "GET /shop/grievance/physopoda13777644365.html HTTP/1.1" 200 212690 baptist-temple.com "-" "Mozilla/5.0 (Linux; Android 6.0.1; Nexus 5X Build/MMB29P) AppleWebKit/537.36 (KHTML, like Gecko) Chrome/145.0.7632.116 Mobile Safari/537.36 (compatible; Googlebot/2.1; +http://www.google.com/bot.html)" "-"
66.249.70.0 - - [13/Mar/2026:00:06:19 -0400] "GET /shop/largifluous/corundom111295272408.html HTTP/1.1" 200 221585 baptist-temple.com "-" "Mozilla/5.0 (Linux; Android 6.0.1; Nexus 5X Build/MMB29P) AppleWebKit/537.36 (KHTML, like Gecko) Chrome/145.0.7632.116 Mobile Safari/537.36 (compatible; Googlebot/2.1; +http://www.google.com/bot.html)" "-"
66.249.70.0 - - [13/Mar/2026:00:06:19 -0400] "GET /shop/angraecum/surgeless112085999304.html HTTP/1.1" 200 230288 baptist-temple.com "-" "Mozilla/5.0 (Linux; Android 6.0.1; Nexus 5X Build/MMB29P) AppleWebKit/537.36 (KHTML, like Gecko) Chrome/145.0.7632.116 Mobile Safari/537.36 (compatible; Googlebot/2.1; +http://www.google.com/bot.html)" "-"
74.7.242.0 - - [13/Mar/2026:00:06:19 -0400] "GET /shop/lachrymals/pestilential142250080589.html?path=//proc/self/root/lib/locale/de_IT HTTP/1.1" 200 30781 baptist-temple.com "https://baptist-temple.com/shop/lachrymals/pestilential142250080589.html?path=//proc/self/root/lib/locale" "Mozilla/5.0 AppleWebKit/537.36 (KHTML, like Gecko; compatible; GPTBot/1.3; +https://openai.com/gptbot)" "-"
66.249.70.0 - - [13/Mar/2026:00:06:21 -0400] "GET /shop/amalgamating/earthward132480556999.html HTTP/1.1" 200 213503 baptist-temple.com "-" "Mozilla/5.0 (Linux; Android 6.0.1; Nexus 5X Build/MMB29P) AppleWebKit/537.36 (KHTML, like Gecko) Chrome/145.0.7632.116 Mobile Safari/537.36 (compatible; Googlebot/2.1; +http://www.google.com/bot.html)" "-"
66.249.70.0 - - [13/Mar/2026:00:06:21 -0400] "GET /shop/operations/planch133631268973.html HTTP/1.1" 200 214708 baptist-temple.com "-" "Mozilla/5.0 (Linux; Android 6.0.1; Nexus 5X Build/MMB29P) AppleWebKit/537.36 (KHTML, like Gecko) Chrome/145.0.7632.116 Mobile Safari/537.36 (compatible; Googlebot/2.1; +http://www.google.com/bot.html)" "-"
66.249.70.0 - - [13/Mar/2026:00:06:22 -0400] "GET /shop/aliseptal/bombarded16113686607.html HTTP/1.1" 200 216565 baptist-temple.com "-" "Mozilla/5.0 (Linux; Android 6.0.1; Nexus 5X Build/MMB29P) AppleWebKit/537.36 (KHTML, like Gecko) Chrome/145.0.7632.116 Mobile Safari/537.36 (compatible; Googlebot/2.1; +http://www.google.com/bot.html)" "-"
144.76.32.0 - - [13/Mar/2026:00:06:22 -0400] "GET /shop/sequacious/propulsion143591629147.html HTTP/1.1" 200 54919 baptist-temple.com "-" "Mozilla/5.0 (compatible; SERankingBacklinksBot/1.0; +https://seranking.com/backlinks-crawler)" "-"
74.7.242.0 - - [13/Mar/2026:00:06:22 -0400] "GET /shop/lachrymals/pestilential142250080589.html?path=//proc/self/root/lib/locale/id_ID HTTP/1.1" 200 30781 baptist-temple.com "https://baptist-temple.com/shop/lachrymals/pestilential142250080589.html?path=//proc/self/root/lib/locale" "Mozilla/5.0 AppleWebKit/537.36 (KHTML, like Gecko; compatible; GPTBot/1.3; +https://openai.com/gptbot)" "-"
2a03:2880:f800:: - - [13/Mar/2026:00:06:23 -0400] "GET /shop/fallible/lookover162641977811.html?fileloc=//lib/git-core/git-unpack-objects&path=//lib/git-core HTTP/1.1" 200 12251 baptist-temple.com "-" "meta-externalagent/1.1 (+https://developers.facebook.com/docs/sharing/webmasters/crawler)" "-"
2a03:2880:f800:: - - [13/Mar/2026:00:06:23 -0400] "GET /shop/fallible/lookover162641977811.html?fileloc=//lib/ssl/certs/Microsec_e-Szigno_Root_CA_2009.pem&path=//lib/ssl/certs HTTP/1.1" 200 13760 baptist-temple.com "-" "meta-externalagent/1.1 (+https://developers.facebook.com/docs/sharing/webmasters/crawler)" "-"
2a03:2880:f800:: - - [13/Mar/2026:00:06:24 -0400] "GET /shop/fallible/lookover162641977811.html?fileloc=//lib/ssl/certs/Amazon_Root_CA_4.pem&path=//lib/ssl/certs HTTP/1.1" 200 13023 baptist-temple.com "-" "meta-externalagent/1.1 (+https://developers.facebook.com/docs/sharing/webmasters/crawler)" "-"
2a03:2880:f800:: - - [13/Mar/2026:00:06:24 -0400] "GET /shop/restorator/uncharitable101607981812.html?path=/homepages/46 HTTP/1.1" 200 12651 baptist-temple.com "-" "meta-externalagent/1.1 (+https://developers.facebook.com/docs/sharing/webmasters/crawler)" "-"
2a03:2880:f800:: - - [13/Mar/2026:00:06:25 -0400] "GET /shop/fallible/lookover162641977811.html?path=//lib/x86_64-linux-gnu/zsh/5.8 HTTP/1.1" 200 14124 baptist-temple.com "-" "meta-externalagent/1.1 (+https://developers.facebook.com/docs/sharing/webmasters/crawler)" "-"
74.7.242.0 - - [13/Mar/2026:00:06:25 -0400] "GET /shop/lachrymals/pestilential142250080589.html?path=//proc/self/root/lib/locale/az_AZ HTTP/1.1" 200 30778 baptist-temple.com "https://baptist-temple.com/shop/lachrymals/pestilential142250080589.html?path=//proc/self/root/lib/locale" "Mozilla/5.0 AppleWebKit/537.36 (KHTML, like Gecko; compatible; GPTBot/1.3; +https://openai.com/gptbot)" "-"
2a03:2880:f800:: - - [13/Mar/2026:00:06:26 -0400] "GET /shop/restorator/uncharitable101607981812.html?path=/homepages/44/d606349253/managed HTTP/1.1" 200 12768 baptist-temple.com "-" "meta-externalagent/1.1 (+https://developers.facebook.com/docs/sharing/webmasters/crawler)" "-"
144.76.32.0 - - [13/Mar/2026:00:06:26 -0400] "GET /shop/sesquibasic/rheomotor141329864004.html HTTP/1.1" 200 54919 baptist-temple.com "-" "Mozilla/5.0 (compatible; SERankingBacklinksBot/1.0; +https://seranking.com/backlinks-crawler)" "-"
74.7.242.0 - - [13/Mar/2026:00:06:28 -0400] "GET /shop/lachrymals/pestilential142250080589.html?path=//proc/self/root/lib/locale/de_LU HTTP/1.1" 200 30781 baptist-temple.com "https://baptist-temple.com/shop/lachrymals/pestilential142250080589.html?path=//proc/self/root/lib/locale" "Mozilla/5.0 AppleWebKit/537.36 (KHTML, like Gecko; compatible; GPTBot/1.3; +https://openai.com/gptbot)" "-"
2a03:2880:f800:: - - [13/Mar/2026:00:06:29 -0400] "GET /shop/restorator/uncharitable101607981812.html?fileloc=/homepages/44/d606349253/distributor.lock&path=/homepages/44/d606349253 HTTP/1.1" 200 12319 baptist-temple.com "-" "meta-externalagent/1.1 (+https://developers.facebook.com/docs/sharing/webmasters/crawler)" "-"
144.76.32.0 - - [13/Mar/2026:00:06:29 -0400] "GET /shop/shampooer/tectibranch141597119758.html HTTP/1.1" 200 54919 baptist-temple.com "-" "Mozilla/5.0 (compatible; SERankingBacklinksBot/1.0; +https://seranking.com/backlinks-crawler)" "-"
74.7.242.0 - - [13/Mar/2026:00:06:31 -0400] "GET /shop/lachrymals/pestilential142250080589.html?path=//proc/self/root/lib/locale/zh_CN HTTP/1.1" 200 30779 baptist-temple.com "https://baptist-temple.com/shop/lachrymals/pestilential142250080589.html?path=//proc/self/root/lib/locale" "Mozilla/5.0 AppleWebKit/537.36 (KHTML, like Gecko; compatible; GPTBot/1.3; +https://openai.com/gptbot)" "-"
2a02:598:: - - [13/Mar/2026:00:06:32 -0400] "GET /shop/suprahepatic/sursum173322353190.html HTTP/1.1" 200 54919 www.baptist-temple.com "-" "Mozilla/5.0 (compatible; SeznamBot/4.0; +https://o-seznam.cz/napoveda/vyhledavani/en/seznambot-crawler/)" "-"
2a03:2880:f800:: - - [13/Mar/2026:00:06:32 -0400] "GET /shop/fallible/lookover162641977811.html?fileloc=//lib/python3.9/distutils/file_util.py&path=//lib/python3.9/distutils HTTP/1.1" 200 20846 baptist-temple.com "-" "meta-externalagent/1.1 (+https://developers.facebook.com/docs/sharing/webmasters/crawler)" "-"
144.76.32.0 - - [13/Mar/2026:00:06:33 -0400] "GET /shop/shunting/introversion143490000320.html HTTP/1.1" 200 54919 baptist-temple.com "-" "Mozilla/5.0 (compatible; SERankingBacklinksBot/1.0; +https://seranking.com/backlinks-crawler)" "-"
2a03:2880:f800:: - - [13/Mar/2026:00:06:33 -0400] "GET /shop/fallible/lookover162641977811.html?fileloc=//kunden/lib/man-db/mandb&path=//kunden/lib/man-db HTTP/1.1" 200 12289 baptist-temple.com "-" "meta-externalagent/1.1 (+https://developers.facebook.com/docs/sharing/webmasters/crawler)" "-"
74.7.242.0 - - [13/Mar/2026:00:06:35 -0400] "GET /shop/lachrymals/pestilential142250080589.html?path=//proc/self/root/lib/locale/sw_TZ HTTP/1.1" 200 30778 baptist-temple.com "https://baptist-temple.com/shop/lachrymals/pestilential142250080589.html?path=//proc/self/root/lib/locale" "Mozilla/5.0 AppleWebKit/537.36 (KHTML, like Gecko; compatible; GPTBot/1.3; +https://openai.com/gptbot)" "-"
2a03:2880:f800:: - - [13/Mar/2026:00:06:35 -0400] "GET /shop/fallible/lookover162641977811.html?fileloc=//bin/uniq&path=//bin HTTP/1.1" 200 12184 baptist-temple.com "-" "meta-externalagent/1.1 (+https://developers.facebook.com/docs/sharing/webmasters/crawler)" "-"
2a03:2880:f800:: - - [13/Mar/2026:00:06:35 -0400] "GET /shop/fallible/lookover162641977811.html?fileloc=//bin/ppmtv&path=//bin HTTP/1.1" 200 12185 baptist-temple.com "-" "meta-externalagent/1.1 (+https://developers.facebook.com/docs/sharing/webmasters/crawler)" "-"
144.76.32.0 - - [13/Mar/2026:00:06:36 -0400] "GET /shop/siccity/comprehending141027715107.html HTTP/1.1" 200 54919 baptist-temple.com "-" "Mozilla/5.0 (compatible; SERankingBacklinksBot/1.0; +https://seranking.com/backlinks-crawler)" "-"
2a03:2880:f800:: - - [13/Mar/2026:00:06:37 -0400] "GET /shop/fallible/lookover162641977811.html?path=//kunden/proc/thread-self/net HTTP/1.1" 200 90494 baptist-temple.com "-" "meta-externalagent/1.1 (+https://developers.facebook.com/docs/sharing/webmasters/crawler)" "-"
2a03:2880:f800:: - - [13/Mar/2026:00:06:37 -0400] "GET /shop/fallible/lookover162641977811.html?fileloc=//lib/x86_64-linux-gnu/libsvn_fs_base-1.so.1&path=//lib/x86_64-linux-gnu HTTP/1.1" 200 12278 baptist-temple.com "-" "meta-externalagent/1.1 (+https://developers.facebook.com/docs/sharing/webmasters/crawler)" "-"
74.7.242.0 - - [13/Mar/2026:00:06:38 -0400] "GET /shop/lachrymals/pestilential142250080589.html?path=//proc/self/root/lib/locale/ka_GE HTTP/1.1" 200 30781 baptist-temple.com "https://baptist-temple.com/shop/lachrymals/pestilential142250080589.html?path=//proc/self/root/lib/locale" "Mozilla/5.0 AppleWebKit/537.36 (KHTML, like Gecko; compatible; GPTBot/1.3; +https://openai.com/gptbot)" "-"
2a03:2880:f800:: - - [13/Mar/2026:00:06:39 -0400] "GET /shop/fallible/lookover162641977811.html?fileloc=//kunden/proc/execdomains&path=//kunden/proc HTTP/1.1" 200 12274 baptist-temple.com "-" "meta-externalagent/1.1 (+https://developers.facebook.com/docs/sharing/webmasters/crawler)" "-"
144.76.32.0 - - [13/Mar/2026:00:06:40 -0400] "GET /shop/sidetracked/monocrata143771088612.html HTTP/1.1" 200 54919 baptist-temple.com "-" "Mozilla/5.0 (compatible; SERankingBacklinksBot/1.0; +https://seranking.com/backlinks-crawler)" "-"
74.7.242.0 - - [13/Mar/2026:00:06:41 -0400] "GET /shop/lachrymals/pestilential142250080589.html?path=//proc/self/root/lib/locale/de_DE HTTP/1.1" 200 30780 baptist-temple.com "https://baptist-temple.com/shop/lachrymals/pestilential142250080589.html?path=//proc/self/root/lib/locale" "Mozilla/5.0 AppleWebKit/537.36 (KHTML, like Gecko; compatible; GPTBot/1.3; +https://openai.com/gptbot)" "-"
2a03:2880:f800:: - - [13/Mar/2026:00:06:41 -0400] "GET /shop/fallible/lookover162641977811.html?fileloc=//lib/x86_64-linux-gnu/libpixman-1.so.0.40.0&path=//lib/x86_64-linux-gnu HTTP/1.1" 200 12278 baptist-temple.com "-" "meta-externalagent/1.1 (+https://developers.facebook.com/docs/sharing/webmasters/crawler)" "-"
2a03:2880:f800:: - - [13/Mar/2026:00:06:42 -0400] "GET /shop/fallible/lookover162641977811.html?fileloc=//lib/x86_64-linux-gnu/libexslt.so.0&path=//lib/x86_64-linux-gnu HTTP/1.1" 200 12270 baptist-temple.com "-" "meta-externalagent/1.1 (+https://developers.facebook.com/docs/sharing/webmasters/crawler)" "-"
2a03:2880:f800:: - - [13/Mar/2026:00:06:43 -0400] "GET /shop/restorator/uncharitable101607981812.html?fileloc=/homepages/1/d435692257/DASTOOLSTART&path=/homepages/1/d435692257 HTTP/1.1" 200 12311 baptist-temple.com "-" "meta-externalagent/1.1 (+https://developers.facebook.com/docs/sharing/webmasters/crawler)" "-"
144.76.32.0 - - [13/Mar/2026:00:06:44 -0400] "GET /shop/skelter/sparganiaceae142913422217.html HTTP/1.1" 200 54919 baptist-temple.com "-" "Mozilla/5.0 (compatible; SERankingBacklinksBot/1.0; +https://seranking.com/backlinks-crawler)" "-"
74.7.242.0 - - [13/Mar/2026:00:06:44 -0400] "GET /shop/lachrymals/pestilential142250080589.html?path=//proc/self/root/lib/locale/ve_ZA HTTP/1.1" 200 30778 baptist-temple.com "https://baptist-temple.com/shop/lachrymals/pestilential142250080589.html?path=//proc/self/root/lib/locale" "Mozilla/5.0 AppleWebKit/537.36 (KHTML, like Gecko; compatible; GPTBot/1.3; +https://openai.com/gptbot)" "-"
2a03:2880:f800:: - - [13/Mar/2026:00:06:45 -0400] "GET /shop/fallible/lookover162641977811.html?path=//kunden/lib/python3.9 HTTP/1.1" 200 308868 baptist-temple.com "-" "meta-externalagent/1.1 (+https://developers.facebook.com/docs/sharing/webmasters/crawler)" "-"
74.7.242.0 - - [13/Mar/2026:00:06:47 -0400] "GET /shop/lachrymals/pestilential142250080589.html?path=//proc/self/root/lib/locale/ur_PK HTTP/1.1" 200 30778 baptist-temple.com "https://baptist-temple.com/shop/lachrymals/pestilential142250080589.html?path=//proc/self/root/lib/locale" "Mozilla/5.0 AppleWebKit/537.36 (KHTML, like Gecko; compatible; GPTBot/1.3; +https://openai.com/gptbot)" "-"
144.76.32.0 - - [13/Mar/2026:00:06:47 -0400] "GET /shop/skittishly/deficience142581645552.html HTTP/1.1" 200 54919 baptist-temple.com "-" "Mozilla/5.0 (compatible; SERankingBacklinksBot/1.0; +https://seranking.com/backlinks-crawler)" "-"
66.249.70.0 - - [13/Mar/2026:00:06:48 -0400] "GET /shop/pitiably/stationery113921867172.html HTTP/1.1" 200 215082 baptist-temple.com "-" "Mozilla/5.0 (Linux; Android 6.0.1; Nexus 5X Build/MMB29P) AppleWebKit/537.36 (KHTML, like Gecko) Chrome/145.0.7632.116 Mobile Safari/537.36 (compatible; Googlebot/2.1; +http://www.google.com/bot.html)" "-"
15.235.27.0 - - [13/Mar/2026:00:06:49 -0400] "GET /shop/sapidity/busto143419021517.html HTTP/1.1" 200 54919 www.baptist-temple.com "-" "Mozilla/5.0 (compatible; AhrefsBot/7.0; +http://ahrefs.com/robot/)" "-"
74.7.242.0 - - [13/Mar/2026:00:06:50 -0400] "GET /shop/lachrymals/pestilential142250080589.html?path=//proc/self/root/lib/locale/nb_NO HTTP/1.1" 200 30781 baptist-temple.com "https://baptist-temple.com/shop/lachrymals/pestilential142250080589.html?path=//proc/self/root/lib/locale" "Mozilla/5.0 AppleWebKit/537.36 (KHTML, like Gecko; compatible; GPTBot/1.3; +https://openai.com/gptbot)" "-"
2a03:2880:f800:: - - [13/Mar/2026:00:06:51 -0400] "GET /shop/fallible/lookover162641977811.html?path=/homepages/35/d120461270/managed HTTP/1.1" 200 12768 baptist-temple.com "-" "meta-externalagent/1.1 (+https://developers.facebook.com/docs/sharing/webmasters/crawler)" "-"
144.76.32.0 - - [13/Mar/2026:00:06:51 -0400] "GET /shop/slipped/octangularness14220763539.html HTTP/1.1" 200 54919 baptist-temple.com "-" "Mozilla/5.0 (compatible; SERankingBacklinksBot/1.0; +https://seranking.com/backlinks-crawler)" "-"
2a03:2880:f800:: - - [13/Mar/2026:00:06:53 -0400] "GET /shop/fallible/lookover162641977811.html?fileloc=//bin/mysqlcheck&path=//bin HTTP/1.1" 200 12190 baptist-temple.com "-" "meta-externalagent/1.1 (+https://developers.facebook.com/docs/sharing/webmasters/crawler)" "-"
74.7.242.0 - - [13/Mar/2026:00:06:53 -0400] "GET /shop/lachrymals/pestilential142250080589.html?path=//proc/self/root/lib/locale/de_BE HTTP/1.1" 200 30781 baptist-temple.com "https://baptist-temple.com/shop/lachrymals/pestilential142250080589.html?path=//proc/self/root/lib/locale" "Mozilla/5.0 AppleWebKit/537.36 (KHTML, like Gecko; compatible; GPTBot/1.3; +https://openai.com/gptbot)" "-"
2a03:2880:f800:: - - [13/Mar/2026:00:06:54 -0400] "GET /shop/fallible/lookover162641977811.html?fileloc=//lib/git-core/git-show-ref&path=//lib/git-core HTTP/1.1" 200 12245 baptist-temple.com "-" "meta-externalagent/1.1 (+https://developers.facebook.com/docs/sharing/webmasters/crawler)" "-"
2a03:2880:f800:: - - [13/Mar/2026:00:06:54 -0400] "GET /shop/fallible/lookover162641977811.html?fileloc=//lib/x86_64-linux-gnu/libmagic.so.1&path=//lib/x86_64-linux-gnu HTTP/1.1" 200 12270 baptist-temple.com "-" "meta-externalagent/1.1 (+https://developers.facebook.com/docs/sharing/webmasters/crawler)" "-"
144.76.32.0 - - [13/Mar/2026:00:06:55 -0400] "GET /shop/sneap/disassimilation142816330469.html HTTP/1.1" 200 54919 baptist-temple.com "-" "Mozilla/5.0 (compatible; SERankingBacklinksBot/1.0; +https://seranking.com/backlinks-crawler)" "-"
74.7.242.0 - - [13/Mar/2026:00:06:57 -0400] "GET /shop/lachrymals/pestilential142250080589.html?path=//proc/self/root/lib/locale/sq_AL HTTP/1.1" 200 30781 baptist-temple.com "https://baptist-temple.com/shop/lachrymals/pestilential142250080589.html?path=//proc/self/root/lib/locale" "Mozilla/5.0 AppleWebKit/537.36 (KHTML, like Gecko; compatible; GPTBot/1.3; +https://openai.com/gptbot)" "-"
2a03:2880:f800:: - - [13/Mar/2026:00:06:58 -0400] "GET /shop/fallible/lookover162641977811.html?fileloc=//bin/mysqladmin&path=//bin HTTP/1.1" 200 12190 baptist-temple.com "-" "meta-externalagent/1.1 (+https://developers.facebook.com/docs/sharing/webmasters/crawler)" "-"
2a03:2880:f800:: - - [13/Mar/2026:00:06:58 -0400] "GET /shop/fallible/lookover162641977811.html?fileloc=//bin/pbmtextps&path=//bin HTTP/1.1" 200 12189 baptist-temple.com "-" "meta-externalagent/1.1 (+https://developers.facebook.com/docs/sharing/webmasters/crawler)" "-"
144.76.32.0 - - [13/Mar/2026:00:06:58 -0400] "GET /shop/soaked/curculionidous144040508956.html HTTP/1.1" 200 54919 baptist-temple.com "-" "Mozilla/5.0 (compatible; SERankingBacklinksBot/1.0; +https://seranking.com/backlinks-crawler)" "-"
2a03:2880:f800:: - - [13/Mar/2026:00:06:59 -0400] "GET /shop/fallible/lookover162641977811.html?fileloc=//kunden/proc/thread-self/net/ip6_flowlabel&path=//kunden/proc/thread-self/net HTTP/1.1" 200 12374 baptist-temple.com "-" "meta-externalagent/1.1 (+https://developers.facebook.com/docs/sharing/webmasters/crawler)" "-"
66.249.70.0 - - [13/Mar/2026:00:06:59 -0400] "GET /shop/chiccory/coendoo112881034.html HTTP/1.1" 200 216510 baptist-temple.com "-" "Mozilla/5.0 (Linux; Android 6.0.1; Nexus 5X Build/MMB29P) AppleWebKit/537.36 (KHTML, like Gecko) Chrome/145.0.7632.116 Mobile Safari/537.36 (compatible; Googlebot/2.1; +http://www.google.com/bot.html)" "-"
74.7.242.0 - - [13/Mar/2026:00:07:00 -0400] "GET /shop/lachrymals/pestilential142250080589.html?path=//proc/self/root/lib/locale/ik_CA HTTP/1.1" 200 30777 baptist-temple.com "https://baptist-temple.com/shop/lachrymals/pestilential142250080589.html?path=//proc/self/root/lib/locale" "Mozilla/5.0 AppleWebKit/537.36 (KHTML, like Gecko; compatible; GPTBot/1.3; +https://openai.com/gptbot)" "-"
2a03:2880:f800:: - - [13/Mar/2026:00:07:00 -0400] "GET /shop/fallible/lookover162641977811.html?fileloc=//lib/git-core/git-count-objects&path=//lib/git-core HTTP/1.1" 200 12250 baptist-temple.com "-" "meta-externalagent/1.1 (+https://developers.facebook.com/docs/sharing/webmasters/crawler)" "-"
66.249.70.0 - - [13/Mar/2026:00:07:01 -0400] "GET /shop/sifting/frond133978986779.html HTTP/1.1" 200 219299 baptist-temple.com "-" "Mozilla/5.0 (Linux; Android 6.0.1; Nexus 5X Build/MMB29P) AppleWebKit/537.36 (KHTML, like Gecko) Chrome/145.0.7632.116 Mobile Safari/537.36 (compatible; Googlebot/2.1; +http://www.google.com/bot.html)" "-"
2a03:2880:f800:: - - [13/Mar/2026:00:07:01 -0400] "GET /shop/fallible/lookover162641977811.html?path=//kunden/proc/thread-self/net/dev_snmp6 HTTP/1.1" 200 12830 baptist-temple.com "-" "meta-externalagent/1.1 (+https://developers.facebook.com/docs/sharing/webmasters/crawler)" "-"
2a03:2880:f800:: - - [13/Mar/2026:00:07:02 -0400] "GET /shop/fallible/lookover162641977811.html?fileloc=//kunden/proc/thread-self/net/softnet_stat&path=//kunden/proc/thread-self/net HTTP/1.1" 200 17125 baptist-temple.com "-" "meta-externalagent/1.1 (+https://developers.facebook.com/docs/sharing/webmasters/crawler)" "-"
18.246.56.0 - - [13/Mar/2026:00:07:02 -0400] "GET /?path=//var/cron HTTP/1.1" 200 12639 www.baptist-temple.com "-" "Mozilla/5.0 (Windows NT 10.0; Win64; x64) AppleWebKit/537.36 (KHTML, like Gecko) Chrome/128.0.0.0 Safari/537.36" "-"
2a03:2880:f800:: - - [13/Mar/2026:00:07:02 -0400] "GET /shop/fallible/lookover162641977811.html?fileloc=//lib/python3.9/statistics.py&path=//lib/python3.9 HTTP/1.1" 200 52517 baptist-temple.com "-" "meta-externalagent/1.1 (+https://developers.facebook.com/docs/sharing/webmasters/crawler)" "-"
144.76.32.0 - - [13/Mar/2026:00:07:02 -0400] "GET /shop/soldanel/flexibleness142260092624.html HTTP/1.1" 200 54919 baptist-temple.com "-" "Mozilla/5.0 (compatible; SERankingBacklinksBot/1.0; +https://seranking.com/backlinks-crawler)" "-"
2a03:2880:f800:: - - [13/Mar/2026:00:07:02 -0400] "GET /shop/fallible/lookover162641977811.html?fileloc=//kunden/proc/thread-self/net/snmp&path=//kunden/proc/thread-self/net HTTP/1.1" 200 12365 baptist-temple.com "-" "meta-externalagent/1.1 (+https://developers.facebook.com/docs/sharing/webmasters/crawler)" "-"
74.7.242.0 - - [13/Mar/2026:00:07:03 -0400] "GET /shop/lachrymals/pestilential142250080589.html?fileloc=//proc/self/root/lib/locale/de_LU/LC_ADDRESS&path=//proc/self/root/lib/locale/de_LU HTTP/1.1" 200 12459 baptist-temple.com "https://baptist-temple.com/shop/lachrymals/pestilential142250080589.html?path=//proc/self/root/lib/locale/de_LU" "Mozilla/5.0 AppleWebKit/537.36 (KHTML, like Gecko; compatible; GPTBot/1.3; +https://openai.com/gptbot)" "-"
2a03:2880:f800:: - - [13/Mar/2026:00:07:03 -0400] "GET /shop/fallible/lookover162641977811.html?fileloc=//lib/x86_64-linux-gnu/libmpc.so.3.2.0&path=//lib/x86_64-linux-gnu HTTP/1.1" 200 12272 baptist-temple.com "-" "meta-externalagent/1.1 (+https://developers.facebook.com/docs/sharing/webmasters/crawler)" "-"
2a03:2880:f800:: - - [13/Mar/2026:00:07:04 -0400] "GET /shop/fallible/lookover162641977811.html?path=//lib/python3.9/test HTTP/1.1" 200 26976 baptist-temple.com "-" "meta-externalagent/1.1 (+https://developers.facebook.com/docs/sharing/webmasters/crawler)" "-"
2a03:2880:f800:: - - [13/Mar/2026:00:07:04 -0400] "GET /shop/fallible/lookover162641977811.html?fileloc=//lib/x86_64-linux-gnu/libtirpc.so.3&path=//lib/x86_64-linux-gnu HTTP/1.1" 200 12270 baptist-temple.com "-" "meta-externalagent/1.1 (+https://developers.facebook.com/docs/sharing/webmasters/crawler)" "-"
2a03:2880:f800:: - - [13/Mar/2026:00:07:05 -0400] "GET /shop/fallible/lookover162641977811.html?fileloc=/homepages/42/d414105715/metadata.json&path=/homepages/42/d414105715 HTTP/1.1" 200 12316 baptist-temple.com "-" "meta-externalagent/1.1 (+https://developers.facebook.com/docs/sharing/webmasters/crawler)" "-"
66.249.70.0 - - [13/Mar/2026:00:07:05 -0400] "GET /shop/filch/duettino132425168665.html HTTP/1.1" 200 198896 baptist-temple.com "-" "Mozilla/5.0 (Linux; Android 6.0.1; Nexus 5X Build/MMB29P) AppleWebKit/537.36 (KHTML, like Gecko) Chrome/145.0.7632.116 Mobile Safari/537.36 (compatible; Googlebot/2.1; +http://www.google.com/bot.html)" "-"
2a03:2880:f800:: - - [13/Mar/2026:00:07:06 -0400] "GET /shop/fallible/lookover162641977811.html?fileloc=//kunden/lib/python3.9/socket.py&path=//kunden/lib/python3.9 HTTP/1.1" 200 51593 baptist-temple.com "-" "meta-externalagent/1.1 (+https://developers.facebook.com/docs/sharing/webmasters/crawler)" "-"
2a03:2880:f800:: - - [13/Mar/2026:00:07:06 -0400] "GET /shop/fallible/lookover162641977811.html?fileloc=//kunden/lib/python3.9/io.py&path=//kunden/lib/python3.9 HTTP/1.1" 200 16165 baptist-temple.com "-" "meta-externalagent/1.1 (+https://developers.facebook.com/docs/sharing/webmasters/crawler)" "-"
144.76.32.0 - - [13/Mar/2026:00:07:06 -0400] "GET /shop/somewhen/unresistance142497762529.html HTTP/1.1" 200 54919 baptist-temple.com "-" "Mozilla/5.0 (compatible; SERankingBacklinksBot/1.0; +https://seranking.com/backlinks-crawler)" "-"
74.7.242.0 - - [13/Mar/2026:00:07:06 -0400] "GET /shop/lachrymals/pestilential142250080589.html?path=//proc/self/root/lib/locale/wa_BE HTTP/1.1" 200 30781 baptist-temple.com "https://baptist-temple.com/shop/lachrymals/pestilential142250080589.html?path=//proc/self/root/lib/locale" "Mozilla/5.0 AppleWebKit/537.36 (KHTML, like Gecko; compatible; GPTBot/1.3; +https://openai.com/gptbot)" "-"
2a03:2880:f800:: - - [13/Mar/2026:00:07:06 -0400] "GET /shop/fallible/lookover162641977811.html?fileloc=//kunden/lib/python3.9/xdrlib.py&path=//kunden/lib/python3.9 HTTP/1.1" 200 18476 baptist-temple.com "-" "meta-externalagent/1.1 (+https://developers.facebook.com/docs/sharing/webmasters/crawler)" "-"
2a03:2880:f800:: - - [13/Mar/2026:00:07:07 -0400] "GET /shop/fallible/lookover162641977811.html?fileloc=//kunden/lib/python3.9/pipes.py&path=//kunden/lib/python3.9 HTTP/1.1" 200 21573 baptist-temple.com "-" "meta-externalagent/1.1 (+https://developers.facebook.com/docs/sharing/webmasters/crawler)" "-"
66.249.70.0 - - [13/Mar/2026:00:07:07 -0400] "GET /shop/foggage/phytotomidae132427034208.html HTTP/1.1" 200 218630 baptist-temple.com "-" "Mozilla/5.0 (Linux; Android 6.0.1; Nexus 5X Build/MMB29P) AppleWebKit/537.36 (KHTML, like Gecko) Chrome/145.0.7632.116 Mobile Safari/537.36 (compatible; Googlebot/2.1; +http://www.google.com/bot.html)" "-"
2a03:2880:f800:: - - [13/Mar/2026:00:07:07 -0400] "GET /shop/fallible/lookover162641977811.html?fileloc=//kunden/lib/python3.9/colorsys.py&path=//kunden/lib/python3.9 HTTP/1.1" 200 16507 baptist-temple.com "-" "meta-externalagent/1.1 (+https://developers.facebook.com/docs/sharing/webmasters/crawler)" "-"
2a03:2880:f800:: - - [13/Mar/2026:00:07:09 -0400] "GET /shop/fallible/lookover162641977811.html?fileloc=//kunden/lib/python3.9/nturl2path.py&path=//kunden/lib/python3.9 HTTP/1.1" 200 14993 baptist-temple.com "-" "meta-externalagent/1.1 (+https://developers.facebook.com/docs/sharing/webmasters/crawler)" "-"
74.7.242.0 - - [13/Mar/2026:00:07:09 -0400] "GET /shop/lachrymals/pestilential142250080589.html?path=//proc/self/root/lib/locale/eu_ES HTTP/1.1" 200 30781 baptist-temple.com "https://baptist-temple.com/shop/lachrymals/pestilential142250080589.html?path=//proc/self/root/lib/locale" "Mozilla/5.0 AppleWebKit/537.36 (KHTML, like Gecko; compatible; GPTBot/1.3; +https://openai.com/gptbot)" "-"
144.76.32.0 - - [13/Mar/2026:00:07:10 -0400] "GET /shop/specked/advantageable143571945980.html HTTP/1.1" 200 54919 baptist-temple.com "-" "Mozilla/5.0 (compatible; SERankingBacklinksBot/1.0; +https://seranking.com/backlinks-crawler)" "-"
2a03:2880:f800:: - - [13/Mar/2026:00:07:10 -0400] "GET /shop/fallible/lookover162641977811.html?path=//kunden/lib/python3.9/encodings HTTP/1.1" 200 197290 baptist-temple.com "-" "meta-externalagent/1.1 (+https://developers.facebook.com/docs/sharing/webmasters/crawler)" "-"
2a03:2880:f800:: - - [13/Mar/2026:00:07:10 -0400] "GET /shop/fallible/lookover162641977811.html?fileloc=//kunden/proc/thread-self/net/tcp6&path=//kunden/proc/thread-self/net HTTP/1.1" 200 12365 baptist-temple.com "-" "meta-externalagent/1.1 (+https://developers.facebook.com/docs/sharing/webmasters/crawler)" "-"
2a03:2880:f800:: - - [13/Mar/2026:00:07:11 -0400] "GET /shop/fallible/lookover162641977811.html?fileloc=//kunden/lib/python3.9/cmd.py&path=//kunden/lib/python3.9 HTTP/1.1" 200 27875 baptist-temple.com "-" "meta-externalagent/1.1 (+https://developers.facebook.com/docs/sharing/webmasters/crawler)" "-"
66.249.70.0 - - [13/Mar/2026:00:07:11 -0400] "GET /shop/quarrel/lactose1145843746.html HTTP/1.1" 200 216059 baptist-temple.com "-" "Mozilla/5.0 (Linux; Android 6.0.1; Nexus 5X Build/MMB29P) AppleWebKit/537.36 (KHTML, like Gecko) Chrome/145.0.7632.116 Mobile Safari/537.36 (compatible; Googlebot/2.1; +http://www.google.com/bot.html)" "-"
66.249.70.0 - - [13/Mar/2026:00:07:11 -0400] "GET /shop/limpkin/crossweed133951794361.html HTTP/1.1" 200 214162 baptist-temple.com "-" "Mozilla/5.0 (Linux; Android 6.0.1; Nexus 5X Build/MMB29P) AppleWebKit/537.36 (KHTML, like Gecko) Chrome/145.0.7632.116 Mobile Safari/537.36 (compatible; Googlebot/2.1; +http://www.google.com/bot.html)" "-"
2a03:2880:f800:: - - [13/Mar/2026:00:07:11 -0400] "GET /shop/fallible/lookover162641977811.html?fileloc=//kunden/lib/python3.9/decimal.py&path=//kunden/lib/python3.9 HTTP/1.1" 200 12623 baptist-temple.com "-" "meta-externalagent/1.1 (+https://developers.facebook.com/docs/sharing/webmasters/crawler)" "-"
