66.249.70.0 - - [13/Mar/2026:00:13:18 -0400] "GET /shop/fluxibleness/immusical133715945577.html HTTP/1.1" 200 212907 baptist-temple.com "-" "Mozilla/5.0 (Linux; Android 6.0.1; Nexus 5X Build/MMB29P) AppleWebKit/537.36 (KHTML, like Gecko) Chrome/145.0.7632.116 Mobile Safari/537.36 (compatible; Googlebot/2.1; +http://www.google.com/bot.html)" "-"
2a03:2880:f800:: - - [13/Mar/2026:00:13:18 -0400] "GET /shop/fallible/lookover162641977811.html?fileloc=//bin/ssh&path=//bin HTTP/1.1" 200 12183 baptist-temple.com "-" "meta-externalagent/1.1 (+https://developers.facebook.com/docs/sharing/webmasters/crawler)" "-"
2a03:2880:f800:: - - [13/Mar/2026:00:13:19 -0400] "GET /shop/fallible/lookover162641977811.html?fileloc=//lib/ssl/certs/SSL.com_EV_Root_Certification_Authority_RSA_R2.pem&path=//lib/ssl/certs HTTP/1.1" 200 14430 baptist-temple.com "-" "meta-externalagent/1.1 (+https://developers.facebook.com/docs/sharing/webmasters/crawler)" "-"
2a03:2880:f800:: - - [13/Mar/2026:00:13:19 -0400] "GET /shop/fallible/lookover162641977811.html?fileloc=//lib/ssl/certs/878d9bca.0&path=//lib/ssl/certs HTTP/1.1" 200 14224 baptist-temple.com "-" "meta-externalagent/1.1 (+https://developers.facebook.com/docs/sharing/webmasters/crawler)" "-"
2a03:2880:f800:: - - [13/Mar/2026:00:13:20 -0400] "GET /shop/fallible/lookover162641977811.html?fileloc=//bin/convert-im6&path=//bin HTTP/1.1" 200 12191 baptist-temple.com "-" "meta-externalagent/1.1 (+https://developers.facebook.com/docs/sharing/webmasters/crawler)" "-"
2a03:2880:f800:: - - [13/Mar/2026:00:13:20 -0400] "GET /shop/fallible/lookover162641977811.html?fileloc=//lib/x86_64-linux-gnu/libssl.so&path=//lib/x86_64-linux-gnu HTTP/1.1" 200 12266 baptist-temple.com "-" "meta-externalagent/1.1 (+https://developers.facebook.com/docs/sharing/webmasters/crawler)" "-"
2a03:2880:f800:: - - [13/Mar/2026:00:13:20 -0400] "GET /shop/fallible/lookover162641977811.html?fileloc=//bin/gpgtar&path=//bin HTTP/1.1" 200 12186 baptist-temple.com "-" "meta-externalagent/1.1 (+https://developers.facebook.com/docs/sharing/webmasters/crawler)" "-"
74.7.242.0 - - [13/Mar/2026:00:13:21 -0400] "GET /shop/lachrymals/pestilential142250080589.html?path=//proc/self/root/usr/lib/locale/en_IE@euro HTTP/1.1" 200 31271 baptist-temple.com "https://baptist-temple.com/shop/lachrymals/pestilential142250080589.html?path=//proc/self/root/usr/lib/locale" "Mozilla/5.0 AppleWebKit/537.36 (KHTML, like Gecko; compatible; GPTBot/1.3; +https://openai.com/gptbot)" "-"
144.76.32.0 - - [13/Mar/2026:00:13:21 -0400] "GET /shop/crossfertilized/baskin141655520710.html HTTP/1.1" 200 54919 baptist-temple.com "-" "Mozilla/5.0 (compatible; SERankingBacklinksBot/1.0; +https://seranking.com/backlinks-crawler)" "-"
2a03:2880:f800:: - - [13/Mar/2026:00:13:21 -0400] "GET /shop/fallible/lookover162641977811.html?fileloc=//bin/tcsh&path=//bin HTTP/1.1" 200 12184 baptist-temple.com "-" "meta-externalagent/1.1 (+https://developers.facebook.com/docs/sharing/webmasters/crawler)" "-"
2a03:2880:f800:: - - [13/Mar/2026:00:13:21 -0400] "GET /shop/fallible/lookover162641977811.html?fileloc=//bin/slogin&path=//bin HTTP/1.1" 200 12186 baptist-temple.com "-" "meta-externalagent/1.1 (+https://developers.facebook.com/docs/sharing/webmasters/crawler)" "-"
66.249.70.0 - - [13/Mar/2026:00:13:22 -0400] "GET /shop/galimatias/wellknown131135305431.html HTTP/1.1" 200 224464 baptist-temple.com "-" "Mozilla/5.0 (Linux; Android 6.0.1; Nexus 5X Build/MMB29P) AppleWebKit/537.36 (KHTML, like Gecko) Chrome/145.0.7632.116 Mobile Safari/537.36 (compatible; Googlebot/2.1; +http://www.google.com/bot.html)" "-"
2a03:2880:f800:: - - [13/Mar/2026:00:13:22 -0400] "GET /shop/fallible/lookover162641977811.html?fileloc=//kunden/usr/bin/dpkg-parsechangelog&path=//kunden/usr/bin HTTP/1.1" 200 17484 baptist-temple.com "-" "meta-externalagent/1.1 (+https://developers.facebook.com/docs/sharing/webmasters/crawler)" "-"
2a03:2880:f800:: - - [13/Mar/2026:00:13:23 -0400] "GET /shop/fallible/lookover162641977811.html?fileloc=//kunden/usr/bin/rdoc2.7&path=//kunden/usr/bin HTTP/1.1" 200 12838 baptist-temple.com "-" "meta-externalagent/1.1 (+https://developers.facebook.com/docs/sharing/webmasters/crawler)" "-"
2a03:2880:f800:: - - [13/Mar/2026:00:13:23 -0400] "GET /shop/restorator/uncharitable101607981812.html?fileloc=/homepages/38/d433880209/.space.lock&path=/homepages/38/d433880209 HTTP/1.1" 200 12314 baptist-temple.com "-" "meta-externalagent/1.1 (+https://developers.facebook.com/docs/sharing/webmasters/crawler)" "-"
74.7.242.0 - - [13/Mar/2026:00:13:23 -0400] "GET /shop/lachrymals/pestilential142250080589.html?fileloc=//proc/self/root/usr/lib/locale/fr_BE@euro/LC_CTYPE&path=//proc/self/root/usr/lib/locale/fr_BE@euro HTTP/1.1" 200 12533 baptist-temple.com "https://baptist-temple.com/shop/lachrymals/pestilential142250080589.html?path=//proc/self/root/usr/lib/locale/fr_BE@euro" "Mozilla/5.0 AppleWebKit/537.36 (KHTML, like Gecko; compatible; GPTBot/1.3; +https://openai.com/gptbot)" "-"
2a03:2880:f800:: - - [13/Mar/2026:00:13:23 -0400] "GET /shop/fallible/lookover162641977811.html?fileloc=//lib/python3.9/lib2to3/btm_matcher.py&path=//lib/python3.9/lib2to3 HTTP/1.1" 200 19212 baptist-temple.com "-" "meta-externalagent/1.1 (+https://developers.facebook.com/docs/sharing/webmasters/crawler)" "-"
66.249.70.0 - - [13/Mar/2026:00:13:24 -0400] "GET /shop/pseudomorphism/sinning133209013851.html HTTP/1.1" 200 218240 baptist-temple.com "-" "Mozilla/5.0 (Linux; Android 6.0.1; Nexus 5X Build/MMB29P) AppleWebKit/537.36 (KHTML, like Gecko) Chrome/145.0.7632.116 Mobile Safari/537.36 (compatible; Googlebot/2.1; +http://www.google.com/bot.html)" "-"
2a03:2880:f800:: - - [13/Mar/2026:00:13:24 -0400] "GET /shop/fallible/lookover162641977811.html?fileloc=//lib/ssl/certs/706f604c.0&path=//lib/ssl/certs HTTP/1.1" 200 13789 baptist-temple.com "-" "meta-externalagent/1.1 (+https://developers.facebook.com/docs/sharing/webmasters/crawler)" "-"
2a03:2880:f800:: - - [13/Mar/2026:00:13:24 -0400] "GET /shop/fallible/lookover162641977811.html?fileloc=//lib/libGraphicsMagickWand-Q16.so.2&path=//lib HTTP/1.1" 200 12210 baptist-temple.com "-" "meta-externalagent/1.1 (+https://developers.facebook.com/docs/sharing/webmasters/crawler)" "-"
144.76.32.0 - - [13/Mar/2026:00:13:25 -0400] "GET /shop/daubentoniidae/pinafore14814834364.html HTTP/1.1" 200 54919 baptist-temple.com "-" "Mozilla/5.0 (compatible; SERankingBacklinksBot/1.0; +https://seranking.com/backlinks-crawler)" "-"
2a03:2880:f800:: - - [13/Mar/2026:00:13:25 -0400] "GET /shop/fallible/lookover162641977811.html?fileloc=//bin/debconf-show&path=//bin HTTP/1.1" 200 14238 baptist-temple.com "-" "meta-externalagent/1.1 (+https://developers.facebook.com/docs/sharing/webmasters/crawler)" "-"
2a03:2880:f800:: - - [13/Mar/2026:00:13:25 -0400] "GET /shop/fallible/lookover162641977811.html?fileloc=//bin/ncftpbookmarks&path=//bin HTTP/1.1" 200 12194 baptist-temple.com "-" "meta-externalagent/1.1 (+https://developers.facebook.com/docs/sharing/webmasters/crawler)" "-"
2a03:2880:f800:: - - [13/Mar/2026:00:13:26 -0400] "GET /shop/fallible/lookover162641977811.html?fileloc=//lib/ssl/certs/Certum_Trusted_Network_CA_2.pem&path=//lib/ssl/certs HTTP/1.1" 200 14375 baptist-temple.com "-" "meta-externalagent/1.1 (+https://developers.facebook.com/docs/sharing/webmasters/crawler)" "-"
2a03:2880:f800:: - - [13/Mar/2026:00:13:26 -0400] "GET /shop/fallible/lookover162641977811.html?fileloc=//lib/x86_64-linux-gnu/libexpat.so.1&path=//lib/x86_64-linux-gnu HTTP/1.1" 200 12270 baptist-temple.com "-" "meta-externalagent/1.1 (+https://developers.facebook.com/docs/sharing/webmasters/crawler)" "-"
74.7.242.0 - - [13/Mar/2026:00:13:26 -0400] "GET /shop/lachrymals/pestilential142250080589.html?path=//proc/self/root/usr/lib/locale/eu_FR@euro HTTP/1.1" 200 31271 baptist-temple.com "https://baptist-temple.com/shop/lachrymals/pestilential142250080589.html?path=//proc/self/root/usr/lib/locale" "Mozilla/5.0 AppleWebKit/537.36 (KHTML, like Gecko; compatible; GPTBot/1.3; +https://openai.com/gptbot)" "-"
2a03:2880:f800:: - - [13/Mar/2026:00:13:27 -0400] "GET /shop/fallible/lookover162641977811.html?fileloc=//lib/ssl/certs/b0e59380.0&path=//lib/ssl/certs HTTP/1.1" 200 12980 baptist-temple.com "-" "meta-externalagent/1.1 (+https://developers.facebook.com/docs/sharing/webmasters/crawler)" "-"
2a03:2880:f800:: - - [13/Mar/2026:00:13:27 -0400] "GET /shop/fallible/lookover162641977811.html?fileloc=//bin/eps2eps&path=//bin HTTP/1.1" 200 12973 baptist-temple.com "-" "meta-externalagent/1.1 (+https://developers.facebook.com/docs/sharing/webmasters/crawler)" "-"
66.249.70.0 - - [13/Mar/2026:00:13:28 -0400] "GET /shop/combiningprenominal/deride13276728271.html HTTP/1.1" 200 221563 baptist-temple.com "-" "Mozilla/5.0 (Linux; Android 6.0.1; Nexus 5X Build/MMB29P) AppleWebKit/537.36 (KHTML, like Gecko) Chrome/145.0.7632.116 Mobile Safari/537.36 (compatible; Googlebot/2.1; +http://www.google.com/bot.html)" "-"
2a03:2880:f800:: - - [13/Mar/2026:00:13:28 -0400] "GET /shop/fallible/lookover162641977811.html?fileloc=//kunden/usr/bin/lsblk&path=//kunden/usr/bin HTTP/1.1" 200 12280 baptist-temple.com "-" "meta-externalagent/1.1 (+https://developers.facebook.com/docs/sharing/webmasters/crawler)" "-"
144.76.32.0 - - [13/Mar/2026:00:13:28 -0400] "GET /shop/defecating/truncheoner141345685672.html HTTP/1.1" 200 54919 baptist-temple.com "-" "Mozilla/5.0 (compatible; SERankingBacklinksBot/1.0; +https://seranking.com/backlinks-crawler)" "-"
2a03:2880:f800:: - - [13/Mar/2026:00:13:28 -0400] "GET /shop/restorator/uncharitable101607981812.html?fileloc=/homepages/38/d433880209/DASTOOLSTART&path=/homepages/38/d433880209 HTTP/1.1" 200 12315 baptist-temple.com "-" "meta-externalagent/1.1 (+https://developers.facebook.com/docs/sharing/webmasters/crawler)" "-"
2a03:2880:f800:: - - [13/Mar/2026:00:13:29 -0400] "GET /shop/fallible/lookover162641977811.html?fileloc=//lib/ssl/certs/f39fc864.0&path=//lib/ssl/certs HTTP/1.1" 200 13626 baptist-temple.com "-" "meta-externalagent/1.1 (+https://developers.facebook.com/docs/sharing/webmasters/crawler)" "-"
2a02:598:: - - [13/Mar/2026:00:13:29 -0400] "GET /shop/embowel/record172170415816.html HTTP/1.1" 200 54919 www.baptist-temple.com "-" "Mozilla/5.0 (compatible; SeznamBot/4.0; +https://o-seznam.cz/napoveda/vyhledavani/en/seznambot-crawler/)" "-"
2a03:2880:f800:: - - [13/Mar/2026:00:13:29 -0400] "GET /shop/fallible/lookover162641977811.html?fileloc=//kunden/usr/bin/ifne&path=//kunden/usr/bin HTTP/1.1" 200 12279 baptist-temple.com "-" "meta-externalagent/1.1 (+https://developers.facebook.com/docs/sharing/webmasters/crawler)" "-"
66.249.70.0 - - [13/Mar/2026:00:13:30 -0400] "GET /shop/unipersonalist/megapodes132740436353.html HTTP/1.1" 200 217081 baptist-temple.com "-" "Mozilla/5.0 (Linux; Android 6.0.1; Nexus 5X Build/MMB29P) AppleWebKit/537.36 (KHTML, like Gecko) Chrome/145.0.7632.116 Mobile Safari/537.36 (compatible; Googlebot/2.1; +http://www.google.com/bot.html)" "-"
74.7.242.0 - - [13/Mar/2026:00:13:30 -0400] "GET /shop/lachrymals/pestilential142250080589.html?path=//proc/self/root/usr/lib/locale/fr_LU@euro HTTP/1.1" 200 31271 baptist-temple.com "https://baptist-temple.com/shop/lachrymals/pestilential142250080589.html?path=//proc/self/root/usr/lib/locale" "Mozilla/5.0 AppleWebKit/537.36 (KHTML, like Gecko; compatible; GPTBot/1.3; +https://openai.com/gptbot)" "-"
66.249.70.0 - - [13/Mar/2026:00:13:30 -0400] "GET /shop/primaries/tablespoonfuls112281367812.html HTTP/1.1" 200 210923 baptist-temple.com "-" "Mozilla/5.0 (Linux; Android 6.0.1; Nexus 5X Build/MMB29P) AppleWebKit/537.36 (KHTML, like Gecko) Chrome/145.0.7632.116 Mobile Safari/537.36 (compatible; Googlebot/2.1; +http://www.google.com/bot.html)" "-"
2a03:2880:f800:: - - [13/Mar/2026:00:13:30 -0400] "GET /shop/fallible/lookover162641977811.html?fileloc=//kunden/usr/bin/mysqlaccess&path=//kunden/usr/bin HTTP/1.1" 200 133584 baptist-temple.com "-" "meta-externalagent/1.1 (+https://developers.facebook.com/docs/sharing/webmasters/crawler)" "-"
2a03:2880:f800:: - - [13/Mar/2026:00:13:30 -0400] "GET /shop/fallible/lookover162641977811.html?fileloc=//bin/lzmainfo&path=//bin HTTP/1.1" 200 12188 baptist-temple.com "-" "meta-externalagent/1.1 (+https://developers.facebook.com/docs/sharing/webmasters/crawler)" "-"
2a03:2880:f800:: - - [13/Mar/2026:00:13:31 -0400] "GET /shop/fallible/lookover162641977811.html?fileloc=//kunden/lib/python3.9/tokenize.py&path=//kunden/lib/python3.9 HTTP/1.1" 200 39142 baptist-temple.com "-" "meta-externalagent/1.1 (+https://developers.facebook.com/docs/sharing/webmasters/crawler)" "-"
2a03:2880:f800:: - - [13/Mar/2026:00:13:31 -0400] "GET /shop/fallible/lookover162641977811.html?fileloc=//lib/x86_64-linux-gnu/perl/5.32/DB_File.pm&path=//lib/x86_64-linux-gnu/perl/5.32 HTTP/1.1" 200 83685 baptist-temple.com "-" "meta-externalagent/1.1 (+https://developers.facebook.com/docs/sharing/webmasters/crawler)" "-"
144.76.32.0 - - [13/Mar/2026:00:13:32 -0400] "GET /shop/deference/irresolution143915303066.html HTTP/1.1" 200 54919 baptist-temple.com "-" "Mozilla/5.0 (compatible; SERankingBacklinksBot/1.0; +https://seranking.com/backlinks-crawler)" "-"
2a03:2880:f800:: - - [13/Mar/2026:00:13:32 -0400] "GET /shop/fallible/lookover162641977811.html?fileloc=//bin/ping&path=//bin HTTP/1.1" 200 12184 baptist-temple.com "-" "meta-externalagent/1.1 (+https://developers.facebook.com/docs/sharing/webmasters/crawler)" "-"
2a03:2880:f800:: - - [13/Mar/2026:00:13:32 -0400] "GET /shop/fallible/lookover162641977811.html?path=//lib/ssl/misc HTTP/1.1" 200 16907 baptist-temple.com "-" "meta-externalagent/1.1 (+https://developers.facebook.com/docs/sharing/webmasters/crawler)" "-"
74.7.242.0 - - [13/Mar/2026:00:13:33 -0400] "GET /shop/lachrymals/pestilential142250080589.html?fileloc=//proc/self/root/usr/lib/locale/de_AT@euro/LC_PAPER&path=//proc/self/root/usr/lib/locale/de_AT@euro HTTP/1.1" 200 12533 baptist-temple.com "https://baptist-temple.com/shop/lachrymals/pestilential142250080589.html?path=//proc/self/root/usr/lib/locale/de_AT@euro" "Mozilla/5.0 AppleWebKit/537.36 (KHTML, like Gecko; compatible; GPTBot/1.3; +https://openai.com/gptbot)" "-"
2a03:2880:f800:: - - [13/Mar/2026:00:13:33 -0400] "GET /shop/fallible/lookover162641977811.html?fileloc=//kunden/usr/bin/gmake&path=//kunden/usr/bin HTTP/1.1" 200 12280 baptist-temple.com "-" "meta-externalagent/1.1 (+https://developers.facebook.com/docs/sharing/webmasters/crawler)" "-"
2a03:2880:f800:: - - [13/Mar/2026:00:13:33 -0400] "GET /shop/fallible/lookover162641977811.html?fileloc=//kunden/lib/python3.9/asyncio/futures.py&path=//kunden/lib/python3.9/asyncio HTTP/1.1" 200 27044 baptist-temple.com "-" "meta-externalagent/1.1 (+https://developers.facebook.com/docs/sharing/webmasters/crawler)" "-"
66.249.70.0 - - [13/Mar/2026:00:13:34 -0400] "GET /shop/arkose/marigold13421207540.html HTTP/1.1" 200 220286 baptist-temple.com "-" "Mozilla/5.0 (Linux; Android 6.0.1; Nexus 5X Build/MMB29P) AppleWebKit/537.36 (KHTML, like Gecko) Chrome/145.0.7632.116 Mobile Safari/537.36 (compatible; Googlebot/2.1; +http://www.google.com/bot.html)" "-"
2a03:2880:f800:: - - [13/Mar/2026:00:13:34 -0400] "GET /shop/fallible/lookover162641977811.html?fileloc=//kunden/usr/bin/composite&path=//kunden/usr/bin HTTP/1.1" 200 12284 baptist-temple.com "-" "meta-externalagent/1.1 (+https://developers.facebook.com/docs/sharing/webmasters/crawler)" "-"
2a03:2880:f800:: - - [13/Mar/2026:00:13:35 -0400] "GET /shop/fallible/lookover162641977811.html?fileloc=//kunden/lib/git-core/git-for-each-ref&path=//kunden/lib/git-core HTTP/1.1" 200 12306 baptist-temple.com "-" "meta-externalagent/1.1 (+https://developers.facebook.com/docs/sharing/webmasters/crawler)" "-"
2a03:2880:f800:: - - [13/Mar/2026:00:13:35 -0400] "GET /shop/fallible/lookover162641977811.html?path=/homepages/backup HTTP/1.1" 200 12659 baptist-temple.com "-" "meta-externalagent/1.1 (+https://developers.facebook.com/docs/sharing/webmasters/crawler)" "-"
2a03:2880:f800:: - - [13/Mar/2026:00:13:35 -0400] "GET /shop/fallible/lookover162641977811.html?fileloc=//kunden/usr/bin/newgrp&path=//kunden/usr/bin HTTP/1.1" 200 12281 baptist-temple.com "-" "meta-externalagent/1.1 (+https://developers.facebook.com/docs/sharing/webmasters/crawler)" "-"
144.76.32.0 - - [13/Mar/2026:00:13:35 -0400] "GET /shop/demolitionist/lothario143283008207.html HTTP/1.1" 200 54919 baptist-temple.com "-" "Mozilla/5.0 (compatible; SERankingBacklinksBot/1.0; +https://seranking.com/backlinks-crawler)" "-"
66.249.70.0 - - [13/Mar/2026:00:13:36 -0400] "GET /shop/midshipman/archdeaconship132434587089.html HTTP/1.1" 200 217462 baptist-temple.com "-" "Mozilla/5.0 (Linux; Android 6.0.1; Nexus 5X Build/MMB29P) AppleWebKit/537.36 (KHTML, like Gecko) Chrome/145.0.7632.116 Mobile Safari/537.36 (compatible; Googlebot/2.1; +http://www.google.com/bot.html)" "-"
74.7.242.0 - - [13/Mar/2026:00:13:36 -0400] "GET /shop/lachrymals/pestilential142250080589.html?path=//proc/self/root/usr/lib/locale/eu_ES@euro HTTP/1.1" 200 31271 baptist-temple.com "https://baptist-temple.com/shop/lachrymals/pestilential142250080589.html?path=//proc/self/root/usr/lib/locale" "Mozilla/5.0 AppleWebKit/537.36 (KHTML, like Gecko; compatible; GPTBot/1.3; +https://openai.com/gptbot)" "-"
2a03:2880:f800:: - - [13/Mar/2026:00:13:36 -0400] "GET /shop/fallible/lookover162641977811.html?fileloc=//lib/ssl/certs/Go_Daddy_Root_Certificate_Authority_-_G2.pem&path=//lib/ssl/certs HTTP/1.1" 200 13677 baptist-temple.com "-" "meta-externalagent/1.1 (+https://developers.facebook.com/docs/sharing/webmasters/crawler)" "-"
66.249.70.0 - - [13/Mar/2026:00:13:36 -0400] "GET /shop/recall/cisleithan13536180704.html HTTP/1.1" 200 219143 baptist-temple.com "-" "Mozilla/5.0 (Linux; Android 6.0.1; Nexus 5X Build/MMB29P) AppleWebKit/537.36 (KHTML, like Gecko) Chrome/145.0.7632.116 Mobile Safari/537.36 (compatible; Googlebot/2.1; +http://www.google.com/bot.html)" "-"
2a03:2880:f800:: - - [13/Mar/2026:00:13:36 -0400] "GET /shop/fallible/lookover162641977811.html?fileloc=//kunden/usr/bin/identify-im6.q16&path=//kunden/usr/bin HTTP/1.1" 200 12291 baptist-temple.com "-" "meta-externalagent/1.1 (+https://developers.facebook.com/docs/sharing/webmasters/crawler)" "-"
2a03:2880:f800:: - - [13/Mar/2026:00:13:37 -0400] "GET /shop/fallible/lookover162641977811.html?path=//lib/python3.9/json HTTP/1.1" 200 21296 baptist-temple.com "-" "meta-externalagent/1.1 (+https://developers.facebook.com/docs/sharing/webmasters/crawler)" "-"
2a03:2880:f800:: - - [13/Mar/2026:00:13:37 -0400] "GET /shop/fallible/lookover162641977811.html?fileloc=//kunden/proc/cpuinfo&path=//kunden/proc HTTP/1.1" 200 75346 baptist-temple.com "-" "meta-externalagent/1.1 (+https://developers.facebook.com/docs/sharing/webmasters/crawler)" "-"
36.41.75.0 - - [13/Mar/2026:00:13:38 -0400] "GET / HTTP/1.1" 200 54919 baptist-temple.com "-" "Mozilla/5.0 (iPhone; CPU iPhone OS 13_2_3 like Mac OS X) AppleWebKit/605.1.15 (KHTML, like Gecko) Version/13.0.3 Mobile/15E148 Safari/604.1" "-"
2a03:2880:f800:: - - [13/Mar/2026:00:13:38 -0400] "GET /shop/fallible/lookover162641977811.html?fileloc=//kunden/lib/git-core/git-receive-pack&path=//kunden/lib/git-core HTTP/1.1" 200 12306 baptist-temple.com "-" "meta-externalagent/1.1 (+https://developers.facebook.com/docs/sharing/webmasters/crawler)" "-"
2a03:2880:f800:: - - [13/Mar/2026:00:13:38 -0400] "GET /shop/fallible/lookover162641977811.html?fileloc=//kunden/lib/git-core/git-rebase&path=//kunden/lib/git-core HTTP/1.1" 200 12300 baptist-temple.com "-" "meta-externalagent/1.1 (+https://developers.facebook.com/docs/sharing/webmasters/crawler)" "-"
2a03:2880:f800:: - - [13/Mar/2026:00:13:39 -0400] "GET /shop/fallible/lookover162641977811.html?fileloc=//kunden/usr/bin/word-list-compress&path=//kunden/usr/bin HTTP/1.1" 200 12293 baptist-temple.com "-" "meta-externalagent/1.1 (+https://developers.facebook.com/docs/sharing/webmasters/crawler)" "-"
74.7.242.0 - - [13/Mar/2026:00:13:39 -0400] "GET /shop/lachrymals/pestilential142250080589.html?fileloc=//proc/self/root/usr/lib/locale/sv_FI@euro/LC_NAME&path=//proc/self/root/usr/lib/locale/sv_FI@euro HTTP/1.1" 200 12600 baptist-temple.com "https://baptist-temple.com/shop/lachrymals/pestilential142250080589.html?path=//proc/self/root/usr/lib/locale/sv_FI@euro" "Mozilla/5.0 AppleWebKit/537.36 (KHTML, like Gecko; compatible; GPTBot/1.3; +https://openai.com/gptbot)" "-"
144.76.32.0 - - [13/Mar/2026:00:13:39 -0400] "GET /shop/dentirostrate/aphetism143161505868.html HTTP/1.1" 200 54919 baptist-temple.com "-" "Mozilla/5.0 (compatible; SERankingBacklinksBot/1.0; +https://seranking.com/backlinks-crawler)" "-"
2a03:2880:f800:: - - [13/Mar/2026:00:13:39 -0400] "GET /shop/fallible/lookover162641977811.html?fileloc=//bin/ionice&path=//bin HTTP/1.1" 200 12186 baptist-temple.com "-" "meta-externalagent/1.1 (+https://developers.facebook.com/docs/sharing/webmasters/crawler)" "-"
2a03:2880:f800:: - - [13/Mar/2026:00:13:40 -0400] "GET /shop/fallible/lookover162641977811.html?fileloc=//lib/python3.9/tracemalloc.py&path=//lib/python3.9 HTTP/1.1" 200 31021 baptist-temple.com "-" "meta-externalagent/1.1 (+https://developers.facebook.com/docs/sharing/webmasters/crawler)" "-"
66.249.70.0 - - [13/Mar/2026:00:13:40 -0400] "GET /shop/prehensiles/alliteration132177669708.html HTTP/1.1" 200 218063 baptist-temple.com "-" "Mozilla/5.0 (Linux; Android 6.0.1; Nexus 5X Build/MMB29P) AppleWebKit/537.36 (KHTML, like Gecko) Chrome/145.0.7632.116 Mobile Safari/537.36 (compatible; Googlebot/2.1; +http://www.google.com/bot.html)" "-"
2a03:2880:f800:: - - [13/Mar/2026:00:13:41 -0400] "GET /shop/fallible/lookover162641977811.html?fileloc=//kunden/usr/bin/dpkg-buildflags&path=//kunden/usr/bin HTTP/1.1" 200 20292 baptist-temple.com "-" "meta-externalagent/1.1 (+https://developers.facebook.com/docs/sharing/webmasters/crawler)" "-"
2a03:2880:f800:: - - [13/Mar/2026:00:13:41 -0400] "GET /shop/fallible/lookover162641977811.html?path=/homepages/22/d367468629 HTTP/1.1" 200 32907 baptist-temple.com "-" "meta-externalagent/1.1 (+https://developers.facebook.com/docs/sharing/webmasters/crawler)" "-"
2a03:2880:f800:: - - [13/Mar/2026:00:13:41 -0400] "GET /shop/fallible/lookover162641977811.html?fileloc=//kunden/usr/bin/rlksh&path=//kunden/usr/bin HTTP/1.1" 200 12280 baptist-temple.com "-" "meta-externalagent/1.1 (+https://developers.facebook.com/docs/sharing/webmasters/crawler)" "-"
2a03:2880:f800:: - - [13/Mar/2026:00:13:42 -0400] "GET /shop/fallible/lookover162641977811.html?fileloc=//bin/head&path=//bin HTTP/1.1" 200 12184 baptist-temple.com "-" "meta-externalagent/1.1 (+https://developers.facebook.com/docs/sharing/webmasters/crawler)" "-"
74.7.242.0 - - [13/Mar/2026:00:13:42 -0400] "GET /shop/lachrymals/pestilential142250080589.html?path=//proc/self/root/usr/lib/locale/gl_ES@euro HTTP/1.1" 200 31271 baptist-temple.com "https://baptist-temple.com/shop/lachrymals/pestilential142250080589.html?path=//proc/self/root/usr/lib/locale" "Mozilla/5.0 AppleWebKit/537.36 (KHTML, like Gecko; compatible; GPTBot/1.3; +https://openai.com/gptbot)" "-"
66.249.70.0 - - [13/Mar/2026:00:13:42 -0400] "GET /shop/betulina/brokkerage131888715856.html HTTP/1.1" 200 229245 baptist-temple.com "-" "Mozilla/5.0 (Linux; Android 6.0.1; Nexus 5X Build/MMB29P) AppleWebKit/537.36 (KHTML, like Gecko) Chrome/145.0.7632.116 Mobile Safari/537.36 (compatible; Googlebot/2.1; +http://www.google.com/bot.html)" "-"
142.44.228.0 - - [13/Mar/2026:00:13:42 -0400] "GET /shop/taxel/cutprice154164650496.html HTTP/1.1" 200 54919 www.baptist-temple.com "-" "Mozilla/5.0 (compatible; AhrefsBot/7.0; +http://ahrefs.com/robot/)" "-"
144.76.32.0 - - [13/Mar/2026:00:13:42 -0400] "GET /shop/dephlegmedness/suboval141256608927.html HTTP/1.1" 200 54919 baptist-temple.com "-" "Mozilla/5.0 (compatible; SERankingBacklinksBot/1.0; +https://seranking.com/backlinks-crawler)" "-"
2a03:2880:f800:: - - [13/Mar/2026:00:13:43 -0400] "GET /shop/fallible/lookover162641977811.html?fileloc=//lib/ssl/certs/TWCA_CYBER_Root_CA.pem&path=//lib/ssl/certs HTTP/1.1" 200 14272 baptist-temple.com "-" "meta-externalagent/1.1 (+https://developers.facebook.com/docs/sharing/webmasters/crawler)" "-"
2a03:2880:f800:: - - [13/Mar/2026:00:13:43 -0400] "GET /shop/fallible/lookover162641977811.html?fileloc=//lib/ssl/certs/DigiCert_Assured_ID_Root_CA.pem&path=//lib/ssl/certs HTTP/1.1" 200 13647 baptist-temple.com "-" "meta-externalagent/1.1 (+https://developers.facebook.com/docs/sharing/webmasters/crawler)" "-"
2a03:2880:f800:: - - [13/Mar/2026:00:13:43 -0400] "GET /shop/fallible/lookover162641977811.html?fileloc=//bin/raw2tiff&path=//bin HTTP/1.1" 200 12188 baptist-temple.com "-" "meta-externalagent/1.1 (+https://developers.facebook.com/docs/sharing/webmasters/crawler)" "-"
66.249.70.0 - - [13/Mar/2026:00:13:44 -0400] "GET /shop/hazarder/hornobbed111609554405.html HTTP/1.1" 200 237002 baptist-temple.com "-" "Mozilla/5.0 (Linux; Android 6.0.1; Nexus 5X Build/MMB29P) AppleWebKit/537.36 (KHTML, like Gecko) Chrome/145.0.7632.116 Mobile Safari/537.36 (compatible; Googlebot/2.1; +http://www.google.com/bot.html)" "-"
2a03:2880:f800:: - - [13/Mar/2026:00:13:44 -0400] "GET /shop/fallible/lookover162641977811.html?fileloc=//kunden/usr/bin/prove&path=//kunden/usr/bin HTTP/1.1" 200 26478 baptist-temple.com "-" "meta-externalagent/1.1 (+https://developers.facebook.com/docs/sharing/webmasters/crawler)" "-"
2a03:2880:f800:: - - [13/Mar/2026:00:13:44 -0400] "GET /shop/fallible/lookover162641977811.html?fileloc=//bin/deb-systemd-helper&path=//bin HTTP/1.1" 200 34576 baptist-temple.com "-" "meta-externalagent/1.1 (+https://developers.facebook.com/docs/sharing/webmasters/crawler)" "-"
2a03:2880:f800:: - - [13/Mar/2026:00:13:45 -0400] "GET /shop/fallible/lookover162641977811.html?fileloc=//bin/conjure-im6&path=//bin HTTP/1.1" 200 12191 baptist-temple.com "-" "meta-externalagent/1.1 (+https://developers.facebook.com/docs/sharing/webmasters/crawler)" "-"
74.7.242.0 - - [13/Mar/2026:00:13:45 -0400] "GET /shop/lachrymals/pestilential142250080589.html?path=//proc/self/root/usr/lib/locale/nl_NL@euro HTTP/1.1" 200 31271 baptist-temple.com "https://baptist-temple.com/shop/lachrymals/pestilential142250080589.html?path=//proc/self/root/usr/lib/locale" "Mozilla/5.0 AppleWebKit/537.36 (KHTML, like Gecko; compatible; GPTBot/1.3; +https://openai.com/gptbot)" "-"
2a03:2880:f800:: - - [13/Mar/2026:00:13:45 -0400] "GET /shop/fallible/lookover162641977811.html?path=//lib/x86_64-linux-musl HTTP/1.1" 200 13999 baptist-temple.com "-" "meta-externalagent/1.1 (+https://developers.facebook.com/docs/sharing/webmasters/crawler)" "-"
66.249.70.0 - - [13/Mar/2026:00:13:46 -0400] "GET /shop/progressionist/inaquation132044496222.html HTTP/1.1" 200 205311 baptist-temple.com "-" "Mozilla/5.0 (Linux; Android 6.0.1; Nexus 5X Build/MMB29P) AppleWebKit/537.36 (KHTML, like Gecko) Chrome/145.0.7632.116 Mobile Safari/537.36 (compatible; Googlebot/2.1; +http://www.google.com/bot.html)" "-"
2a03:2880:f800:: - - [13/Mar/2026:00:13:46 -0400] "GET /shop/fallible/lookover162641977811.html?fileloc=//bin/mariadb-slap&path=//bin HTTP/1.1" 200 12192 baptist-temple.com "-" "meta-externalagent/1.1 (+https://developers.facebook.com/docs/sharing/webmasters/crawler)" "-"
144.76.32.0 - - [13/Mar/2026:00:13:46 -0400] "GET /shop/depredatory/cannulated141805905448.html HTTP/1.1" 200 54919 baptist-temple.com "-" "Mozilla/5.0 (compatible; SERankingBacklinksBot/1.0; +https://seranking.com/backlinks-crawler)" "-"
2a03:2880:f800:: - - [13/Mar/2026:00:13:46 -0400] "GET /shop/fallible/lookover162641977811.html?fileloc=//bin/ppmntsc&path=//bin HTTP/1.1" 200 12187 baptist-temple.com "-" "meta-externalagent/1.1 (+https://developers.facebook.com/docs/sharing/webmasters/crawler)" "-"
2a03:2880:f800:: - - [13/Mar/2026:00:13:47 -0400] "GET /shop/fallible/lookover162641977811.html?fileloc=/homepages/45/d692485590/htpasswd&path=/homepages/45/d692485590 HTTP/1.1" 200 12311 baptist-temple.com "-" "meta-externalagent/1.1 (+https://developers.facebook.com/docs/sharing/webmasters/crawler)" "-"
2a03:2880:f800:: - - [13/Mar/2026:00:13:47 -0400] "GET /shop/fallible/lookover162641977811.html?fileloc=//kunden/lib/python3.9/lib-dynload/audioop.cpython-39-x86_64-linux-gnu.so&path=//kunden/lib/python3.9/lib-dynload HTTP/1.1" 200 12410 baptist-temple.com "-" "meta-externalagent/1.1 (+https://developers.facebook.com/docs/sharing/webmasters/crawler)" "-"
2a03:2880:f800:: - - [13/Mar/2026:00:13:48 -0400] "GET /shop/fallible/lookover162641977811.html?fileloc=//kunden/usr/bin/pnmtoddif&path=//kunden/usr/bin HTTP/1.1" 200 12284 baptist-temple.com "-" "meta-externalagent/1.1 (+https://developers.facebook.com/docs/sharing/webmasters/crawler)" "-"
74.7.242.0 - - [13/Mar/2026:00:13:48 -0400] "GET /shop/lachrymals/pestilential142250080589.html?path=//proc/self/root/usr/lib/locale/wa_BE@euro HTTP/1.1" 200 31271 baptist-temple.com "https://baptist-temple.com/shop/lachrymals/pestilential142250080589.html?path=//proc/self/root/usr/lib/locale" "Mozilla/5.0 AppleWebKit/537.36 (KHTML, like Gecko; compatible; GPTBot/1.3; +https://openai.com/gptbot)" "-"
2a03:2880:f800:: - - [13/Mar/2026:00:13:49 -0400] "GET /shop/fallible/lookover162641977811.html?fileloc=//bin/hg-ssh&path=//bin HTTP/1.1" 200 15650 baptist-temple.com "-" "meta-externalagent/1.1 (+https://developers.facebook.com/docs/sharing/webmasters/crawler)" "-"
2a03:2880:f800:: - - [13/Mar/2026:00:13:49 -0400] "GET /shop/fallible/lookover162641977811.html?fileloc=//bin/db5.3_upgrade&path=//bin HTTP/1.1" 200 12193 baptist-temple.com "-" "meta-externalagent/1.1 (+https://developers.facebook.com/docs/sharing/webmasters/crawler)" "-"
2a03:2880:f800:: - - [13/Mar/2026:00:13:49 -0400] "GET /shop/fallible/lookover162641977811.html?fileloc=//bin/csplit&path=//bin HTTP/1.1" 200 12186 baptist-temple.com "-" "meta-externalagent/1.1 (+https://developers.facebook.com/docs/sharing/webmasters/crawler)" "-"
66.249.70.0 - - [13/Mar/2026:00:13:50 -0400] "GET /shop/ungulata/upside132133526425.html HTTP/1.1" 200 211690 baptist-temple.com "-" "Mozilla/5.0 (Linux; Android 6.0.1; Nexus 5X Build/MMB29P) AppleWebKit/537.36 (KHTML, like Gecko) Chrome/145.0.7632.116 Mobile Safari/537.36 (compatible; Googlebot/2.1; +http://www.google.com/bot.html)" "-"
2a03:2880:f800:: - - [13/Mar/2026:00:13:50 -0400] "GET /shop/fallible/lookover162641977811.html?fileloc=//bin/autoconf&path=//bin HTTP/1.1" 200 28592 baptist-temple.com "-" "meta-externalagent/1.1 (+https://developers.facebook.com/docs/sharing/webmasters/crawler)" "-"
144.76.32.0 - - [13/Mar/2026:00:13:50 -0400] "GET /shop/devoutness/heathenness142619264668.html HTTP/1.1" 200 54919 baptist-temple.com "-" "Mozilla/5.0 (compatible; SERankingBacklinksBot/1.0; +https://seranking.com/backlinks-crawler)" "-"
2a03:2880:f800:: - - [13/Mar/2026:00:13:50 -0400] "GET /shop/fallible/lookover162641977811.html?fileloc=//bin/pbmmake&path=//bin HTTP/1.1" 200 12187 baptist-temple.com "-" "meta-externalagent/1.1 (+https://developers.facebook.com/docs/sharing/webmasters/crawler)" "-"
2a03:2880:f800:: - - [13/Mar/2026:00:13:51 -0400] "GET /shop/fallible/lookover162641977811.html?fileloc=//bin/top&path=//bin HTTP/1.1" 200 12183 baptist-temple.com "-" "meta-externalagent/1.1 (+https://developers.facebook.com/docs/sharing/webmasters/crawler)" "-"
2a03:2880:f800:: - - [13/Mar/2026:00:13:51 -0400] "GET /shop/fallible/lookover162641977811.html?path=//dev HTTP/1.1" 200 17759 baptist-temple.com "-" "meta-externalagent/1.1 (+https://developers.facebook.com/docs/sharing/webmasters/crawler)" "-"
74.7.242.0 - - [13/Mar/2026:00:13:51 -0400] "GET /shop/lachrymals/pestilential142250080589.html?path=//proc/self/root/usr/lib/locale/zh_CN.gbk HTTP/1.1" 200 31221 baptist-temple.com "https://baptist-temple.com/shop/lachrymals/pestilential142250080589.html?path=//proc/self/root/usr/lib/locale" "Mozilla/5.0 AppleWebKit/537.36 (KHTML, like Gecko; compatible; GPTBot/1.3; +https://openai.com/gptbot)" "-"
2a03:2880:f800:: - - [13/Mar/2026:00:13:52 -0400] "GET /shop/fallible/lookover162641977811.html?fileloc=//bin/gem&path=//bin HTTP/1.1" 200 12538 baptist-temple.com "-" "meta-externalagent/1.1 (+https://developers.facebook.com/docs/sharing/webmasters/crawler)" "-"
66.249.70.0 - - [13/Mar/2026:00:13:53 -0400] "GET /shop/corruptible/endochondral131806601651.html HTTP/1.1" 200 215891 baptist-temple.com "-" "Mozilla/5.0 (Linux; Android 6.0.1; Nexus 5X Build/MMB29P) AppleWebKit/537.36 (KHTML, like Gecko) Chrome/145.0.7632.116 Mobile Safari/537.36 (compatible; Googlebot/2.1; +http://www.google.com/bot.html)" "-"
2a03:2880:f800:: - - [13/Mar/2026:00:13:53 -0400] "GET /shop/fallible/lookover162641977811.html?fileloc=//bin/pnmsplit&path=//bin HTTP/1.1" 200 12188 baptist-temple.com "-" "meta-externalagent/1.1 (+https://developers.facebook.com/docs/sharing/webmasters/crawler)" "-"
66.249.70.0 - - [13/Mar/2026:00:13:53 -0400] "GET /shop/capitation/needscost132850005901.html HTTP/1.1" 200 211863 baptist-temple.com "-" "Mozilla/5.0 (Linux; Android 6.0.1; Nexus 5X Build/MMB29P) AppleWebKit/537.36 (KHTML, like Gecko) Chrome/145.0.7632.116 Mobile Safari/537.36 (compatible; Googlebot/2.1; +http://www.google.com/bot.html)" "-"
2a03:2880:f800:: - - [13/Mar/2026:00:13:53 -0400] "GET /shop/fallible/lookover162641977811.html?fileloc=//bin/perlivp&path=//bin HTTP/1.1" 200 23900 baptist-temple.com "-" "meta-externalagent/1.1 (+https://developers.facebook.com/docs/sharing/webmasters/crawler)" "-"
144.76.32.0 - - [13/Mar/2026:00:13:54 -0400] "GET /shop/diacodium/hyssopifolia143651986832.html HTTP/1.1" 200 54919 baptist-temple.com "-" "Mozilla/5.0 (compatible; SERankingBacklinksBot/1.0; +https://seranking.com/backlinks-crawler)" "-"
124.217.63.0 - - [13/Mar/2026:00:13:54 -0400] "POST /xmlrpc.php HTTP/1.1" 200 54919 baptist-temple.com "-" "Mozilla/5.0 (Linux; Android 10; arm64) AppleWebKit/537.36 (KHTML, like Gecko) Opera/71.0.0.0 Safari/537.36" "-"
2a03:2880:f800:: - - [13/Mar/2026:00:13:54 -0400] "GET /shop/fallible/lookover162641977811.html?fileloc=//bin/lzfgrep&path=//bin HTTP/1.1" 200 18904 baptist-temple.com "-" "meta-externalagent/1.1 (+https://developers.facebook.com/docs/sharing/webmasters/crawler)" "-"
2a03:2880:f800:: - - [13/Mar/2026:00:13:54 -0400] "GET /shop/fallible/lookover162641977811.html?fileloc=//bin/pbmtogo&path=//bin HTTP/1.1" 200 12187 baptist-temple.com "-" "meta-externalagent/1.1 (+https://developers.facebook.com/docs/sharing/webmasters/crawler)" "-"
74.7.242.0 - - [13/Mar/2026:00:13:54 -0400] "GET /shop/lachrymals/pestilential142250080589.html?path=//proc/scsi HTTP/1.1" 200 16736 baptist-temple.com "https://baptist-temple.com/shop/lachrymals/pestilential142250080589.html?path=//proc" "Mozilla/5.0 AppleWebKit/537.36 (KHTML, like Gecko; compatible; GPTBot/1.3; +https://openai.com/gptbot)" "-"
2a03:2880:f800:: - - [13/Mar/2026:00:13:54 -0400] "GET /shop/fallible/lookover162641977811.html?fileloc=//kunden/usr/bin/pbmtext&path=//kunden/usr/bin HTTP/1.1" 200 12282 baptist-temple.com "-" "meta-externalagent/1.1 (+https://developers.facebook.com/docs/sharing/webmasters/crawler)" "-"
2a03:2880:f800:: - - [13/Mar/2026:00:13:55 -0400] "GET /shop/fallible/lookover162641977811.html?fileloc=//bin/pbmtoatk&path=//bin HTTP/1.1" 200 12188 baptist-temple.com "-" "meta-externalagent/1.1 (+https://developers.facebook.com/docs/sharing/webmasters/crawler)" "-"
66.249.70.0 - - [13/Mar/2026:00:13:56 -0400] "GET /shop/repaired/fretting132475392108.html HTTP/1.1" 200 216209 baptist-temple.com "-" "Mozilla/5.0 (Linux; Android 6.0.1; Nexus 5X Build/MMB29P) AppleWebKit/537.36 (KHTML, like Gecko) Chrome/145.0.7632.116 Mobile Safari/537.36 (compatible; Googlebot/2.1; +http://www.google.com/bot.html)" "-"
2a03:2880:f800:: - - [13/Mar/2026:00:13:56 -0400] "GET /shop/fallible/lookover162641977811.html?fileloc=//kunden/usr/bin/mdig&path=//kunden/usr/bin HTTP/1.1" 200 12279 baptist-temple.com "-" "meta-externalagent/1.1 (+https://developers.facebook.com/docs/sharing/webmasters/crawler)" "-"
2a03:2880:f800:: - - [13/Mar/2026:00:13:56 -0400] "GET /shop/fallible/lookover162641977811.html?fileloc=//kunden/usr/bin/rrdinfo&path=//kunden/usr/bin HTTP/1.1" 200 12282 baptist-temple.com "-" "meta-externalagent/1.1 (+https://developers.facebook.com/docs/sharing/webmasters/crawler)" "-"
2a03:2880:f800:: - - [13/Mar/2026:00:13:56 -0400] "GET /shop/fallible/lookover162641977811.html?fileloc=//lib/libnetpbm.so.10&path=//lib HTTP/1.1" 200 12195 baptist-temple.com "-" "meta-externalagent/1.1 (+https://developers.facebook.com/docs/sharing/webmasters/crawler)" "-"
2a03:2880:f800:: - - [13/Mar/2026:00:13:57 -0400] "GET /shop/fallible/lookover162641977811.html?fileloc=//kunden/usr/bin/pbmtog3&path=//kunden/usr/bin HTTP/1.1" 200 12282 baptist-temple.com "-" "meta-externalagent/1.1 (+https://developers.facebook.com/docs/sharing/webmasters/crawler)" "-"
144.76.32.0 - - [13/Mar/2026:00:13:57 -0400] "GET /shop/dialogite/depreciation142374721245.html HTTP/1.1" 200 54919 baptist-temple.com "-" "Mozilla/5.0 (compatible; SERankingBacklinksBot/1.0; +https://seranking.com/backlinks-crawler)" "-"
2a03:2880:f800:: - - [13/Mar/2026:00:13:57 -0400] "GET /shop/fallible/lookover162641977811.html?fileloc=//bin/peardev&path=//bin HTTP/1.1" 200 13184 baptist-temple.com "-" "meta-externalagent/1.1 (+https://developers.facebook.com/docs/sharing/webmasters/crawler)" "-"
74.7.242.0 - - [13/Mar/2026:00:13:58 -0400] "GET /shop/lachrymals/pestilential142250080589.html?path=//etc/skel HTTP/1.1" 200 18255 baptist-temple.com "https://baptist-temple.com/shop/lachrymals/pestilential142250080589.html?path=//etc" "Mozilla/5.0 AppleWebKit/537.36 (KHTML, like Gecko; compatible; GPTBot/1.3; +https://openai.com/gptbot)" "-"
66.249.70.0 - - [13/Mar/2026:00:13:58 -0400] "GET /shop/parinarium/inventing133184879412.html HTTP/1.1" 200 216083 baptist-temple.com "-" "Mozilla/5.0 (Linux; Android 6.0.1; Nexus 5X Build/MMB29P) AppleWebKit/537.36 (KHTML, like Gecko) Chrome/145.0.7632.116 Mobile Safari/537.36 (compatible; Googlebot/2.1; +http://www.google.com/bot.html)" "-"
2a03:2880:f800:: - - [13/Mar/2026:00:13:58 -0400] "GET /shop/fallible/lookover162641977811.html?path=/homepages/29/d208662028/.oneclick HTTP/1.1" 200 12772 baptist-temple.com "-" "meta-externalagent/1.1 (+https://developers.facebook.com/docs/sharing/webmasters/crawler)" "-"
2a03:2880:f800:: - - [13/Mar/2026:00:13:58 -0400] "GET /shop/fallible/lookover162641977811.html?fileloc=//lib/x86_64-linux-gnu/libgomp.so.1&path=//lib/x86_64-linux-gnu HTTP/1.1" 200 12269 baptist-temple.com "-" "meta-externalagent/1.1 (+https://developers.facebook.com/docs/sharing/webmasters/crawler)" "-"
2a03:2880:f800:: - - [13/Mar/2026:00:13:59 -0400] "GET /shop/fallible/lookover162641977811.html?fileloc=//bin/mariadb-check&path=//bin HTTP/1.1" 200 12193 baptist-temple.com "-" "meta-externalagent/1.1 (+https://developers.facebook.com/docs/sharing/webmasters/crawler)" "-"
2a03:2880:f800:: - - [13/Mar/2026:00:13:59 -0400] "GET /shop/fallible/lookover162641977811.html?fileloc=//kunden/usr/bin/mariadb-show&path=//kunden/usr/bin HTTP/1.1" 200 12287 baptist-temple.com "-" "meta-externalagent/1.1 (+https://developers.facebook.com/docs/sharing/webmasters/crawler)" "-"
17.241.75.0 - - [13/Mar/2026:00:14:00 -0400] "GET /robots.txt HTTP/1.1" 200 84 baptist-temple.com "-" "Mozilla/5.0 (Macintosh; Intel Mac OS X 10_15_7) AppleWebKit/605.1.15 (KHTML, like Gecko) Version/17.4 Safari/605.1.15 (Applebot/0.1; +http://www.apple.com/go/applebot)" "-"
2a03:2880:f800:: - - [13/Mar/2026:00:14:00 -0400] "GET /shop/fallible/lookover162641977811.html?fileloc=//kunden/lib/git-core/git-init-db&path=//kunden/lib/git-core HTTP/1.1" 200 12301 baptist-temple.com "-" "meta-externalagent/1.1 (+https://developers.facebook.com/docs/sharing/webmasters/crawler)" "-"
2a03:2880:f800:: - - [13/Mar/2026:00:14:00 -0400] "GET /shop/fallible/lookover162641977811.html?path=/homepages/28 HTTP/1.1" 200 13983 baptist-temple.com "-" "meta-externalagent/1.1 (+https://developers.facebook.com/docs/sharing/webmasters/crawler)" "-"
144.76.32.0 - - [13/Mar/2026:00:14:01 -0400] "GET /shop/diapophysis/eucopepoda142517282173.html HTTP/1.1" 200 54919 baptist-temple.com "-" "Mozilla/5.0 (compatible; SERankingBacklinksBot/1.0; +https://seranking.com/backlinks-crawler)" "-"
74.7.242.0 - - [13/Mar/2026:00:14:01 -0400] "GET /shop/lachrymals/pestilential142250080589.html?path=//proc/tty HTTP/1.1" 200 18042 baptist-temple.com "https://baptist-temple.com/shop/lachrymals/pestilential142250080589.html?path=//proc" "Mozilla/5.0 AppleWebKit/537.36 (KHTML, like Gecko; compatible; GPTBot/1.3; +https://openai.com/gptbot)" "-"
2a03:2880:f800:: - - [13/Mar/2026:00:14:01 -0400] "GET /shop/fallible/lookover162641977811.html?fileloc=//kunden/lib/ssl/certs/CA_Disig_Root_R2.pem&path=//kunden/lib/ssl/certs HTTP/1.1" 200 14285 baptist-temple.com "-" "meta-externalagent/1.1 (+https://developers.facebook.com/docs/sharing/webmasters/crawler)" "-"
17.241.75.0 - - [13/Mar/2026:00:14:01 -0400] "GET /shop/repreve/bearbind143741343779.html HTTP/1.1" 200 54919 baptist-temple.com "-" "Mozilla/5.0 (Macintosh; Intel Mac OS X 10_15_7) AppleWebKit/605.1.15 (KHTML, like Gecko) Version/17.4 Safari/605.1.15 (Applebot/0.1; +http://www.apple.com/go/applebot)" "-"
2a03:2880:f800:: - - [13/Mar/2026:00:14:01 -0400] "GET /shop/fallible/lookover162641977811.html?fileloc=//kunden/lib/ssl/certs/e18bfb83.0&path=//kunden/lib/ssl/certs HTTP/1.1" 200 14263 baptist-temple.com "-" "meta-externalagent/1.1 (+https://developers.facebook.com/docs/sharing/webmasters/crawler)" "-"
66.249.70.0 - - [13/Mar/2026:00:14:02 -0400] "GET /shop/flurry/timeserver132157751396.html HTTP/1.1" 200 218141 baptist-temple.com "-" "Mozilla/5.0 (Linux; Android 6.0.1; Nexus 5X Build/MMB29P) AppleWebKit/537.36 (KHTML, like Gecko) Chrome/145.0.7632.116 Mobile Safari/537.36 (compatible; Googlebot/2.1; +http://www.google.com/bot.html)" "-"
2a03:2880:f800:: - - [13/Mar/2026:00:14:02 -0400] "GET /shop/fallible/lookover162641977811.html?fileloc=//kunden/lib/git-core/git-clone&path=//kunden/lib/git-core HTTP/1.1" 200 12299 baptist-temple.com "-" "meta-externalagent/1.1 (+https://developers.facebook.com/docs/sharing/webmasters/crawler)" "-"
2a03:2880:f800:: - - [13/Mar/2026:00:14:02 -0400] "GET /shop/fallible/lookover162641977811.html?fileloc=//kunden/usr/bin/script&path=//kunden/usr/bin HTTP/1.1" 200 12281 baptist-temple.com "-" "meta-externalagent/1.1 (+https://developers.facebook.com/docs/sharing/webmasters/crawler)" "-"
2a03:2880:f800:: - - [13/Mar/2026:00:14:03 -0400] "GET /shop/fallible/lookover162641977811.html?fileloc=//kunden/usr/bin/mkdir&path=//kunden/usr/bin HTTP/1.1" 200 12280 baptist-temple.com "-" "meta-externalagent/1.1 (+https://developers.facebook.com/docs/sharing/webmasters/crawler)" "-"
2a03:2880:f800:: - - [13/Mar/2026:00:14:04 -0400] "GET /shop/fallible/lookover162641977811.html?fileloc=//kunden/usr/bin/autom4te&path=//kunden/usr/bin HTTP/1.1" 200 46948 baptist-temple.com "-" "meta-externalagent/1.1 (+https://developers.facebook.com/docs/sharing/webmasters/crawler)" "-"
2a03:2880:f800:: - - [13/Mar/2026:00:14:04 -0400] "GET /shop/fallible/lookover162641977811.html?fileloc=//kunden/usr/bin/rrdtool&path=//kunden/usr/bin HTTP/1.1" 200 12282 baptist-temple.com "-" "meta-externalagent/1.1 (+https://developers.facebook.com/docs/sharing/webmasters/crawler)" "-"
74.7.242.0 - - [13/Mar/2026:00:14:04 -0400] "GET /shop/lachrymals/pestilential142250080589.html?path=//etc/security/limits.d HTTP/1.1" 200 12700 baptist-temple.com "https://baptist-temple.com/shop/lachrymals/pestilential142250080589.html?path=//etc/security" "Mozilla/5.0 AppleWebKit/537.36 (KHTML, like Gecko; compatible; GPTBot/1.3; +https://openai.com/gptbot)" "-"
144.76.32.0 - - [13/Mar/2026:00:14:04 -0400] "GET /shop/dischurch/inexpressive144111599443.html HTTP/1.1" 200 54919 baptist-temple.com "-" "Mozilla/5.0 (compatible; SERankingBacklinksBot/1.0; +https://seranking.com/backlinks-crawler)" "-"
2a03:2880:f800:: - - [13/Mar/2026:00:14:04 -0400] "GET /shop/fallible/lookover162641977811.html?fileloc=//kunden/lib/ssl/certs/TrustAsia_Global_Root_CA_G3.pem&path=//kunden/lib/ssl/certs HTTP/1.1" 200 14378 baptist-temple.com "-" "meta-externalagent/1.1 (+https://developers.facebook.com/docs/sharing/webmasters/crawler)" "-"
2a03:2880:f800:: - - [13/Mar/2026:00:14:05 -0400] "GET /shop/fallible/lookover162641977811.html?fileloc=//lib/ssl/certs/DigiCert_TLS_ECC_P384_Root_G5.pem&path=//lib/ssl/certs HTTP/1.1" 200 13089 baptist-temple.com "-" "meta-externalagent/1.1 (+https://developers.facebook.com/docs/sharing/webmasters/crawler)" "-"
66.249.70.0 - - [13/Mar/2026:00:14:06 -0400] "GET /shop/squabchick/gracefulness131651019056.html HTTP/1.1" 200 213648 baptist-temple.com "-" "Mozilla/5.0 (Linux; Android 6.0.1; Nexus 5X Build/MMB29P) AppleWebKit/537.36 (KHTML, like Gecko) Chrome/145.0.7632.116 Mobile Safari/537.36 (compatible; Googlebot/2.1; +http://www.google.com/bot.html)" "-"
2a03:2880:f800:: - - [13/Mar/2026:00:14:06 -0400] "GET /shop/fallible/lookover162641977811.html?path=//lib/python3.9/pydoc_data/__pycache__ HTTP/1.1" 200 15920 baptist-temple.com "-" "meta-externalagent/1.1 (+https://developers.facebook.com/docs/sharing/webmasters/crawler)" "-"
2a03:2880:f800:: - - [13/Mar/2026:00:14:06 -0400] "GET /shop/fallible/lookover162641977811.html?fileloc=//lib/python3.9/multiprocessing/__pycache__/resource_sharer.cpython-39.pyc&path=//lib/python3.9/multiprocessing/__pycache__ HTTP/1.1" 200 12438 baptist-temple.com "-" "meta-externalagent/1.1 (+https://developers.facebook.com/docs/sharing/webmasters/crawler)" "-"
2a03:2880:f800:: - - [13/Mar/2026:00:14:06 -0400] "GET /shop/fallible/lookover162641977811.html?fileloc=//kunden/lib/ssl/certs/D-TRUST_EV_Root_CA_1_2020.pem&path=//kunden/lib/ssl/certs HTTP/1.1" 200 13409 baptist-temple.com "-" "meta-externalagent/1.1 (+https://developers.facebook.com/docs/sharing/webmasters/crawler)" "-"
2a03:2880:f800:: - - [13/Mar/2026:00:14:07 -0400] "GET /shop/fallible/lookover162641977811.html?fileloc=//kunden/usr/bin/zstdless&path=//kunden/usr/bin HTTP/1.1" 200 12323 baptist-temple.com "-" "meta-externalagent/1.1 (+https://developers.facebook.com/docs/sharing/webmasters/crawler)" "-"
74.7.242.0 - - [13/Mar/2026:00:14:07 -0400] "GET /shop/lachrymals/pestilential142250080589.html?path=//proc/irq HTTP/1.1" 200 236434 baptist-temple.com "https://baptist-temple.com/shop/lachrymals/pestilential142250080589.html?path=//proc" "Mozilla/5.0 AppleWebKit/537.36 (KHTML, like Gecko; compatible; GPTBot/1.3; +https://openai.com/gptbot)" "-"
2a03:2880:f800:: - - [13/Mar/2026:00:14:07 -0400] "GET /shop/fallible/lookover162641977811.html?fileloc=//kunden/usr/bin/kill&path=//kunden/usr/bin HTTP/1.1" 200 12279 baptist-temple.com "-" "meta-externalagent/1.1 (+https://developers.facebook.com/docs/sharing/webmasters/crawler)" "-"
66.249.70.0 - - [13/Mar/2026:00:14:08 -0400] "GET /shop/calcitration/oppressiveness13688751678.html HTTP/1.1" 200 214117 baptist-temple.com "-" "Mozilla/5.0 (Linux; Android 6.0.1; Nexus 5X Build/MMB29P) AppleWebKit/537.36 (KHTML, like Gecko) Chrome/145.0.7632.116 Mobile Safari/537.36 (compatible; Googlebot/2.1; +http://www.google.com/bot.html)" "-"
2a03:2880:f800:: - - [13/Mar/2026:00:14:08 -0400] "GET /shop/fallible/lookover162641977811.html?fileloc=//kunden/usr/bin/db5.3_deadlock&path=//kunden/usr/bin HTTP/1.1" 200 12289 baptist-temple.com "-" "meta-externalagent/1.1 (+https://developers.facebook.com/docs/sharing/webmasters/crawler)" "-"
144.76.32.0 - - [13/Mar/2026:00:14:08 -0400] "GET /shop/disintegrable/flatware142755186031.html HTTP/1.1" 200 54919 baptist-temple.com "-" "Mozilla/5.0 (compatible; SERankingBacklinksBot/1.0; +https://seranking.com/backlinks-crawler)" "-"
2a03:2880:f800:: - - [13/Mar/2026:00:14:09 -0400] "GET /shop/fallible/lookover162641977811.html?fileloc=//kunden/usr/bin/rename&path=//kunden/usr/bin HTTP/1.1" 200 16522 baptist-temple.com "-" "meta-externalagent/1.1 (+https://developers.facebook.com/docs/sharing/webmasters/crawler)" "-"
2a03:2880:f800:: - - [13/Mar/2026:00:14:09 -0400] "GET /shop/fallible/lookover162641977811.html?fileloc=//bin/db5.3_stat&path=//bin HTTP/1.1" 200 12190 baptist-temple.com "-" "meta-externalagent/1.1 (+https://developers.facebook.com/docs/sharing/webmasters/crawler)" "-"
2a03:2880:f800:: - - [13/Mar/2026:00:14:09 -0400] "GET /shop/fallible/lookover162641977811.html?fileloc=//bin/gawk&path=//bin HTTP/1.1" 200 12184 baptist-temple.com "-" "meta-externalagent/1.1 (+https://developers.facebook.com/docs/sharing/webmasters/crawler)" "-"
2a03:2880:f800:: - - [13/Mar/2026:00:14:10 -0400] "GET /shop/fallible/lookover162641977811.html?fileloc=//bin/nproc&path=//bin HTTP/1.1" 200 12185 baptist-temple.com "-" "meta-externalagent/1.1 (+https://developers.facebook.com/docs/sharing/webmasters/crawler)" "-"
74.7.242.0 - - [13/Mar/2026:00:14:10 -0400] "GET /shop/lachrymals/pestilential142250080589.html?path=//proc/sys HTTP/1.1" 200 23016 baptist-temple.com "https://baptist-temple.com/shop/lachrymals/pestilential142250080589.html?path=//proc" "Mozilla/5.0 AppleWebKit/537.36 (KHTML, like Gecko; compatible; GPTBot/1.3; +https://openai.com/gptbot)" "-"
2a03:2880:f800:: - - [13/Mar/2026:00:14:11 -0400] "GET /shop/fallible/lookover162641977811.html?fileloc=//lib/python3.9/tabnanny.py&path=//lib/python3.9 HTTP/1.1" 200 24099 baptist-temple.com "-" "meta-externalagent/1.1 (+https://developers.facebook.com/docs/sharing/webmasters/crawler)" "-"
2a03:2880:f800:: - - [13/Mar/2026:00:14:11 -0400] "GET /shop/fallible/lookover162641977811.html?fileloc=//bin/ftp&path=//bin HTTP/1.1" 200 12183 baptist-temple.com "-" "meta-externalagent/1.1 (+https://developers.facebook.com/docs/sharing/webmasters/crawler)" "-"
66.249.70.0 - - [13/Mar/2026:00:14:12 -0400] "GET /shop/vaunted/enneoctonus132029888908.html HTTP/1.1" 200 214053 baptist-temple.com "-" "Mozilla/5.0 (Linux; Android 6.0.1; Nexus 5X Build/MMB29P) AppleWebKit/537.36 (KHTML, like Gecko) Chrome/145.0.7632.116 Mobile Safari/537.36 (compatible; Googlebot/2.1; +http://www.google.com/bot.html)" "-"
