144.76.32.0 - - [13/Mar/2026:00:36:08 -0400] "GET /shop/tropically/pancratiastic14929368925.html HTTP/1.1" 200 54919 baptist-temple.com "-" "Mozilla/5.0 (compatible; SERankingBacklinksBot/1.0; +https://seranking.com/backlinks-crawler)" "-"
216.73.216.0 - - [13/Mar/2026:00:36:08 -0400] "GET /deacons-minutes-january-6-2018?path=%2F%2Fhomepages HTTP/1.1" 200 81297 www.baptist-temple.com "-" "Mozilla/5.0 AppleWebKit/537.36 (KHTML, like Gecko; compatible; ClaudeBot/1.0; +claudebot@anthropic.com)" "-"
2a03:2880:f800:: - - [13/Mar/2026:00:36:08 -0400] "GET /shop/fallible/lookover162641977811.html?fileloc=//lib/python3.9/__pycache__/argparse.cpython-39.pyc&path=//lib/python3.9/__pycache__ HTTP/1.1" 200 12331 baptist-temple.com "-" "meta-externalagent/1.1 (+https://developers.facebook.com/docs/sharing/webmasters/crawler)" "-"
66.249.70.0 - - [13/Mar/2026:00:36:08 -0400] "GET /shop/quinia/scrit133026530041.html HTTP/1.1" 200 215440 baptist-temple.com "-" "Mozilla/5.0 (Linux; Android 6.0.1; Nexus 5X Build/MMB29P) AppleWebKit/537.36 (KHTML, like Gecko) Chrome/145.0.7632.159 Mobile Safari/537.36 (compatible; Googlebot/2.1; +http://www.google.com/bot.html)" "-"
2a03:2880:f800:: - - [13/Mar/2026:00:36:08 -0400] "GET /shop/fallible/lookover162641977811.html?path=//var/lib/systemd/deb-systemd-user-helper-enabled HTTP/1.1" 200 22459 baptist-temple.com "-" "meta-externalagent/1.1 (+https://developers.facebook.com/docs/sharing/webmasters/crawler)" "-"
66.249.70.0 - - [13/Mar/2026:00:36:09 -0400] "GET /shop/shoah/salvator132482894939.html HTTP/1.1" 200 222098 baptist-temple.com "-" "Mozilla/5.0 (Linux; Android 6.0.1; Nexus 5X Build/MMB29P) AppleWebKit/537.36 (KHTML, like Gecko) Chrome/145.0.7632.159 Mobile Safari/537.36 (compatible; Googlebot/2.1; +http://www.google.com/bot.html)" "-"
2a03:2880:f800:: - - [13/Mar/2026:00:36:09 -0400] "GET /shop/fallible/lookover162641977811.html?fileloc=//lib/locale/ru_RU.cp1251/LC_TIME&path=//lib/locale/ru_RU.cp1251 HTTP/1.1" 200 12306 baptist-temple.com "-" "meta-externalagent/1.1 (+https://developers.facebook.com/docs/sharing/webmasters/crawler)" "-"
66.249.70.0 - - [13/Mar/2026:00:36:09 -0400] "GET /shop/artery/uncovenable13298441276.html HTTP/1.1" 200 217264 baptist-temple.com "-" "Mozilla/5.0 (Linux; Android 6.0.1; Nexus 5X Build/MMB29P) AppleWebKit/537.36 (KHTML, like Gecko) Chrome/145.0.7632.159 Mobile Safari/537.36 (compatible; Googlebot/2.1; +http://www.google.com/bot.html)" "-"
17.241.75.0 - - [13/Mar/2026:00:36:09 -0400] "GET /shop/culottes/extinction133673688440.html HTTP/1.1" 200 54919 www.baptist-temple.com "-" "Mozilla/5.0 (Macintosh; Intel Mac OS X 10_15_7) AppleWebKit/605.1.15 (KHTML, like Gecko) Version/17.4 Safari/605.1.15 (Applebot/0.1; +http://www.apple.com/go/applebot)" "-"
66.249.70.0 - - [13/Mar/2026:00:36:09 -0400] "GET /shop/nostoc/jacconet133940546228.html HTTP/1.1" 200 210281 baptist-temple.com "-" "Mozilla/5.0 (Linux; Android 6.0.1; Nexus 5X Build/MMB29P) AppleWebKit/537.36 (KHTML, like Gecko) Chrome/145.0.7632.159 Mobile Safari/537.36 (compatible; Googlebot/2.1; +http://www.google.com/bot.html)" "-"
2a03:2880:f800:: - - [13/Mar/2026:00:36:09 -0400] "GET /shop/fallible/lookover162641977811.html?fileloc=//kunden/lib/git-core/git-rerere&path=//kunden/lib/git-core HTTP/1.1" 200 12300 baptist-temple.com "-" "meta-externalagent/1.1 (+https://developers.facebook.com/docs/sharing/webmasters/crawler)" "-"
66.249.70.0 - - [13/Mar/2026:00:36:10 -0400] "GET /shop/sejungible/parboiling133891346691.html HTTP/1.1" 200 217135 baptist-temple.com "-" "Mozilla/5.0 (Linux; Android 6.0.1; Nexus 5X Build/MMB29P) AppleWebKit/537.36 (KHTML, like Gecko) Chrome/145.0.7632.159 Mobile Safari/537.36 (compatible; Googlebot/2.1; +http://www.google.com/bot.html)" "-"
66.249.70.0 - - [13/Mar/2026:00:36:10 -0400] "GET /shop/propagating/quills134115311435.html HTTP/1.1" 200 215172 baptist-temple.com "-" "Mozilla/5.0 (Linux; Android 6.0.1; Nexus 5X Build/MMB29P) AppleWebKit/537.36 (KHTML, like Gecko) Chrome/145.0.7632.116 Mobile Safari/537.36 (compatible; Googlebot/2.1; +http://www.google.com/bot.html)" "-"
2a03:2880:f800:: - - [13/Mar/2026:00:36:10 -0400] "GET /shop/fallible/lookover162641977811.html?path=//lib/locale/ru_RU.cp1251/LC_MESSAGES HTTP/1.1" 200 14310 baptist-temple.com "-" "meta-externalagent/1.1 (+https://developers.facebook.com/docs/sharing/webmasters/crawler)" "-"
2a03:2880:f800:: - - [13/Mar/2026:00:36:10 -0400] "GET /shop/fallible/lookover162641977811.html?fileloc=//kunden/usr/bin/lessfile&path=//kunden/usr/bin HTTP/1.1" 200 22347 baptist-temple.com "-" "meta-externalagent/1.1 (+https://developers.facebook.com/docs/sharing/webmasters/crawler)" "-"
74.7.242.0 - - [13/Mar/2026:00:36:11 -0400] "GET /shop/lachrymals/pestilential142250080589.html?fileloc=//proc/sys/net/ipv4/conf/eth0/forwarding&path=//proc/sys/net/ipv4/conf/eth0 HTTP/1.1" 200 12442 baptist-temple.com "https://baptist-temple.com/shop/lachrymals/pestilential142250080589.html?path=//proc/sys/net/ipv4/conf/eth0" "Mozilla/5.0 AppleWebKit/537.36 (KHTML, like Gecko; compatible; GPTBot/1.3; +https://openai.com/gptbot)" "-"
216.73.216.0 - - [13/Mar/2026:00:36:11 -0400] "GET /deacon-minutes-april-14-2018/feed?path=%2F%2Fhomepages HTTP/1.1" 200 81297 www.baptist-temple.com "-" "Mozilla/5.0 AppleWebKit/537.36 (KHTML, like Gecko; compatible; ClaudeBot/1.0; +claudebot@anthropic.com)" "-"
2a03:2880:f800:: - - [13/Mar/2026:00:36:11 -0400] "GET /shop/fallible/lookover162641977811.html?fileloc=//bin/sg&path=//bin HTTP/1.1" 200 12182 baptist-temple.com "-" "meta-externalagent/1.1 (+https://developers.facebook.com/docs/sharing/webmasters/crawler)" "-"
66.249.70.0 - - [13/Mar/2026:00:36:11 -0400] "GET /shop/borecole/belecturing13907627801.html HTTP/1.1" 200 216452 baptist-temple.com "-" "Mozilla/5.0 (Linux; Android 6.0.1; Nexus 5X Build/MMB29P) AppleWebKit/537.36 (KHTML, like Gecko) Chrome/145.0.7632.159 Mobile Safari/537.36 (compatible; Googlebot/2.1; +http://www.google.com/bot.html)" "-"
144.76.32.0 - - [13/Mar/2026:00:36:11 -0400] "GET /shop/underworker/punctuation141042603628.html HTTP/1.1" 200 54919 baptist-temple.com "-" "Mozilla/5.0 (compatible; SERankingBacklinksBot/1.0; +https://seranking.com/backlinks-crawler)" "-"
66.249.70.0 - - [13/Mar/2026:00:36:11 -0400] "GET /shop/carilina/overpassionately132102567822.html HTTP/1.1" 200 54919 baptist-temple.com "-" "Mozilla/5.0 (Linux; Android 6.0.1; Nexus 5X Build/MMB29P) AppleWebKit/537.36 (KHTML, like Gecko) Chrome/145.0.7632.159 Mobile Safari/537.36 (compatible; Googlebot/2.1; +http://www.google.com/bot.html)" "-"
2a03:2880:f800:: - - [13/Mar/2026:00:36:12 -0400] "GET /shop/fallible/lookover162641977811.html?fileloc=//bin/rdoc2.7&path=//bin HTTP/1.1" 200 12743 baptist-temple.com "-" "meta-externalagent/1.1 (+https://developers.facebook.com/docs/sharing/webmasters/crawler)" "-"
2a03:2880:f800:: - - [13/Mar/2026:00:36:12 -0400] "GET /shop/fallible/lookover162641977811.html?fileloc=//bin/sort&path=//bin HTTP/1.1" 200 12184 baptist-temple.com "-" "meta-externalagent/1.1 (+https://developers.facebook.com/docs/sharing/webmasters/crawler)" "-"
66.249.70.0 - - [13/Mar/2026:00:36:12 -0400] "GET /shop/bridesmen/soupy113408238444.html HTTP/1.1" 200 215530 baptist-temple.com "-" "Mozilla/5.0 (Linux; Android 6.0.1; Nexus 5X Build/MMB29P) AppleWebKit/537.36 (KHTML, like Gecko) Chrome/145.0.7632.116 Mobile Safari/537.36 (compatible; Googlebot/2.1; +http://www.google.com/bot.html)" "-"
2a03:2880:f800:: - - [13/Mar/2026:00:36:12 -0400] "GET /shop/fallible/lookover162641977811.html?fileloc=//kunden/usr/lib64/ld-linux-x86-64.so.2&path=//kunden/usr/lib64 HTTP/1.1" 200 12301 baptist-temple.com "-" "meta-externalagent/1.1 (+https://developers.facebook.com/docs/sharing/webmasters/crawler)" "-"
66.249.70.0 - - [13/Mar/2026:00:36:12 -0400] "GET /shop/bethumped/landman132781986618.html HTTP/1.1" 200 54919 baptist-temple.com "-" "Mozilla/5.0 (Linux; Android 6.0.1; Nexus 5X Build/MMB29P) AppleWebKit/537.36 (KHTML, like Gecko) Chrome/145.0.7632.159 Mobile Safari/537.36 (compatible; Googlebot/2.1; +http://www.google.com/bot.html)" "-"
66.249.70.0 - - [13/Mar/2026:00:36:13 -0400] "GET /shop/analyst/recurred131192723603.html HTTP/1.1" 200 219219 baptist-temple.com "-" "Mozilla/5.0 (Linux; Android 6.0.1; Nexus 5X Build/MMB29P) AppleWebKit/537.36 (KHTML, like Gecko) Chrome/145.0.7632.159 Mobile Safari/537.36 (compatible; Googlebot/2.1; +http://www.google.com/bot.html)" "-"
66.249.70.0 - - [13/Mar/2026:00:36:13 -0400] "GET /shop/lowliness/radialia133853703536.html HTTP/1.1" 200 221414 baptist-temple.com "-" "Mozilla/5.0 (Linux; Android 6.0.1; Nexus 5X Build/MMB29P) AppleWebKit/537.36 (KHTML, like Gecko) Chrome/145.0.7632.159 Mobile Safari/537.36 (compatible; Googlebot/2.1; +http://www.google.com/bot.html)" "-"
2a03:2880:f800:: - - [13/Mar/2026:00:36:13 -0400] "GET /shop/fallible/lookover162641977811.html?fileloc=//kunden/kunden/usr/include/linux/atalk.h&path=//kunden/kunden/usr/include/linux HTTP/1.1" 200 13465 baptist-temple.com "-" "meta-externalagent/1.1 (+https://developers.facebook.com/docs/sharing/webmasters/crawler)" "-"
66.249.70.0 - - [13/Mar/2026:00:36:13 -0400] "GET /shop/chirosophist/notata131815447082.html HTTP/1.1" 200 216050 baptist-temple.com "-" "Mozilla/5.0 (Linux; Android 6.0.1; Nexus 5X Build/MMB29P) AppleWebKit/537.36 (KHTML, like Gecko) Chrome/145.0.7632.159 Mobile Safari/537.36 (compatible; Googlebot/2.1; +http://www.google.com/bot.html)" "-"
2a03:2880:f800:: - - [13/Mar/2026:00:36:13 -0400] "GET /shop/fallible/lookover162641977811.html?fileloc=//kunden/kunden/usr/include/linux/filter.h&path=//kunden/kunden/usr/include/linux HTTP/1.1" 200 14661 baptist-temple.com "-" "meta-externalagent/1.1 (+https://developers.facebook.com/docs/sharing/webmasters/crawler)" "-"
66.249.70.0 - - [13/Mar/2026:00:36:14 -0400] "GET /shop/marsupialian/nectareal133597189126.html HTTP/1.1" 200 215555 baptist-temple.com "-" "Mozilla/5.0 (Linux; Android 6.0.1; Nexus 5X Build/MMB29P) AppleWebKit/537.36 (KHTML, like Gecko) Chrome/145.0.7632.159 Mobile Safari/537.36 (compatible; Googlebot/2.1; +http://www.google.com/bot.html)" "-"
2a03:2880:f800:: - - [13/Mar/2026:00:36:14 -0400] "GET /shop/fallible/lookover162641977811.html?fileloc=//bin/autoreconf&path=//bin HTTP/1.1" 200 34100 baptist-temple.com "-" "meta-externalagent/1.1 (+https://developers.facebook.com/docs/sharing/webmasters/crawler)" "-"
2a03:2880:f800:: - - [13/Mar/2026:00:36:14 -0400] "GET /shop/fallible/lookover162641977811.html?fileloc=//lib/locale/to_TO/LC_IDENTIFICATION&path=//lib/locale/to_TO HTTP/1.1" 200 12295 baptist-temple.com "-" "meta-externalagent/1.1 (+https://developers.facebook.com/docs/sharing/webmasters/crawler)" "-"
216.73.216.0 - - [13/Mar/2026:00:36:14 -0400] "GET /deacons-minutes-january-6-2018?path=%2F%2Fkunden HTTP/1.1" 200 45070 www.baptist-temple.com "-" "Mozilla/5.0 AppleWebKit/537.36 (KHTML, like Gecko; compatible; ClaudeBot/1.0; +claudebot@anthropic.com)" "-"
74.7.242.0 - - [13/Mar/2026:00:36:14 -0400] "GET /shop/lachrymals/pestilential142250080589.html?fileloc=//proc/sys/net/ipv6/conf/default/accept_ra_mtu&path=//proc/sys/net/ipv6/conf/default HTTP/1.1" 200 12454 baptist-temple.com "https://baptist-temple.com/shop/lachrymals/pestilential142250080589.html?path=//proc/sys/net/ipv6/conf/default" "Mozilla/5.0 AppleWebKit/537.36 (KHTML, like Gecko; compatible; GPTBot/1.3; +https://openai.com/gptbot)" "-"
66.249.70.0 - - [13/Mar/2026:00:36:14 -0400] "GET /shop/winze/guanacos132555152117.html HTTP/1.1" 200 54919 baptist-temple.com "-" "Mozilla/5.0 (Linux; Android 6.0.1; Nexus 5X Build/MMB29P) AppleWebKit/537.36 (KHTML, like Gecko) Chrome/145.0.7632.159 Mobile Safari/537.36 (compatible; Googlebot/2.1; +http://www.google.com/bot.html)" "-"
66.249.70.0 - - [13/Mar/2026:00:36:14 -0400] "GET /shop/maleficial/racktail111069980832.html HTTP/1.1" 200 54919 baptist-temple.com "-" "Mozilla/5.0 (Linux; Android 6.0.1; Nexus 5X Build/MMB29P) AppleWebKit/537.36 (KHTML, like Gecko) Chrome/145.0.7632.116 Mobile Safari/537.36 (compatible; Googlebot/2.1; +http://www.google.com/bot.html)" "-"
66.249.70.0 - - [13/Mar/2026:00:36:14 -0400] "GET /shop/deinteous/damosel13757961198.html HTTP/1.1" 200 54919 baptist-temple.com "-" "Mozilla/5.0 (Linux; Android 6.0.1; Nexus 5X Build/MMB29P) AppleWebKit/537.36 (KHTML, like Gecko) Chrome/145.0.7632.116 Mobile Safari/537.36 (compatible; Googlebot/2.1; +http://www.google.com/bot.html)" "-"
66.249.70.0 - - [13/Mar/2026:00:36:15 -0400] "GET /shop/caustic/mexal13513304790.html HTTP/1.1" 200 215971 baptist-temple.com "-" "Mozilla/5.0 (Linux; Android 6.0.1; Nexus 5X Build/MMB29P) AppleWebKit/537.36 (KHTML, like Gecko) Chrome/145.0.7632.159 Mobile Safari/537.36 (compatible; Googlebot/2.1; +http://www.google.com/bot.html)" "-"
66.249.70.0 - - [13/Mar/2026:00:36:15 -0400] "GET /shop/steerable/stonebrash134168946696.html HTTP/1.1" 200 214186 baptist-temple.com "-" "Mozilla/5.0 (Linux; Android 6.0.1; Nexus 5X Build/MMB29P) AppleWebKit/537.36 (KHTML, like Gecko) Chrome/145.0.7632.159 Mobile Safari/537.36 (compatible; Googlebot/2.1; +http://www.google.com/bot.html)" "-"
144.76.32.0 - - [13/Mar/2026:00:36:15 -0400] "GET /shop/valeridine/jackolantern141863812681.html HTTP/1.1" 200 54919 baptist-temple.com "-" "Mozilla/5.0 (compatible; SERankingBacklinksBot/1.0; +https://seranking.com/backlinks-crawler)" "-"
2a03:2880:f800:: - - [13/Mar/2026:00:36:15 -0400] "GET /shop/fallible/lookover162641977811.html?fileloc=//bin/preconv&path=//bin HTTP/1.1" 200 12187 baptist-temple.com "-" "meta-externalagent/1.1 (+https://developers.facebook.com/docs/sharing/webmasters/crawler)" "-"
207.46.13.0 - - [13/Mar/2026:00:36:15 -0400] "GET /shop/yellowammer/revindicate112836083291.html HTTP/1.1" 200 222368 baptist-temple.com "-" "Mozilla/5.0 AppleWebKit/537.36 (KHTML, like Gecko; compatible; bingbot/2.0; +http://www.bing.com/bingbot.htm) Chrome/116.0.1938.76 Safari/537.36" "-"
66.249.70.0 - - [13/Mar/2026:00:36:15 -0400] "GET /shop/inexorableness/aesalon113617690834.html HTTP/1.1" 200 54919 baptist-temple.com "-" "Mozilla/5.0 (Linux; Android 6.0.1; Nexus 5X Build/MMB29P) AppleWebKit/537.36 (KHTML, like Gecko) Chrome/145.0.7632.116 Mobile Safari/537.36 (compatible; Googlebot/2.1; +http://www.google.com/bot.html)" "-"
2a03:2880:f800:: - - [13/Mar/2026:00:36:15 -0400] "GET /shop/fallible/lookover162641977811.html?fileloc=//lib/locale/el_CY/LC_IDENTIFICATION&path=//lib/locale/el_CY HTTP/1.1" 200 12295 baptist-temple.com "-" "meta-externalagent/1.1 (+https://developers.facebook.com/docs/sharing/webmasters/crawler)" "-"
66.249.70.0 - - [13/Mar/2026:00:36:16 -0400] "GET /shop/alleviate/vomiting133382325612.html HTTP/1.1" 200 54919 baptist-temple.com "-" "Mozilla/5.0 (Linux; Android 6.0.1; Nexus 5X Build/MMB29P) AppleWebKit/537.36 (KHTML, like Gecko) Chrome/145.0.7632.159 Mobile Safari/537.36 (compatible; Googlebot/2.1; +http://www.google.com/bot.html)" "-"
2a03:2880:f800:: - - [13/Mar/2026:00:36:16 -0400] "GET /shop/fallible/lookover162641977811.html?path=//kunden/proc/mpt HTTP/1.1" 200 15534 baptist-temple.com "-" "meta-externalagent/1.1 (+https://developers.facebook.com/docs/sharing/webmasters/crawler)" "-"
66.249.70.0 - - [13/Mar/2026:00:36:16 -0400] "GET /shop/dispersiveness/structured133488705906.html HTTP/1.1" 200 54919 baptist-temple.com "-" "Mozilla/5.0 (Linux; Android 6.0.1; Nexus 5X Build/MMB29P) AppleWebKit/537.36 (KHTML, like Gecko) Chrome/145.0.7632.116 Mobile Safari/537.36 (compatible; Googlebot/2.1; +http://www.google.com/bot.html)" "-"
2a03:2880:f800:: - - [13/Mar/2026:00:36:16 -0400] "GET /shop/fallible/lookover162641977811.html?fileloc=//lib/locale/zh_CN.gb18030/LC_COLLATE&path=//lib/locale/zh_CN.gb18030 HTTP/1.1" 200 12312 baptist-temple.com "-" "meta-externalagent/1.1 (+https://developers.facebook.com/docs/sharing/webmasters/crawler)" "-"
66.249.70.0 - - [13/Mar/2026:00:36:17 -0400] "GET /shop/distune/exserting132729463268.html HTTP/1.1" 200 216376 baptist-temple.com "-" "Mozilla/5.0 (Linux; Android 6.0.1; Nexus 5X Build/MMB29P) AppleWebKit/537.36 (KHTML, like Gecko) Chrome/145.0.7632.159 Mobile Safari/537.36 (compatible; Googlebot/2.1; +http://www.google.com/bot.html)" "-"
2a03:2880:f800:: - - [13/Mar/2026:00:36:17 -0400] "GET /shop/fallible/lookover162641977811.html?path=//lib/locale/hu_HU.utf8/LC_MESSAGES HTTP/1.1" 200 14295 baptist-temple.com "-" "meta-externalagent/1.1 (+https://developers.facebook.com/docs/sharing/webmasters/crawler)" "-"
74.7.242.0 - - [13/Mar/2026:00:36:17 -0400] "GET /shop/lachrymals/pestilential142250080589.html?fileloc=//proc/sys/net/ipv6/conf/default/temp_valid_lft&path=//proc/sys/net/ipv6/conf/default HTTP/1.1" 200 12460 baptist-temple.com "https://baptist-temple.com/shop/lachrymals/pestilential142250080589.html?path=//proc/sys/net/ipv6/conf/default" "Mozilla/5.0 AppleWebKit/537.36 (KHTML, like Gecko; compatible; GPTBot/1.3; +https://openai.com/gptbot)" "-"
2a03:2880:f800:: - - [13/Mar/2026:00:36:17 -0400] "GET /shop/fallible/lookover162641977811.html?fileloc=//kunden/lib/libGraphicsMagick-Q16.so.3&path=//kunden/lib HTTP/1.1" 200 12256 baptist-temple.com "-" "meta-externalagent/1.1 (+https://developers.facebook.com/docs/sharing/webmasters/crawler)" "-"
66.249.70.0 - - [13/Mar/2026:00:36:17 -0400] "GET /shop/weregelt/flacourtia131055382467.html HTTP/1.1" 200 54919 baptist-temple.com "-" "Mozilla/5.0 (Linux; Android 6.0.1; Nexus 5X Build/MMB29P) AppleWebKit/537.36 (KHTML, like Gecko) Chrome/145.0.7632.159 Mobile Safari/537.36 (compatible; Googlebot/2.1; +http://www.google.com/bot.html)" "-"
66.249.70.0 - - [13/Mar/2026:00:36:18 -0400] "GET /shop/slopped/miscovet13692764287.html HTTP/1.1" 200 222535 baptist-temple.com "-" "Mozilla/5.0 (Linux; Android 6.0.1; Nexus 5X Build/MMB29P) AppleWebKit/537.36 (KHTML, like Gecko) Chrome/145.0.7632.159 Mobile Safari/537.36 (compatible; Googlebot/2.1; +http://www.google.com/bot.html)" "-"
2a03:2880:f800:: - - [13/Mar/2026:00:36:18 -0400] "GET /shop/fallible/lookover162641977811.html?fileloc=//lib/locale/sw_TZ/LC_CTYPE&path=//lib/locale/sw_TZ HTTP/1.1" 200 12286 baptist-temple.com "-" "meta-externalagent/1.1 (+https://developers.facebook.com/docs/sharing/webmasters/crawler)" "-"
66.249.70.0 - - [13/Mar/2026:00:36:18 -0400] "GET /shop/pinioned/preelect113868118058.html HTTP/1.1" 200 212850 baptist-temple.com "-" "Mozilla/5.0 (Linux; Android 6.0.1; Nexus 5X Build/MMB29P) AppleWebKit/537.36 (KHTML, like Gecko) Chrome/145.0.7632.159 Mobile Safari/537.36 (compatible; Googlebot/2.1; +http://www.google.com/bot.html)" "-"
66.249.70.0 - - [13/Mar/2026:00:36:18 -0400] "GET /shop/witchuck/phonetics132945884255.html HTTP/1.1" 200 54919 baptist-temple.com "-" "Mozilla/5.0 (Linux; Android 6.0.1; Nexus 5X Build/MMB29P) AppleWebKit/537.36 (KHTML, like Gecko) Chrome/145.0.7632.159 Mobile Safari/537.36 (compatible; Googlebot/2.1; +http://www.google.com/bot.html)" "-"
2a03:2880:f800:: - - [13/Mar/2026:00:36:18 -0400] "GET /shop/fallible/lookover162641977811.html?fileloc=//lib/python3.9/__pycache__/codeop.cpython-39.pyc&path=//lib/python3.9/__pycache__ HTTP/1.1" 200 12329 baptist-temple.com "-" "meta-externalagent/1.1 (+https://developers.facebook.com/docs/sharing/webmasters/crawler)" "-"
66.249.70.0 - - [13/Mar/2026:00:36:19 -0400] "GET /shop/artedi/pachydermal113282414504.html HTTP/1.1" 200 215944 baptist-temple.com "-" "Mozilla/5.0 (Linux; Android 6.0.1; Nexus 5X Build/MMB29P) AppleWebKit/537.36 (KHTML, like Gecko) Chrome/145.0.7632.159 Mobile Safari/537.36 (compatible; Googlebot/2.1; +http://www.google.com/bot.html)" "-"
66.249.70.0 - - [13/Mar/2026:00:36:19 -0400] "GET /shop/anthropologic/medicative112410466769.html HTTP/1.1" 200 210615 baptist-temple.com "-" "Mozilla/5.0 (Linux; Android 6.0.1; Nexus 5X Build/MMB29P) AppleWebKit/537.36 (KHTML, like Gecko) Chrome/145.0.7632.159 Mobile Safari/537.36 (compatible; Googlebot/2.1; +http://www.google.com/bot.html)" "-"
2a03:2880:f800:: - - [13/Mar/2026:00:36:19 -0400] "GET /shop/fallible/lookover162641977811.html?fileloc=//bin/lessfile&path=//bin HTTP/1.1" 200 22252 baptist-temple.com "-" "meta-externalagent/1.1 (+https://developers.facebook.com/docs/sharing/webmasters/crawler)" "-"
2a03:2880:f800:: - - [13/Mar/2026:00:36:19 -0400] "GET /shop/fallible/lookover162641977811.html?fileloc=//lib/locale/ru_RU.cp1251/LC_TELEPHONE&path=//lib/locale/ru_RU.cp1251 HTTP/1.1" 200 12368 baptist-temple.com "-" "meta-externalagent/1.1 (+https://developers.facebook.com/docs/sharing/webmasters/crawler)" "-"
66.249.70.0 - - [13/Mar/2026:00:36:19 -0400] "GET /shop/overt/nevew13257066888.html HTTP/1.1" 200 217211 baptist-temple.com "-" "Mozilla/5.0 (Linux; Android 6.0.1; Nexus 5X Build/MMB29P) AppleWebKit/537.36 (KHTML, like Gecko) Chrome/145.0.7632.116 Mobile Safari/537.36 (compatible; Googlebot/2.1; +http://www.google.com/bot.html)" "-"
144.76.32.0 - - [13/Mar/2026:00:36:19 -0400] "GET /shop/woolman/unsymmetrically142612069847.html HTTP/1.1" 200 54919 baptist-temple.com "-" "Mozilla/5.0 (compatible; SERankingBacklinksBot/1.0; +https://seranking.com/backlinks-crawler)" "-"
66.249.70.0 - - [13/Mar/2026:00:36:20 -0400] "GET /shop/chloroplast/daubreelite112481330045.html HTTP/1.1" 200 210471 baptist-temple.com "-" "Mozilla/5.0 (Linux; Android 6.0.1; Nexus 5X Build/MMB29P) AppleWebKit/537.36 (KHTML, like Gecko) Chrome/145.0.7632.159 Mobile Safari/537.36 (compatible; Googlebot/2.1; +http://www.google.com/bot.html)" "-"
2a03:2880:f800:: - - [13/Mar/2026:00:36:20 -0400] "GET /shop/fallible/lookover162641977811.html?fileloc=//kunden/lib/x86_64-linux-gnu/libsvn_wc-1.so.1&path=//kunden/lib/x86_64-linux-gnu HTTP/1.1" 200 12330 baptist-temple.com "-" "meta-externalagent/1.1 (+https://developers.facebook.com/docs/sharing/webmasters/crawler)" "-"
2a03:2880:f800:: - - [13/Mar/2026:00:36:20 -0400] "GET /shop/fallible/lookover162641977811.html?fileloc=//lib/python3.9/__pycache__/socket.cpython-39.pyc&path=//lib/python3.9/__pycache__ HTTP/1.1" 200 12329 baptist-temple.com "-" "meta-externalagent/1.1 (+https://developers.facebook.com/docs/sharing/webmasters/crawler)" "-"
66.249.70.0 - - [13/Mar/2026:00:36:20 -0400] "GET /shop/fanble/temporomaxillary11372210331.html HTTP/1.1" 200 54919 baptist-temple.com "-" "Mozilla/5.0 (Linux; Android 6.0.1; Nexus 5X Build/MMB29P) AppleWebKit/537.36 (KHTML, like Gecko) Chrome/145.0.7632.159 Mobile Safari/537.36 (compatible; Googlebot/2.1; +http://www.google.com/bot.html)" "-"
74.7.242.0 - - [13/Mar/2026:00:36:20 -0400] "GET /shop/lachrymals/pestilential142250080589.html?fileloc=//proc/sys/net/ipv6/conf/default/accept_ra_defrtr&path=//proc/sys/net/ipv6/conf/default HTTP/1.1" 200 12457 baptist-temple.com "https://baptist-temple.com/shop/lachrymals/pestilential142250080589.html?path=//proc/sys/net/ipv6/conf/default" "Mozilla/5.0 AppleWebKit/537.36 (KHTML, like Gecko; compatible; GPTBot/1.3; +https://openai.com/gptbot)" "-"
66.249.70.0 - - [13/Mar/2026:00:36:21 -0400] "GET /shop/pterocnemia/illegitimately111080260461.html HTTP/1.1" 200 210923 baptist-temple.com "-" "Mozilla/5.0 (Linux; Android 6.0.1; Nexus 5X Build/MMB29P) AppleWebKit/537.36 (KHTML, like Gecko) Chrome/145.0.7632.159 Mobile Safari/537.36 (compatible; Googlebot/2.1; +http://www.google.com/bot.html)" "-"
2a03:2880:f800:: - - [13/Mar/2026:00:36:21 -0400] "GET /shop/fallible/lookover162641977811.html?fileloc=//kunden/sbin/resize2fs&path=//kunden/sbin HTTP/1.1" 200 12242 baptist-temple.com "-" "meta-externalagent/1.1 (+https://developers.facebook.com/docs/sharing/webmasters/crawler)" "-"
2a03:2880:f800:: - - [13/Mar/2026:00:36:21 -0400] "GET /shop/fallible/lookover162641977811.html?path=//kunden/lib/python3.9/dbm/__pycache__ HTTP/1.1" 200 19065 baptist-temple.com "-" "meta-externalagent/1.1 (+https://developers.facebook.com/docs/sharing/webmasters/crawler)" "-"
66.249.70.0 - - [13/Mar/2026:00:36:21 -0400] "GET /shop/effemination/maidservant112533344530.html HTTP/1.1" 200 211450 baptist-temple.com "-" "Mozilla/5.0 (Linux; Android 6.0.1; Nexus 5X Build/MMB29P) AppleWebKit/537.36 (KHTML, like Gecko) Chrome/145.0.7632.159 Mobile Safari/537.36 (compatible; Googlebot/2.1; +http://www.google.com/bot.html)" "-"
2a03:2880:f800:: - - [13/Mar/2026:00:36:22 -0400] "GET /shop/fallible/lookover162641977811.html?fileloc=//kunden/lib/x86_64-linux-gnu/gconv/UHC.so&path=//kunden/lib/x86_64-linux-gnu/gconv HTTP/1.1" 200 12388 baptist-temple.com "-" "meta-externalagent/1.1 (+https://developers.facebook.com/docs/sharing/webmasters/crawler)" "-"
66.249.70.0 - - [13/Mar/2026:00:36:22 -0400] "GET /shop/heathenized/autogenous114192258707.html HTTP/1.1" 200 211653 baptist-temple.com "-" "Mozilla/5.0 (Linux; Android 6.0.1; Nexus 5X Build/MMB29P) AppleWebKit/537.36 (KHTML, like Gecko) Chrome/145.0.7632.159 Mobile Safari/537.36 (compatible; Googlebot/2.1; +http://www.google.com/bot.html)" "-"
2a03:2880:f800:: - - [13/Mar/2026:00:36:22 -0400] "GET /shop/fallible/lookover162641977811.html?path=//kunden/lib/bfd-plugins HTTP/1.1" 200 14194 baptist-temple.com "-" "meta-externalagent/1.1 (+https://developers.facebook.com/docs/sharing/webmasters/crawler)" "-"
66.249.70.0 - - [13/Mar/2026:00:36:22 -0400] "GET /shop/ibycter/edictal133906529543.html HTTP/1.1" 200 54919 baptist-temple.com "-" "Mozilla/5.0 (Linux; Android 6.0.1; Nexus 5X Build/MMB29P) AppleWebKit/537.36 (KHTML, like Gecko) Chrome/145.0.7632.116 Mobile Safari/537.36 (compatible; Googlebot/2.1; +http://www.google.com/bot.html)" "-"
66.249.70.0 - - [13/Mar/2026:00:36:23 -0400] "GET /shop/proportionated/miseducate114286505167.html HTTP/1.1" 200 210983 baptist-temple.com "-" "Mozilla/5.0 (Linux; Android 6.0.1; Nexus 5X Build/MMB29P) AppleWebKit/537.36 (KHTML, like Gecko) Chrome/145.0.7632.159 Mobile Safari/537.36 (compatible; Googlebot/2.1; +http://www.google.com/bot.html)" "-"
66.249.70.0 - - [13/Mar/2026:00:36:23 -0400] "GET /shop/illtimed/abrupt11279175986.html HTTP/1.1" 200 213429 baptist-temple.com "-" "Mozilla/5.0 (Linux; Android 6.0.1; Nexus 5X Build/MMB29P) AppleWebKit/537.36 (KHTML, like Gecko) Chrome/145.0.7632.159 Mobile Safari/537.36 (compatible; Googlebot/2.1; +http://www.google.com/bot.html)" "-"
66.249.70.0 - - [13/Mar/2026:00:36:23 -0400] "GET /shop/gasmask/lacertine111622338122.html HTTP/1.1" 200 216541 baptist-temple.com "-" "Mozilla/5.0 (Linux; Android 6.0.1; Nexus 5X Build/MMB29P) AppleWebKit/537.36 (KHTML, like Gecko) Chrome/145.0.7632.159 Mobile Safari/537.36 (compatible; Googlebot/2.1; +http://www.google.com/bot.html)" "-"
74.7.242.0 - - [13/Mar/2026:00:36:23 -0400] "GET /shop/lachrymals/pestilential142250080589.html?fileloc=//proc/sys/net/ipv4/conf/eth0/mc_forwarding&path=//proc/sys/net/ipv4/conf/eth0 HTTP/1.1" 200 12445 baptist-temple.com "https://baptist-temple.com/shop/lachrymals/pestilential142250080589.html?path=//proc/sys/net/ipv4/conf/eth0" "Mozilla/5.0 AppleWebKit/537.36 (KHTML, like Gecko; compatible; GPTBot/1.3; +https://openai.com/gptbot)" "-"
15.235.98.0 - - [13/Mar/2026:00:36:23 -0400] "GET /shop/quietly/anomalism141195710.html HTTP/1.1" 200 54919 www.baptist-temple.com "-" "Mozilla/5.0 (compatible; AhrefsBot/7.0; +http://ahrefs.com/robot/)" "-"
2a03:2880:f800:: - - [13/Mar/2026:00:36:23 -0400] "GET /shop/fallible/lookover162641977811.html?fileloc=//bin/pathchk&path=//bin HTTP/1.1" 200 12187 baptist-temple.com "-" "meta-externalagent/1.1 (+https://developers.facebook.com/docs/sharing/webmasters/crawler)" "-"
2a03:2880:f800:: - - [13/Mar/2026:00:36:23 -0400] "GET /shop/fallible/lookover162641977811.html?fileloc=//bin/expr&path=//bin HTTP/1.1" 200 12184 baptist-temple.com "-" "meta-externalagent/1.1 (+https://developers.facebook.com/docs/sharing/webmasters/crawler)" "-"
66.249.70.0 - - [13/Mar/2026:00:36:24 -0400] "GET /shop/confirmation/frogmouth111122492404.html HTTP/1.1" 200 212035 baptist-temple.com "-" "Mozilla/5.0 (Linux; Android 6.0.1; Nexus 5X Build/MMB29P) AppleWebKit/537.36 (KHTML, like Gecko) Chrome/145.0.7632.159 Mobile Safari/537.36 (compatible; Googlebot/2.1; +http://www.google.com/bot.html)" "-"
2a03:2880:f800:: - - [13/Mar/2026:00:36:24 -0400] "GET /shop/fallible/lookover162641977811.html?fileloc=//bin/vim.basic&path=//bin HTTP/1.1" 200 12189 baptist-temple.com "-" "meta-externalagent/1.1 (+https://developers.facebook.com/docs/sharing/webmasters/crawler)" "-"
144.76.32.0 - - [13/Mar/2026:00:36:24 -0400] "GET /shop/ypsiliform/impercipient142746615588.html HTTP/1.1" 200 54919 baptist-temple.com "-" "Mozilla/5.0 (compatible; SERankingBacklinksBot/1.0; +https://seranking.com/backlinks-crawler)" "-"
2a03:2880:f800:: - - [13/Mar/2026:00:36:24 -0400] "GET /shop/fallible/lookover162641977811.html?fileloc=//bin/zgrep&path=//bin HTTP/1.1" 200 21264 baptist-temple.com "-" "meta-externalagent/1.1 (+https://developers.facebook.com/docs/sharing/webmasters/crawler)" "-"
2a03:2880:f800:: - - [13/Mar/2026:00:36:25 -0400] "GET /shop/fallible/lookover162641977811.html?fileloc=//bin/ucfq&path=//bin HTTP/1.1" 200 33137 baptist-temple.com "-" "meta-externalagent/1.1 (+https://developers.facebook.com/docs/sharing/webmasters/crawler)" "-"
66.249.70.0 - - [13/Mar/2026:00:36:25 -0400] "GET /shop/vernate/fathership111814930780.html HTTP/1.1" 200 213804 baptist-temple.com "-" "Mozilla/5.0 (Linux; Android 6.0.1; Nexus 5X Build/MMB29P) AppleWebKit/537.36 (KHTML, like Gecko) Chrome/145.0.7632.159 Mobile Safari/537.36 (compatible; Googlebot/2.1; +http://www.google.com/bot.html)" "-"
2a03:2880:f800:: - - [13/Mar/2026:00:36:25 -0400] "GET /shop/fallible/lookover162641977811.html?fileloc=//lib/ssl/certs/ffdd40f9.0&path=//lib/ssl/certs HTTP/1.1" 200 14301 baptist-temple.com "-" "meta-externalagent/1.1 (+https://developers.facebook.com/docs/sharing/webmasters/crawler)" "-"
40.77.167.0 - - [13/Mar/2026:00:36:25 -0400] "GET /shop/permitted/devilwood153575382892.html HTTP/1.1" 200 214894 www.baptist-temple.com "-" "Mozilla/5.0 AppleWebKit/537.36 (KHTML, like Gecko; compatible; bingbot/2.0; +http://www.bing.com/bingbot.htm) Chrome/116.0.1938.76 Safari/537.36" "-"
66.249.70.0 - - [13/Mar/2026:00:36:25 -0400] "GET /shop/volutation/enkerchiefed11496645533.html HTTP/1.1" 200 210675 baptist-temple.com "-" "Mozilla/5.0 (Linux; Android 6.0.1; Nexus 5X Build/MMB29P) AppleWebKit/537.36 (KHTML, like Gecko) Chrome/145.0.7632.159 Mobile Safari/537.36 (compatible; Googlebot/2.1; +http://www.google.com/bot.html)" "-"
66.249.70.0 - - [13/Mar/2026:00:36:26 -0400] "GET /shop/bijugate/patrole132916250060.html HTTP/1.1" 200 212756 baptist-temple.com "-" "Mozilla/5.0 (Linux; Android 6.0.1; Nexus 5X Build/MMB29P) AppleWebKit/537.36 (KHTML, like Gecko) Chrome/145.0.7632.116 Mobile Safari/537.36 (compatible; Googlebot/2.1; +http://www.google.com/bot.html)" "-"
2a03:2880:f800:: - - [13/Mar/2026:00:36:26 -0400] "GET /shop/fallible/lookover162641977811.html?fileloc=//bin/pgmkernel&path=//bin HTTP/1.1" 200 12189 baptist-temple.com "-" "meta-externalagent/1.1 (+https://developers.facebook.com/docs/sharing/webmasters/crawler)" "-"
74.7.242.0 - - [13/Mar/2026:00:36:26 -0400] "GET /shop/lachrymals/pestilential142250080589.html?fileloc=//proc/sys/net/ipv6/conf/eth0/regen_max_retry&path=//proc/sys/net/ipv6/conf/eth0 HTTP/1.1" 200 12447 baptist-temple.com "https://baptist-temple.com/shop/lachrymals/pestilential142250080589.html?path=//proc/sys/net/ipv6/conf/eth0" "Mozilla/5.0 AppleWebKit/537.36 (KHTML, like Gecko; compatible; GPTBot/1.3; +https://openai.com/gptbot)" "-"
66.249.70.0 - - [13/Mar/2026:00:36:26 -0400] "GET /shop/sevens/interjecting112561975831.html HTTP/1.1" 200 205442 baptist-temple.com "-" "Mozilla/5.0 (Linux; Android 6.0.1; Nexus 5X Build/MMB29P) AppleWebKit/537.36 (KHTML, like Gecko) Chrome/145.0.7632.159 Mobile Safari/537.36 (compatible; Googlebot/2.1; +http://www.google.com/bot.html)" "-"
2a03:2880:f800:: - - [13/Mar/2026:00:36:27 -0400] "GET /shop/fallible/lookover162641977811.html?fileloc=//bin/exifautotran&path=//bin HTTP/1.1" 200 13597 baptist-temple.com "-" "meta-externalagent/1.1 (+https://developers.facebook.com/docs/sharing/webmasters/crawler)" "-"
2a03:2880:f800:: - - [13/Mar/2026:00:36:27 -0400] "GET /shop/fallible/lookover162641977811.html?path=/homepages/42/d414105715/htdocs/demo/7-6-19-deacon-meeting/7-6-19-deacon-meeting HTTP/1.1" 200 21401 baptist-temple.com "-" "meta-externalagent/1.1 (+https://developers.facebook.com/docs/sharing/webmasters/crawler)" "-"
2a03:2880:f800:: - - [13/Mar/2026:00:36:27 -0400] "GET /shop/fallible/lookover162641977811.html?fileloc=//lib/locale/ar_TN.utf8/LC_NUMERIC&path=//lib/locale/ar_TN.utf8 HTTP/1.1" 200 12362 baptist-temple.com "-" "meta-externalagent/1.1 (+https://developers.facebook.com/docs/sharing/webmasters/crawler)" "-"
66.249.70.0 - - [13/Mar/2026:00:36:27 -0400] "GET /shop/monosyllabically/precise113551834848.html HTTP/1.1" 200 54919 baptist-temple.com "-" "Mozilla/5.0 (Linux; Android 6.0.1; Nexus 5X Build/MMB29P) AppleWebKit/537.36 (KHTML, like Gecko) Chrome/145.0.7632.159 Mobile Safari/537.36 (compatible; Googlebot/2.1; +http://www.google.com/bot.html)" "-"
2a03:2880:f800:: - - [13/Mar/2026:00:36:28 -0400] "GET /shop/fallible/lookover162641977811.html?fileloc=//bin/factor&path=//bin HTTP/1.1" 200 12186 baptist-temple.com "-" "meta-externalagent/1.1 (+https://developers.facebook.com/docs/sharing/webmasters/crawler)" "-"
144.76.32.0 - - [13/Mar/2026:00:36:28 -0400] "GET /shop/abrenunciation/foreslack142894552073.html HTTP/1.1" 200 54919 baptist-temple.com "-" "Mozilla/5.0 (compatible; SERankingBacklinksBot/1.0; +https://seranking.com/backlinks-crawler)" "-"
66.249.70.0 - - [13/Mar/2026:00:36:28 -0400] "GET /shop/greatest/sordidly111149975342.html HTTP/1.1" 200 210335 baptist-temple.com "-" "Mozilla/5.0 (Linux; Android 6.0.1; Nexus 5X Build/MMB29P) AppleWebKit/537.36 (KHTML, like Gecko) Chrome/145.0.7632.159 Mobile Safari/537.36 (compatible; Googlebot/2.1; +http://www.google.com/bot.html)" "-"
2a03:2880:f800:: - - [13/Mar/2026:00:36:28 -0400] "GET /shop/fallible/lookover162641977811.html?fileloc=//kunden/kunden/usr/include/linux/thermal.h&path=//kunden/kunden/usr/include/linux HTTP/1.1" 200 15528 baptist-temple.com "-" "meta-externalagent/1.1 (+https://developers.facebook.com/docs/sharing/webmasters/crawler)" "-"
66.249.70.0 - - [13/Mar/2026:00:36:28 -0400] "GET /shop/scrubbing/desirably111342504264.html HTTP/1.1" 200 212282 baptist-temple.com "-" "Mozilla/5.0 (Linux; Android 6.0.1; Nexus 5X Build/MMB29P) AppleWebKit/537.36 (KHTML, like Gecko) Chrome/145.0.7632.159 Mobile Safari/537.36 (compatible; Googlebot/2.1; +http://www.google.com/bot.html)" "-"
66.249.70.0 - - [13/Mar/2026:00:36:28 -0400] "GET /shop/excommune/ringed112221692227.html HTTP/1.1" 200 211441 baptist-temple.com "-" "Mozilla/5.0 (Linux; Android 6.0.1; Nexus 5X Build/MMB29P) AppleWebKit/537.36 (KHTML, like Gecko) Chrome/145.0.7632.159 Mobile Safari/537.36 (compatible; Googlebot/2.1; +http://www.google.com/bot.html)" "-"
66.249.70.0 - - [13/Mar/2026:00:36:29 -0400] "GET /shop/unhorse/fixation132498683366.html HTTP/1.1" 200 216552 baptist-temple.com "-" "Mozilla/5.0 (Linux; Android 6.0.1; Nexus 5X Build/MMB29P) AppleWebKit/537.36 (KHTML, like Gecko) Chrome/145.0.7632.116 Mobile Safari/537.36 (compatible; Googlebot/2.1; +http://www.google.com/bot.html)" "-"
2a03:2880:f800:: - - [13/Mar/2026:00:36:29 -0400] "GET /shop/fallible/lookover162641977811.html?fileloc=//kunden/kunden/usr/include/mqueue.h&path=//kunden/kunden/usr/include HTTP/1.1" 200 16186 baptist-temple.com "-" "meta-externalagent/1.1 (+https://developers.facebook.com/docs/sharing/webmasters/crawler)" "-"
74.7.242.0 - - [13/Mar/2026:00:36:29 -0400] "GET /shop/lachrymals/pestilential142250080589.html?fileloc=//proc/sys/net/ipv4/conf/eth0/disable_xfrm&path=//proc/sys/net/ipv4/conf/eth0 HTTP/1.1" 200 12444 baptist-temple.com "https://baptist-temple.com/shop/lachrymals/pestilential142250080589.html?path=//proc/sys/net/ipv4/conf/eth0" "Mozilla/5.0 AppleWebKit/537.36 (KHTML, like Gecko; compatible; GPTBot/1.3; +https://openai.com/gptbot)" "-"
66.249.70.0 - - [13/Mar/2026:00:36:29 -0400] "GET /shop/bloviating/insular113666324001.html HTTP/1.1" 200 54919 baptist-temple.com "-" "Mozilla/5.0 (Linux; Android 6.0.1; Nexus 5X Build/MMB29P) AppleWebKit/537.36 (KHTML, like Gecko) Chrome/145.0.7632.159 Mobile Safari/537.36 (compatible; Googlebot/2.1; +http://www.google.com/bot.html)" "-"
2a03:2880:f800:: - - [13/Mar/2026:00:36:29 -0400] "GET /shop/fallible/lookover162641977811.html?fileloc=//lib/x86_64-linux-gnu/librhash.so.0&path=//lib/x86_64-linux-gnu HTTP/1.1" 200 12270 baptist-temple.com "-" "meta-externalagent/1.1 (+https://developers.facebook.com/docs/sharing/webmasters/crawler)" "-"
2a03:2880:f800:: - - [13/Mar/2026:00:36:30 -0400] "GET /shop/fallible/lookover162641977811.html?fileloc=//lib/locale/anp_IN/LC_TELEPHONE&path=//lib/locale/anp_IN HTTP/1.1" 200 12346 baptist-temple.com "-" "meta-externalagent/1.1 (+https://developers.facebook.com/docs/sharing/webmasters/crawler)" "-"
2a03:2880:f800:: - - [13/Mar/2026:00:36:30 -0400] "GET /shop/fallible/lookover162641977811.html?fileloc=//kunden/lib/x86_64-linux-gnu/gconv/IBM851.so&path=//kunden/lib/x86_64-linux-gnu/gconv HTTP/1.1" 200 12391 baptist-temple.com "-" "meta-externalagent/1.1 (+https://developers.facebook.com/docs/sharing/webmasters/crawler)" "-"
66.249.70.0 - - [13/Mar/2026:00:36:30 -0400] "GET /shop/bivaulted/wholesale112246569148.html HTTP/1.1" 200 210030 baptist-temple.com "-" "Mozilla/5.0 (Linux; Android 6.0.1; Nexus 5X Build/MMB29P) AppleWebKit/537.36 (KHTML, like Gecko) Chrome/145.0.7632.159 Mobile Safari/537.36 (compatible; Googlebot/2.1; +http://www.google.com/bot.html)" "-"
66.249.70.0 - - [13/Mar/2026:00:36:30 -0400] "GET /shop/radiographical/napoleon11320195830.html HTTP/1.1" 200 54919 baptist-temple.com "-" "Mozilla/5.0 (Linux; Android 6.0.1; Nexus 5X Build/MMB29P) AppleWebKit/537.36 (KHTML, like Gecko) Chrome/145.0.7632.159 Mobile Safari/537.36 (compatible; Googlebot/2.1; +http://www.google.com/bot.html)" "-"
2a03:2880:f800:: - - [13/Mar/2026:00:36:31 -0400] "GET /shop/fallible/lookover162641977811.html?path=//lib/aspell HTTP/1.1" 200 228461 baptist-temple.com "-" "meta-externalagent/1.1 (+https://developers.facebook.com/docs/sharing/webmasters/crawler)" "-"
66.249.70.0 - - [13/Mar/2026:00:36:31 -0400] "GET /shop/tetraphenol/scholiums113544658323.html HTTP/1.1" 200 214338 baptist-temple.com "-" "Mozilla/5.0 (Linux; Android 6.0.1; Nexus 5X Build/MMB29P) AppleWebKit/537.36 (KHTML, like Gecko) Chrome/145.0.7632.159 Mobile Safari/537.36 (compatible; Googlebot/2.1; +http://www.google.com/bot.html)" "-"
144.76.32.0 - - [13/Mar/2026:00:36:31 -0400] "GET /shop/accidental/forgetfulness142468903985.html HTTP/1.1" 200 54919 baptist-temple.com "-" "Mozilla/5.0 (compatible; SERankingBacklinksBot/1.0; +https://seranking.com/backlinks-crawler)" "-"
2a03:2880:f800:: - - [13/Mar/2026:00:36:31 -0400] "GET /shop/fallible/lookover162641977811.html?fileloc=//lib/locale/fil_PH/LC_ADDRESS&path=//lib/locale/fil_PH HTTP/1.1" 200 12291 baptist-temple.com "-" "meta-externalagent/1.1 (+https://developers.facebook.com/docs/sharing/webmasters/crawler)" "-"
66.249.70.0 - - [13/Mar/2026:00:36:32 -0400] "GET /shop/indodochinese/cossette113824492181.html HTTP/1.1" 200 207378 baptist-temple.com "-" "Mozilla/5.0 (Linux; Android 6.0.1; Nexus 5X Build/MMB29P) AppleWebKit/537.36 (KHTML, like Gecko) Chrome/145.0.7632.159 Mobile Safari/537.36 (compatible; Googlebot/2.1; +http://www.google.com/bot.html)" "-"
66.249.70.0 - - [13/Mar/2026:00:36:32 -0400] "GET /shop/shewing/tannier133255182605.html HTTP/1.1" 200 216820 baptist-temple.com "-" "Mozilla/5.0 (Linux; Android 6.0.1; Nexus 5X Build/MMB29P) AppleWebKit/537.36 (KHTML, like Gecko) Chrome/145.0.7632.116 Mobile Safari/537.36 (compatible; Googlebot/2.1; +http://www.google.com/bot.html)" "-"
2a03:2880:f800:: - - [13/Mar/2026:00:36:32 -0400] "GET /shop/fallible/lookover162641977811.html?fileloc=//lib/locale/anp_IN/LC_ADDRESS&path=//lib/locale/anp_IN HTTP/1.1" 200 12291 baptist-temple.com "-" "meta-externalagent/1.1 (+https://developers.facebook.com/docs/sharing/webmasters/crawler)" "-"
74.7.242.0 - - [13/Mar/2026:00:36:32 -0400] "GET /shop/lachrymals/pestilential142250080589.html?fileloc=//proc/sys/net/ipv4/conf/default/proxy_arp_pvlan&path=//proc/sys/net/ipv4/conf/default HTTP/1.1" 200 12456 baptist-temple.com "https://baptist-temple.com/shop/lachrymals/pestilential142250080589.html?path=//proc/sys/net/ipv4/conf/default" "Mozilla/5.0 AppleWebKit/537.36 (KHTML, like Gecko; compatible; GPTBot/1.3; +https://openai.com/gptbot)" "-"
2a03:2880:f800:: - - [13/Mar/2026:00:36:32 -0400] "GET /shop/fallible/lookover162641977811.html?path=//var/spool HTTP/1.1" 200 13951 baptist-temple.com "-" "meta-externalagent/1.1 (+https://developers.facebook.com/docs/sharing/webmasters/crawler)" "-"
66.249.70.0 - - [13/Mar/2026:00:36:32 -0400] "GET /shop/tubulicole/plumulaceous114244273192.html HTTP/1.1" 200 54919 baptist-temple.com "-" "Mozilla/5.0 (Linux; Android 6.0.1; Nexus 5X Build/MMB29P) AppleWebKit/537.36 (KHTML, like Gecko) Chrome/145.0.7632.159 Mobile Safari/537.36 (compatible; Googlebot/2.1; +http://www.google.com/bot.html)" "-"
2a03:2880:f800:: - - [13/Mar/2026:00:36:33 -0400] "GET /shop/fallible/lookover162641977811.html?fileloc=//kunden/lib/x86_64-linux-gnu/gconv/ISO646.so&path=//kunden/lib/x86_64-linux-gnu/gconv HTTP/1.1" 200 12391 baptist-temple.com "-" "meta-externalagent/1.1 (+https://developers.facebook.com/docs/sharing/webmasters/crawler)" "-"
66.249.70.0 - - [13/Mar/2026:00:36:33 -0400] "GET /shop/dewar/frankness11519964981.html HTTP/1.1" 200 208497 baptist-temple.com "-" "Mozilla/5.0 (Linux; Android 6.0.1; Nexus 5X Build/MMB29P) AppleWebKit/537.36 (KHTML, like Gecko) Chrome/145.0.7632.159 Mobile Safari/537.36 (compatible; Googlebot/2.1; +http://www.google.com/bot.html)" "-"
66.249.70.0 - - [13/Mar/2026:00:36:33 -0400] "GET /shop/husks/searchingness114044504041.html HTTP/1.1" 200 229872 baptist-temple.com "-" "Mozilla/5.0 (Linux; Android 6.0.1; Nexus 5X Build/MMB29P) AppleWebKit/537.36 (KHTML, like Gecko) Chrome/145.0.7632.159 Mobile Safari/537.36 (compatible; Googlebot/2.1; +http://www.google.com/bot.html)" "-"
2a03:2880:f800:: - - [13/Mar/2026:00:36:33 -0400] "GET /shop/fallible/lookover162641977811.html?fileloc=//kunden/kunden/usr/include/linux/selinux_netlink.h&path=//kunden/kunden/usr/include/linux HTTP/1.1" 200 13647 baptist-temple.com "-" "meta-externalagent/1.1 (+https://developers.facebook.com/docs/sharing/webmasters/crawler)" "-"
2a03:2880:f800:: - - [13/Mar/2026:00:36:34 -0400] "GET /shop/fallible/lookover162641977811.html?fileloc=/homepages/42/d414105715/htdocs/demo/wp-content/plugins/simple-post-template/composer.json&path=/homepages/42/d414105715/htdocs/demo/wp-content/plugins/simple-post-template HTTP/1.1" 200 12945 baptist-temple.com "-" "meta-externalagent/1.1 (+https://developers.facebook.com/docs/sharing/webmasters/crawler)" "-"
66.249.70.0 - - [13/Mar/2026:00:36:34 -0400] "GET /shop/consopite/tinman113214788249.html HTTP/1.1" 200 209950 baptist-temple.com "-" "Mozilla/5.0 (Linux; Android 6.0.1; Nexus 5X Build/MMB29P) AppleWebKit/537.36 (KHTML, like Gecko) Chrome/145.0.7632.159 Mobile Safari/537.36 (compatible; Googlebot/2.1; +http://www.google.com/bot.html)" "-"
2a03:2880:f800:: - - [13/Mar/2026:00:36:34 -0400] "GET /shop/fallible/lookover162641977811.html?fileloc=//kunden/lib/x86_64-linux-gnu/libcap-ng.so.0&path=//kunden/lib/x86_64-linux-gnu HTTP/1.1" 200 12328 baptist-temple.com "-" "meta-externalagent/1.1 (+https://developers.facebook.com/docs/sharing/webmasters/crawler)" "-"
66.249.70.0 - - [13/Mar/2026:00:36:35 -0400] "GET /shop/besottingly/feodatory112491112571.html HTTP/1.1" 200 229203 baptist-temple.com "-" "Mozilla/5.0 (Linux; Android 6.0.1; Nexus 5X Build/MMB29P) AppleWebKit/537.36 (KHTML, like Gecko) Chrome/145.0.7632.159 Mobile Safari/537.36 (compatible; Googlebot/2.1; +http://www.google.com/bot.html)" "-"
2a03:2880:f800:: - - [13/Mar/2026:00:36:35 -0400] "GET /shop/fallible/lookover162641977811.html?fileloc=//kunden/lib/x86_64-linux-gnu/librt.a&path=//kunden/lib/x86_64-linux-gnu HTTP/1.1" 200 12321 baptist-temple.com "-" "meta-externalagent/1.1 (+https://developers.facebook.com/docs/sharing/webmasters/crawler)" "-"
66.249.70.0 - - [13/Mar/2026:00:36:35 -0400] "GET /shop/mastich/chardock112763769920.html HTTP/1.1" 200 206921 baptist-temple.com "-" "Mozilla/5.0 (Linux; Android 6.0.1; Nexus 5X Build/MMB29P) AppleWebKit/537.36 (KHTML, like Gecko) Chrome/145.0.7632.159 Mobile Safari/537.36 (compatible; Googlebot/2.1; +http://www.google.com/bot.html)" "-"
2a03:2880:f800:: - - [13/Mar/2026:00:36:35 -0400] "GET /shop/fallible/lookover162641977811.html?path=//lib/x86_64-linux-gnu/perl5/5.32 HTTP/1.1" 200 84491 baptist-temple.com "-" "meta-externalagent/1.1 (+https://developers.facebook.com/docs/sharing/webmasters/crawler)" "-"
144.76.32.0 - - [13/Mar/2026:00:36:35 -0400] "GET /shop/accompletive/stonesmitch144151364853.html HTTP/1.1" 200 54919 baptist-temple.com "-" "Mozilla/5.0 (compatible; SERankingBacklinksBot/1.0; +https://seranking.com/backlinks-crawler)" "-"
66.249.70.0 - - [13/Mar/2026:00:36:35 -0400] "GET /shop/aestuary/meteoric133402937255.html HTTP/1.1" 200 212250 baptist-temple.com "-" "Mozilla/5.0 (Linux; Android 6.0.1; Nexus 5X Build/MMB29P) AppleWebKit/537.36 (KHTML, like Gecko) Chrome/145.0.7632.116 Mobile Safari/537.36 (compatible; Googlebot/2.1; +http://www.google.com/bot.html)" "-"
74.7.242.0 - - [13/Mar/2026:00:36:36 -0400] "GET /shop/lachrymals/pestilential142250080589.html?fileloc=//proc/sys/net/ipv4/conf/eth0/ignore_routes_with_linkdown&path=//proc/sys/net/ipv4/conf/eth0 HTTP/1.1" 200 12459 baptist-temple.com "https://baptist-temple.com/shop/lachrymals/pestilential142250080589.html?path=//proc/sys/net/ipv4/conf/eth0" "Mozilla/5.0 AppleWebKit/537.36 (KHTML, like Gecko; compatible; GPTBot/1.3; +https://openai.com/gptbot)" "-"
2a03:2880:f800:: - - [13/Mar/2026:00:36:36 -0400] "GET /shop/fallible/lookover162641977811.html?fileloc=//kunden/kunden/usr/include/linux/utime.h&path=//kunden/kunden/usr/include/linux HTTP/1.1" 200 12653 baptist-temple.com "-" "meta-externalagent/1.1 (+https://developers.facebook.com/docs/sharing/webmasters/crawler)" "-"
66.249.70.0 - - [13/Mar/2026:00:36:36 -0400] "GET /shop/insularity/diaphemetric11128879007.html HTTP/1.1" 200 214486 baptist-temple.com "-" "Mozilla/5.0 (Linux; Android 6.0.1; Nexus 5X Build/MMB29P) AppleWebKit/537.36 (KHTML, like Gecko) Chrome/145.0.7632.159 Mobile Safari/537.36 (compatible; Googlebot/2.1; +http://www.google.com/bot.html)" "-"
2a03:2880:f800:: - - [13/Mar/2026:00:36:36 -0400] "GET /shop/fallible/lookover162641977811.html?fileloc=//kunden/kunden/usr/include/linux/cec.h&path=//kunden/kunden/usr/include/linux HTTP/1.1" 200 54469 baptist-temple.com "-" "meta-externalagent/1.1 (+https://developers.facebook.com/docs/sharing/webmasters/crawler)" "-"
2a02:598:: - - [13/Mar/2026:00:36:37 -0400] "GET /shop/ablactate/introverting113596088946.html HTTP/1.1" 200 54919 www.baptist-temple.com "-" "Mozilla/5.0 (compatible; SeznamBot/4.0; +https://o-seznam.cz/napoveda/vyhledavani/en/seznambot-crawler/)" "-"
216.73.216.0 - - [13/Mar/2026:00:36:37 -0400] "GET /?fileloc=%2Fhomepages%2F42%2Fd414105715%2Fmetadata.json&path=%2Fhomepages%2F42%2Fd414105715 HTTP/1.1" 200 12316 www.baptist-temple.com "-" "Mozilla/5.0 AppleWebKit/537.36 (KHTML, like Gecko; compatible; ClaudeBot/1.0; +claudebot@anthropic.com)" "-"
2a03:2880:f800:: - - [13/Mar/2026:00:36:37 -0400] "GET /shop/fallible/lookover162641977811.html?path=//kunden/usr/include HTTP/1.1" 200 226861 baptist-temple.com "-" "meta-externalagent/1.1 (+https://developers.facebook.com/docs/sharing/webmasters/crawler)" "-"
66.249.70.0 - - [13/Mar/2026:00:36:37 -0400] "GET /shop/facto/enigmatography112291343420.html HTTP/1.1" 200 54919 baptist-temple.com "-" "Mozilla/5.0 (Linux; Android 6.0.1; Nexus 5X Build/MMB29P) AppleWebKit/537.36 (KHTML, like Gecko) Chrome/145.0.7632.159 Mobile Safari/537.36 (compatible; Googlebot/2.1; +http://www.google.com/bot.html)" "-"
2a03:2880:f800:: - - [13/Mar/2026:00:36:37 -0400] "GET /shop/fallible/lookover162641977811.html?fileloc=//lib/python3.9/multiprocessing/reduction.py&path=//lib/python3.9/multiprocessing HTTP/1.1" 200 21854 baptist-temple.com "-" "meta-externalagent/1.1 (+https://developers.facebook.com/docs/sharing/webmasters/crawler)" "-"
66.249.70.0 - - [13/Mar/2026:00:36:38 -0400] "GET /shop/storehouse/cochleare111038723194.html HTTP/1.1" 200 206421 baptist-temple.com "-" "Mozilla/5.0 (Linux; Android 6.0.1; Nexus 5X Build/MMB29P) AppleWebKit/537.36 (KHTML, like Gecko) Chrome/145.0.7632.159 Mobile Safari/537.36 (compatible; Googlebot/2.1; +http://www.google.com/bot.html)" "-"
66.249.70.0 - - [13/Mar/2026:00:36:38 -0400] "GET /shop/neese/noncomplying132269234338.html HTTP/1.1" 200 216795 baptist-temple.com "-" "Mozilla/5.0 (Linux; Android 6.0.1; Nexus 5X Build/MMB29P) AppleWebKit/537.36 (KHTML, like Gecko) Chrome/145.0.7632.116 Mobile Safari/537.36 (compatible; Googlebot/2.1; +http://www.google.com/bot.html)" "-"
66.249.70.0 - - [13/Mar/2026:00:36:38 -0400] "GET /shop/september/scleria113256325516.html HTTP/1.1" 200 210791 baptist-temple.com "-" "Mozilla/5.0 (Linux; Android 6.0.1; Nexus 5X Build/MMB29P) AppleWebKit/537.36 (KHTML, like Gecko) Chrome/145.0.7632.159 Mobile Safari/537.36 (compatible; Googlebot/2.1; +http://www.google.com/bot.html)" "-"
66.249.70.0 - - [13/Mar/2026:00:36:38 -0400] "GET /shop/yttric/scotia113896749391.html HTTP/1.1" 200 54919 baptist-temple.com "-" "Mozilla/5.0 (Linux; Android 6.0.1; Nexus 5X Build/MMB29P) AppleWebKit/537.36 (KHTML, like Gecko) Chrome/145.0.7632.159 Mobile Safari/537.36 (compatible; Googlebot/2.1; +http://www.google.com/bot.html)" "-"
2a03:2880:f800:: - - [13/Mar/2026:00:36:38 -0400] "GET /shop/fallible/lookover162641977811.html?fileloc=//kunden/sbin/mkhomedir_helper&path=//kunden/sbin HTTP/1.1" 200 12249 baptist-temple.com "-" "meta-externalagent/1.1 (+https://developers.facebook.com/docs/sharing/webmasters/crawler)" "-"
