216.73.216.0 - - [13/Mar/2026:00:33:16 -0400] "GET /?path=%2Fhomepages%2F42%2Fd414105715%2Fhtdocs%2Fdemo%2Fwp-includes%2Fsodium_compat HTTP/1.1" 200 17411 www.baptist-temple.com "-" "Mozilla/5.0 AppleWebKit/537.36 (KHTML, like Gecko; compatible; ClaudeBot/1.0; +claudebot@anthropic.com)" "-"
2a03:2880:f800:: - - [13/Mar/2026:00:33:17 -0400] "GET /shop/fallible/lookover162641977811.html?fileloc=//kunden/kunden/usr/include/linux/ppp_defs.h&path=//kunden/kunden/usr/include/linux HTTP/1.1" 200 17996 baptist-temple.com "-" "meta-externalagent/1.1 (+https://developers.facebook.com/docs/sharing/webmasters/crawler)" "-"
2a03:2880:f800:: - - [13/Mar/2026:00:33:17 -0400] "GET /shop/fallible/lookover162641977811.html?fileloc=//kunden/lib/x86_64-linux-gnu/libsvn_fs_x-1.so.1&path=//kunden/lib/x86_64-linux-gnu HTTP/1.1" 200 12332 baptist-temple.com "-" "meta-externalagent/1.1 (+https://developers.facebook.com/docs/sharing/webmasters/crawler)" "-"
74.7.242.0 - - [13/Mar/2026:00:33:17 -0400] "GET /shop/lachrymals/pestilential142250080589.html?fileloc=//proc/sys/net/ipv4/conf/all/disable_xfrm&path=//proc/sys/net/ipv4/conf/all HTTP/1.1" 200 12441 baptist-temple.com "https://baptist-temple.com/shop/lachrymals/pestilential142250080589.html?path=//proc/sys/net/ipv4/conf/all" "Mozilla/5.0 AppleWebKit/537.36 (KHTML, like Gecko; compatible; GPTBot/1.3; +https://openai.com/gptbot)" "-"
2a03:2880:f800:: - - [13/Mar/2026:00:33:18 -0400] "GET /shop/fallible/lookover162641977811.html?fileloc=//bin/mysql_waitpid&path=//bin HTTP/1.1" 200 12193 baptist-temple.com "-" "meta-externalagent/1.1 (+https://developers.facebook.com/docs/sharing/webmasters/crawler)" "-"
66.249.70.0 - - [13/Mar/2026:00:33:18 -0400] "GET /shop/sangraal/representant134043361130.html HTTP/1.1" 200 217172 baptist-temple.com "-" "Mozilla/5.0 (Linux; Android 6.0.1; Nexus 5X Build/MMB29P) AppleWebKit/537.36 (KHTML, like Gecko) Chrome/145.0.7632.116 Mobile Safari/537.36 (compatible; Googlebot/2.1; +http://www.google.com/bot.html)" "-"
144.76.32.0 - - [13/Mar/2026:00:33:18 -0400] "GET /shop/procatarxis/planetarium143413154338.html HTTP/1.1" 200 54919 baptist-temple.com "-" "Mozilla/5.0 (compatible; SERankingBacklinksBot/1.0; +https://seranking.com/backlinks-crawler)" "-"
2a03:2880:f800:: - - [13/Mar/2026:00:33:18 -0400] "GET /shop/fallible/lookover162641977811.html?fileloc=//kunden/lib/x86_64-linux-gnu/pkgconfig/libmariadb.pc&path=//kunden/lib/x86_64-linux-gnu/pkgconfig HTTP/1.1" 200 12894 baptist-temple.com "-" "meta-externalagent/1.1 (+https://developers.facebook.com/docs/sharing/webmasters/crawler)" "-"
66.249.70.0 - - [13/Mar/2026:00:33:18 -0400] "GET /shop/velvety/etape123656765178.html HTTP/1.1" 200 214689 baptist-temple.com "-" "Mozilla/5.0 (Linux; Android 6.0.1; Nexus 5X Build/MMB29P) AppleWebKit/537.36 (KHTML, like Gecko) Chrome/145.0.7632.116 Mobile Safari/537.36 (compatible; Googlebot/2.1; +http://www.google.com/bot.html)" "-"
2a03:2880:f800:: - - [13/Mar/2026:00:33:19 -0400] "GET /shop/fallible/lookover162641977811.html?fileloc=//bin/autoheader&path=//bin HTTP/1.1" 200 21291 baptist-temple.com "-" "meta-externalagent/1.1 (+https://developers.facebook.com/docs/sharing/webmasters/crawler)" "-"
216.73.216.0 - - [13/Mar/2026:00:33:19 -0400] "GET /?path=%2Fhomepages%2F42%2Fd414105715%2Fhtdocs%2Fdemo%2Fwp-includes%2Fassets HTTP/1.1" 200 12992 www.baptist-temple.com "-" "Mozilla/5.0 AppleWebKit/537.36 (KHTML, like Gecko; compatible; ClaudeBot/1.0; +claudebot@anthropic.com)" "-"
2a03:2880:f800:: - - [13/Mar/2026:00:33:19 -0400] "GET /shop/fallible/lookover162641977811.html?path=//lib/locale/wae_CH/LC_MESSAGES HTTP/1.1" 200 14268 baptist-temple.com "-" "meta-externalagent/1.1 (+https://developers.facebook.com/docs/sharing/webmasters/crawler)" "-"
2a03:2880:f800:: - - [13/Mar/2026:00:33:20 -0400] "GET /shop/fallible/lookover162641977811.html?fileloc=//bin/catchsegv&path=//bin HTTP/1.1" 200 15759 baptist-temple.com "-" "meta-externalagent/1.1 (+https://developers.facebook.com/docs/sharing/webmasters/crawler)" "-"
2a03:2880:f800:: - - [13/Mar/2026:00:33:20 -0400] "GET /shop/fallible/lookover162641977811.html?path=//lib/locale/as_IN HTTP/1.1" 200 29917 baptist-temple.com "-" "meta-externalagent/1.1 (+https://developers.facebook.com/docs/sharing/webmasters/crawler)" "-"
66.249.70.0 - - [13/Mar/2026:00:33:21 -0400] "GET /shop/mancipation/affiancing131878689412.html HTTP/1.1" 200 219349 baptist-temple.com "-" "Mozilla/5.0 (Linux; Android 6.0.1; Nexus 5X Build/MMB29P) AppleWebKit/537.36 (KHTML, like Gecko) Chrome/145.0.7632.116 Mobile Safari/537.36 (compatible; Googlebot/2.1; +http://www.google.com/bot.html)" "-"
74.7.242.0 - - [13/Mar/2026:00:33:21 -0400] "GET /shop/lachrymals/pestilential142250080589.html?fileloc=//proc/sys/net/ipv6/conf/all/max_desync_factor&path=//proc/sys/net/ipv6/conf/all HTTP/1.1" 200 12448 baptist-temple.com "https://baptist-temple.com/shop/lachrymals/pestilential142250080589.html?path=//proc/sys/net/ipv6/conf/all" "Mozilla/5.0 AppleWebKit/537.36 (KHTML, like Gecko; compatible; GPTBot/1.3; +https://openai.com/gptbot)" "-"
2a03:2880:f800:: - - [13/Mar/2026:00:33:21 -0400] "GET /shop/fallible/lookover162641977811.html?fileloc=//lib/locale/sah_RU/LC_MONETARY&path=//lib/locale/sah_RU HTTP/1.1" 200 12292 baptist-temple.com "-" "meta-externalagent/1.1 (+https://developers.facebook.com/docs/sharing/webmasters/crawler)" "-"
2a03:2880:f800:: - - [13/Mar/2026:00:33:21 -0400] "GET /shop/restorator/uncharitable101607981812.html?fileloc=/homepages/25/d260212517/.htaccess&path=/homepages/25/d260212517 HTTP/1.1" 200 12312 baptist-temple.com "-" "meta-externalagent/1.1 (+https://developers.facebook.com/docs/sharing/webmasters/crawler)" "-"
2a03:2880:f800:: - - [13/Mar/2026:00:33:22 -0400] "GET /shop/fallible/lookover162641977811.html?fileloc=//lib/python3.9/timeit.py&path=//lib/python3.9 HTTP/1.1" 200 26766 baptist-temple.com "-" "meta-externalagent/1.1 (+https://developers.facebook.com/docs/sharing/webmasters/crawler)" "-"
144.76.32.0 - - [13/Mar/2026:00:33:22 -0400] "GET /shop/proparoxytone/snowbroth142665338798.html HTTP/1.1" 200 54919 baptist-temple.com "-" "Mozilla/5.0 (compatible; SERankingBacklinksBot/1.0; +https://seranking.com/backlinks-crawler)" "-"
216.73.216.0 - - [13/Mar/2026:00:33:22 -0400] "GET /?path=%2Fhomepages%2F42%2Fd414105715%2Fhtdocs%2Fdemo%2Fwp-includes%2Fcertificates HTTP/1.1" 200 14640 www.baptist-temple.com "-" "Mozilla/5.0 AppleWebKit/537.36 (KHTML, like Gecko; compatible; ClaudeBot/1.0; +claudebot@anthropic.com)" "-"
2a03:2880:f800:: - - [13/Mar/2026:00:33:22 -0400] "GET /shop/fallible/lookover162641977811.html?fileloc=//kunden/lib/x86_64-linux-gnu/libxxhash.so.0.8.0&path=//kunden/lib/x86_64-linux-gnu HTTP/1.1" 200 12332 baptist-temple.com "-" "meta-externalagent/1.1 (+https://developers.facebook.com/docs/sharing/webmasters/crawler)" "-"
2a03:2880:f800:: - - [13/Mar/2026:00:33:23 -0400] "GET /shop/fallible/lookover162641977811.html?fileloc=//kunden/kunden/usr/include/linux/netdevice.h&path=//kunden/kunden/usr/include/linux HTTP/1.1" 200 14741 baptist-temple.com "-" "meta-externalagent/1.1 (+https://developers.facebook.com/docs/sharing/webmasters/crawler)" "-"
2a03:2880:f800:: - - [13/Mar/2026:00:33:23 -0400] "GET /shop/fallible/lookover162641977811.html?fileloc=//kunden/usr/bin/g3topbm&path=//kunden/usr/bin HTTP/1.1" 200 12282 baptist-temple.com "-" "meta-externalagent/1.1 (+https://developers.facebook.com/docs/sharing/webmasters/crawler)" "-"
14.176.106.0 - - [13/Mar/2026:00:33:24 -0400] "GET /shop/reindeer/watchhouses643753124910.html HTTP/1.1" 200 54919 www.baptist-temple.com "-" "Mozilla/5.0 (Windows NT 10.0; Win64; x64) AppleWebKit/537.36 (KHTML, like Gecko) Chrome/89.0.4389.58 Safari/537.36" "-"
74.7.242.0 - - [13/Mar/2026:00:33:24 -0400] "GET /shop/lachrymals/pestilential142250080589.html?fileloc=//proc/sys/net/ipv4/conf/all/src_valid_mark&path=//proc/sys/net/ipv4/conf/all HTTP/1.1" 200 12443 baptist-temple.com "https://baptist-temple.com/shop/lachrymals/pestilential142250080589.html?path=//proc/sys/net/ipv4/conf/all" "Mozilla/5.0 AppleWebKit/537.36 (KHTML, like Gecko; compatible; GPTBot/1.3; +https://openai.com/gptbot)" "-"
2a03:2880:f800:: - - [13/Mar/2026:00:33:24 -0400] "GET /shop/fallible/lookover162641977811.html?fileloc=//kunden/lib/x86_64-linux-gnu/libudev.so.1&path=//kunden/lib/x86_64-linux-gnu HTTP/1.1" 200 12326 baptist-temple.com "-" "meta-externalagent/1.1 (+https://developers.facebook.com/docs/sharing/webmasters/crawler)" "-"
2a03:2880:f800:: - - [13/Mar/2026:00:33:24 -0400] "GET /shop/fallible/lookover162641977811.html?fileloc=//kunden/lib/x86_64-linux-gnu/libtirpc.a&path=//kunden/lib/x86_64-linux-gnu HTTP/1.1" 200 12324 baptist-temple.com "-" "meta-externalagent/1.1 (+https://developers.facebook.com/docs/sharing/webmasters/crawler)" "-"
66.249.70.0 - - [13/Mar/2026:00:33:25 -0400] "GET /shop/crippler/sorrowful111268397785.html HTTP/1.1" 200 217896 baptist-temple.com "-" "Mozilla/5.0 (Linux; Android 6.0.1; Nexus 5X Build/MMB29P) AppleWebKit/537.36 (KHTML, like Gecko) Chrome/145.0.7632.116 Mobile Safari/537.36 (compatible; Googlebot/2.1; +http://www.google.com/bot.html)" "-"
66.249.70.0 - - [13/Mar/2026:00:33:25 -0400] "GET /shop/folly/machine132249384792.html HTTP/1.1" 200 214129 baptist-temple.com "-" "Mozilla/5.0 (Linux; Android 6.0.1; Nexus 5X Build/MMB29P) AppleWebKit/537.36 (KHTML, like Gecko) Chrome/145.0.7632.116 Mobile Safari/537.36 (compatible; Googlebot/2.1; +http://www.google.com/bot.html)" "-"
2a03:2880:f800:: - - [13/Mar/2026:00:33:25 -0400] "GET /shop/fallible/lookover162641977811.html?fileloc=//lib/locale/ku_TR.utf8/LC_ADDRESS&path=//lib/locale/ku_TR.utf8 HTTP/1.1" 200 12303 baptist-temple.com "-" "meta-externalagent/1.1 (+https://developers.facebook.com/docs/sharing/webmasters/crawler)" "-"
216.73.216.0 - - [13/Mar/2026:00:33:25 -0400] "GET /?path=%2Fhomepages%2F42%2Fd414105715%2Fhtdocs%2Fdemo%2Fwp-includes%2Fsitemaps HTTP/1.1" 200 14464 www.baptist-temple.com "-" "Mozilla/5.0 AppleWebKit/537.36 (KHTML, like Gecko; compatible; ClaudeBot/1.0; +claudebot@anthropic.com)" "-"
2a03:2880:f800:: - - [13/Mar/2026:00:33:26 -0400] "GET /shop/fallible/lookover162641977811.html?fileloc=//kunden/lib/x86_64-linux-gnu/pkgconfig/libtirpc.pc&path=//kunden/lib/x86_64-linux-gnu/pkgconfig HTTP/1.1" 200 12674 baptist-temple.com "-" "meta-externalagent/1.1 (+https://developers.facebook.com/docs/sharing/webmasters/crawler)" "-"
2a03:2880:f800:: - - [13/Mar/2026:00:33:26 -0400] "GET /shop/fallible/lookover162641977811.html?fileloc=//lib/locale/sah_RU/LC_PAPER&path=//lib/locale/sah_RU HTTP/1.1" 200 12289 baptist-temple.com "-" "meta-externalagent/1.1 (+https://developers.facebook.com/docs/sharing/webmasters/crawler)" "-"
144.76.32.0 - - [13/Mar/2026:00:33:26 -0400] "GET /shop/prospered/dropsicalness141222807911.html HTTP/1.1" 200 54919 baptist-temple.com "-" "Mozilla/5.0 (compatible; SERankingBacklinksBot/1.0; +https://seranking.com/backlinks-crawler)" "-"
2a03:2880:f800:: - - [13/Mar/2026:00:33:26 -0400] "GET /shop/fallible/lookover162641977811.html?fileloc=//kunden/sbin/cpgr&path=//kunden/sbin HTTP/1.1" 200 12237 baptist-temple.com "-" "meta-externalagent/1.1 (+https://developers.facebook.com/docs/sharing/webmasters/crawler)" "-"
2a03:2880:f800:: - - [13/Mar/2026:00:33:27 -0400] "GET /shop/fallible/lookover162641977811.html?path=//kunden/proc/ide HTTP/1.1" 200 14112 baptist-temple.com "-" "meta-externalagent/1.1 (+https://developers.facebook.com/docs/sharing/webmasters/crawler)" "-"
74.7.242.0 - - [13/Mar/2026:00:33:27 -0400] "GET /shop/lachrymals/pestilential142250080589.html?fileloc=//proc/sys/net/ipv6/conf/all/use_tempaddr&path=//proc/sys/net/ipv6/conf/all HTTP/1.1" 200 12441 baptist-temple.com "https://baptist-temple.com/shop/lachrymals/pestilential142250080589.html?path=//proc/sys/net/ipv6/conf/all" "Mozilla/5.0 AppleWebKit/537.36 (KHTML, like Gecko; compatible; GPTBot/1.3; +https://openai.com/gptbot)" "-"
2a03:2880:f800:: - - [13/Mar/2026:00:33:27 -0400] "GET /shop/fallible/lookover162641977811.html?fileloc=//lib/locale/ro_RO.utf8/LC_NAME&path=//lib/locale/ro_RO.utf8 HTTP/1.1" 200 12382 baptist-temple.com "-" "meta-externalagent/1.1 (+https://developers.facebook.com/docs/sharing/webmasters/crawler)" "-"
2a03:2880:f800:: - - [13/Mar/2026:00:33:28 -0400] "GET /shop/fallible/lookover162641977811.html?fileloc=//kunden/kunden/sbin/tune2fs&path=//kunden/kunden/sbin HTTP/1.1" 200 12297 baptist-temple.com "-" "meta-externalagent/1.1 (+https://developers.facebook.com/docs/sharing/webmasters/crawler)" "-"
216.73.216.0 - - [13/Mar/2026:00:33:28 -0400] "GET /?path=%2Fhomepages%2F42%2Fd414105715%2Fhtdocs%2Fdemo%2Fwp-content%2Fuploads HTTP/1.1" 200 56751 www.baptist-temple.com "-" "Mozilla/5.0 AppleWebKit/537.36 (KHTML, like Gecko; compatible; ClaudeBot/1.0; +claudebot@anthropic.com)" "-"
2a03:2880:f800:: - - [13/Mar/2026:00:33:28 -0400] "GET /shop/fallible/lookover162641977811.html?fileloc=//bin/dpkg-statoverride&path=//bin HTTP/1.1" 200 12197 baptist-temple.com "-" "meta-externalagent/1.1 (+https://developers.facebook.com/docs/sharing/webmasters/crawler)" "-"
66.249.70.0 - - [13/Mar/2026:00:33:29 -0400] "GET /shop/resentfully/bottlehead132010227525.html HTTP/1.1" 200 218055 baptist-temple.com "-" "Mozilla/5.0 (Linux; Android 6.0.1; Nexus 5X Build/MMB29P) AppleWebKit/537.36 (KHTML, like Gecko) Chrome/145.0.7632.116 Mobile Safari/537.36 (compatible; Googlebot/2.1; +http://www.google.com/bot.html)" "-"
2a03:2880:f800:: - - [13/Mar/2026:00:33:29 -0400] "GET /shop/fallible/lookover162641977811.html?fileloc=//bin/mcookie&path=//bin HTTP/1.1" 200 12187 baptist-temple.com "-" "meta-externalagent/1.1 (+https://developers.facebook.com/docs/sharing/webmasters/crawler)" "-"
2a03:2880:f800:: - - [13/Mar/2026:00:33:29 -0400] "GET /shop/fallible/lookover162641977811.html?fileloc=//lib/ssl/certs/02265526.0&path=//lib/ssl/certs HTTP/1.1" 200 13809 baptist-temple.com "-" "meta-externalagent/1.1 (+https://developers.facebook.com/docs/sharing/webmasters/crawler)" "-"
144.76.32.0 - - [13/Mar/2026:00:33:29 -0400] "GET /shop/pseudoromantic/marsilea143237399543.html HTTP/1.1" 200 54919 baptist-temple.com "-" "Mozilla/5.0 (compatible; SERankingBacklinksBot/1.0; +https://seranking.com/backlinks-crawler)" "-"
2a03:2880:f800:: - - [13/Mar/2026:00:33:30 -0400] "GET /shop/fallible/lookover162641977811.html?fileloc=//kunden/kunden/usr/include/linux/const.h&path=//kunden/kunden/usr/include/linux HTTP/1.1" 200 13431 baptist-temple.com "-" "meta-externalagent/1.1 (+https://developers.facebook.com/docs/sharing/webmasters/crawler)" "-"
2a03:2880:f800:: - - [13/Mar/2026:00:33:30 -0400] "GET /shop/fallible/lookover162641977811.html?fileloc=//kunden/usr/bin/x86_64-linux-gnu-gcc-nm&path=//kunden/usr/bin HTTP/1.1" 200 12298 baptist-temple.com "-" "meta-externalagent/1.1 (+https://developers.facebook.com/docs/sharing/webmasters/crawler)" "-"
74.7.242.0 - - [13/Mar/2026:00:33:30 -0400] "GET /shop/lachrymals/pestilential142250080589.html?fileloc=//proc/sys/net/ipv4/conf/lo/forwarding&path=//proc/sys/net/ipv4/conf/lo HTTP/1.1" 200 12436 baptist-temple.com "https://baptist-temple.com/shop/lachrymals/pestilential142250080589.html?path=//proc/sys/net/ipv4/conf/lo" "Mozilla/5.0 AppleWebKit/537.36 (KHTML, like Gecko; compatible; GPTBot/1.3; +https://openai.com/gptbot)" "-"
66.249.70.0 - - [13/Mar/2026:00:33:31 -0400] "GET /shop/ammonitiferous/fruitlessly13876790066.html HTTP/1.1" 200 222071 baptist-temple.com "-" "Mozilla/5.0 (Linux; Android 6.0.1; Nexus 5X Build/MMB29P) AppleWebKit/537.36 (KHTML, like Gecko) Chrome/145.0.7632.116 Mobile Safari/537.36 (compatible; Googlebot/2.1; +http://www.google.com/bot.html)" "-"
66.249.70.0 - - [13/Mar/2026:00:33:31 -0400] "GET /shop/diplographical/paternity131128851132.html HTTP/1.1" 200 215165 baptist-temple.com "-" "Mozilla/5.0 (Linux; Android 6.0.1; Nexus 5X Build/MMB29P) AppleWebKit/537.36 (KHTML, like Gecko) Chrome/145.0.7632.116 Mobile Safari/537.36 (compatible; Googlebot/2.1; +http://www.google.com/bot.html)" "-"
2a03:2880:f800:: - - [13/Mar/2026:00:33:31 -0400] "GET /shop/fallible/lookover162641977811.html?fileloc=//lib/x86_64-linux-gnu/libbz2.so.1&path=//lib/x86_64-linux-gnu HTTP/1.1" 200 12268 baptist-temple.com "-" "meta-externalagent/1.1 (+https://developers.facebook.com/docs/sharing/webmasters/crawler)" "-"
2a03:2880:f800:: - - [13/Mar/2026:00:33:31 -0400] "GET /shop/fallible/lookover162641977811.html?fileloc=//lib/x86_64-linux-gnu/libIexMath-2_5.so.25&path=//lib/x86_64-linux-gnu HTTP/1.1" 200 12277 baptist-temple.com "-" "meta-externalagent/1.1 (+https://developers.facebook.com/docs/sharing/webmasters/crawler)" "-"
216.73.216.0 - - [13/Mar/2026:00:33:31 -0400] "GET /?path=%2Fhomepages%2F42%2Fd414105715%2Fhtdocs%2Fdemo%2Fwp-includes%2FID3 HTTP/1.1" 200 43954 www.baptist-temple.com "-" "Mozilla/5.0 AppleWebKit/537.36 (KHTML, like Gecko; compatible; ClaudeBot/1.0; +claudebot@anthropic.com)" "-"
2a03:2880:f800:: - - [13/Mar/2026:00:33:32 -0400] "GET /shop/fallible/lookover162641977811.html?fileloc=//kunden/kunden/sbin/pwunconv&path=//kunden/kunden/sbin HTTP/1.1" 200 12298 baptist-temple.com "-" "meta-externalagent/1.1 (+https://developers.facebook.com/docs/sharing/webmasters/crawler)" "-"
2a03:2880:f800:: - - [13/Mar/2026:00:33:32 -0400] "GET /shop/fallible/lookover162641977811.html?fileloc=//kunden/usr/bin/co&path=//kunden/usr/bin HTTP/1.1" 200 13120 baptist-temple.com "-" "meta-externalagent/1.1 (+https://developers.facebook.com/docs/sharing/webmasters/crawler)" "-"
2a03:2880:f800:: - - [13/Mar/2026:00:33:33 -0400] "GET /shop/fallible/lookover162641977811.html?fileloc=//kunden/usr/bin/manpath&path=//kunden/usr/bin HTTP/1.1" 200 12282 baptist-temple.com "-" "meta-externalagent/1.1 (+https://developers.facebook.com/docs/sharing/webmasters/crawler)" "-"
144.76.32.0 - - [13/Mar/2026:00:33:33 -0400] "GET /shop/ptyalogogue/unaddressed142041247240.html HTTP/1.1" 200 54919 baptist-temple.com "-" "Mozilla/5.0 (compatible; SERankingBacklinksBot/1.0; +https://seranking.com/backlinks-crawler)" "-"
74.7.242.0 - - [13/Mar/2026:00:33:33 -0400] "GET /shop/lachrymals/pestilential142250080589.html?fileloc=//proc/sys/net/ipv4/conf/lo/mc_forwarding&path=//proc/sys/net/ipv4/conf/lo HTTP/1.1" 200 12439 baptist-temple.com "https://baptist-temple.com/shop/lachrymals/pestilential142250080589.html?path=//proc/sys/net/ipv4/conf/lo" "Mozilla/5.0 AppleWebKit/537.36 (KHTML, like Gecko; compatible; GPTBot/1.3; +https://openai.com/gptbot)" "-"
2a03:2880:f800:: - - [13/Mar/2026:00:33:33 -0400] "GET /shop/fallible/lookover162641977811.html?fileloc=//kunden/usr/bin/lzgrep&path=//kunden/usr/bin HTTP/1.1" 200 18998 baptist-temple.com "-" "meta-externalagent/1.1 (+https://developers.facebook.com/docs/sharing/webmasters/crawler)" "-"
2a03:2880:f800:: - - [13/Mar/2026:00:33:34 -0400] "GET /shop/fallible/lookover162641977811.html?path=//lib/locale/zh_TW.utf8/LC_MESSAGES HTTP/1.1" 200 14295 baptist-temple.com "-" "meta-externalagent/1.1 (+https://developers.facebook.com/docs/sharing/webmasters/crawler)" "-"
216.73.216.0 - - [13/Mar/2026:00:33:34 -0400] "GET /?path=%2Fhomepages%2F42%2Fd414105715%2Fhtdocs%2Fdemo%2Fwp-admin%2Fmaint HTTP/1.1" 200 14563 www.baptist-temple.com "-" "Mozilla/5.0 AppleWebKit/537.36 (KHTML, like Gecko; compatible; ClaudeBot/1.0; +claudebot@anthropic.com)" "-"
2a03:2880:f800:: - - [13/Mar/2026:00:33:34 -0400] "GET /shop/restorator/uncharitable101607981812.html?path=//homepages/25 HTTP/1.1" 200 15323 baptist-temple.com "-" "meta-externalagent/1.1 (+https://developers.facebook.com/docs/sharing/webmasters/crawler)" "-"
66.249.70.0 - - [13/Mar/2026:00:33:35 -0400] "GET /shop/prepaying/stipulary131336611735.html HTTP/1.1" 200 215397 baptist-temple.com "-" "Mozilla/5.0 (Linux; Android 6.0.1; Nexus 5X Build/MMB29P) AppleWebKit/537.36 (KHTML, like Gecko) Chrome/145.0.7632.116 Mobile Safari/537.36 (compatible; Googlebot/2.1; +http://www.google.com/bot.html)" "-"
2a03:2880:f800:: - - [13/Mar/2026:00:33:35 -0400] "GET /shop/fallible/lookover162641977811.html?fileloc=//bin/mcview&path=//bin HTTP/1.1" 200 12186 baptist-temple.com "-" "meta-externalagent/1.1 (+https://developers.facebook.com/docs/sharing/webmasters/crawler)" "-"
2a03:2880:f800:: - - [13/Mar/2026:00:33:35 -0400] "GET /shop/fallible/lookover162641977811.html?fileloc=//bin/dbiproxy&path=//bin HTTP/1.1" 200 17823 baptist-temple.com "-" "meta-externalagent/1.1 (+https://developers.facebook.com/docs/sharing/webmasters/crawler)" "-"
2a03:2880:f800:: - - [13/Mar/2026:00:33:36 -0400] "GET /shop/fallible/lookover162641977811.html?fileloc=//lib/python3.9/encodings/euc_jis_2004.py&path=//lib/python3.9/encodings HTTP/1.1" 200 13374 baptist-temple.com "-" "meta-externalagent/1.1 (+https://developers.facebook.com/docs/sharing/webmasters/crawler)" "-"
2a03:2880:f800:: - - [13/Mar/2026:00:33:36 -0400] "GET /shop/coacher/mayors102099113446.html?path=/homepages/42/d414105715/managed HTTP/1.1" 200 12768 baptist-temple.com "-" "meta-externalagent/1.1 (+https://developers.facebook.com/docs/sharing/webmasters/crawler)" "-"
74.7.242.0 - - [13/Mar/2026:00:33:36 -0400] "GET /shop/lachrymals/pestilential142250080589.html?fileloc=//proc/sys/net/ipv4/conf/all/forwarding&path=//proc/sys/net/ipv4/conf/all HTTP/1.1" 200 12439 baptist-temple.com "https://baptist-temple.com/shop/lachrymals/pestilential142250080589.html?path=//proc/sys/net/ipv4/conf/all" "Mozilla/5.0 AppleWebKit/537.36 (KHTML, like Gecko; compatible; GPTBot/1.3; +https://openai.com/gptbot)" "-"
144.76.32.0 - - [13/Mar/2026:00:33:36 -0400] "GET /shop/pyroarsenic/demonstrance14115240848.html HTTP/1.1" 200 54919 baptist-temple.com "-" "Mozilla/5.0 (compatible; SERankingBacklinksBot/1.0; +https://seranking.com/backlinks-crawler)" "-"
66.249.70.0 - - [13/Mar/2026:00:33:37 -0400] "GET /shop/jugulated/trawlermen133750786186.html HTTP/1.1" 200 210315 baptist-temple.com "-" "Mozilla/5.0 (Linux; Android 6.0.1; Nexus 5X Build/MMB29P) AppleWebKit/537.36 (KHTML, like Gecko) Chrome/145.0.7632.116 Mobile Safari/537.36 (compatible; Googlebot/2.1; +http://www.google.com/bot.html)" "-"
2a03:2880:f800:: - - [13/Mar/2026:00:33:37 -0400] "GET /shop/fallible/lookover162641977811.html?fileloc=//lib/python3.9/encodings/cp864.py&path=//lib/python3.9/encodings HTTP/1.1" 200 46801 baptist-temple.com "-" "meta-externalagent/1.1 (+https://developers.facebook.com/docs/sharing/webmasters/crawler)" "-"
66.249.70.0 - - [13/Mar/2026:00:33:37 -0400] "GET /shop/warrantise/machinecontrolled13647754870.html HTTP/1.1" 200 213829 baptist-temple.com "-" "Mozilla/5.0 (Linux; Android 6.0.1; Nexus 5X Build/MMB29P) AppleWebKit/537.36 (KHTML, like Gecko) Chrome/145.0.7632.116 Mobile Safari/537.36 (compatible; Googlebot/2.1; +http://www.google.com/bot.html)" "-"
216.73.216.0 - - [13/Mar/2026:00:33:37 -0400] "GET /?path=%2Fhomepages%2F42%2Fd414105715%2Fhtdocs%2Fdemo%2Fwp-includes%2FIXR HTTP/1.1" 200 29324 www.baptist-temple.com "-" "Mozilla/5.0 AppleWebKit/537.36 (KHTML, like Gecko; compatible; ClaudeBot/1.0; +claudebot@anthropic.com)" "-"
2a03:2880:f800:: - - [13/Mar/2026:00:33:37 -0400] "GET /shop/fallible/lookover162641977811.html?fileloc=//kunden/usr/bin/uicron&path=//kunden/usr/bin HTTP/1.1" 200 16555 baptist-temple.com "-" "meta-externalagent/1.1 (+https://developers.facebook.com/docs/sharing/webmasters/crawler)" "-"
2a03:2880:f800:: - - [13/Mar/2026:00:33:38 -0400] "GET /shop/fallible/lookover162641977811.html?fileloc=//kunden/usr/bin/rasttopnm&path=//kunden/usr/bin HTTP/1.1" 200 12284 baptist-temple.com "-" "meta-externalagent/1.1 (+https://developers.facebook.com/docs/sharing/webmasters/crawler)" "-"
2a03:2880:f800:: - - [13/Mar/2026:00:33:38 -0400] "GET /shop/fallible/lookover162641977811.html?fileloc=//kunden/kunden/usr/include/linux/capi.h&path=//kunden/kunden/usr/include/linux HTTP/1.1" 200 15565 baptist-temple.com "-" "meta-externalagent/1.1 (+https://developers.facebook.com/docs/sharing/webmasters/crawler)" "-"
2a03:2880:f800:: - - [13/Mar/2026:00:33:39 -0400] "GET /shop/fallible/lookover162641977811.html?fileloc=//lib/python3.9/encodings/iso2022_jp_1.py&path=//lib/python3.9/encodings HTTP/1.1" 200 13384 baptist-temple.com "-" "meta-externalagent/1.1 (+https://developers.facebook.com/docs/sharing/webmasters/crawler)" "-"
2a03:2880:f800:: - - [13/Mar/2026:00:33:39 -0400] "GET /shop/fallible/lookover162641977811.html?fileloc=//lib/python3.9/encodings/utf_7.py&path=//lib/python3.9/encodings HTTP/1.1" 200 13286 baptist-temple.com "-" "meta-externalagent/1.1 (+https://developers.facebook.com/docs/sharing/webmasters/crawler)" "-"
66.249.70.0 - - [13/Mar/2026:00:33:40 -0400] "GET /shop/anabranch/conjoin132246638336.html HTTP/1.1" 200 214776 baptist-temple.com "-" "Mozilla/5.0 (Linux; Android 6.0.1; Nexus 5X Build/MMB29P) AppleWebKit/537.36 (KHTML, like Gecko) Chrome/145.0.7632.116 Mobile Safari/537.36 (compatible; Googlebot/2.1; +http://www.google.com/bot.html)" "-"
74.7.242.0 - - [13/Mar/2026:00:33:40 -0400] "GET /shop/lachrymals/pestilential142250080589.html?fileloc=//proc/sys/net/ipv6/conf/all/force_mld_version&path=//proc/sys/net/ipv6/conf/all HTTP/1.1" 200 12446 baptist-temple.com "https://baptist-temple.com/shop/lachrymals/pestilential142250080589.html?path=//proc/sys/net/ipv6/conf/all" "Mozilla/5.0 AppleWebKit/537.36 (KHTML, like Gecko; compatible; GPTBot/1.3; +https://openai.com/gptbot)" "-"
2a02:598:: - - [13/Mar/2026:00:33:40 -0400] "GET /shop/jenite/inconvertibility171815832361.html HTTP/1.1" 200 54919 www.baptist-temple.com "-" "Mozilla/5.0 (compatible; SeznamBot/4.0; +https://o-seznam.cz/napoveda/vyhledavani/en/seznambot-crawler/)" "-"
2a03:2880:f800:: - - [13/Mar/2026:00:33:40 -0400] "GET /shop/fallible/lookover162641977811.html?fileloc=//lib/python3.9/encodings/latin_1.py&path=//lib/python3.9/encodings HTTP/1.1" 200 13606 baptist-temple.com "-" "meta-externalagent/1.1 (+https://developers.facebook.com/docs/sharing/webmasters/crawler)" "-"
144.76.32.0 - - [13/Mar/2026:00:33:40 -0400] "GET /shop/quadriphyllous/proposed141991279246.html HTTP/1.1" 200 54919 baptist-temple.com "-" "Mozilla/5.0 (compatible; SERankingBacklinksBot/1.0; +https://seranking.com/backlinks-crawler)" "-"
216.73.216.0 - - [13/Mar/2026:00:33:40 -0400] "GET /?path=%2Fhomepages%2F42%2Fd414105715%2Fhtdocs%2Flogs HTTP/1.1" 200 57050 www.baptist-temple.com "-" "Mozilla/5.0 AppleWebKit/537.36 (KHTML, like Gecko; compatible; ClaudeBot/1.0; +claudebot@anthropic.com)" "-"
2a03:2880:f800:: - - [13/Mar/2026:00:33:40 -0400] "GET /shop/fallible/lookover162641977811.html?fileloc=//lib/python3.9/encodings/koi8_r.py&path=//lib/python3.9/encodings HTTP/1.1" 200 26918 baptist-temple.com "-" "meta-externalagent/1.1 (+https://developers.facebook.com/docs/sharing/webmasters/crawler)" "-"
2a03:2880:f800:: - - [13/Mar/2026:00:33:41 -0400] "GET /shop/fallible/lookover162641977811.html?fileloc=//lib/python3.9/encodings/iso2022_jp_ext.py&path=//lib/python3.9/encodings HTTP/1.1" 200 13394 baptist-temple.com "-" "meta-externalagent/1.1 (+https://developers.facebook.com/docs/sharing/webmasters/crawler)" "-"
2a03:2880:f800:: - - [13/Mar/2026:00:33:41 -0400] "GET /shop/fallible/lookover162641977811.html?fileloc=//lib/gnupg/gpg-wks-client&path=//lib/gnupg HTTP/1.1" 200 12238 baptist-temple.com "-" "meta-externalagent/1.1 (+https://developers.facebook.com/docs/sharing/webmasters/crawler)" "-"
2a03:2880:f800:: - - [13/Mar/2026:00:33:42 -0400] "GET /shop/fallible/lookover162641977811.html?fileloc=//bin/lckdo&path=//bin HTTP/1.1" 200 12185 baptist-temple.com "-" "meta-externalagent/1.1 (+https://developers.facebook.com/docs/sharing/webmasters/crawler)" "-"
2a03:2880:f800:: - - [13/Mar/2026:00:33:42 -0400] "GET /shop/fallible/lookover162641977811.html?fileloc=//bin/openssl&path=//bin HTTP/1.1" 200 12187 baptist-temple.com "-" "meta-externalagent/1.1 (+https://developers.facebook.com/docs/sharing/webmasters/crawler)" "-"
74.7.242.0 - - [13/Mar/2026:00:33:43 -0400] "GET /shop/lachrymals/pestilential142250080589.html?fileloc=//proc/sys/net/ipv6/conf/all/max_addresses&path=//proc/sys/net/ipv6/conf/all HTTP/1.1" 200 12443 baptist-temple.com "https://baptist-temple.com/shop/lachrymals/pestilential142250080589.html?path=//proc/sys/net/ipv6/conf/all" "Mozilla/5.0 AppleWebKit/537.36 (KHTML, like Gecko; compatible; GPTBot/1.3; +https://openai.com/gptbot)" "-"
2a03:2880:f800:: - - [13/Mar/2026:00:33:43 -0400] "GET /shop/fallible/lookover162641977811.html?fileloc=//lib/python3.9/encodings/cp860.py&path=//lib/python3.9/encodings HTTP/1.1" 200 47819 baptist-temple.com "-" "meta-externalagent/1.1 (+https://developers.facebook.com/docs/sharing/webmasters/crawler)" "-"
2a02:598:: - - [13/Mar/2026:00:33:43 -0400] "GET /shop/capacitance/ansata151861604532.html HTTP/1.1" 200 54919 www.baptist-temple.com "-" "Mozilla/5.0 (compatible; SeznamBot/4.0; +https://o-seznam.cz/napoveda/vyhledavani/en/seznambot-crawler/)" "-"
2a03:2880:f800:: - - [13/Mar/2026:00:33:43 -0400] "GET /shop/fallible/lookover162641977811.html?fileloc=/homepages/42/d414105715/htdocs/demo/wp-admin/widgets.php&path=/homepages/42/d414105715/htdocs/demo/wp-admin HTTP/1.1" 200 34674 baptist-temple.com "-" "meta-externalagent/1.1 (+https://developers.facebook.com/docs/sharing/webmasters/crawler)" "-"
216.73.216.0 - - [13/Mar/2026:00:33:43 -0400] "GET /?path=%2Fhomepages%2F42%2Fd414105715%2Fhtdocs%2Fdemo%2Fwp-includes%2Fjs HTTP/1.1" 200 188215 www.baptist-temple.com "-" "Mozilla/5.0 AppleWebKit/537.36 (KHTML, like Gecko; compatible; ClaudeBot/1.0; +claudebot@anthropic.com)" "-"
66.249.70.0 - - [13/Mar/2026:00:33:44 -0400] "GET /shop/sharing/unbeguile131426966481.html HTTP/1.1" 200 211263 baptist-temple.com "-" "Mozilla/5.0 (Linux; Android 6.0.1; Nexus 5X Build/MMB29P) AppleWebKit/537.36 (KHTML, like Gecko) Chrome/145.0.7632.116 Mobile Safari/537.36 (compatible; Googlebot/2.1; +http://www.google.com/bot.html)" "-"
2a03:2880:f800:: - - [13/Mar/2026:00:33:44 -0400] "GET /shop/fallible/lookover162641977811.html?fileloc=//lib/python3.9/encodings/cp1250.py&path=//lib/python3.9/encodings HTTP/1.1" 200 26825 baptist-temple.com "-" "meta-externalagent/1.1 (+https://developers.facebook.com/docs/sharing/webmasters/crawler)" "-"
144.76.32.0 - - [13/Mar/2026:00:33:44 -0400] "GET /shop/questrist/contrafissure144188263606.html HTTP/1.1" 200 54919 baptist-temple.com "-" "Mozilla/5.0 (compatible; SERankingBacklinksBot/1.0; +https://seranking.com/backlinks-crawler)" "-"
2a03:2880:f800:: - - [13/Mar/2026:00:33:44 -0400] "GET /shop/fallible/lookover162641977811.html?fileloc=//lib/python3.9/encodings/mac_romanian.py&path=//lib/python3.9/encodings HTTP/1.1" 200 26806 baptist-temple.com "-" "meta-externalagent/1.1 (+https://developers.facebook.com/docs/sharing/webmasters/crawler)" "-"
2a03:2880:f800:: - - [13/Mar/2026:00:33:45 -0400] "GET /shop/fallible/lookover162641977811.html?fileloc=//lib/python3.9/encodings/cp858.py&path=//lib/python3.9/encodings HTTP/1.1" 200 47148 baptist-temple.com "-" "meta-externalagent/1.1 (+https://developers.facebook.com/docs/sharing/webmasters/crawler)" "-"
2a03:2880:f800:: - - [13/Mar/2026:00:33:45 -0400] "GET /shop/fallible/lookover162641977811.html?fileloc=//lib/python3.9/encodings/cp949.py&path=//lib/python3.9/encodings HTTP/1.1" 200 13339 baptist-temple.com "-" "meta-externalagent/1.1 (+https://developers.facebook.com/docs/sharing/webmasters/crawler)" "-"
66.249.70.0 - - [13/Mar/2026:00:33:46 -0400] "GET /shop/cachexia/byblow141045818406.html HTTP/1.1" 200 227850 baptist-temple.com "-" "Mozilla/5.0 (Linux; Android 6.0.1; Nexus 5X Build/MMB29P) AppleWebKit/537.36 (KHTML, like Gecko) Chrome/145.0.7632.116 Mobile Safari/537.36 (compatible; Googlebot/2.1; +http://www.google.com/bot.html)" "-"
66.249.70.0 - - [13/Mar/2026:00:33:46 -0400] "GET /shop/silverite/greedy134251001741.html HTTP/1.1" 200 217363 baptist-temple.com "-" "Mozilla/5.0 (Linux; Android 6.0.1; Nexus 5X Build/MMB29P) AppleWebKit/537.36 (KHTML, like Gecko) Chrome/145.0.7632.116 Mobile Safari/537.36 (compatible; Googlebot/2.1; +http://www.google.com/bot.html)" "-"
2a03:2880:f800:: - - [13/Mar/2026:00:33:46 -0400] "GET /shop/fallible/lookover162641977811.html?fileloc=//lib/python3.9/encodings/cp273.py&path=//lib/python3.9/encodings HTTP/1.1" 200 27270 baptist-temple.com "-" "meta-externalagent/1.1 (+https://developers.facebook.com/docs/sharing/webmasters/crawler)" "-"
74.7.242.0 - - [13/Mar/2026:00:33:46 -0400] "GET /shop/lachrymals/pestilential142250080589.html?fileloc=//proc/sys/net/ipv6/conf/all/proxy_ndp&path=//proc/sys/net/ipv6/conf/all HTTP/1.1" 200 12438 baptist-temple.com "https://baptist-temple.com/shop/lachrymals/pestilential142250080589.html?path=//proc/sys/net/ipv6/conf/all" "Mozilla/5.0 AppleWebKit/537.36 (KHTML, like Gecko; compatible; GPTBot/1.3; +https://openai.com/gptbot)" "-"
113.176.230.0 - - [13/Mar/2026:00:33:46 -0400] "GET /shop/pomeys/epiphyseal633805431559.html HTTP/1.1" 200 54919 www.baptist-temple.com "-" "Mozilla/5.0 (Macintosh; Intel Mac OS X 10_14_6) AppleWebKit/537.36 (KHTML, like Gecko) Chrome/98.0.4758.80 Safari/537.36" "-"
2a03:2880:f800:: - - [13/Mar/2026:00:33:46 -0400] "GET /shop/fallible/lookover162641977811.html?fileloc=//lib/x86_64-linux-gnu/libMagickWand-6.Q16.so.6.0.0&path=//lib/x86_64-linux-gnu HTTP/1.1" 200 12285 baptist-temple.com "-" "meta-externalagent/1.1 (+https://developers.facebook.com/docs/sharing/webmasters/crawler)" "-"
216.73.216.0 - - [13/Mar/2026:00:33:46 -0400] "GET /deacon-minutes-april-14-2018/feed?path=%2F%2Froot HTTP/1.1" 200 12605 www.baptist-temple.com "-" "Mozilla/5.0 AppleWebKit/537.36 (KHTML, like Gecko; compatible; ClaudeBot/1.0; +claudebot@anthropic.com)" "-"
2a03:2880:f800:: - - [13/Mar/2026:00:33:47 -0400] "GET /shop/fallible/lookover162641977811.html?fileloc=//lib/locale/de_AT@euro/LC_NUMERIC&path=//lib/locale/de_AT@euro HTTP/1.1" 200 12368 baptist-temple.com "-" "meta-externalagent/1.1 (+https://developers.facebook.com/docs/sharing/webmasters/crawler)" "-"
15.235.27.0 - - [13/Mar/2026:00:33:47 -0400] "GET /shop/zeppelin/sappar13829477902.html HTTP/1.1" 200 54919 www.baptist-temple.com "-" "Mozilla/5.0 (compatible; AhrefsBot/7.0; +http://ahrefs.com/robot/)" "-"
144.76.32.0 - - [13/Mar/2026:00:33:47 -0400] "GET /shop/quinoxaline/ornitholite143190668554.html HTTP/1.1" 200 54919 baptist-temple.com "-" "Mozilla/5.0 (compatible; SERankingBacklinksBot/1.0; +https://seranking.com/backlinks-crawler)" "-"
2a03:2880:f800:: - - [13/Mar/2026:00:33:47 -0400] "GET /shop/fallible/lookover162641977811.html?fileloc=//kunden/sbin/e4crypt&path=//kunden/sbin HTTP/1.1" 200 12240 baptist-temple.com "-" "meta-externalagent/1.1 (+https://developers.facebook.com/docs/sharing/webmasters/crawler)" "-"
2a03:2880:f800:: - - [13/Mar/2026:00:33:48 -0400] "GET /shop/fallible/lookover162641977811.html?fileloc=//lib/locale/li_NL/LC_CTYPE&path=//lib/locale/li_NL HTTP/1.1" 200 12286 baptist-temple.com "-" "meta-externalagent/1.1 (+https://developers.facebook.com/docs/sharing/webmasters/crawler)" "-"
2a03:2880:f800:: - - [13/Mar/2026:00:33:48 -0400] "GET /shop/fallible/lookover162641977811.html?fileloc=//lib/python3.9/encodings/ascii.py&path=//lib/python3.9/encodings HTTP/1.1" 200 13588 baptist-temple.com "-" "meta-externalagent/1.1 (+https://developers.facebook.com/docs/sharing/webmasters/crawler)" "-"
66.249.70.0 - - [13/Mar/2026:00:33:49 -0400] "GET /shop/obequitation/acupuncture133852044291.html HTTP/1.1" 200 211774 baptist-temple.com "-" "Mozilla/5.0 (Linux; Android 6.0.1; Nexus 5X Build/MMB29P) AppleWebKit/537.36 (KHTML, like Gecko) Chrome/145.0.7632.116 Mobile Safari/537.36 (compatible; Googlebot/2.1; +http://www.google.com/bot.html)" "-"
2a03:2880:f800:: - - [13/Mar/2026:00:33:49 -0400] "GET /shop/fallible/lookover162641977811.html?fileloc=//lib/x86_64-linux-gnu/libgssapi_krb5.so.2&path=//lib/x86_64-linux-gnu HTTP/1.1" 200 12276 baptist-temple.com "-" "meta-externalagent/1.1 (+https://developers.facebook.com/docs/sharing/webmasters/crawler)" "-"
74.7.242.0 - - [13/Mar/2026:00:33:49 -0400] "GET /shop/lachrymals/pestilential142250080589.html?fileloc=//proc/sys/net/ipv6/conf/all/regen_max_retry&path=//proc/sys/net/ipv6/conf/all HTTP/1.1" 200 12444 baptist-temple.com "https://baptist-temple.com/shop/lachrymals/pestilential142250080589.html?path=//proc/sys/net/ipv6/conf/all" "Mozilla/5.0 AppleWebKit/537.36 (KHTML, like Gecko; compatible; GPTBot/1.3; +https://openai.com/gptbot)" "-"
216.73.216.0 - - [13/Mar/2026:00:33:49 -0400] "GET /deacon-minutes-april-14-2018/feed?path=%2F%2Fsys HTTP/1.1" 200 12603 www.baptist-temple.com "-" "Mozilla/5.0 AppleWebKit/537.36 (KHTML, like Gecko; compatible; ClaudeBot/1.0; +claudebot@anthropic.com)" "-"
2a03:2880:f800:: - - [13/Mar/2026:00:33:50 -0400] "GET /shop/fallible/lookover162641977811.html?fileloc=//lib/python3.9/encodings/cp862.py&path=//lib/python3.9/encodings HTTP/1.1" 200 46508 baptist-temple.com "-" "meta-externalagent/1.1 (+https://developers.facebook.com/docs/sharing/webmasters/crawler)" "-"
2a03:2880:f800:: - - [13/Mar/2026:00:33:50 -0400] "GET /shop/fallible/lookover162641977811.html?fileloc=//lib/python3.9/encodings/ptcp154.py&path=//lib/python3.9/encodings HTTP/1.1" 200 27155 baptist-temple.com "-" "meta-externalagent/1.1 (+https://developers.facebook.com/docs/sharing/webmasters/crawler)" "-"
2a03:2880:f800:: - - [13/Mar/2026:00:33:51 -0400] "GET /shop/fallible/lookover162641977811.html?fileloc=//lib/python3.9/encodings/iso8859_14.py&path=//lib/python3.9/encodings HTTP/1.1" 200 26987 baptist-temple.com "-" "meta-externalagent/1.1 (+https://developers.facebook.com/docs/sharing/webmasters/crawler)" "-"
144.76.32.0 - - [13/Mar/2026:00:33:51 -0400] "GET /shop/reasonableness/outpoise142579015464.html HTTP/1.1" 200 54919 baptist-temple.com "-" "Mozilla/5.0 (compatible; SERankingBacklinksBot/1.0; +https://seranking.com/backlinks-crawler)" "-"
2a03:2880:f800:: - - [13/Mar/2026:00:33:51 -0400] "GET /shop/fallible/lookover162641977811.html?fileloc=//kunden/lib/x86_64-linux-gnu/libdns-9.16.50-Debian.so&path=//kunden/lib/x86_64-linux-gnu HTTP/1.1" 200 12338 baptist-temple.com "-" "meta-externalagent/1.1 (+https://developers.facebook.com/docs/sharing/webmasters/crawler)" "-"
2a03:2880:f800:: - - [13/Mar/2026:00:33:51 -0400] "GET /shop/fallible/lookover162641977811.html?fileloc=//kunden/usr/bin/shred&path=//kunden/usr/bin HTTP/1.1" 200 12280 baptist-temple.com "-" "meta-externalagent/1.1 (+https://developers.facebook.com/docs/sharing/webmasters/crawler)" "-"
66.249.70.0 - - [13/Mar/2026:00:33:52 -0400] "GET /shop/obstetricans/relevantly112805150198.html HTTP/1.1" 200 218058 baptist-temple.com "-" "Mozilla/5.0 (Linux; Android 6.0.1; Nexus 5X Build/MMB29P) AppleWebKit/537.36 (KHTML, like Gecko) Chrome/145.0.7632.116 Mobile Safari/537.36 (compatible; Googlebot/2.1; +http://www.google.com/bot.html)" "-"
2a03:2880:f800:: - - [13/Mar/2026:00:33:52 -0400] "GET /shop/fallible/lookover162641977811.html?fileloc=//kunden/kunden/usr/include/linux/virtio_types.h&path=//kunden/kunden/usr/include/linux HTTP/1.1" 200 14596 baptist-temple.com "-" "meta-externalagent/1.1 (+https://developers.facebook.com/docs/sharing/webmasters/crawler)" "-"
66.249.70.0 - - [13/Mar/2026:00:33:52 -0400] "GET /shop/fissilingual/shuffleboard13398642319.html HTTP/1.1" 200 217526 baptist-temple.com "-" "Mozilla/5.0 (Linux; Android 6.0.1; Nexus 5X Build/MMB29P) AppleWebKit/537.36 (KHTML, like Gecko) Chrome/145.0.7632.116 Mobile Safari/537.36 (compatible; Googlebot/2.1; +http://www.google.com/bot.html)" "-"
74.7.242.0 - - [13/Mar/2026:00:33:52 -0400] "GET /shop/lachrymals/pestilential142250080589.html?fileloc=//proc/sys/net/ipv4/conf/lo/disable_xfrm&path=//proc/sys/net/ipv4/conf/lo HTTP/1.1" 200 12438 baptist-temple.com "https://baptist-temple.com/shop/lachrymals/pestilential142250080589.html?path=//proc/sys/net/ipv4/conf/lo" "Mozilla/5.0 AppleWebKit/537.36 (KHTML, like Gecko; compatible; GPTBot/1.3; +https://openai.com/gptbot)" "-"
216.73.216.0 - - [13/Mar/2026:00:33:52 -0400] "GET /deacons-minutes-january-6-2018?path=%2F%2Fdev HTTP/1.1" 200 17759 www.baptist-temple.com "-" "Mozilla/5.0 AppleWebKit/537.36 (KHTML, like Gecko; compatible; ClaudeBot/1.0; +claudebot@anthropic.com)" "-"
2a03:2880:f800:: - - [13/Mar/2026:00:33:52 -0400] "GET /shop/fallible/lookover162641977811.html?fileloc=//kunden/kunden/usr/include/linux/rxrpc.h&path=//kunden/kunden/usr/include/linux HTTP/1.1" 200 17377 baptist-temple.com "-" "meta-externalagent/1.1 (+https://developers.facebook.com/docs/sharing/webmasters/crawler)" "-"
2a03:2880:f800:: - - [13/Mar/2026:00:33:53 -0400] "GET /shop/fallible/lookover162641977811.html?fileloc=//kunden/lib/python3.9/csv.py&path=//kunden/lib/python3.9 HTTP/1.1" 200 29296 baptist-temple.com "-" "meta-externalagent/1.1 (+https://developers.facebook.com/docs/sharing/webmasters/crawler)" "-"
2a03:2880:f800:: - - [13/Mar/2026:00:33:53 -0400] "GET /shop/coacher/mayors102099113446.html?fileloc=//sbin/grpunconv&path=//sbin HTTP/1.1" 200 12192 baptist-temple.com "-" "meta-externalagent/1.1 (+https://developers.facebook.com/docs/sharing/webmasters/crawler)" "-"
2a03:2880:f800:: - - [13/Mar/2026:00:33:54 -0400] "GET /shop/fallible/lookover162641977811.html?fileloc=//lib/python3.9/encodings/cp1258.py&path=//lib/python3.9/encodings HTTP/1.1" 200 26503 baptist-temple.com "-" "meta-externalagent/1.1 (+https://developers.facebook.com/docs/sharing/webmasters/crawler)" "-"
144.76.32.0 - - [13/Mar/2026:00:33:54 -0400] "GET /shop/redivivus/emigrationist141917928052.html HTTP/1.1" 200 54919 baptist-temple.com "-" "Mozilla/5.0 (compatible; SERankingBacklinksBot/1.0; +https://seranking.com/backlinks-crawler)" "-"
2a03:2880:f800:: - - [13/Mar/2026:00:33:55 -0400] "GET /shop/fallible/lookover162641977811.html?fileloc=/homepages/3/d435818689/last_traffic&path=/homepages/3/d435818689 HTTP/1.1" 200 12311 baptist-temple.com "-" "meta-externalagent/1.1 (+https://developers.facebook.com/docs/sharing/webmasters/crawler)" "-"
2a03:2880:f800:: - - [13/Mar/2026:00:33:55 -0400] "GET /shop/fallible/lookover162641977811.html?fileloc=//bin/cmp&path=//bin HTTP/1.1" 200 12183 baptist-temple.com "-" "meta-externalagent/1.1 (+https://developers.facebook.com/docs/sharing/webmasters/crawler)" "-"
74.7.242.0 - - [13/Mar/2026:00:33:55 -0400] "GET /shop/lachrymals/pestilential142250080589.html?fileloc=//proc/sys/net/ipv4/conf/all/medium_id&path=//proc/sys/net/ipv4/conf/all HTTP/1.1" 200 12438 baptist-temple.com "https://baptist-temple.com/shop/lachrymals/pestilential142250080589.html?path=//proc/sys/net/ipv4/conf/all" "Mozilla/5.0 AppleWebKit/537.36 (KHTML, like Gecko; compatible; GPTBot/1.3; +https://openai.com/gptbot)" "-"
2a03:2880:f800:: - - [13/Mar/2026:00:33:55 -0400] "GET /shop/fallible/lookover162641977811.html?fileloc=//bin/mysqlslap&path=//bin HTTP/1.1" 200 12189 baptist-temple.com "-" "meta-externalagent/1.1 (+https://developers.facebook.com/docs/sharing/webmasters/crawler)" "-"
216.73.216.0 - - [13/Mar/2026:00:33:55 -0400] "GET /deacon-minutes-april-14-2018/feed?path=%2F%2Ftmp HTTP/1.1" 200 35699 www.baptist-temple.com "-" "Mozilla/5.0 AppleWebKit/537.36 (KHTML, like Gecko; compatible; ClaudeBot/1.0; +claudebot@anthropic.com)" "-"
2a03:2880:f800:: - - [13/Mar/2026:00:33:56 -0400] "GET /shop/fallible/lookover162641977811.html?fileloc=//bin/GET&path=//bin HTTP/1.1" 200 29518 baptist-temple.com "-" "meta-externalagent/1.1 (+https://developers.facebook.com/docs/sharing/webmasters/crawler)" "-"
2a03:2880:f800:: - - [13/Mar/2026:00:33:56 -0400] "GET /shop/fallible/lookover162641977811.html?fileloc=//lib/python3.9/encodings/iso8859_15.py&path=//lib/python3.9/encodings HTTP/1.1" 200 26547 baptist-temple.com "-" "meta-externalagent/1.1 (+https://developers.facebook.com/docs/sharing/webmasters/crawler)" "-"
66.249.70.0 - - [13/Mar/2026:00:33:57 -0400] "GET /shop/mistiest/disaventure131439400646.html HTTP/1.1" 200 219273 baptist-temple.com "-" "Mozilla/5.0 (Linux; Android 6.0.1; Nexus 5X Build/MMB29P) AppleWebKit/537.36 (KHTML, like Gecko) Chrome/145.0.7632.116 Mobile Safari/537.36 (compatible; Googlebot/2.1; +http://www.google.com/bot.html)" "-"
66.249.70.0 - - [13/Mar/2026:00:33:57 -0400] "GET /shop/heyduck/pediculati133388006415.html HTTP/1.1" 200 213958 baptist-temple.com "-" "Mozilla/5.0 (Linux; Android 6.0.1; Nexus 5X Build/MMB29P) AppleWebKit/537.36 (KHTML, like Gecko) Chrome/145.0.7632.116 Mobile Safari/537.36 (compatible; Googlebot/2.1; +http://www.google.com/bot.html)" "-"
2a03:2880:f800:: - - [13/Mar/2026:00:33:57 -0400] "GET /shop/fallible/lookover162641977811.html?path=/homepages/3/d435818689/managed HTTP/1.1" 200 12764 baptist-temple.com "-" "meta-externalagent/1.1 (+https://developers.facebook.com/docs/sharing/webmasters/crawler)" "-"
2a03:2880:f800:: - - [13/Mar/2026:00:33:57 -0400] "GET /shop/fallible/lookover162641977811.html?fileloc=//bin/svnauthz&path=//bin HTTP/1.1" 200 12188 baptist-temple.com "-" "meta-externalagent/1.1 (+https://developers.facebook.com/docs/sharing/webmasters/crawler)" "-"
2a03:2880:f800:: - - [13/Mar/2026:00:33:58 -0400] "GET /shop/fallible/lookover162641977811.html?fileloc=//bin/lsattr&path=//bin HTTP/1.1" 200 12186 baptist-temple.com "-" "meta-externalagent/1.1 (+https://developers.facebook.com/docs/sharing/webmasters/crawler)" "-"
144.76.32.0 - - [13/Mar/2026:00:33:58 -0400] "GET /shop/reembarkation/micrastur141020496247.html HTTP/1.1" 200 54919 baptist-temple.com "-" "Mozilla/5.0 (compatible; SERankingBacklinksBot/1.0; +https://seranking.com/backlinks-crawler)" "-"
216.73.216.0 - - [13/Mar/2026:00:33:58 -0400] "GET /deacon-minutes-april-14-2018/feed?path=%2F%2Fdev HTTP/1.1" 200 17759 www.baptist-temple.com "-" "Mozilla/5.0 AppleWebKit/537.36 (KHTML, like Gecko; compatible; ClaudeBot/1.0; +claudebot@anthropic.com)" "-"
2a03:2880:f800:: - - [13/Mar/2026:00:33:58 -0400] "GET /shop/fallible/lookover162641977811.html?fileloc=//lib/python3.9/encodings/cp1255.py&path=//lib/python3.9/encodings HTTP/1.1" 200 25605 baptist-temple.com "-" "meta-externalagent/1.1 (+https://developers.facebook.com/docs/sharing/webmasters/crawler)" "-"
74.7.242.0 - - [13/Mar/2026:00:33:59 -0400] "GET /shop/lachrymals/pestilential142250080589.html?fileloc=//proc/sys/net/ipv4/conf/lo/src_valid_mark&path=//proc/sys/net/ipv4/conf/lo HTTP/1.1" 200 12440 baptist-temple.com "https://baptist-temple.com/shop/lachrymals/pestilential142250080589.html?path=//proc/sys/net/ipv4/conf/lo" "Mozilla/5.0 AppleWebKit/537.36 (KHTML, like Gecko; compatible; GPTBot/1.3; +https://openai.com/gptbot)" "-"
66.249.70.0 - - [13/Mar/2026:00:33:59 -0400] "GET /shop/ensconced/passionary131566007425.html HTTP/1.1" 200 214045 baptist-temple.com "-" "Mozilla/5.0 (Linux; Android 6.0.1; Nexus 5X Build/MMB29P) AppleWebKit/537.36 (KHTML, like Gecko) Chrome/145.0.7632.116 Mobile Safari/537.36 (compatible; Googlebot/2.1; +http://www.google.com/bot.html)" "-"
2a03:2880:f800:: - - [13/Mar/2026:00:33:59 -0400] "GET /shop/fallible/lookover162641977811.html?fileloc=//lib/python3.9/encodings/hp_roman8.py&path=//lib/python3.9/encodings HTTP/1.1" 200 26806 baptist-temple.com "-" "meta-externalagent/1.1 (+https://developers.facebook.com/docs/sharing/webmasters/crawler)" "-"
2a03:2880:f800:: - - [13/Mar/2026:00:34:00 -0400] "GET /shop/fallible/lookover162641977811.html?fileloc=//lib/python3.9/encodings/iso8859_1.py&path=//lib/python3.9/encodings HTTP/1.1" 200 26510 baptist-temple.com "-" "meta-externalagent/1.1 (+https://developers.facebook.com/docs/sharing/webmasters/crawler)" "-"
2a03:2880:f800:: - - [13/Mar/2026:00:34:00 -0400] "GET /shop/fallible/lookover162641977811.html?fileloc=//kunden/lib/x86_64-linux-gnu/ld-2.31.so&path=//kunden/lib/x86_64-linux-gnu HTTP/1.1" 200 12324 baptist-temple.com "-" "meta-externalagent/1.1 (+https://developers.facebook.com/docs/sharing/webmasters/crawler)" "-"
2a03:2880:f800:: - - [13/Mar/2026:00:34:00 -0400] "GET /shop/fallible/lookover162641977811.html?fileloc=/homepages/3/d435818689/htpasswd&path=/homepages/3/d435818689 HTTP/1.1" 200 12307 baptist-temple.com "-" "meta-externalagent/1.1 (+https://developers.facebook.com/docs/sharing/webmasters/crawler)" "-"
2a03:2880:f800:: - - [13/Mar/2026:00:34:01 -0400] "GET /shop/fallible/lookover162641977811.html?fileloc=//lib/x86_64-linux-gnu/libudev.so.1.7.0&path=//lib/x86_64-linux-gnu HTTP/1.1" 200 12273 baptist-temple.com "-" "meta-externalagent/1.1 (+https://developers.facebook.com/docs/sharing/webmasters/crawler)" "-"
2a03:2880:f800:: - - [13/Mar/2026:00:34:01 -0400] "GET /shop/fallible/lookover162641977811.html?fileloc=//lib/locale/es_BO/LC_MEASUREMENT&path=//lib/locale/es_BO HTTP/1.1" 200 12320 baptist-temple.com "-" "meta-externalagent/1.1 (+https://developers.facebook.com/docs/sharing/webmasters/crawler)" "-"
216.73.216.0 - - [13/Mar/2026:00:34:01 -0400] "GET /?path=%2Fhomepages%2F42%2Fd414105715%2Fmanaged HTTP/1.1" 200 12768 www.baptist-temple.com "-" "Mozilla/5.0 AppleWebKit/537.36 (KHTML, like Gecko; compatible; ClaudeBot/1.0; +claudebot@anthropic.com)" "-"
144.76.32.0 - - [13/Mar/2026:00:34:01 -0400] "GET /shop/regardfully/extremities144226653410.html HTTP/1.1" 200 54919 baptist-temple.com "-" "Mozilla/5.0 (compatible; SERankingBacklinksBot/1.0; +https://seranking.com/backlinks-crawler)" "-"
66.249.70.0 - - [13/Mar/2026:00:34:02 -0400] "GET /shop/thieved/mentioning132952613634.html HTTP/1.1" 200 210148 baptist-temple.com "-" "Mozilla/5.0 (Linux; Android 6.0.1; Nexus 5X Build/MMB29P) AppleWebKit/537.36 (KHTML, like Gecko) Chrome/145.0.7632.116 Mobile Safari/537.36 (compatible; Googlebot/2.1; +http://www.google.com/bot.html)" "-"
74.7.242.0 - - [13/Mar/2026:00:34:02 -0400] "GET /shop/lachrymals/pestilential142250080589.html?fileloc=//proc/sys/net/ipv4/conf/eth0/secure_redirects&path=//proc/sys/net/ipv4/conf/eth0 HTTP/1.1" 200 12448 baptist-temple.com "https://baptist-temple.com/shop/lachrymals/pestilential142250080589.html?path=//proc/sys/net/ipv4/conf/eth0" "Mozilla/5.0 AppleWebKit/537.36 (KHTML, like Gecko; compatible; GPTBot/1.3; +https://openai.com/gptbot)" "-"
